--
-- Host: localhost    Database: teamwayomantelx_nizwa
-- ------------------------------------------------------


--
-- Table structure for table `nizwa_packing_productsaccounts`
--

CREATE TABLE `nizwa_packing_productsaccounts` (
  `id` int(11) NOT NULL AUTO_INCREMENT,
  `acc_name` varchar(255) NOT NULL,
  `acc_code` varchar(255) DEFAULT NULL,
  `acc_parent` int(11) NOT NULL,
  `is_primary` tinyint(1) NOT NULL DEFAULT '0',
  `is_inactive` int(11) NOT NULL DEFAULT '0',
  `acc_description` text,
  `module_id` int(11) DEFAULT '0',
  `module` enum('suppliers','team_members','clients','expenses','assets') DEFAULT NULL,
  `deleted` int(11) NOT NULL DEFAULT '0',
  PRIMARY KEY (`id`) USING BTREE
) ENGINE=InnoDB AUTO_INCREMENT=90 DEFAULT CHARSET=utf8 ROW_FORMAT=DYNAMIC;

--
-- Dumping data for table `nizwa_packing_productsaccounts`
--

INSERT INTO `nizwa_packing_productsaccounts` VALUES (1,'Assets','1',0,1,0,NULL,0,NULL,0),(2,'Non-Current Assets','1-1',1,0,0,NULL,0,NULL,0),(3,'Office Devices, Furniture and Fixtures','1-1-1',2,0,0,NULL,0,NULL,0),(4,'Office Devices, Furniture and Fixtures','1-1-1-1',3,0,0,NULL,0,NULL,0),(5,'Machinery, Tools & Equipments','1-1-2',2,0,0,NULL,0,NULL,0),(6,'Machinery, Tools & Equipments','1-1-2-1',5,0,0,NULL,0,NULL,0),(7,'Motor Vehicles','1-1-3',2,0,0,NULL,0,NULL,0),(8,'Motor Vehicles','1-1-3-1',7,0,0,NULL,0,NULL,0),(9,'Long Term Investments ','1-1-4',2,0,0,NULL,0,NULL,0),(10,'Long Term Investments ','1-1-4-1',9,0,0,NULL,0,NULL,0),(11,'Intangible Assets','1-1-5',2,0,0,NULL,0,NULL,0),(12,'Intangible Assets','1-1-5-1',11,0,0,NULL,0,NULL,0),(13,'Current Assets','1-2',1,0,0,NULL,0,NULL,0),(14,'Employees Payments','1-2-1',13,0,0,NULL,0,NULL,0),(15,'Employees loans','1-2-1-1',14,0,0,NULL,0,NULL,0),(16,'Employees petty cash','1-2-1-2',14,0,0,NULL,0,NULL,0),(17,'Inventories','1-2-2',13,0,0,NULL,0,NULL,0),(18,'Default Inventory','1-2-2-1',17,0,0,NULL,0,NULL,0),(19,'Account Receivable - Customers','1-2-3',13,0,0,NULL,0,NULL,0),(20,'Account Receivable - Cheques On Hand','1-2-4',13,0,0,NULL,0,NULL,0),(21,'PDC Receivable','1-2-4-1',20,0,0,NULL,0,NULL,0),(22,'RD Receivable Cheques','1-2-4-2',20,0,0,NULL,0,NULL,0),(23,'Legal Cheques','1-2-4-3',20,0,0,NULL,0,NULL,0),(24,'Cash-On-Hand(Safes)','1-2-5',13,0,0,NULL,0,NULL,0),(25,'Bank Accounts','1-2-6',13,0,0,NULL,0,NULL,0),(26,'Deferred Taxes','1-2-7',13,0,0,NULL,0,NULL,0),(27,'VAT-In','1-2-7-1',26,0,0,NULL,0,NULL,0),(28,'Liabilities','2',0,1,0,NULL,0,NULL,0),(29,'Non-Current Liability','2-1',28,0,0,NULL,0,NULL,0),(30,'Mortgage Loan Payable','2-1-1',29,0,0,NULL,0,NULL,0),(31,'Mortgage Loan Payable','2-1-1-1',30,0,0,NULL,0,NULL,0),(32,'Othor -Longe term - Liabilities','2-1-2',29,0,0,NULL,0,NULL,0),(33,'Othor -Longe term - Liabilities','2-1-2-1',32,0,0,NULL,0,NULL,0),(34,'Deferred Taxes','2-1-3',29,0,0,NULL,0,NULL,0),(35,'VAT-Out','2-1-3-1',34,0,0,NULL,0,NULL,0),(36,'Current Liability','2-2',28,0,0,NULL,0,NULL,0),(37,'Account Payables - Suppliers','2-2-1',36,0,0,NULL,0,NULL,0),(38,'Accumulated Depreciation ','2-2-2',36,0,0,NULL,0,NULL,0),(39,'Accumulated Depreciation ','2-2-2-1',38,0,0,NULL,0,NULL,0),(40,'Service Providers','2-2-3',36,0,0,NULL,0,NULL,0),(41,'Default Service Provider','2-2-3-1',40,0,0,NULL,0,NULL,0),(42,'Account Payable - Cheques','2-2-4',36,0,0,NULL,0,NULL,0),(43,'PDC Payables','2-2-4-1',42,0,0,NULL,0,NULL,0),(44,'RD Payables Cheques','2-2-4-2',43,0,0,NULL,0,NULL,0),(45,'Employees Payments','2-2-5',36,0,0,NULL,0,NULL,0),(46,'Payable Salaries','2-2-5-1',45,0,0,NULL,0,NULL,0),(47,'Equity','3',0,1,0,NULL,0,NULL,0),(48,'Owners Equity','3-1',47,0,0,NULL,0,NULL,0),(49,'SHARE HOLDERS A/C','3-1-1',48,0,0,NULL,0,NULL,0),(50,'SHARE HOLDERS A/C','3-1-1-1',49,0,0,NULL,0,NULL,0),(51,'OWNER CURRENT A/C','3-1-2',48,0,0,NULL,0,NULL,0),(52,'OWNER CURRENT A/C','3-1-2-1',51,0,0,NULL,0,NULL,0),(53,'PROFIT & LOSS A/C','3-1-3',48,0,0,NULL,0,NULL,0),(54,'Retained Profit & Loss','3-1-3-1',53,0,0,NULL,0,NULL,0),(55,'Current Profit & Loss','3-1-3-2',53,0,0,NULL,0,NULL,0),(56,'Expenses','4',0,1,0,NULL,0,NULL,0),(57,'Direct Expenses','4-1',56,0,0,NULL,0,NULL,0),(58,'Sales Returns And Allowances','4-1-1',57,0,0,NULL,0,NULL,0),(59,'Sales Returns','4-1-1-1',58,0,0,NULL,0,NULL,0),(60,'Sales Discount','4-1-1-2',58,0,0,NULL,0,NULL,0),(61,'Cost of Revenue','4-1-2',57,0,0,NULL,0,NULL,0),(62,'Default Cost Of Good Sold','4-1-2-1',61,0,0,NULL,0,NULL,0),(63,'Indirect Expenses','4-2',56,0,0,NULL,0,NULL,0),(64,'Employees & Benefits Expenses','4-2-1',63,0,0,NULL,0,NULL,0),(65,'Salaries','4-2-1-1',64,0,0,NULL,0,NULL,0),(66,'Advance Salaries','4-2-1-2',64,0,0,NULL,0,NULL,0),(67,'Income','5',0,1,0,NULL,0,NULL,0),(68,'Direct Income','5-1',67,0,0,NULL,0,NULL,0),(69,'Sales Revenue','5-1-1',68,0,0,NULL,0,NULL,0),(70,'Default Sales','5-1-1-1',69,0,0,NULL,0,NULL,0),(71,'Indirect Income','5-2',67,0,0,NULL,0,NULL,0),(72,'Other Revenue','5-2-1',71,0,0,NULL,0,NULL,0),(73,'Other Revenue','5-2-1-1',72,0,0,NULL,0,NULL,0),(74,'GIT','1-2-8',13,0,0,NULL,0,NULL,0),(75,'Default Git','1-2-8-1',74,0,0,NULL,0,NULL,0),(76,'Client 1','1-2-3-1',19,0,0,NULL,0,NULL,0),(77,'Test Bank','1-2-6-1',25,0,0,'Test Bank',NULL,NULL,0),(78,'TetraObject','2-2-1-1',37,0,0,NULL,0,NULL,0),(79,'Save 1','1-2-5-1',24,0,0,'',NULL,NULL,0),(80,'Intelligent Projects 12','1-2-3-2',19,0,0,NULL,0,NULL,0),(81,'bank 2','1-2-6-2',25,0,0,'',NULL,NULL,0),(82,'bank 3','1-2-6-3',25,0,0,'',NULL,NULL,0),(83,'Ex Cat1','4-1-3',57,0,0,NULL,0,NULL,0),(84,'item type','4-1-3-1',83,0,0,NULL,0,NULL,0),(85,'Ahmed','1-2-3-3',19,0,0,NULL,0,NULL,0),(86,'Ammar','1-2-3-4',19,0,0,NULL,0,NULL,0),(87,'Ali','1-2-3-5',19,0,0,NULL,0,NULL,0),(88,'naning','2-2-1-2',37,0,0,NULL,0,NULL,0),(89,'Hamed M','1-2-3-6',19,0,0,NULL,0,NULL,0);

--
-- Table structure for table `nizwa_packing_productsactivity_logs`
--

CREATE TABLE `nizwa_packing_productsactivity_logs` (
  `id` int(11) NOT NULL AUTO_INCREMENT,
  `created_at` datetime NOT NULL,
  `created_by` int(11) NOT NULL,
  `action` enum('created','updated','deleted') COLLATE utf8_unicode_ci NOT NULL,
  `log_type` varchar(30) COLLATE utf8_unicode_ci NOT NULL,
  `log_type_title` mediumtext COLLATE utf8_unicode_ci NOT NULL,
  `log_type_id` int(11) NOT NULL DEFAULT '0',
  `changes` mediumtext COLLATE utf8_unicode_ci,
  `log_for` varchar(30) COLLATE utf8_unicode_ci NOT NULL DEFAULT '0',
  `log_for_id` int(11) NOT NULL DEFAULT '0',
  `log_for2` varchar(30) COLLATE utf8_unicode_ci DEFAULT NULL,
  `log_for_id2` int(11) DEFAULT NULL,
  `deleted` tinyint(1) NOT NULL DEFAULT '0',
  PRIMARY KEY (`id`)
) ENGINE=InnoDB AUTO_INCREMENT=808 DEFAULT CHARSET=utf8 COLLATE=utf8_unicode_ci;

--
-- Dumping data for table `nizwa_packing_productsactivity_logs`
--

INSERT INTO `nizwa_packing_productsactivity_logs` VALUES (1,'2022-12-22 02:14:07',1,'created','item_categories','',1,NULL,'',0,'',0,0),(2,'2022-12-22 02:14:54',1,'created','items','',1,NULL,'',0,'',0,0),(3,'2022-12-22 12:52:34',1,'created','clients','',1,NULL,'',0,'',0,0),(4,'2022-12-22 12:52:34',1,'created','estimates','',1,NULL,'',0,'',0,0),(5,'2022-12-22 12:56:50',1,'updated','estimates','',1,'a:1:{s:6:\"status\";a:2:{s:4:\"from\";s:5:\"draft\";s:2:\"to\";s:8:\"approved\";}}','',0,'',0,0),(6,'2022-12-22 12:57:30',1,'updated','estimates','',1,'a:1:{s:6:\"status\";a:2:{s:4:\"from\";s:8:\"approved\";s:2:\"to\";s:8:\"accepted\";}}','',0,'',0,0),(7,'2022-12-22 13:38:31',1,'updated','items','',1,'a:1:{s:12:\"raw_material\";a:2:{s:4:\"from\";s:1:\"0\";s:2:\"to\";s:1:\"1\";}}','',0,'',0,0),(8,'2022-12-22 13:54:02',1,'updated','items','',1,'a:1:{s:12:\"raw_material\";a:2:{s:4:\"from\";s:1:\"1\";s:2:\"to\";s:1:\"0\";}}','',0,'',0,0),(9,'2022-12-22 13:54:18',1,'updated','items','',1,'a:1:{s:12:\"raw_material\";a:2:{s:4:\"from\";s:1:\"1\";s:2:\"to\";s:1:\"0\";}}','',0,'',0,0),(10,'2022-12-22 13:55:32',1,'updated','items','',1,'a:1:{s:12:\"raw_material\";a:2:{s:4:\"from\";s:1:\"1\";s:2:\"to\";s:1:\"0\";}}','',0,'',0,0),(11,'2022-12-22 13:55:55',1,'updated','items','',1,'a:2:{s:5:\"title\";a:2:{s:4:\"from\";s:9:\"Product 1\";s:2:\"to\";s:10:\"Product 1c\";}s:12:\"raw_material\";a:2:{s:4:\"from\";s:1:\"1\";s:2:\"to\";s:1:\"0\";}}','',0,'',0,0),(12,'2022-12-22 13:56:09',1,'updated','items','',1,'a:2:{s:5:\"title\";a:2:{s:4:\"from\";s:10:\"Product 1c\";s:2:\"to\";s:15:\"Product 1cdsfds\";}s:12:\"raw_material\";a:2:{s:4:\"from\";s:1:\"1\";s:2:\"to\";s:1:\"0\";}}','',0,'',0,0),(13,'2022-12-22 14:06:08',1,'updated','items','',1,'a:1:{s:12:\"raw_material\";a:2:{s:4:\"from\";s:1:\"1\";s:2:\"to\";s:1:\"0\";}}','',0,'',0,0),(14,'2022-12-22 14:38:42',1,'updated','items','',1,'a:1:{s:12:\"raw_material\";a:2:{s:4:\"from\";s:1:\"1\";s:2:\"to\";s:1:\"0\";}}','',0,'',0,0),(15,'2022-12-22 14:56:27',1,'updated','items','',1,'a:1:{s:12:\"raw_material\";a:2:{s:4:\"from\";s:1:\"1\";s:2:\"to\";s:1:\"0\";}}','',0,'',0,0),(16,'2022-12-22 15:01:03',1,'created','items','',2,NULL,'',0,'',0,0),(17,'2022-12-22 15:02:18',1,'created','items','',3,NULL,'',0,'',0,0),(18,'2022-12-22 15:04:34',1,'updated','items','',3,'a:1:{s:12:\"raw_material\";a:2:{s:4:\"from\";s:1:\"1\";s:2:\"to\";s:1:\"0\";}}','',0,'',0,0),(19,'2022-12-26 08:47:06',1,'created','clients','',2,NULL,'',0,'',0,0),(20,'2022-12-26 08:47:06',1,'updated','clients','',2,'a:1:{s:10:\"account_id\";a:2:{s:4:\"from\";s:1:\"0\";s:2:\"to\";i:76;}}','',0,'',0,0),(21,'2022-12-26 09:41:05',1,'created','invoices','',1,NULL,'',0,'',0,0),(22,'2022-12-26 09:42:26',1,'created','invoices','',2,NULL,'',0,'',0,0),(23,'2022-12-26 11:35:39',1,'updated','items','',1,'a:1:{s:12:\"raw_material\";a:2:{s:4:\"from\";s:1:\"0\";s:2:\"to\";s:1:\"1\";}}','',0,'',0,0),(24,'2022-12-26 22:29:18',1,'created','invoice_payments','',1,NULL,'',0,'',0,0),(25,'2022-12-26 22:29:18',1,'updated','invoices','',2,'a:1:{s:6:\"status\";a:2:{s:4:\"from\";s:5:\"draft\";s:2:\"to\";s:8:\"not_paid\";}}','',0,'',0,0),(26,'2022-12-26 22:29:52',1,'created','invoice_payments','',2,NULL,'',0,'',0,0),(27,'2022-12-26 22:32:00',1,'created','estimates','',2,NULL,'',0,'',0,0),(28,'2022-12-26 22:32:26',1,'created','estimate_items','',1,NULL,'',0,'',0,0),(29,'2022-12-26 22:32:36',1,'created','estimate_items','',2,NULL,'',0,'',0,0),(30,'2022-12-26 22:32:52',1,'updated','estimates','',2,'a:1:{s:6:\"status\";a:2:{s:4:\"from\";s:5:\"draft\";s:2:\"to\";s:8:\"approved\";}}','',0,'',0,0),(31,'2022-12-26 22:33:48',1,'updated','estimates','',2,'a:1:{s:6:\"status\";a:2:{s:4:\"from\";s:8:\"approved\";s:2:\"to\";s:8:\"accepted\";}}','',0,'',0,0),(32,'2022-12-26 22:35:06',1,'created','invoices','',3,NULL,'',0,'',0,0),(33,'2022-12-26 22:35:06',1,'updated','invoices','',3,'a:1:{s:15:\"approval_status\";a:2:{s:4:\"from\";s:12:\"not_approved\";s:2:\"to\";s:8:\"approved\";}}','',0,'',0,0),(34,'2022-12-26 22:35:06',1,'created','invoice_items','',1,NULL,'',0,'',0,0),(35,'2022-12-26 22:35:06',1,'created','invoice_items','',2,NULL,'',0,'',0,0),(36,'2022-12-26 22:36:00',1,'created','invoice_payments','',3,NULL,'',0,'',0,0),(37,'2022-12-26 22:36:00',1,'updated','invoices','',3,'a:1:{s:6:\"status\";a:2:{s:4:\"from\";s:5:\"draft\";s:2:\"to\";s:8:\"not_paid\";}}','',0,'',0,0),(38,'2022-12-26 22:36:54',1,'created','invoice_payments','',4,NULL,'',0,'',0,0),(39,'2022-12-26 22:37:20',1,'deleted','invoice_payments','',4,NULL,'',0,NULL,NULL,0),(40,'2022-12-26 22:38:36',1,'created','estimates','',3,NULL,'',0,'',0,0),(41,'2022-12-26 22:38:51',1,'created','estimate_items','',3,NULL,'',0,'',0,0),(42,'2022-12-26 22:39:00',1,'updated','estimates','',3,'a:1:{s:6:\"status\";a:2:{s:4:\"from\";s:5:\"draft\";s:2:\"to\";s:8:\"approved\";}}','',0,'',0,0),(43,'2022-12-26 22:39:18',1,'updated','estimates','',3,'a:1:{s:6:\"status\";a:2:{s:4:\"from\";s:8:\"approved\";s:2:\"to\";s:8:\"accepted\";}}','',0,'',0,0),(44,'2022-12-26 22:46:16',1,'created','estimates','',4,NULL,'',0,'',0,0),(45,'2022-12-26 23:01:12',1,'created','estimate_items','',4,NULL,'',0,'',0,0),(46,'2022-12-26 23:03:02',1,'updated','estimates','',4,'a:1:{s:6:\"status\";a:2:{s:4:\"from\";s:5:\"draft\";s:2:\"to\";s:8:\"approved\";}}','',0,'',0,0),(47,'2022-12-26 23:05:54',1,'created','estimate_items','',5,NULL,'',0,'',0,0),(48,'2022-12-26 23:16:05',1,'created','estimates','',5,NULL,'',0,'',0,0),(49,'2022-12-26 23:16:26',1,'created','estimate_items','',6,NULL,'',0,'',0,0),(50,'2022-12-26 23:49:48',1,'created','estimate_items','',7,NULL,'',0,'',0,0),(51,'2022-12-27 00:02:02',1,'updated','estimates','',5,'a:1:{s:6:\"status\";a:2:{s:4:\"from\";s:5:\"draft\";s:2:\"to\";s:8:\"approved\";}}','',0,'',0,0),(52,'2022-12-27 00:04:15',1,'created','job_orders','',1,NULL,'',0,'',0,0),(53,'2022-12-27 00:04:15',1,'created','job_orders','',2,NULL,'',0,'',0,0),(54,'2022-12-27 01:00:06',1,'created','job_orders','',3,NULL,'',0,'',0,0),(55,'2022-12-27 01:00:06',1,'created','job_orders','',4,NULL,'',0,'',0,0),(56,'2022-12-27 05:08:03',1,'updated','job_orders','',1,'a:5:{s:20:\"scheduled_start_date\";a:2:{s:4:\"from\";N;s:2:\"to\";s:10:\"27-12-2022\";}s:17:\"expected_duration\";a:2:{s:4:\"from\";N;s:2:\"to\";s:2:\"20\";}s:15:\"actual_duration\";a:2:{s:4:\"from\";N;s:2:\"to\";s:10:\"16-01-2023\";}s:8:\"priority\";a:2:{s:4:\"from\";N;s:2:\"to\";s:1:\"3\";}s:13:\"current_stage\";a:2:{s:4:\"from\";N;s:2:\"to\";s:11:\"In Progress\";}}','',0,'',0,0),(57,'2022-12-27 05:14:34',1,'updated','job_orders','',1,'a:4:{s:20:\"scheduled_start_date\";a:2:{s:4:\"from\";s:10:\"0000-00-00\";s:2:\"to\";s:10:\"2022-12-27\";}s:15:\"actual_duration\";a:2:{s:4:\"from\";s:10:\"0000-00-00\";s:2:\"to\";s:9:\"16-1-2023\";}s:8:\"priority\";a:2:{s:4:\"from\";s:1:\"3\";s:2:\"to\";s:1:\"1\";}s:13:\"current_stage\";a:2:{s:4:\"from\";s:11:\"In Progress\";s:2:\"to\";s:18:\"Waiting For A Step\";}}','',0,'',0,0),(58,'2022-12-27 05:14:58',1,'updated','job_orders','',1,'a:2:{s:15:\"actual_duration\";a:2:{s:4:\"from\";s:10:\"0000-00-00\";s:2:\"to\";s:9:\"16-1-2023\";}s:13:\"current_stage\";a:2:{s:4:\"from\";s:18:\"Waiting For A Step\";s:2:\"to\";s:11:\"In Progress\";}}','',0,'',0,0),(59,'2022-12-27 05:19:03',1,'updated','job_orders','',1,'a:2:{s:17:\"expected_duration\";a:2:{s:4:\"from\";s:2:\"20\";s:2:\"to\";s:2:\"15\";}s:15:\"actual_duration\";a:2:{s:4:\"from\";s:10:\"0000-00-00\";s:2:\"to\";s:9:\"2023-1-11\";}}','',0,'',0,0),(60,'2022-12-27 12:45:18',1,'created','estimates','',6,NULL,'',0,'',0,0),(61,'2022-12-27 12:45:34',1,'created','estimate_items','',8,NULL,'',0,'',0,0),(62,'2022-12-27 12:45:39',1,'updated','estimates','',6,'a:1:{s:6:\"status\";a:2:{s:4:\"from\";s:5:\"draft\";s:2:\"to\";s:8:\"approved\";}}','',0,'',0,0),(63,'2022-12-27 12:45:39',1,'created','job_orders','',5,NULL,'',0,'',0,0),(64,'2022-12-27 12:45:48',1,'updated','estimates','',6,'a:1:{s:6:\"status\";a:2:{s:4:\"from\";s:8:\"approved\";s:2:\"to\";s:8:\"accepted\";}}','',0,'',0,0),(65,'2022-12-27 12:48:26',1,'created','invoices','',4,NULL,'',0,'',0,0),(66,'2022-12-27 12:48:26',1,'updated','invoices','',4,'a:1:{s:15:\"approval_status\";a:2:{s:4:\"from\";s:12:\"not_approved\";s:2:\"to\";s:8:\"approved\";}}','',0,'',0,0),(67,'2022-12-27 12:48:26',1,'created','invoice_items','',3,NULL,'',0,'',0,0),(68,'2022-12-27 23:08:27',1,'created','estimates','',7,NULL,'',0,'',0,0),(69,'2022-12-27 23:09:16',1,'created','estimate_items','',9,NULL,'',0,'',0,0),(70,'2022-12-27 23:09:38',1,'updated','estimates','',7,'a:1:{s:6:\"status\";a:2:{s:4:\"from\";s:5:\"draft\";s:2:\"to\";s:8:\"approved\";}}','',0,'',0,0),(71,'2022-12-27 23:09:45',1,'updated','estimates','',7,'a:1:{s:6:\"status\";a:2:{s:4:\"from\";s:8:\"approved\";s:2:\"to\";s:8:\"accepted\";}}','',0,'',0,0),(72,'2022-12-27 23:10:03',1,'created','invoices','',5,NULL,'',0,'',0,0),(73,'2022-12-27 23:10:03',1,'updated','invoices','',5,'a:1:{s:15:\"approval_status\";a:2:{s:4:\"from\";s:12:\"not_approved\";s:2:\"to\";s:8:\"approved\";}}','',0,'',0,0),(74,'2022-12-27 23:10:03',1,'created','invoice_items','',4,NULL,'',0,'',0,0),(77,'2022-12-27 23:55:54',1,'updated','invoices','',5,'a:1:{s:14:\"confirm_status\";a:2:{s:4:\"from\";s:13:\"not_confirmed\";s:2:\"to\";s:9:\"confirmed\";}}','',0,'',0,0),(78,'2022-12-27 23:56:58',1,'updated','invoices','',4,'a:1:{s:14:\"confirm_status\";a:2:{s:4:\"from\";s:13:\"not_confirmed\";s:2:\"to\";s:9:\"confirmed\";}}','',0,'',0,0),(79,'2022-12-27 23:57:36',1,'updated','invoices','',2,'a:1:{s:14:\"confirm_status\";a:2:{s:4:\"from\";s:13:\"not_confirmed\";s:2:\"to\";s:9:\"confirmed\";}}','',0,'',0,0),(80,'2022-12-28 00:32:14',1,'updated','invoices','',1,'a:1:{s:14:\"confirm_status\";a:2:{s:4:\"from\";s:13:\"not_confirmed\";s:2:\"to\";s:9:\"confirmed\";}}','',0,'',0,0),(81,'2022-12-28 00:35:54',1,'updated','invoices','',2,'a:1:{s:14:\"confirm_status\";a:2:{s:4:\"from\";s:13:\"not_confirmed\";s:2:\"to\";s:9:\"confirmed\";}}','',0,'',0,0),(82,'2022-12-28 00:39:17',1,'updated','invoices','',3,'a:1:{s:14:\"confirm_status\";a:2:{s:4:\"from\";s:13:\"not_confirmed\";s:2:\"to\";s:9:\"confirmed\";}}','',0,'',0,0),(83,'2022-12-28 00:39:41',1,'updated','invoices','',4,'a:1:{s:14:\"confirm_status\";a:2:{s:4:\"from\";s:13:\"not_confirmed\";s:2:\"to\";s:9:\"confirmed\";}}','',0,'',0,0),(84,'2022-12-28 00:42:24',1,'created','estimates','',8,NULL,'',0,'',0,0),(85,'2022-12-28 00:42:38',1,'created','estimate_items','',10,NULL,'',0,'',0,0),(86,'2022-12-28 00:42:46',1,'created','estimate_items','',11,NULL,'',0,'',0,0),(87,'2022-12-28 00:42:52',1,'updated','estimates','',8,'a:1:{s:6:\"status\";a:2:{s:4:\"from\";s:5:\"draft\";s:2:\"to\";s:8:\"approved\";}}','',0,'',0,0),(88,'2022-12-28 00:43:07',1,'updated','estimates','',8,'a:1:{s:6:\"status\";a:2:{s:4:\"from\";s:8:\"approved\";s:2:\"to\";s:8:\"accepted\";}}','',0,'',0,0),(89,'2022-12-28 00:43:45',1,'created','invoices','',6,NULL,'',0,'',0,0),(90,'2022-12-28 00:43:45',1,'updated','invoices','',6,'a:1:{s:15:\"approval_status\";a:2:{s:4:\"from\";s:12:\"not_approved\";s:2:\"to\";s:8:\"approved\";}}','',0,'',0,0),(91,'2022-12-28 00:43:45',1,'created','invoice_items','',1,NULL,'',0,'',0,0),(92,'2022-12-28 00:43:45',1,'created','invoice_items','',2,NULL,'',0,'',0,0),(93,'2022-12-28 00:45:26',1,'updated','invoices','',6,'a:1:{s:14:\"confirm_status\";a:2:{s:4:\"from\";s:13:\"not_confirmed\";s:2:\"to\";s:9:\"confirmed\";}}','',0,'',0,0),(94,'2022-12-28 00:45:26',1,'updated','job_orders','',6,'a:2:{s:15:\"invoice_item_id\";a:2:{s:4:\"from\";s:0:\"\";s:2:\"to\";s:1:\"3\";}s:8:\"quantity\";a:2:{s:4:\"from\";s:0:\"\";s:2:\"to\";s:1:\"2\";}}','',0,'',0,0),(95,'2022-12-28 00:45:26',1,'updated','job_orders','',6,'a:2:{s:15:\"invoice_item_id\";a:2:{s:4:\"from\";s:0:\"\";s:2:\"to\";s:1:\"3\";}s:8:\"quantity\";a:2:{s:4:\"from\";s:0:\"\";s:2:\"to\";s:1:\"5\";}}','',0,'',0,0),(96,'2022-12-28 00:45:35',1,'updated','job_orders','',6,'a:2:{s:15:\"invoice_item_id\";a:2:{s:4:\"from\";s:0:\"\";s:2:\"to\";s:1:\"3\";}s:8:\"quantity\";a:2:{s:4:\"from\";s:0:\"\";s:2:\"to\";s:1:\"2\";}}','',0,'',0,0),(97,'2022-12-28 00:45:35',1,'updated','job_orders','',6,'a:2:{s:15:\"invoice_item_id\";a:2:{s:4:\"from\";s:0:\"\";s:2:\"to\";s:1:\"3\";}s:8:\"quantity\";a:2:{s:4:\"from\";s:0:\"\";s:2:\"to\";s:1:\"5\";}}','',0,'',0,0),(98,'2022-12-28 00:51:52',1,'updated','invoices','',6,'a:1:{s:14:\"confirm_status\";a:2:{s:4:\"from\";s:13:\"not_confirmed\";s:2:\"to\";s:9:\"confirmed\";}}','',0,'',0,0),(99,'2022-12-28 00:51:52',1,'created','job_orders','',1,NULL,'',0,'',0,0),(100,'2022-12-28 00:51:52',1,'created','job_orders','',2,NULL,'',0,'',0,0),(101,'2022-12-28 02:13:04',1,'created','job_orders','',3,NULL,'',0,'',0,0),(102,'2022-12-28 02:13:52',1,'created','job_orders','',4,NULL,'',0,'',0,0),(103,'2022-12-28 02:14:48',1,'updated','job_orders','',1,'a:5:{s:20:\"scheduled_start_date\";a:2:{s:4:\"from\";N;s:2:\"to\";s:10:\"2022-12-29\";}s:17:\"expected_duration\";a:2:{s:4:\"from\";N;s:2:\"to\";s:2:\"15\";}s:15:\"actual_duration\";a:2:{s:4:\"from\";N;s:2:\"to\";s:9:\"2023-1-13\";}s:8:\"priority\";a:2:{s:4:\"from\";N;s:2:\"to\";s:1:\"1\";}s:13:\"current_stage\";a:2:{s:4:\"from\";N;s:2:\"to\";s:8:\"Finished\";}}','',0,'',0,0),(104,'2022-12-28 03:33:34',1,'updated','invoices','',1,'a:1:{s:5:\"files\";a:2:{s:4:\"from\";s:6:\"a:0:{}\";s:2:\"to\";s:158:\"a:1:{i:0;a:4:{s:9:\"file_name\";s:52:\"invoice_file63abb90eae5f4-Product-Details-Final.xlsx\";s:9:\"file_size\";s:5:\"16183\";s:7:\"file_id\";N;s:12:\"service_type\";N;}}\";}}','',0,'',0,0),(105,'2022-12-28 03:35:21',1,'created','invoices','',7,NULL,'',0,'',0,0),(106,'2022-12-28 03:35:21',1,'updated','invoices','',7,'a:1:{s:15:\"approval_status\";a:2:{s:4:\"from\";s:12:\"not_approved\";s:2:\"to\";s:8:\"approved\";}}','',0,'',0,0),(107,'2022-12-28 03:35:21',1,'created','invoice_items','',3,NULL,'',0,'',0,0),(108,'2022-12-28 03:35:21',1,'created','invoice_items','',4,NULL,'',0,'',0,0),(109,'2022-12-28 04:04:36',1,'updated','job_orders','',1,'a:4:{s:11:\"team_member\";a:2:{s:4:\"from\";N;s:2:\"to\";s:1:\"1\";}s:14:\"operation_cost\";a:2:{s:4:\"from\";N;s:2:\"to\";s:2:\"12\";}s:10:\"total_cost\";a:2:{s:4:\"from\";N;s:2:\"to\";s:3:\"212\";}s:9:\"worksheet\";a:2:{s:4:\"from\";N;s:2:\"to\";s:160:\"a:1:{i:0;a:4:{s:9:\"file_name\";s:54:\"joborder_file63abc054901f8-Invoice---Rizwan-Miraj.docx\";s:9:\"file_size\";s:5:\"34324\";s:7:\"file_id\";N;s:12:\"service_type\";N;}}\";}}','',0,'',0,0),(110,'2022-12-28 04:05:32',1,'updated','job_orders','',1,'a:1:{s:9:\"worksheet\";a:2:{s:4:\"from\";s:100:\"a:1:{i:0;a:4:{s:9:\"file_name\";s:54:\"joborder_file63abc054901f8-Invoice---Rizwan-Miraj.docx\";s:9:\"fil\";s:2:\"to\";s:160:\"a:1:{i:0;a:4:{s:9:\"file_name\";s:54:\"joborder_file63abc08ca1fab-Invoice---Rizwan-Miraj.docx\";s:9:\"file_size\";s:5:\"34324\";s:7:\"file_id\";N;s:12:\"service_type\";N;}}\";}}','',0,'',0,0),(111,'2022-12-28 04:05:32',1,'created','materials_bill','',1,NULL,'',0,'',0,0),(112,'2022-12-28 04:06:38',1,'updated','job_orders','',1,'a:1:{s:9:\"worksheet\";a:2:{s:4:\"from\";s:100:\"a:1:{i:0;a:4:{s:9:\"file_name\";s:54:\"joborder_file63abc08ca1fab-Invoice---Rizwan-Miraj.docx\";s:9:\"fil\";s:2:\"to\";s:160:\"a:1:{i:0;a:4:{s:9:\"file_name\";s:54:\"joborder_file63abc0cef0c70-Invoice---Rizwan-Miraj.docx\";s:9:\"file_size\";s:5:\"34324\";s:7:\"file_id\";N;s:12:\"service_type\";N;}}\";}}','',0,'',0,0),(113,'2022-12-28 04:07:22',1,'updated','job_orders','',1,'a:3:{s:14:\"operation_cost\";a:2:{s:4:\"from\";s:2:\"12\";s:2:\"to\";s:1:\"3\";}s:10:\"total_cost\";a:2:{s:4:\"from\";s:3:\"212\";s:2:\"to\";s:3:\"603\";}s:9:\"worksheet\";a:2:{s:4:\"from\";s:160:\"a:1:{i:0;a:4:{s:9:\"file_name\";s:54:\"joborder_file63abc0cef0c70-Invoice---Rizwan-Miraj.docx\";s:9:\"file_size\";s:5:\"34324\";s:7:\"file_id\";N;s:12:\"service_type\";N;}}\";s:2:\"to\";s:160:\"a:1:{i:0;a:4:{s:9:\"file_name\";s:54:\"joborder_file63abc0fa1e681-Invoice---Rizwan-Miraj.docx\";s:9:\"file_size\";s:5:\"34324\";s:7:\"file_id\";N;s:12:\"service_type\";N;}}\";}}','',0,'',0,0),(114,'2022-12-28 04:07:22',1,'created','materials_bill','',2,NULL,'',0,'',0,0),(115,'2022-12-28 04:48:44',1,'updated','job_orders','',1,'a:3:{s:14:\"operation_cost\";a:2:{s:4:\"from\";s:1:\"3\";s:2:\"to\";s:1:\"6\";}s:10:\"total_cost\";a:2:{s:4:\"from\";s:3:\"603\";s:2:\"to\";s:4:\"1206\";}s:9:\"worksheet\";a:2:{s:4:\"from\";s:160:\"a:1:{i:0;a:4:{s:9:\"file_name\";s:54:\"joborder_file63abc0fa1e681-Invoice---Rizwan-Miraj.docx\";s:9:\"file_size\";s:5:\"34324\";s:7:\"file_id\";N;s:12:\"service_type\";N;}}\";s:2:\"to\";s:6:\"a:0:{}\";}}','',0,'',0,0),(116,'2022-12-28 04:48:44',1,'created','materials_bill','',3,NULL,'',0,'',0,0),(117,'2022-12-28 04:48:44',1,'created','materials_bill','',4,NULL,'',0,'',0,0),(118,'2022-12-28 08:11:43',1,'created','estimates','',9,NULL,'',0,'',0,0),(119,'2022-12-28 08:11:55',1,'created','estimate_items','',12,NULL,'',0,'',0,0),(120,'2022-12-28 08:12:04',1,'created','estimate_items','',13,NULL,'',0,'',0,0),(121,'2022-12-28 08:12:09',1,'updated','estimates','',9,'a:1:{s:6:\"status\";a:2:{s:4:\"from\";s:5:\"draft\";s:2:\"to\";s:8:\"approved\";}}','',0,'',0,0),(122,'2022-12-28 08:12:21',1,'updated','estimates','',9,'a:1:{s:6:\"status\";a:2:{s:4:\"from\";s:8:\"approved\";s:2:\"to\";s:8:\"accepted\";}}','',0,'',0,0),(123,'2022-12-28 08:12:49',1,'created','invoices','',8,NULL,'',0,'',0,0),(124,'2022-12-28 08:12:50',1,'updated','invoices','',8,'a:1:{s:15:\"approval_status\";a:2:{s:4:\"from\";s:12:\"not_approved\";s:2:\"to\";s:8:\"approved\";}}','',0,'',0,0),(125,'2022-12-28 08:12:50',1,'created','invoice_items','',5,NULL,'',0,'',0,0),(126,'2022-12-28 08:12:50',1,'created','invoice_items','',6,NULL,'',0,'',0,0),(127,'2022-12-28 08:13:04',1,'updated','invoices','',8,'a:1:{s:14:\"confirm_status\";a:2:{s:4:\"from\";s:13:\"not_confirmed\";s:2:\"to\";s:9:\"confirmed\";}}','',0,'',0,0),(128,'2022-12-28 08:13:04',1,'created','job_orders','',5,NULL,'',0,'',0,0),(129,'2022-12-28 08:13:04',1,'created','job_orders','',6,NULL,'',0,'',0,0),(130,'2022-12-28 08:14:43',1,'updated','job_orders','',5,'a:9:{s:20:\"scheduled_start_date\";a:2:{s:4:\"from\";N;s:2:\"to\";s:10:\"2022-12-28\";}s:17:\"expected_duration\";a:2:{s:4:\"from\";N;s:2:\"to\";s:2:\"10\";}s:15:\"actual_duration\";a:2:{s:4:\"from\";N;s:2:\"to\";s:8:\"2023-1-7\";}s:8:\"priority\";a:2:{s:4:\"from\";N;s:2:\"to\";s:1:\"3\";}s:13:\"current_stage\";a:2:{s:4:\"from\";N;s:2:\"to\";s:8:\"Finished\";}s:11:\"team_member\";a:2:{s:4:\"from\";N;s:2:\"to\";s:1:\"1\";}s:14:\"operation_cost\";a:2:{s:4:\"from\";N;s:2:\"to\";s:2:\"50\";}s:10:\"total_cost\";a:2:{s:4:\"from\";N;s:2:\"to\";s:4:\"1450\";}s:9:\"worksheet\";a:2:{s:4:\"from\";N;s:2:\"to\";s:139:\"a:1:{i:0;a:4:{s:9:\"file_name\";s:33:\"joborder_file63abfaf3672a9-l1.png\";s:9:\"file_size\";s:5:\"14705\";s:7:\"file_id\";N;s:12:\"service_type\";N;}}\";}}','',0,'',0,0),(131,'2022-12-28 08:14:43',1,'created','materials_bill','',5,NULL,'',0,'',0,0),(132,'2022-12-28 08:14:43',1,'created','materials_bill','',6,NULL,'',0,'',0,0),(133,'2023-01-02 06:36:17',1,'created','suppliers','',2,NULL,'',0,'',0,0),(134,'2023-01-02 06:36:17',1,'updated','suppliers','',2,'a:1:{s:10:\"account_id\";a:2:{s:4:\"from\";s:1:\"0\";s:2:\"to\";i:78;}}','',0,'',0,0),(135,'2023-01-02 06:36:29',1,'created','purchase_orders','',1,NULL,'',0,'',0,0),(136,'2023-01-02 07:07:28',1,'created','purchase_order_items','',1,NULL,'',0,'',0,0),(137,'2023-01-02 07:07:33',1,'updated','purchase_orders','',1,'a:1:{s:15:\"approval_status\";a:2:{s:4:\"from\";s:12:\"not_approved\";s:2:\"to\";s:8:\"approved\";}}','',0,'',0,0),(138,'2023-01-02 07:08:05',1,'created','purchase_order_payments','',1,NULL,'',0,'',0,0),(139,'2023-01-02 07:08:05',1,'updated','purchase_orders','',1,'a:1:{s:6:\"status\";a:2:{s:4:\"from\";s:5:\"draft\";s:2:\"to\";s:8:\"not_paid\";}}','',0,'',0,0),(140,'2023-01-02 07:08:29',1,'updated','purchase_order_payments','',1,'a:1:{s:6:\"status\";a:2:{s:4:\"from\";s:5:\"draft\";s:2:\"to\";s:8:\"approved\";}}','',0,'',0,0),(141,'2023-01-02 07:08:29',1,'updated','purchase_order_payments','',1,'a:1:{s:14:\"transaction_id\";a:2:{s:4:\"from\";s:1:\"0\";s:2:\"to\";i:10;}}','',0,'',0,0),(142,'2023-01-02 07:09:01',1,'created','shipments','',2,NULL,'',0,'',0,0),(143,'2023-01-02 07:09:01',1,'created','shipment_items','',2,NULL,'',0,'',0,0),(144,'2023-01-02 07:09:07',1,'updated','shipments','',2,'a:1:{s:6:\"status\";a:2:{s:4:\"from\";N;s:2:\"to\";s:8:\"approved\";}}','',0,'',0,0),(145,'2023-01-02 07:10:32',1,'created','purchase_order_payments','',2,NULL,'',0,'',0,0),(146,'2023-01-02 07:10:45',1,'updated','purchase_order_payments','',2,'a:1:{s:6:\"status\";a:2:{s:4:\"from\";s:5:\"draft\";s:2:\"to\";s:8:\"approved\";}}','',0,'',0,0),(147,'2023-01-02 07:10:45',1,'updated','purchase_order_payments','',2,'a:1:{s:14:\"transaction_id\";a:2:{s:4:\"from\";s:1:\"0\";s:2:\"to\";i:12;}}','',0,'',0,0),(148,'2023-01-02 07:11:22',1,'created','purchase_order_payments','',3,NULL,'',0,'',0,0),(149,'2023-01-02 07:11:26',1,'updated','purchase_order_payments','',3,'a:1:{s:6:\"status\";a:2:{s:4:\"from\";s:5:\"draft\";s:2:\"to\";s:8:\"approved\";}}','',0,'',0,0),(150,'2023-01-02 07:11:26',1,'updated','purchase_order_payments','',3,'a:1:{s:14:\"transaction_id\";a:2:{s:4:\"from\";s:1:\"0\";s:2:\"to\";i:13;}}','',0,'',0,0),(151,'2023-01-02 07:11:52',1,'created','purchase_order_payments','',4,NULL,'',0,'',0,0),(152,'2023-01-02 07:11:59',1,'updated','purchase_order_payments','',4,'a:1:{s:6:\"status\";a:2:{s:4:\"from\";s:5:\"draft\";s:2:\"to\";s:8:\"approved\";}}','',0,'',0,0),(153,'2023-01-02 07:11:59',1,'updated','purchase_order_payments','',4,'a:1:{s:14:\"transaction_id\";a:2:{s:4:\"from\";s:1:\"0\";s:2:\"to\";i:14;}}','',0,'',0,0),(154,'2023-01-02 07:27:40',1,'created','invoices','',9,NULL,'',0,'',0,0),(155,'2023-01-02 07:27:40',1,'updated','invoices','',9,'a:1:{s:15:\"approval_status\";a:2:{s:4:\"from\";s:12:\"not_approved\";s:2:\"to\";s:8:\"approved\";}}','',0,'',0,0),(156,'2023-01-02 07:27:40',1,'created','invoice_items','',7,NULL,'',0,'',0,0),(157,'2023-01-02 07:27:53',1,'updated','invoices','',9,'a:1:{s:14:\"confirm_status\";a:2:{s:4:\"from\";s:13:\"not_confirmed\";s:2:\"to\";s:9:\"confirmed\";}}','',0,'',0,0),(158,'2023-01-02 07:54:20',1,'updated','invoices','',9,'a:1:{s:14:\"confirm_status\";a:2:{s:4:\"from\";s:13:\"not_confirmed\";s:2:\"to\";s:9:\"confirmed\";}}','',0,'',0,0),(159,'2023-01-02 07:54:20',1,'created','job_orders','',7,NULL,'',0,'',0,0),(160,'2023-01-02 07:55:21',1,'updated','job_orders','',7,'a:8:{s:20:\"scheduled_start_date\";a:2:{s:4:\"from\";N;s:2:\"to\";s:10:\"2023-01-02\";}s:17:\"expected_duration\";a:2:{s:4:\"from\";N;s:2:\"to\";s:1:\"2\";}s:8:\"priority\";a:2:{s:4:\"from\";N;s:2:\"to\";s:1:\"1\";}s:13:\"current_stage\";a:2:{s:4:\"from\";N;s:2:\"to\";s:11:\"In Progress\";}s:11:\"team_member\";a:2:{s:4:\"from\";N;s:2:\"to\";s:1:\"1\";}s:14:\"operation_cost\";a:2:{s:4:\"from\";N;s:2:\"to\";s:2:\"23\";}s:10:\"total_cost\";a:2:{s:4:\"from\";N;s:2:\"to\";s:3:\"223\";}s:9:\"worksheet\";a:2:{s:4:\"from\";N;s:2:\"to\";s:6:\"a:0:{}\";}}','',0,'',0,0),(161,'2023-01-02 07:55:21',1,'created','materials_bill','',7,NULL,'',0,'',0,0),(162,'2023-01-02 07:55:47',1,'updated','job_orders','',7,'a:1:{s:15:\"actual_duration\";a:2:{s:4:\"from\";s:10:\"0000-00-00\";s:2:\"to\";s:0:\"\";}}','',0,'',0,0),(163,'2023-01-02 07:55:47',1,'created','materials_bill','',8,NULL,'',0,'',0,0),(164,'2023-01-02 07:56:26',1,'updated','job_orders','',7,'a:1:{s:15:\"actual_duration\";a:2:{s:4:\"from\";s:10:\"0000-00-00\";s:2:\"to\";s:0:\"\";}}','',0,'',0,0),(165,'2023-01-02 07:57:11',1,'updated','job_orders','',7,'a:1:{s:15:\"actual_duration\";a:2:{s:4:\"from\";s:10:\"0000-00-00\";s:2:\"to\";s:0:\"\";}}','',0,'',0,0),(166,'2023-01-02 07:57:53',1,'updated','job_orders','',7,'a:1:{s:15:\"actual_duration\";a:2:{s:4:\"from\";s:10:\"0000-00-00\";s:2:\"to\";s:0:\"\";}}','',0,'',0,0),(167,'2023-01-02 07:57:53',1,'created','materials_bill','',9,NULL,'',0,'',0,0),(168,'2023-01-02 08:11:07',1,'created','task','erter',1,NULL,'project',2,'',0,1),(169,'2023-01-02 10:04:39',1,'created','task','asdasdas',2,NULL,'project',2,'',0,1),(170,'2023-01-02 10:04:52',1,'updated','task','asdasdas',2,'a:2:{s:4:\"sort\";a:2:{s:4:\"from\";s:1:\"0\";s:2:\"to\";s:8:\"10000000\";}s:9:\"status_id\";a:2:{s:4:\"from\";s:1:\"2\";s:2:\"to\";s:1:\"3\";}}','project',2,'',0,1),(171,'2023-01-02 10:04:53',1,'updated','task','asdasdas',2,'a:1:{s:9:\"status_id\";a:2:{s:4:\"from\";s:1:\"3\";s:2:\"to\";s:1:\"2\";}}','project',2,'',0,1),(172,'2023-01-02 10:04:56',1,'updated','task','asdasdas',2,'a:1:{s:9:\"status_id\";a:2:{s:4:\"from\";s:1:\"2\";s:2:\"to\";s:1:\"3\";}}','project',2,'',0,1),(173,'2023-01-02 10:05:55',1,'updated','task','erter',1,'a:1:{s:9:\"status_id\";a:2:{s:4:\"from\";s:1:\"1\";s:2:\"to\";s:1:\"2\";}}','project',2,'',0,1),(174,'2023-01-02 10:06:08',1,'updated','task','asdasdas',2,'a:1:{s:9:\"status_id\";a:2:{s:4:\"from\";s:1:\"3\";s:2:\"to\";s:1:\"2\";}}','project',2,'',0,1),(175,'2023-01-02 10:06:10',1,'updated','task','asdasdas',2,'a:1:{s:9:\"status_id\";a:2:{s:4:\"from\";s:1:\"2\";s:2:\"to\";s:1:\"1\";}}','project',2,'',0,1),(176,'2023-01-02 10:06:31',1,'updated','task','asdasdas',2,'a:1:{s:9:\"status_id\";a:2:{s:4:\"from\";s:1:\"1\";s:2:\"to\";s:1:\"2\";}}','project',2,'',0,1),(177,'2023-01-02 10:06:39',1,'updated','task','asdasdas',2,'a:1:{s:9:\"status_id\";a:2:{s:4:\"from\";s:1:\"2\";s:2:\"to\";s:1:\"3\";}}','project',2,'',0,1),(178,'2023-01-02 10:06:46',1,'updated','task','asdasdas',2,'a:1:{s:9:\"status_id\";a:2:{s:4:\"from\";s:1:\"3\";s:2:\"to\";s:1:\"2\";}}','project',2,'',0,1),(179,'2023-01-02 11:41:37',1,'updated','task','',4,'a:2:{s:4:\"sort\";a:2:{s:4:\"from\";s:0:\"\";s:2:\"to\";s:6:\"100003\";}s:9:\"status_id\";a:2:{s:4:\"from\";s:0:\"\";s:2:\"to\";s:1:\"3\";}}','project',0,'',0,0),(180,'2023-01-02 11:41:38',1,'updated','task','',4,'a:2:{s:4:\"sort\";a:2:{s:4:\"from\";s:0:\"\";s:2:\"to\";s:8:\"10000000\";}s:9:\"status_id\";a:2:{s:4:\"from\";s:0:\"\";s:2:\"to\";s:1:\"4\";}}','project',0,'',0,0),(181,'2023-01-02 11:41:42',1,'updated','task','erter',1,'a:1:{s:4:\"sort\";a:2:{s:4:\"from\";s:1:\"0\";s:2:\"to\";s:4:\"-498\";}}','project',2,'',0,1),(182,'2023-01-02 11:41:43',1,'updated','task','erter',1,'a:2:{s:4:\"sort\";a:2:{s:4:\"from\";s:4:\"-498\";s:2:\"to\";s:4:\"-497\";}s:9:\"status_id\";a:2:{s:4:\"from\";s:1:\"2\";s:2:\"to\";s:1:\"3\";}}','project',2,'',0,1),(183,'2023-01-02 11:41:44',1,'updated','task','asdasdas',2,'a:1:{s:9:\"status_id\";a:2:{s:4:\"from\";s:1:\"2\";s:2:\"to\";s:1:\"1\";}}','project',2,'',0,1),(184,'2023-01-02 11:41:46',1,'updated','task','',3,'a:2:{s:4:\"sort\";a:2:{s:4:\"from\";s:0:\"\";s:2:\"to\";s:8:\"10000000\";}s:9:\"status_id\";a:2:{s:4:\"from\";s:0:\"\";s:2:\"to\";s:1:\"2\";}}','project',0,'',0,0),(185,'2023-01-02 11:58:09',1,'updated','task','erter',1,'a:1:{s:4:\"sort\";a:2:{s:4:\"from\";s:4:\"-497\";s:2:\"to\";s:8:\"10000000\";}}','project',2,'',0,1),(186,'2023-01-02 12:08:45',1,'updated','task','erter',1,'a:2:{s:4:\"sort\";a:2:{s:4:\"from\";s:8:\"10000000\";s:2:\"to\";s:4:\"-498\";}s:9:\"status_id\";a:2:{s:4:\"from\";s:1:\"3\";s:2:\"to\";s:1:\"2\";}}','project',2,'',0,1),(187,'2023-01-02 12:08:46',1,'updated','task','erter',1,'a:2:{s:4:\"sort\";a:2:{s:4:\"from\";s:4:\"-498\";s:2:\"to\";s:8:\"10000000\";}s:9:\"status_id\";a:2:{s:4:\"from\";s:1:\"2\";s:2:\"to\";s:1:\"1\";}}','project',2,'',0,1),(188,'2023-01-02 12:08:56',1,'updated','task','erter',1,'a:2:{s:4:\"sort\";a:2:{s:4:\"from\";s:8:\"10000000\";s:2:\"to\";s:6:\"100002\";}s:9:\"status_id\";a:2:{s:4:\"from\";s:1:\"1\";s:2:\"to\";s:1:\"2\";}}','project',2,'',0,1),(189,'2023-01-02 12:42:01',1,'updated','task','erter',1,'a:1:{s:9:\"status_id\";a:2:{s:4:\"from\";s:1:\"2\";s:2:\"to\";s:11:\"In Progress\";}}','project',2,'',0,1),(190,'2023-01-02 12:42:03',1,'updated','task','',6,'a:1:{s:9:\"status_id\";a:2:{s:4:\"from\";s:0:\"\";s:2:\"to\";s:5:\"Ready\";}}','project',0,'',0,0),(191,'2023-01-02 12:42:08',1,'updated','task','',6,'a:1:{s:9:\"status_id\";a:2:{s:4:\"from\";s:0:\"\";s:2:\"to\";s:11:\"In Progress\";}}','project',0,'',0,0),(192,'2023-01-02 12:42:23',1,'updated','task','',7,'a:1:{s:9:\"status_id\";a:2:{s:4:\"from\";s:0:\"\";s:2:\"to\";s:8:\"Finished\";}}','project',0,'',0,0),(193,'2023-01-02 12:44:57',1,'updated','invoices','',2,'a:1:{s:11:\"sale_status\";a:2:{s:4:\"from\";s:5:\"Ready\";s:2:\"to\";s:11:\"In Progress\";}}','',0,'',0,0),(194,'2023-01-02 12:45:23',1,'updated','invoices','',1,'a:1:{s:11:\"sale_status\";a:2:{s:4:\"from\";s:7:\"Pending\";s:2:\"to\";s:11:\"In Progress\";}}','',0,'',0,0),(195,'2023-01-02 13:24:42',1,'updated','invoices','',3,'a:1:{s:11:\"sale_status\";a:2:{s:4:\"from\";s:7:\"Pending\";s:2:\"to\";s:5:\"Ready\";}}','',0,'',0,0),(196,'2023-01-02 13:25:31',1,'updated','invoices','',3,'a:1:{s:11:\"sale_status\";a:2:{s:4:\"from\";s:5:\"Ready\";s:2:\"to\";s:8:\"Finished\";}}','',0,'',0,0),(197,'2023-01-02 14:33:03',1,'updated','job_orders','',7,'a:1:{s:13:\"current_stage\";a:2:{s:4:\"from\";s:11:\"In Progress\";s:2:\"to\";s:18:\"Waiting For A Step\";}}','',0,'',0,0),(198,'2023-01-02 14:35:11',1,'updated','job_orders','',4,'a:1:{s:13:\"current_stage\";a:2:{s:4:\"from\";s:18:\"Waiting For A Step\";s:2:\"to\";s:5:\"Ready\";}}','',0,'',0,0),(199,'2023-01-02 14:59:20',1,'updated','invoices','',7,'a:1:{s:11:\"sale_status\";a:2:{s:4:\"from\";s:7:\"Pending\";s:2:\"to\";s:5:\"Ready\";}}','',0,'',0,0),(200,'2023-01-02 14:59:30',1,'updated','invoices','',5,'a:1:{s:11:\"sale_status\";a:2:{s:4:\"from\";s:5:\"Ready\";s:2:\"to\";s:11:\"In Progress\";}}','',0,'',0,0),(201,'2023-01-02 14:59:33',1,'updated','invoices','',5,'a:1:{s:11:\"sale_status\";a:2:{s:4:\"from\";s:11:\"In Progress\";s:2:\"to\";s:8:\"Finished\";}}','',0,'',0,0),(202,'2023-01-09 09:07:58',1,'created','invoices','',10,NULL,'',0,'',0,0),(203,'2023-01-09 09:08:51',1,'created','invoices','',11,NULL,'',0,'',0,0),(204,'2023-01-09 09:17:43',1,'created','invoices','',12,NULL,'',0,'',0,0),(205,'2023-01-09 09:18:55',1,'created','invoices','',13,NULL,'',0,'',0,0),(206,'2023-01-09 09:20:32',1,'created','invoice_items','',8,NULL,'',0,'',0,0),(207,'2023-01-09 09:20:39',1,'updated','invoices','',13,'a:1:{s:15:\"approval_status\";a:2:{s:4:\"from\";s:12:\"not_approved\";s:2:\"to\";s:8:\"approved\";}}','',0,'',0,0),(208,'2023-01-09 09:20:54',1,'updated','invoices','',10,'a:1:{s:14:\"confirm_status\";a:2:{s:4:\"from\";s:13:\"not_confirmed\";s:2:\"to\";s:9:\"confirmed\";}}','',0,'',0,0),(209,'2023-01-09 09:22:05',1,'updated','invoices','',13,'a:1:{s:14:\"confirm_status\";a:2:{s:4:\"from\";s:13:\"not_confirmed\";s:2:\"to\";s:9:\"confirmed\";}}','',0,'',0,0),(210,'2023-01-09 09:22:05',1,'created','job_orders','',8,NULL,'',0,'',0,0),(211,'2023-01-09 09:37:57',1,'updated','invoices','',12,'a:1:{s:14:\"confirm_status\";a:2:{s:4:\"from\";s:13:\"not_confirmed\";s:2:\"to\";s:9:\"confirmed\";}}','',0,'',0,0),(212,'2023-01-09 09:38:56',1,'updated','invoices','',11,'a:1:{s:14:\"confirm_status\";a:2:{s:4:\"from\";s:13:\"not_confirmed\";s:2:\"to\";s:9:\"confirmed\";}}','',0,'',0,0),(213,'2023-01-09 09:40:35',1,'updated','invoices','',9,'a:1:{s:14:\"confirm_status\";a:2:{s:4:\"from\";s:13:\"not_confirmed\";s:2:\"to\";s:9:\"confirmed\";}}','',0,'',0,0),(214,'2023-01-09 10:22:21',1,'created','job_orders','',9,NULL,'',0,'',0,0),(215,'2023-01-09 10:23:24',1,'created','job_orders','',10,NULL,'',0,'',0,0),(216,'2023-01-09 10:23:24',1,'created','materials_bill','',10,NULL,'',0,'',0,0),(217,'2023-01-09 10:23:24',1,'created','materials_bill','',11,NULL,'',0,'',0,0),(218,'2023-01-09 12:00:34',1,'updated','job_orders','',10,'a:6:{s:8:\"priority\";a:2:{s:4:\"from\";N;s:2:\"to\";s:1:\"1\";}s:13:\"current_stage\";a:2:{s:4:\"from\";N;s:2:\"to\";s:11:\"In Progress\";}s:11:\"team_member\";a:2:{s:4:\"from\";N;s:2:\"to\";s:1:\"0\";}s:14:\"operation_cost\";a:2:{s:4:\"from\";N;s:2:\"to\";s:2:\"20\";}s:10:\"total_cost\";a:2:{s:4:\"from\";N;s:2:\"to\";s:6:\"100820\";}s:9:\"worksheet\";a:2:{s:4:\"from\";N;s:2:\"to\";s:6:\"a:0:{}\";}}','',0,'',0,0),(219,'2023-01-09 12:00:34',1,'created','materials_bill','',12,NULL,'',0,'',0,0),(220,'2023-01-09 12:00:34',1,'created','materials_bill','',13,NULL,'',0,'',0,0),(221,'2023-01-09 12:03:37',1,'created','materials_bill','',14,NULL,'',0,'',0,0),(222,'2023-01-09 12:03:37',1,'created','materials_bill','',15,NULL,'',0,'',0,0),(223,'2023-01-17 06:53:59',1,'created','invoices','',14,NULL,'',0,'',0,0),(224,'2023-01-17 06:54:22',1,'created','invoice_items','',9,NULL,'',0,'',0,0),(225,'2023-01-17 06:54:36',1,'created','invoice_items','',10,NULL,'',0,'',0,0),(226,'2023-01-17 06:54:42',1,'updated','invoices','',14,'a:1:{s:15:\"approval_status\";a:2:{s:4:\"from\";s:12:\"not_approved\";s:2:\"to\";s:8:\"approved\";}}','',0,'',0,0),(227,'2023-01-17 06:55:53',1,'updated','invoices','',14,'a:1:{s:14:\"confirm_status\";a:2:{s:4:\"from\";s:13:\"not_confirmed\";s:2:\"to\";s:9:\"confirmed\";}}','',0,'',0,0),(228,'2023-01-17 06:55:53',1,'created','job_orders','',11,NULL,'',0,'',0,0),(229,'2023-01-17 06:55:53',1,'created','materials_bill','',16,NULL,'',0,'',0,0),(230,'2023-01-17 06:55:53',1,'created','job_orders','',12,NULL,'',0,'',0,0),(231,'2023-01-17 06:55:53',1,'created','materials_bill','',17,NULL,'',0,'',0,0),(232,'2023-01-17 06:55:53',1,'created','materials_bill','',18,NULL,'',0,'',0,0),(233,'2023-01-17 06:55:53',1,'created','materials_bill','',19,NULL,'',0,'',0,0),(234,'2023-01-17 06:57:54',1,'created','items','',4,NULL,'',0,'',0,0),(235,'2023-01-17 06:59:15',1,'created','items','',5,NULL,'',0,'',0,0),(236,'2023-01-17 06:59:43',1,'created','items','',6,NULL,'',0,'',0,0),(237,'2023-01-17 07:00:25',1,'updated','items','',6,'a:1:{s:9:\"item_type\";a:2:{s:4:\"from\";s:7:\"service\";s:2:\"to\";s:7:\"product\";}}','',0,'',0,0),(238,'2023-01-17 07:00:50',1,'created','invoices','',15,NULL,'',0,'',0,0),(239,'2023-01-17 07:01:23',1,'created','invoice_items','',11,NULL,'',0,'',0,0),(240,'2023-01-17 07:01:23',1,'created','invoice_items','',12,NULL,'',0,'',0,0),(241,'2023-01-17 07:01:33',1,'updated','invoice_items','',11,'a:2:{s:8:\"quantity\";a:2:{s:4:\"from\";s:1:\"1\";s:2:\"to\";i:2;}s:5:\"total\";a:2:{s:4:\"from\";s:2:\"15\";s:2:\"to\";i:30;}}','',0,'',0,0),(242,'2023-01-17 07:01:36',1,'updated','invoice_items','',11,'a:2:{s:8:\"quantity\";a:2:{s:4:\"from\";s:1:\"2\";s:2:\"to\";i:3;}s:5:\"total\";a:2:{s:4:\"from\";s:2:\"30\";s:2:\"to\";i:45;}}','',0,'',0,0),(243,'2023-01-17 07:01:39',1,'updated','invoice_items','',12,'a:2:{s:8:\"quantity\";a:2:{s:4:\"from\";s:1:\"1\";s:2:\"to\";i:2;}s:5:\"total\";a:2:{s:4:\"from\";s:2:\"15\";s:2:\"to\";i:30;}}','',0,'',0,0),(244,'2023-01-17 07:01:48',1,'updated','invoices','',15,'a:1:{s:15:\"approval_status\";a:2:{s:4:\"from\";s:12:\"not_approved\";s:2:\"to\";s:8:\"approved\";}}','',0,'',0,0),(245,'2023-01-17 07:02:14',1,'updated','invoices','',15,'a:1:{s:14:\"confirm_status\";a:2:{s:4:\"from\";s:13:\"not_confirmed\";s:2:\"to\";s:9:\"confirmed\";}}','',0,'',0,0),(246,'2023-01-17 07:02:14',1,'created','job_orders','',13,NULL,'',0,'',0,0),(247,'2023-01-17 07:02:14',1,'created','job_orders','',14,NULL,'',0,'',0,0),(248,'2023-01-17 07:04:05',1,'updated','job_orders','',14,'a:9:{s:20:\"scheduled_start_date\";a:2:{s:4:\"from\";N;s:2:\"to\";s:10:\"2023-01-17\";}s:17:\"expected_duration\";a:2:{s:4:\"from\";N;s:2:\"to\";s:1:\"5\";}s:15:\"actual_duration\";a:2:{s:4:\"from\";N;s:2:\"to\";s:9:\"2023-1-22\";}s:8:\"priority\";a:2:{s:4:\"from\";N;s:2:\"to\";s:1:\"1\";}s:13:\"current_stage\";a:2:{s:4:\"from\";N;s:2:\"to\";s:11:\"In Progress\";}s:11:\"team_member\";a:2:{s:4:\"from\";N;s:2:\"to\";s:1:\"0\";}s:14:\"operation_cost\";a:2:{s:4:\"from\";N;s:2:\"to\";s:2:\"20\";}s:10:\"total_cost\";a:2:{s:4:\"from\";N;s:2:\"to\";s:2:\"80\";}s:9:\"worksheet\";a:2:{s:4:\"from\";N;s:2:\"to\";s:6:\"a:0:{}\";}}','',0,'',0,0),(249,'2023-01-17 07:04:05',1,'created','materials_bill','',20,NULL,'',0,'',0,0),(250,'2023-01-17 07:04:05',1,'created','materials_bill','',21,NULL,'',0,'',0,0),(251,'2023-01-17 07:04:33',1,'deleted','items','',2,NULL,'',0,NULL,NULL,0),(252,'2023-01-17 07:04:34',1,'deleted','items','',1,NULL,'',0,NULL,NULL,0),(253,'2023-01-17 07:04:36',1,'deleted','items','',3,NULL,'',0,NULL,NULL,0),(254,'2023-01-17 07:04:38',1,'deleted','items','',4,NULL,'',0,NULL,NULL,0),(255,'2023-01-17 07:14:43',1,'created','items','',7,NULL,'',0,'',0,0),(256,'2023-01-17 07:15:04',1,'created','invoices','',16,NULL,'',0,'',0,0),(257,'2023-01-17 07:15:15',1,'created','invoice_items','',13,NULL,'',0,'',0,0),(258,'2023-01-17 07:15:22',1,'updated','invoices','',16,'a:1:{s:15:\"approval_status\";a:2:{s:4:\"from\";s:12:\"not_approved\";s:2:\"to\";s:8:\"approved\";}}','',0,'',0,0),(259,'2023-01-17 07:15:40',1,'updated','invoices','',16,'a:1:{s:14:\"confirm_status\";a:2:{s:4:\"from\";s:13:\"not_confirmed\";s:2:\"to\";s:9:\"confirmed\";}}','',0,'',0,0),(260,'2023-01-17 07:15:40',1,'created','job_orders','',15,NULL,'',0,'',0,0),(261,'2023-01-17 07:16:42',1,'updated','job_orders','',15,'a:9:{s:20:\"scheduled_start_date\";a:2:{s:4:\"from\";N;s:2:\"to\";s:10:\"2023-01-17\";}s:17:\"expected_duration\";a:2:{s:4:\"from\";N;s:2:\"to\";s:1:\"9\";}s:15:\"actual_duration\";a:2:{s:4:\"from\";N;s:2:\"to\";s:9:\"2023-1-26\";}s:8:\"priority\";a:2:{s:4:\"from\";N;s:2:\"to\";s:1:\"1\";}s:13:\"current_stage\";a:2:{s:4:\"from\";N;s:2:\"to\";s:11:\"In Progress\";}s:11:\"team_member\";a:2:{s:4:\"from\";N;s:2:\"to\";s:1:\"0\";}s:14:\"operation_cost\";a:2:{s:4:\"from\";N;s:2:\"to\";s:2:\"50\";}s:10:\"total_cost\";a:2:{s:4:\"from\";N;s:2:\"to\";s:3:\"140\";}s:9:\"worksheet\";a:2:{s:4:\"from\";N;s:2:\"to\";s:6:\"a:0:{}\";}}','',0,'',0,0),(262,'2023-01-17 07:16:42',1,'created','materials_bill','',22,NULL,'',0,'',0,0),(263,'2023-01-17 07:16:42',1,'created','materials_bill','',23,NULL,'',0,'',0,0),(264,'2023-01-17 07:18:07',1,'updated','job_orders','',15,'a:1:{s:13:\"current_stage\";a:2:{s:4:\"from\";s:11:\"In Progress\";s:2:\"to\";s:18:\"Waiting For A Step\";}}','',0,'',0,0),(265,'2023-01-17 07:18:12',1,'updated','job_orders','',15,'a:1:{s:13:\"current_stage\";a:2:{s:4:\"from\";s:18:\"Waiting For A Step\";s:2:\"to\";s:5:\"Ready\";}}','',0,'',0,0),(266,'2023-01-17 07:18:14',1,'updated','job_orders','',15,'a:1:{s:13:\"current_stage\";a:2:{s:4:\"from\";s:5:\"Ready\";s:2:\"to\";s:8:\"Finished\";}}','',0,'',0,0),(267,'2023-01-17 07:31:02',1,'created','invoice_payments','',5,NULL,'',0,'',0,0),(268,'2023-01-17 07:31:02',1,'updated','invoices','',16,'a:1:{s:6:\"status\";a:2:{s:4:\"from\";s:5:\"draft\";s:2:\"to\";s:8:\"not_paid\";}}','',0,'',0,0),(269,'2023-01-17 07:31:08',1,'updated','invoice_payments','',5,'a:1:{s:6:\"status\";a:2:{s:4:\"from\";s:5:\"draft\";s:2:\"to\";s:8:\"approved\";}}','',0,'',0,0),(270,'2023-01-17 07:31:08',1,'updated','invoice_payments','',5,'a:1:{s:22:\"account_transaction_id\";a:2:{s:4:\"from\";s:1:\"0\";s:2:\"to\";i:20;}}','',0,'',0,0),(271,'2023-01-17 07:45:38',1,'created','clients','',3,NULL,'',0,'',0,0),(272,'2023-01-17 07:46:10',1,'updated','clients','',3,'a:2:{s:4:\"sort\";a:2:{s:4:\"from\";s:1:\"0\";s:2:\"to\";s:8:\"10000000\";}s:14:\"lead_status_id\";a:2:{s:4:\"from\";s:1:\"1\";s:2:\"to\";s:1:\"2\";}}','',0,'',0,0),(273,'2023-01-17 07:46:13',1,'updated','clients','',3,'a:1:{s:14:\"lead_status_id\";a:2:{s:4:\"from\";s:1:\"2\";s:2:\"to\";s:1:\"3\";}}','',0,'',0,0),(274,'2023-01-17 07:48:19',1,'created','clients','',4,NULL,'',0,'',0,0),(275,'2023-01-17 07:48:19',1,'updated','clients','',4,'a:1:{s:10:\"account_id\";a:2:{s:4:\"from\";s:1:\"0\";s:2:\"to\";i:80;}}','',0,'',0,0),(276,'2023-01-17 07:50:04',1,'created','estimates','',10,NULL,'',0,'',0,0),(277,'2023-01-17 07:51:47',1,'created','items','',8,NULL,'',0,'',0,0),(278,'2023-01-17 07:52:46',1,'created','items','',9,NULL,'',0,'',0,0),(279,'2023-01-17 07:53:09',1,'created','estimate_items','',14,NULL,'',0,'',0,0),(280,'2023-01-17 07:53:23',1,'updated','estimate_items','',14,'a:2:{s:8:\"quantity\";a:2:{s:4:\"from\";s:1:\"1\";s:2:\"to\";i:2;}s:5:\"total\";a:2:{s:4:\"from\";s:2:\"15\";s:2:\"to\";i:30;}}','',0,'',0,0),(281,'2023-01-17 07:53:45',1,'updated','estimates','',10,'a:1:{s:6:\"status\";a:2:{s:4:\"from\";s:5:\"draft\";s:2:\"to\";s:8:\"approved\";}}','',0,'',0,0),(282,'2023-01-17 07:53:59',1,'updated','estimates','',10,'a:1:{s:6:\"status\";a:2:{s:4:\"from\";s:8:\"approved\";s:2:\"to\";s:8:\"accepted\";}}','',0,'',0,0),(283,'2023-01-17 08:02:34',1,'created','invoices','',17,NULL,'',0,'',0,0),(284,'2023-01-17 08:03:44',1,'created','invoice_items','',14,NULL,'',0,'',0,0),(285,'2023-01-17 08:03:44',1,'created','invoice_items','',15,NULL,'',0,'',0,0),(286,'2023-01-17 08:03:57',1,'updated','invoice_items','',14,'a:2:{s:8:\"quantity\";a:2:{s:4:\"from\";s:1:\"1\";s:2:\"to\";i:2;}s:5:\"total\";a:2:{s:4:\"from\";s:2:\"15\";s:2:\"to\";i:30;}}','',0,'',0,0),(287,'2023-01-17 08:03:57',1,'updated','invoice_items','',14,'a:2:{s:8:\"quantity\";a:2:{s:4:\"from\";s:1:\"2\";s:2:\"to\";i:3;}s:5:\"total\";a:2:{s:4:\"from\";s:2:\"30\";s:2:\"to\";i:45;}}','',0,'',0,0),(288,'2023-01-17 08:04:21',1,'updated','invoices','',17,'a:1:{s:15:\"approval_status\";a:2:{s:4:\"from\";s:12:\"not_approved\";s:2:\"to\";s:8:\"approved\";}}','',0,'',0,0),(289,'2023-01-17 08:05:02',1,'updated','invoices','',17,'a:1:{s:14:\"confirm_status\";a:2:{s:4:\"from\";s:13:\"not_confirmed\";s:2:\"to\";s:9:\"confirmed\";}}','',0,'',0,0),(290,'2023-01-17 08:05:02',1,'created','job_orders','',16,NULL,'',0,'',0,0),(291,'2023-01-17 08:05:02',1,'created','job_orders','',17,NULL,'',0,'',0,0),(292,'2023-01-17 08:05:02',1,'created','materials_bill','',24,NULL,'',0,'',0,0),(293,'2023-01-17 08:05:02',1,'created','materials_bill','',25,NULL,'',0,'',0,0),(294,'2023-01-17 08:12:57',1,'updated','job_orders','',16,'a:9:{s:20:\"scheduled_start_date\";a:2:{s:4:\"from\";N;s:2:\"to\";s:10:\"2023-01-17\";}s:17:\"expected_duration\";a:2:{s:4:\"from\";N;s:2:\"to\";s:1:\"2\";}s:15:\"actual_duration\";a:2:{s:4:\"from\";N;s:2:\"to\";s:9:\"2023-1-19\";}s:8:\"priority\";a:2:{s:4:\"from\";N;s:2:\"to\";s:1:\"1\";}s:13:\"current_stage\";a:2:{s:4:\"from\";N;s:2:\"to\";s:11:\"In Progress\";}s:11:\"team_member\";a:2:{s:4:\"from\";N;s:2:\"to\";s:1:\"1\";}s:14:\"operation_cost\";a:2:{s:4:\"from\";N;s:2:\"to\";s:1:\"5\";}s:10:\"total_cost\";a:2:{s:4:\"from\";N;s:2:\"to\";s:2:\"75\";}s:9:\"worksheet\";a:2:{s:4:\"from\";N;s:2:\"to\";s:6:\"a:0:{}\";}}','',0,'',0,0),(295,'2023-01-17 08:12:57',1,'created','materials_bill','',26,NULL,'',0,'',0,0),(296,'2023-01-17 08:12:57',1,'created','materials_bill','',27,NULL,'',0,'',0,0),(297,'2023-01-17 08:13:53',1,'updated','job_orders','',17,'a:9:{s:20:\"scheduled_start_date\";a:2:{s:4:\"from\";N;s:2:\"to\";s:10:\"2023-01-17\";}s:17:\"expected_duration\";a:2:{s:4:\"from\";N;s:2:\"to\";s:1:\"2\";}s:15:\"actual_duration\";a:2:{s:4:\"from\";N;s:2:\"to\";s:9:\"2023-1-19\";}s:8:\"priority\";a:2:{s:4:\"from\";N;s:2:\"to\";s:1:\"1\";}s:13:\"current_stage\";a:2:{s:4:\"from\";N;s:2:\"to\";s:11:\"In Progress\";}s:11:\"team_member\";a:2:{s:4:\"from\";N;s:2:\"to\";s:1:\"1\";}s:14:\"operation_cost\";a:2:{s:4:\"from\";N;s:2:\"to\";s:1:\"2\";}s:10:\"total_cost\";a:2:{s:4:\"from\";N;s:2:\"to\";s:2:\"92\";}s:9:\"worksheet\";a:2:{s:4:\"from\";N;s:2:\"to\";s:6:\"a:0:{}\";}}','',0,'',0,0),(298,'2023-01-17 08:13:53',1,'created','materials_bill','',28,NULL,'',0,'',0,0),(299,'2023-01-17 08:13:53',1,'created','materials_bill','',29,NULL,'',0,'',0,0),(300,'2023-01-17 08:17:58',1,'created','invoice_payments','',6,NULL,'',0,'',0,0),(301,'2023-01-17 08:17:58',1,'updated','invoices','',17,'a:1:{s:6:\"status\";a:2:{s:4:\"from\";s:5:\"draft\";s:2:\"to\";s:8:\"not_paid\";}}','',0,'',0,0),(302,'2023-01-17 08:18:25',1,'updated','invoice_payments','',6,'a:1:{s:6:\"status\";a:2:{s:4:\"from\";s:5:\"draft\";s:2:\"to\";s:8:\"approved\";}}','',0,'',0,0),(303,'2023-01-17 08:18:25',1,'updated','invoice_payments','',6,'a:1:{s:22:\"account_transaction_id\";a:2:{s:4:\"from\";s:1:\"0\";s:2:\"to\";i:22;}}','',0,'',0,0),(304,'2023-01-17 08:19:13',1,'created','delivery_notes','',1,NULL,'',0,'',0,0),(305,'2023-01-17 08:19:13',1,'created','delivery_note_items','',2,NULL,'',0,'',0,0),(306,'2023-01-17 08:19:13',1,'created','delivery_note_items','',3,NULL,'',0,'',0,0),(307,'2023-01-17 08:19:23',1,'updated','delivery_notes','',1,'a:1:{s:6:\"status\";a:2:{s:4:\"from\";s:5:\"draft\";s:2:\"to\";s:8:\"approved\";}}','',0,'',0,0),(308,'2023-01-17 08:19:23',1,'updated','invoices','',17,'a:1:{s:15:\"delivery_status\";a:2:{s:4:\"from\";s:13:\"not_delivered\";s:2:\"to\";s:9:\"delivered\";}}','',0,'',0,0),(309,'2023-01-17 08:20:39',1,'created','invoices','',18,NULL,'',0,'',0,0),(310,'2023-01-17 08:20:54',1,'created','invoice_items','',16,NULL,'',0,'',0,0),(311,'2023-01-17 08:21:02',1,'updated','invoices','',18,'a:1:{s:15:\"approval_status\";a:2:{s:4:\"from\";s:12:\"not_approved\";s:2:\"to\";s:8:\"approved\";}}','',0,'',0,0),(312,'2023-01-17 08:21:13',1,'updated','invoices','',18,'a:1:{s:14:\"confirm_status\";a:2:{s:4:\"from\";s:13:\"not_confirmed\";s:2:\"to\";s:9:\"confirmed\";}}','',0,'',0,0),(313,'2023-01-17 08:21:13',1,'created','job_orders','',18,NULL,'',0,'',0,0),(314,'2023-01-17 08:21:13',1,'created','materials_bill','',30,NULL,'',0,'',0,0),(315,'2023-01-17 08:21:13',1,'created','materials_bill','',31,NULL,'',0,'',0,0),(316,'2023-01-17 08:22:11',1,'updated','job_orders','',18,'a:8:{s:20:\"scheduled_start_date\";a:2:{s:4:\"from\";N;s:2:\"to\";s:10:\"2023-01-17\";}s:17:\"expected_duration\";a:2:{s:4:\"from\";N;s:2:\"to\";s:1:\"5\";}s:15:\"actual_duration\";a:2:{s:4:\"from\";N;s:2:\"to\";s:9:\"2023-1-22\";}s:8:\"priority\";a:2:{s:4:\"from\";N;s:2:\"to\";s:1:\"1\";}s:13:\"current_stage\";a:2:{s:4:\"from\";N;s:2:\"to\";s:11:\"In Progress\";}s:11:\"team_member\";a:2:{s:4:\"from\";N;s:2:\"to\";s:1:\"0\";}s:10:\"total_cost\";a:2:{s:4:\"from\";N;s:2:\"to\";s:3:\"NaN\";}s:9:\"worksheet\";a:2:{s:4:\"from\";N;s:2:\"to\";s:6:\"a:0:{}\";}}','',0,'',0,0),(317,'2023-01-17 08:22:11',1,'created','materials_bill','',32,NULL,'',0,'',0,0),(318,'2023-01-17 08:22:11',1,'created','materials_bill','',33,NULL,'',0,'',0,0),(319,'2023-01-17 08:22:22',1,'updated','job_orders','',18,'a:2:{s:14:\"operation_cost\";a:2:{s:4:\"from\";s:1:\"0\";s:2:\"to\";s:2:\"12\";}s:10:\"total_cost\";a:2:{s:4:\"from\";s:1:\"0\";s:2:\"to\";s:3:\"122\";}}','',0,'',0,0),(320,'2023-01-17 08:22:22',1,'created','materials_bill','',34,NULL,'',0,'',0,0),(321,'2023-01-17 08:22:22',1,'created','materials_bill','',35,NULL,'',0,'',0,0),(322,'2023-01-17 08:26:00',1,'updated','job_orders','',17,'a:1:{s:13:\"current_stage\";a:2:{s:4:\"from\";s:11:\"In Progress\";s:2:\"to\";s:8:\"Finished\";}}','',0,'',0,0),(323,'2023-01-17 08:26:00',1,'created','materials_bill','',36,NULL,'',0,'',0,0),(324,'2023-01-17 08:26:00',1,'created','materials_bill','',37,NULL,'',0,'',0,0),(325,'2023-01-17 08:28:04',1,'updated','task','asdasdas',2,'a:1:{s:9:\"status_id\";a:2:{s:4:\"from\";s:1:\"1\";s:2:\"to\";s:1:\"3\";}}','project',2,'',0,1),(326,'2023-01-17 08:33:07',1,'created','expenses','',1,NULL,'',0,'',0,0),(327,'2023-01-17 08:33:22',1,'updated','expenses','',1,'a:1:{s:6:\"status\";a:2:{s:4:\"from\";s:5:\"draft\";s:2:\"to\";s:8:\"approved\";}}','',0,'',0,0),(328,'2023-01-17 08:33:22',1,'updated','expenses','',1,'a:1:{s:14:\"transaction_id\";a:2:{s:4:\"from\";s:1:\"0\";s:2:\"to\";i:25;}}','',0,'',0,0),(329,'2023-01-17 08:34:41',1,'created','internal_transactions','',1,NULL,'',0,'',0,0),(330,'2023-01-17 08:37:48',1,'created','material_request','',1,NULL,'',0,'',0,0),(331,'2023-01-17 08:38:00',1,'created','material_request_items','',2,NULL,'',0,'',0,0),(332,'2023-01-17 08:38:00',1,'created','material_request_items','',3,NULL,'',0,'',0,0),(333,'2023-01-17 08:38:08',1,'updated','material_request','',1,'a:1:{s:15:\"approval_status\";a:2:{s:4:\"from\";s:12:\"not_approved\";s:2:\"to\";s:8:\"approved\";}}','',0,'',0,0),(334,'2023-01-17 08:41:49',1,'created','purchase_orders','',2,NULL,'',0,'',0,0),(335,'2023-01-17 08:43:36',1,'created','purchase_orders','',3,NULL,'',0,'',0,0),(336,'2023-01-17 08:43:49',1,'created','purchase_order_items','',2,NULL,'',0,'',0,0),(337,'2023-01-17 08:43:49',1,'created','purchase_order_items','',3,NULL,'',0,'',0,0),(338,'2023-01-17 08:43:49',1,'created','purchase_order_items','',4,NULL,'',0,'',0,0),(339,'2023-01-17 08:43:55',1,'updated','purchase_order_items','',2,'a:2:{s:8:\"quantity\";a:2:{s:4:\"from\";s:1:\"1\";s:2:\"to\";i:2;}s:5:\"total\";a:2:{s:4:\"from\";s:2:\"10\";s:2:\"to\";i:20;}}','',0,'',0,0),(340,'2023-01-17 08:43:56',1,'updated','purchase_order_items','',2,'a:2:{s:8:\"quantity\";a:2:{s:4:\"from\";s:1:\"2\";s:2:\"to\";i:3;}s:5:\"total\";a:2:{s:4:\"from\";s:2:\"20\";s:2:\"to\";i:30;}}','',0,'',0,0),(341,'2023-01-17 08:44:03',1,'updated','purchase_order_items','',3,'a:2:{s:8:\"quantity\";a:2:{s:4:\"from\";s:1:\"1\";s:2:\"to\";i:2;}s:5:\"total\";a:2:{s:4:\"from\";s:2:\"10\";s:2:\"to\";i:20;}}','',0,'',0,0),(342,'2023-01-17 08:44:13',1,'updated','purchase_orders','',3,'a:1:{s:15:\"approval_status\";a:2:{s:4:\"from\";s:12:\"not_approved\";s:2:\"to\";s:8:\"approved\";}}','',0,'',0,0),(343,'2023-01-17 08:44:41',1,'created','purchase_order_payments','',5,NULL,'',0,'',0,0),(344,'2023-01-17 08:44:41',1,'updated','purchase_orders','',3,'a:1:{s:6:\"status\";a:2:{s:4:\"from\";s:5:\"draft\";s:2:\"to\";s:8:\"not_paid\";}}','',0,'',0,0),(345,'2023-01-17 08:44:49',1,'updated','purchase_order_payments','',5,'a:1:{s:6:\"status\";a:2:{s:4:\"from\";s:5:\"draft\";s:2:\"to\";s:8:\"approved\";}}','',0,'',0,0),(346,'2023-01-17 08:44:50',1,'updated','purchase_order_payments','',5,'a:1:{s:14:\"transaction_id\";a:2:{s:4:\"from\";s:1:\"0\";s:2:\"to\";i:27;}}','',0,'',0,0),(347,'2023-01-17 08:46:26',1,'created','shipments','',3,NULL,'',0,'',0,0),(348,'2023-01-17 08:46:26',1,'created','shipment_items','',3,NULL,'',0,'',0,0),(349,'2023-01-17 08:46:26',1,'created','shipment_items','',4,NULL,'',0,'',0,0),(350,'2023-01-17 08:46:26',1,'created','shipment_items','',5,NULL,'',0,'',0,0),(351,'2023-01-17 08:46:37',1,'updated','shipments','',3,'a:1:{s:6:\"status\";a:2:{s:4:\"from\";N;s:2:\"to\";s:8:\"approved\";}}','',0,'',0,0),(352,'2023-01-17 08:51:50',1,'created','payroll','',1,NULL,'',0,'',0,0),(353,'2023-01-17 08:54:11',1,'updated','payroll','',1,'a:1:{s:6:\"status\";a:2:{s:4:\"from\";s:5:\"draft\";s:2:\"to\";s:7:\"pending\";}}','',0,'',0,0),(354,'2023-01-17 08:54:15',1,'updated','payroll','',1,'a:1:{s:6:\"status\";a:2:{s:4:\"from\";s:7:\"pending\";s:2:\"to\";s:8:\"approved\";}}','',0,'',0,0),(355,'2023-01-17 09:14:07',1,'updated','job_orders','',7,'a:1:{s:13:\"current_stage\";a:2:{s:4:\"from\";s:18:\"Waiting For A Step\";s:2:\"to\";s:5:\"Ready\";}}','',0,'',0,0),(356,'2023-01-17 09:14:09',1,'updated','job_orders','',7,'a:1:{s:13:\"current_stage\";a:2:{s:4:\"from\";s:5:\"Ready\";s:2:\"to\";s:8:\"Finished\";}}','',0,'',0,0),(357,'2023-01-17 09:14:17',1,'updated','job_orders','',16,'a:1:{s:13:\"current_stage\";a:2:{s:4:\"from\";s:11:\"In Progress\";s:2:\"to\";s:18:\"Waiting For A Step\";}}','',0,'',0,0),(358,'2023-01-17 10:35:45',1,'created','invoices','',19,NULL,'',0,'',0,0),(359,'2023-01-17 10:36:00',1,'created','invoice_items','',17,NULL,'',0,'',0,0),(360,'2023-01-17 10:36:07',1,'updated','invoice_items','',17,'a:2:{s:8:\"quantity\";a:2:{s:4:\"from\";s:1:\"1\";s:2:\"to\";i:2;}s:5:\"total\";a:2:{s:4:\"from\";s:2:\"15\";s:2:\"to\";i:30;}}','',0,'',0,0),(361,'2023-01-17 10:36:07',1,'updated','invoice_items','',17,'a:2:{s:8:\"quantity\";a:2:{s:4:\"from\";s:1:\"2\";s:2:\"to\";i:3;}s:5:\"total\";a:2:{s:4:\"from\";s:2:\"30\";s:2:\"to\";i:45;}}','',0,'',0,0),(362,'2023-01-17 10:36:07',1,'updated','invoice_items','',17,'a:2:{s:8:\"quantity\";a:2:{s:4:\"from\";s:1:\"3\";s:2:\"to\";i:4;}s:5:\"total\";a:2:{s:4:\"from\";s:2:\"45\";s:2:\"to\";i:60;}}','',0,'',0,0),(363,'2023-01-17 10:36:08',1,'updated','invoice_items','',17,'a:2:{s:8:\"quantity\";a:2:{s:4:\"from\";s:1:\"4\";s:2:\"to\";i:5;}s:5:\"total\";a:2:{s:4:\"from\";s:2:\"60\";s:2:\"to\";i:75;}}','',0,'',0,0),(364,'2023-01-17 10:36:08',1,'updated','invoice_items','',17,'a:2:{s:8:\"quantity\";a:2:{s:4:\"from\";s:1:\"5\";s:2:\"to\";i:6;}s:5:\"total\";a:2:{s:4:\"from\";s:2:\"75\";s:2:\"to\";i:90;}}','',0,'',0,0),(365,'2023-01-17 10:36:08',1,'updated','invoice_items','',17,'a:2:{s:8:\"quantity\";a:2:{s:4:\"from\";s:1:\"6\";s:2:\"to\";i:7;}s:5:\"total\";a:2:{s:4:\"from\";s:2:\"90\";s:2:\"to\";i:105;}}','',0,'',0,0),(366,'2023-01-17 10:36:11',1,'updated','invoice_items','',17,'a:2:{s:8:\"quantity\";a:2:{s:4:\"from\";s:1:\"7\";s:2:\"to\";i:8;}s:5:\"total\";a:2:{s:4:\"from\";s:3:\"105\";s:2:\"to\";i:120;}}','',0,'',0,0),(367,'2023-01-17 10:36:12',1,'updated','invoice_items','',17,'a:2:{s:8:\"quantity\";a:2:{s:4:\"from\";s:1:\"8\";s:2:\"to\";i:9;}s:5:\"total\";a:2:{s:4:\"from\";s:3:\"120\";s:2:\"to\";i:135;}}','',0,'',0,0),(368,'2023-01-17 10:36:13',1,'updated','invoice_items','',17,'a:2:{s:8:\"quantity\";a:2:{s:4:\"from\";s:1:\"9\";s:2:\"to\";i:10;}s:5:\"total\";a:2:{s:4:\"from\";s:3:\"135\";s:2:\"to\";i:150;}}','',0,'',0,0),(369,'2023-01-17 10:36:32',1,'deleted','invoice_items','',17,NULL,'',0,NULL,NULL,0),(370,'2023-01-17 10:36:39',1,'created','invoice_items','',18,NULL,'',0,'',0,0),(371,'2023-01-17 10:37:21',1,'created','items','',10,NULL,'',0,'',0,0),(372,'2023-01-17 10:37:43',1,'deleted','invoice_items','',18,NULL,'',0,NULL,NULL,0),(373,'2023-01-17 10:37:59',1,'created','invoice_items','',19,NULL,'',0,'',0,0),(374,'2023-01-17 10:38:14',1,'updated','invoice_items','',19,'a:2:{s:8:\"quantity\";a:2:{s:4:\"from\";s:1:\"1\";s:2:\"to\";s:2:\"50\";}s:5:\"total\";a:2:{s:4:\"from\";s:2:\"15\";s:2:\"to\";i:750;}}','',0,'',0,0),(375,'2023-01-17 10:38:21',1,'updated','invoices','',19,'a:1:{s:15:\"approval_status\";a:2:{s:4:\"from\";s:12:\"not_approved\";s:2:\"to\";s:8:\"approved\";}}','',0,'',0,0),(376,'2023-01-17 10:38:49',1,'updated','invoices','',19,'a:1:{s:14:\"confirm_status\";a:2:{s:4:\"from\";s:13:\"not_confirmed\";s:2:\"to\";s:9:\"confirmed\";}}','',0,'',0,0),(377,'2023-01-17 10:38:49',1,'created','job_orders','',19,NULL,'',0,'',0,0),(378,'2023-01-17 10:39:39',1,'updated','job_orders','',19,'a:9:{s:20:\"scheduled_start_date\";a:2:{s:4:\"from\";N;s:2:\"to\";s:10:\"2023-01-17\";}s:17:\"expected_duration\";a:2:{s:4:\"from\";N;s:2:\"to\";s:1:\"2\";}s:15:\"actual_duration\";a:2:{s:4:\"from\";N;s:2:\"to\";s:9:\"2023-1-19\";}s:8:\"priority\";a:2:{s:4:\"from\";N;s:2:\"to\";s:1:\"1\";}s:13:\"current_stage\";a:2:{s:4:\"from\";N;s:2:\"to\";s:11:\"In Progress\";}s:11:\"team_member\";a:2:{s:4:\"from\";N;s:2:\"to\";s:1:\"0\";}s:14:\"operation_cost\";a:2:{s:4:\"from\";N;s:2:\"to\";s:1:\"4\";}s:10:\"total_cost\";a:2:{s:4:\"from\";N;s:2:\"to\";s:3:\"504\";}s:9:\"worksheet\";a:2:{s:4:\"from\";N;s:2:\"to\";s:6:\"a:0:{}\";}}','',0,'',0,0),(379,'2023-01-17 10:39:39',1,'created','materials_bill','',38,NULL,'',0,'',0,0),(380,'2023-01-17 10:40:16',1,'created','invoice_payments','',7,NULL,'',0,'',0,0),(381,'2023-01-17 10:40:16',1,'updated','invoices','',19,'a:1:{s:6:\"status\";a:2:{s:4:\"from\";s:5:\"draft\";s:2:\"to\";s:8:\"not_paid\";}}','',0,'',0,0),(382,'2023-01-17 10:40:22',1,'updated','invoice_payments','',7,'a:1:{s:6:\"status\";a:2:{s:4:\"from\";s:5:\"draft\";s:2:\"to\";s:8:\"approved\";}}','',0,'',0,0),(383,'2023-01-17 10:40:22',1,'updated','invoice_payments','',7,'a:1:{s:22:\"account_transaction_id\";a:2:{s:4:\"from\";s:1:\"0\";s:2:\"to\";i:31;}}','',0,'',0,0),(384,'2023-01-17 10:40:39',1,'created','delivery_notes','',2,NULL,'',0,'',0,0),(385,'2023-01-17 10:40:39',1,'created','delivery_note_items','',4,NULL,'',0,'',0,0),(386,'2023-01-17 10:40:43',1,'updated','delivery_notes','',2,'a:1:{s:6:\"status\";a:2:{s:4:\"from\";s:5:\"draft\";s:2:\"to\";s:8:\"approved\";}}','',0,'',0,0),(387,'2023-01-17 10:40:43',1,'updated','invoices','',19,'a:1:{s:15:\"delivery_status\";a:2:{s:4:\"from\";s:13:\"not_delivered\";s:2:\"to\";s:9:\"delivered\";}}','',0,'',0,0),(388,'2023-01-17 10:41:57',1,'created','invoices','',20,NULL,'',0,'',0,0),(389,'2023-01-17 10:42:08',1,'created','invoice_items','',20,NULL,'',0,'',0,0),(390,'2023-01-17 10:42:13',1,'updated','invoices','',20,'a:1:{s:15:\"approval_status\";a:2:{s:4:\"from\";s:12:\"not_approved\";s:2:\"to\";s:8:\"approved\";}}','',0,'',0,0),(391,'2023-01-17 10:42:41',1,'updated','invoices','',20,'a:1:{s:14:\"confirm_status\";a:2:{s:4:\"from\";s:13:\"not_confirmed\";s:2:\"to\";s:9:\"confirmed\";}}','',0,'',0,0),(392,'2023-01-17 10:42:41',1,'created','job_orders','',20,NULL,'',0,'',0,0),(393,'2023-01-17 10:43:10',1,'created','invoices','',21,NULL,'',0,'',0,0),(394,'2023-01-17 10:43:22',1,'created','invoice_items','',21,NULL,'',0,'',0,0),(395,'2023-01-17 10:43:41',1,'updated','invoices','',21,'a:1:{s:15:\"approval_status\";a:2:{s:4:\"from\";s:12:\"not_approved\";s:2:\"to\";s:8:\"approved\";}}','',0,'',0,0),(396,'2023-01-17 10:44:15',1,'updated','invoices','',21,'a:1:{s:14:\"confirm_status\";a:2:{s:4:\"from\";s:13:\"not_confirmed\";s:2:\"to\";s:9:\"confirmed\";}}','',0,'',0,0),(397,'2023-01-17 10:44:15',1,'created','job_orders','',21,NULL,'',0,'',0,0),(398,'2023-01-17 10:44:15',1,'created','materials_bill','',39,NULL,'',0,'',0,0),(399,'2023-01-17 10:46:16',1,'created','items','',11,NULL,'',0,'',0,0),(400,'2023-01-17 10:46:58',1,'created','items','',12,NULL,'',0,'',0,0),(401,'2023-01-17 10:47:49',1,'created','invoices','',22,NULL,'',0,'',0,0),(402,'2023-01-17 10:47:58',1,'created','invoice_items','',22,NULL,'',0,'',0,0),(403,'2023-01-17 10:48:02',1,'updated','invoice_items','',22,'a:2:{s:8:\"quantity\";a:2:{s:4:\"from\";s:1:\"1\";s:2:\"to\";i:2;}s:5:\"total\";a:2:{s:4:\"from\";s:2:\"15\";s:2:\"to\";i:30;}}','',0,'',0,0),(404,'2023-01-17 10:48:07',1,'updated','invoices','',22,'a:1:{s:15:\"approval_status\";a:2:{s:4:\"from\";s:12:\"not_approved\";s:2:\"to\";s:8:\"approved\";}}','',0,'',0,0),(405,'2023-01-17 10:48:18',1,'updated','invoices','',22,'a:1:{s:14:\"confirm_status\";a:2:{s:4:\"from\";s:13:\"not_confirmed\";s:2:\"to\";s:9:\"confirmed\";}}','',0,'',0,0),(406,'2023-01-17 10:48:18',1,'created','job_orders','',22,NULL,'',0,'',0,0),(407,'2023-01-17 10:48:55',1,'updated','job_orders','',22,'a:6:{s:8:\"priority\";a:2:{s:4:\"from\";N;s:2:\"to\";s:1:\"1\";}s:13:\"current_stage\";a:2:{s:4:\"from\";N;s:2:\"to\";s:11:\"In Progress\";}s:11:\"team_member\";a:2:{s:4:\"from\";N;s:2:\"to\";s:1:\"0\";}s:14:\"operation_cost\";a:2:{s:4:\"from\";N;s:2:\"to\";s:1:\"5\";}s:10:\"total_cost\";a:2:{s:4:\"from\";N;s:2:\"to\";s:3:\"205\";}s:9:\"worksheet\";a:2:{s:4:\"from\";N;s:2:\"to\";s:6:\"a:0:{}\";}}','',0,'',0,0),(408,'2023-01-17 10:48:55',1,'created','materials_bill','',40,NULL,'',0,'',0,0),(409,'2023-01-17 10:49:58',1,'updated','job_orders','',22,'a:3:{s:20:\"scheduled_start_date\";a:2:{s:4:\"from\";s:10:\"0000-00-00\";s:2:\"to\";s:10:\"2023-01-17\";}s:17:\"expected_duration\";a:2:{s:4:\"from\";s:1:\"0\";s:2:\"to\";s:1:\"5\";}s:15:\"actual_duration\";a:2:{s:4:\"from\";s:10:\"0000-00-00\";s:2:\"to\";s:9:\"2023-1-22\";}}','',0,'',0,0),(410,'2023-01-17 10:49:58',1,'created','materials_bill','',41,NULL,'',0,'',0,0),(411,'2023-01-17 10:50:29',1,'created','invoice_payments','',8,NULL,'',0,'',0,0),(412,'2023-01-17 10:50:29',1,'updated','invoices','',22,'a:1:{s:6:\"status\";a:2:{s:4:\"from\";s:5:\"draft\";s:2:\"to\";s:8:\"not_paid\";}}','',0,'',0,0),(413,'2023-01-17 10:50:34',1,'updated','invoice_payments','',8,'a:1:{s:6:\"status\";a:2:{s:4:\"from\";s:5:\"draft\";s:2:\"to\";s:8:\"approved\";}}','',0,'',0,0),(414,'2023-01-17 10:50:34',1,'updated','invoice_payments','',8,'a:1:{s:22:\"account_transaction_id\";a:2:{s:4:\"from\";s:1:\"0\";s:2:\"to\";i:36;}}','',0,'',0,0),(415,'2023-01-17 10:50:46',1,'created','delivery_notes','',3,NULL,'',0,'',0,0),(416,'2023-01-17 10:50:46',1,'created','delivery_note_items','',5,NULL,'',0,'',0,0),(417,'2023-01-17 10:50:51',1,'updated','delivery_notes','',3,'a:1:{s:6:\"status\";a:2:{s:4:\"from\";s:5:\"draft\";s:2:\"to\";s:8:\"approved\";}}','',0,'',0,0),(418,'2023-01-17 10:50:51',1,'updated','invoices','',22,'a:1:{s:15:\"delivery_status\";a:2:{s:4:\"from\";s:13:\"not_delivered\";s:2:\"to\";s:9:\"delivered\";}}','',0,'',0,0),(419,'2023-01-17 10:51:15',1,'created','invoices','',23,NULL,'',0,'',0,0),(420,'2023-01-17 10:51:22',1,'created','invoice_items','',23,NULL,'',0,'',0,0),(421,'2023-01-17 10:51:29',1,'updated','invoices','',23,'a:1:{s:15:\"approval_status\";a:2:{s:4:\"from\";s:12:\"not_approved\";s:2:\"to\";s:8:\"approved\";}}','',0,'',0,0),(422,'2023-01-17 10:51:43',1,'updated','invoices','',23,'a:1:{s:14:\"confirm_status\";a:2:{s:4:\"from\";s:13:\"not_confirmed\";s:2:\"to\";s:9:\"confirmed\";}}','',0,'',0,0),(423,'2023-01-17 10:51:43',1,'created','job_orders','',23,NULL,'',0,'',0,0),(424,'2023-01-17 10:51:43',1,'created','materials_bill','',42,NULL,'',0,'',0,0),(425,'2023-01-17 10:57:51',1,'created','material_request','',2,NULL,'',0,'',0,0),(426,'2023-01-17 10:58:46',1,'created','material_request_items','',4,NULL,'',0,'',0,0),(427,'2023-01-17 10:58:55',1,'updated','material_request_items','',4,'a:2:{s:8:\"quantity\";a:2:{s:4:\"from\";s:1:\"1\";s:2:\"to\";i:2;}s:5:\"total\";a:2:{s:4:\"from\";s:2:\"10\";s:2:\"to\";i:20;}}','',0,'',0,0),(428,'2023-01-17 10:58:56',1,'updated','material_request_items','',4,'a:2:{s:8:\"quantity\";a:2:{s:4:\"from\";s:1:\"2\";s:2:\"to\";i:3;}s:5:\"total\";a:2:{s:4:\"from\";s:2:\"20\";s:2:\"to\";i:30;}}','',0,'',0,0),(429,'2023-01-17 10:58:58',1,'updated','material_request_items','',4,'a:2:{s:8:\"quantity\";a:2:{s:4:\"from\";s:1:\"3\";s:2:\"to\";i:4;}s:5:\"total\";a:2:{s:4:\"from\";s:2:\"30\";s:2:\"to\";i:40;}}','',0,'',0,0),(430,'2023-01-17 10:58:59',1,'updated','material_request_items','',4,'a:2:{s:8:\"quantity\";a:2:{s:4:\"from\";s:1:\"4\";s:2:\"to\";i:5;}s:5:\"total\";a:2:{s:4:\"from\";s:2:\"40\";s:2:\"to\";i:50;}}','',0,'',0,0),(431,'2023-01-17 10:58:59',1,'updated','material_request_items','',4,'a:2:{s:8:\"quantity\";a:2:{s:4:\"from\";s:1:\"5\";s:2:\"to\";i:6;}s:5:\"total\";a:2:{s:4:\"from\";s:2:\"50\";s:2:\"to\";i:60;}}','',0,'',0,0),(432,'2023-01-17 10:58:59',1,'updated','material_request_items','',4,'a:2:{s:8:\"quantity\";a:2:{s:4:\"from\";s:1:\"6\";s:2:\"to\";i:7;}s:5:\"total\";a:2:{s:4:\"from\";s:2:\"60\";s:2:\"to\";i:70;}}','',0,'',0,0),(433,'2023-01-17 10:59:00',1,'updated','material_request_items','',4,'a:2:{s:8:\"quantity\";a:2:{s:4:\"from\";s:1:\"7\";s:2:\"to\";i:8;}s:5:\"total\";a:2:{s:4:\"from\";s:2:\"70\";s:2:\"to\";i:80;}}','',0,'',0,0),(434,'2023-01-17 10:59:00',1,'updated','material_request_items','',4,'a:2:{s:8:\"quantity\";a:2:{s:4:\"from\";s:1:\"8\";s:2:\"to\";i:9;}s:5:\"total\";a:2:{s:4:\"from\";s:2:\"80\";s:2:\"to\";i:90;}}','',0,'',0,0),(435,'2023-01-17 10:59:00',1,'updated','material_request_items','',4,'a:2:{s:8:\"quantity\";a:2:{s:4:\"from\";s:1:\"9\";s:2:\"to\";i:10;}s:5:\"total\";a:2:{s:4:\"from\";s:2:\"90\";s:2:\"to\";i:100;}}','',0,'',0,0),(436,'2023-01-17 10:59:00',1,'updated','material_request_items','',4,'a:2:{s:8:\"quantity\";a:2:{s:4:\"from\";s:2:\"10\";s:2:\"to\";i:11;}s:5:\"total\";a:2:{s:4:\"from\";s:3:\"100\";s:2:\"to\";i:110;}}','',0,'',0,0),(437,'2023-01-17 10:59:00',1,'updated','material_request_items','',4,'a:2:{s:8:\"quantity\";a:2:{s:4:\"from\";s:2:\"11\";s:2:\"to\";i:12;}s:5:\"total\";a:2:{s:4:\"from\";s:3:\"110\";s:2:\"to\";i:120;}}','',0,'',0,0),(438,'2023-01-17 10:59:00',1,'updated','material_request_items','',4,'a:2:{s:8:\"quantity\";a:2:{s:4:\"from\";s:2:\"12\";s:2:\"to\";i:13;}s:5:\"total\";a:2:{s:4:\"from\";s:3:\"120\";s:2:\"to\";i:130;}}','',0,'',0,0),(439,'2023-01-17 10:59:01',1,'updated','material_request_items','',4,'a:2:{s:8:\"quantity\";a:2:{s:4:\"from\";s:2:\"13\";s:2:\"to\";i:14;}s:5:\"total\";a:2:{s:4:\"from\";s:3:\"130\";s:2:\"to\";i:140;}}','',0,'',0,0),(440,'2023-01-17 10:59:01',1,'updated','material_request_items','',4,'a:2:{s:8:\"quantity\";a:2:{s:4:\"from\";s:2:\"14\";s:2:\"to\";i:15;}s:5:\"total\";a:2:{s:4:\"from\";s:3:\"140\";s:2:\"to\";i:150;}}','',0,'',0,0),(441,'2023-01-17 10:59:01',1,'updated','material_request_items','',4,'a:2:{s:8:\"quantity\";a:2:{s:4:\"from\";s:2:\"15\";s:2:\"to\";i:16;}s:5:\"total\";a:2:{s:4:\"from\";s:3:\"150\";s:2:\"to\";i:160;}}','',0,'',0,0),(442,'2023-01-17 10:59:08',1,'updated','material_request_items','',4,'a:1:{s:8:\"quantity\";a:2:{s:4:\"from\";s:2:\"16\";s:2:\"to\";s:3:\"100\";}}','',0,'',0,0),(443,'2023-01-17 10:59:15',1,'updated','material_request','',2,'a:1:{s:15:\"approval_status\";a:2:{s:4:\"from\";s:12:\"not_approved\";s:2:\"to\";s:8:\"approved\";}}','',0,'',0,0),(444,'2023-01-17 11:00:01',1,'created','purchase_orders','',4,NULL,'',0,'',0,0),(445,'2023-01-17 11:00:15',1,'created','purchase_order_items','',5,NULL,'',0,'',0,0),(446,'2023-01-17 11:00:28',1,'updated','purchase_order_items','',5,'a:2:{s:8:\"quantity\";a:2:{s:4:\"from\";s:1:\"1\";s:2:\"to\";s:3:\"100\";}s:5:\"total\";a:2:{s:4:\"from\";s:2:\"10\";s:2:\"to\";i:1000;}}','',0,'',0,0),(447,'2023-01-17 11:00:39',1,'updated','purchase_orders','',4,'a:1:{s:15:\"approval_status\";a:2:{s:4:\"from\";s:12:\"not_approved\";s:2:\"to\";s:8:\"approved\";}}','',0,'',0,0),(448,'2023-01-17 11:01:15',1,'created','shipments','',4,NULL,'',0,'',0,0),(449,'2023-01-17 11:01:15',1,'created','shipment_items','',6,NULL,'',0,'',0,0),(450,'2023-01-17 11:01:20',1,'updated','shipments','',4,'a:1:{s:6:\"status\";a:2:{s:4:\"from\";N;s:2:\"to\";s:8:\"approved\";}}','',0,'',0,0),(451,'2023-01-17 11:03:02',1,'created','invoices','',24,NULL,'',0,'',0,0),(452,'2023-01-17 11:03:17',1,'created','invoice_items','',24,NULL,'',0,'',0,0),(453,'2023-01-17 11:04:43',1,'deleted','invoice_items','',24,NULL,'',0,NULL,NULL,0),(454,'2023-01-17 11:04:53',1,'created','invoice_items','',25,NULL,'',0,'',0,0),(455,'2023-01-17 11:04:58',1,'updated','invoice_items','',25,'a:2:{s:8:\"quantity\";a:2:{s:4:\"from\";s:1:\"1\";s:2:\"to\";i:2;}s:5:\"total\";a:2:{s:4:\"from\";s:2:\"15\";s:2:\"to\";i:30;}}','',0,'',0,0),(456,'2023-01-17 11:04:58',1,'updated','invoice_items','',25,'a:2:{s:8:\"quantity\";a:2:{s:4:\"from\";s:1:\"2\";s:2:\"to\";i:3;}s:5:\"total\";a:2:{s:4:\"from\";s:2:\"30\";s:2:\"to\";i:45;}}','',0,'',0,0),(457,'2023-01-17 11:04:58',1,'updated','invoice_items','',25,'a:2:{s:8:\"quantity\";a:2:{s:4:\"from\";s:1:\"3\";s:2:\"to\";i:4;}s:5:\"total\";a:2:{s:4:\"from\";s:2:\"45\";s:2:\"to\";i:60;}}','',0,'',0,0),(458,'2023-01-17 11:04:58',1,'updated','invoice_items','',25,'a:2:{s:8:\"quantity\";a:2:{s:4:\"from\";s:1:\"4\";s:2:\"to\";i:5;}s:5:\"total\";a:2:{s:4:\"from\";s:2:\"60\";s:2:\"to\";i:75;}}','',0,'',0,0),(459,'2023-01-17 11:04:58',1,'updated','invoice_items','',25,'a:2:{s:8:\"quantity\";a:2:{s:4:\"from\";s:1:\"5\";s:2:\"to\";i:6;}s:5:\"total\";a:2:{s:4:\"from\";s:2:\"75\";s:2:\"to\";i:90;}}','',0,'',0,0),(460,'2023-01-17 11:05:10',1,'updated','invoices','',24,'a:1:{s:15:\"approval_status\";a:2:{s:4:\"from\";s:12:\"not_approved\";s:2:\"to\";s:8:\"approved\";}}','',0,'',0,0),(461,'2023-01-17 11:05:25',1,'updated','invoices','',24,'a:1:{s:14:\"confirm_status\";a:2:{s:4:\"from\";s:13:\"not_confirmed\";s:2:\"to\";s:9:\"confirmed\";}}','',0,'',0,0),(462,'2023-01-17 11:05:25',1,'created','job_orders','',24,NULL,'',0,'',0,0),(463,'2023-01-17 11:05:25',1,'created','materials_bill','',43,NULL,'',0,'',0,0),(464,'2023-01-17 11:06:00',1,'updated','job_orders','',24,'a:6:{s:8:\"priority\";a:2:{s:4:\"from\";N;s:2:\"to\";s:1:\"1\";}s:13:\"current_stage\";a:2:{s:4:\"from\";N;s:2:\"to\";s:11:\"In Progress\";}s:11:\"team_member\";a:2:{s:4:\"from\";N;s:2:\"to\";s:1:\"0\";}s:14:\"operation_cost\";a:2:{s:4:\"from\";N;s:2:\"to\";s:2:\"88\";}s:10:\"total_cost\";a:2:{s:4:\"from\";N;s:2:\"to\";s:3:\"948\";}s:9:\"worksheet\";a:2:{s:4:\"from\";N;s:2:\"to\";s:6:\"a:0:{}\";}}','',0,'',0,0),(465,'2023-01-17 11:06:00',1,'created','materials_bill','',44,NULL,'',0,'',0,0),(466,'2023-01-17 11:06:00',1,'created','materials_bill','',45,NULL,'',0,'',0,0),(467,'2023-01-17 13:31:18',1,'created','clients','',5,NULL,'',0,'',0,0),(468,'2023-01-17 13:31:18',1,'updated','clients','',5,'a:1:{s:10:\"account_id\";a:2:{s:4:\"from\";s:1:\"0\";s:2:\"to\";i:85;}}','',0,'',0,0),(469,'2023-01-17 13:41:16',1,'created','estimates','',11,NULL,'',0,'',0,0),(470,'2023-01-18 09:00:15',1,'updated','clients','',5,'a:4:{s:12:\"company_name\";a:2:{s:4:\"from\";s:5:\"Corne\";s:2:\"to\";s:5:\"Ahmed\";}s:7:\"website\";a:2:{s:4:\"from\";s:13:\"corne@oman.om\";s:2:\"to\";s:13:\"Ahmed@oman.om\";}s:5:\"email\";a:2:{s:4:\"from\";s:15:\"corne@gmail.com\";s:2:\"to\";s:15:\"Ahemd@gmail.com\";}s:9:\"group_ids\";a:2:{s:4:\"from\";s:1:\"1\";s:2:\"to\";s:0:\"\";}}','',0,'',0,0),(471,'2023-01-18 12:40:27',1,'created','invoices','',25,NULL,'',0,'',0,0),(472,'2023-01-19 06:44:35',1,'created','clients','',6,NULL,'',0,'',0,0),(473,'2023-01-19 06:44:35',1,'updated','clients','',6,'a:1:{s:10:\"account_id\";a:2:{s:4:\"from\";s:1:\"0\";s:2:\"to\";i:86;}}','',0,'',0,0),(474,'2023-01-19 06:45:12',1,'created','invoices','',26,NULL,'',0,'',0,0),(475,'2023-01-19 06:45:36',1,'created','invoice_items','',26,NULL,'',0,'',0,0),(476,'2023-01-19 06:45:46',1,'updated','invoices','',26,'a:1:{s:15:\"approval_status\";a:2:{s:4:\"from\";s:12:\"not_approved\";s:2:\"to\";s:8:\"approved\";}}','',0,'',0,0),(477,'2023-01-19 06:49:47',1,'created','item_categories','',2,NULL,'',0,'',0,0),(478,'2023-01-19 06:50:04',1,'created','item_categories','',3,NULL,'',0,'',0,0),(479,'2023-01-19 06:50:13',1,'created','item_categories','',4,NULL,'',0,'',0,0),(480,'2023-01-19 06:50:25',1,'created','item_categories','',5,NULL,'',0,'',0,0),(481,'2023-01-19 06:50:36',1,'created','item_categories','',6,NULL,'',0,'',0,0),(482,'2023-01-19 06:50:43',1,'created','item_categories','',7,NULL,'',0,'',0,0),(483,'2023-01-19 06:50:57',1,'created','item_categories','',8,NULL,'',0,'',0,0),(484,'2023-01-19 06:51:08',1,'created','item_categories','',9,NULL,'',0,'',0,0),(485,'2023-01-19 06:51:19',1,'deleted','item_categories','',2,NULL,'',0,NULL,NULL,0),(486,'2023-01-19 06:51:21',1,'deleted','item_categories','',3,NULL,'',0,NULL,NULL,0),(487,'2023-01-19 06:51:22',1,'deleted','item_categories','',4,NULL,'',0,NULL,NULL,0),(488,'2023-01-19 06:51:22',1,'deleted','item_categories','',4,NULL,'',0,NULL,NULL,0),(490,'2023-01-19 06:51:34',1,'deleted','item_categories','',5,NULL,'',0,NULL,NULL,0),(491,'2023-01-19 06:51:49',1,'created','item_categories','',10,NULL,'',0,'',0,0),(492,'2023-01-19 06:51:55',1,'created','item_categories','',11,NULL,'',0,'',0,0),(493,'2023-01-19 06:52:00',1,'created','item_categories','',12,NULL,'',0,'',0,0),(494,'2023-01-19 07:55:45',1,'deleted','items','',12,NULL,'',0,NULL,NULL,0),(495,'2023-01-19 07:55:46',1,'deleted','items','',11,NULL,'',0,NULL,NULL,0),(496,'2023-01-19 07:55:46',1,'deleted','items','',10,NULL,'',0,NULL,NULL,0),(497,'2023-01-19 07:55:47',1,'deleted','items','',9,NULL,'',0,NULL,NULL,0),(498,'2023-01-19 07:55:48',1,'deleted','items','',8,NULL,'',0,NULL,NULL,0),(499,'2023-01-19 07:55:49',1,'deleted','items','',7,NULL,'',0,NULL,NULL,0),(500,'2023-01-19 07:55:49',1,'deleted','items','',6,NULL,'',0,NULL,NULL,0),(501,'2023-01-19 07:55:50',1,'deleted','items','',5,NULL,'',0,NULL,NULL,0),(502,'2023-01-19 07:56:16',1,'updated','item_categories','',10,'a:1:{s:5:\"title\";a:2:{s:4:\"from\";s:2:\"C \";s:2:\"to\";s:9:\"paper cup\";}}','',0,'',0,0),(503,'2023-01-19 07:56:29',1,'deleted','item_categories','',1,NULL,'',0,NULL,NULL,0),(504,'2023-01-19 07:57:09',1,'updated','item_categories','',11,'a:1:{s:5:\"title\";a:2:{s:4:\"from\";s:2:\"DW\";s:2:\"to\";s:15:\"Double Wall Cup\";}}','',0,'',0,0),(505,'2023-01-19 07:57:14',1,'deleted','item_categories','',6,NULL,'',0,NULL,NULL,0),(506,'2023-01-19 07:57:14',1,'deleted','item_categories','',7,NULL,'',0,NULL,NULL,0),(507,'2023-01-19 07:57:15',1,'deleted','item_categories','',8,NULL,'',0,NULL,NULL,0),(508,'2023-01-19 07:57:16',1,'deleted','item_categories','',9,NULL,'',0,NULL,NULL,0),(509,'2023-01-19 07:58:05',1,'updated','item_categories','',12,'a:1:{s:5:\"title\";a:2:{s:4:\"from\";s:1:\"P\";s:2:\"to\";s:17:\"Plastic Cup Print\";}}','',0,'',0,0),(510,'2023-01-19 08:00:36',1,'created','item_categories','',13,NULL,'',0,'',0,0),(511,'2023-01-19 08:00:51',1,'created','item_categories','',14,NULL,'',0,'',0,0),(512,'2023-01-19 08:01:01',1,'updated','item_categories','',14,'a:1:{s:5:\"title\";a:2:{s:4:\"from\";s:14:\"wraping paper \";s:2:\"to\";s:15:\"wrapping paper \";}}','',0,'',0,0),(513,'2023-01-19 08:02:06',1,'created','item_categories','',15,NULL,'',0,'',0,0),(514,'2023-01-19 08:02:45',1,'created','item_categories','',16,NULL,'',0,'',0,0),(515,'2023-01-19 08:18:47',1,'created','clients','',7,NULL,'',0,'',0,0),(516,'2023-01-19 08:18:47',1,'updated','clients','',7,'a:1:{s:10:\"account_id\";a:2:{s:4:\"from\";s:1:\"0\";s:2:\"to\";i:87;}}','',0,'',0,0),(517,'2023-01-19 08:19:11',1,'deleted','estimates','',11,NULL,'',0,NULL,NULL,0),(518,'2023-01-19 08:19:44',1,'updated','estimates','',10,'a:1:{s:6:\"status\";a:2:{s:4:\"from\";s:8:\"accepted\";s:2:\"to\";s:8:\"declined\";}}','',0,'',0,0),(519,'2023-01-19 08:20:10',1,'updated','estimates','',7,'a:1:{s:6:\"status\";a:2:{s:4:\"from\";s:8:\"accepted\";s:2:\"to\";s:8:\"declined\";}}','',0,'',0,0),(520,'2023-01-19 13:12:22',1,'updated','invoice_items','',3,'a:1:{s:4:\"sort\";a:2:{s:4:\"from\";s:1:\"0\";s:2:\"to\";s:1:\"1\";}}','',0,'',0,0),(521,'2023-01-19 13:12:23',1,'updated','invoice_items','',3,'a:1:{s:4:\"sort\";a:2:{s:4:\"from\";s:1:\"1\";s:2:\"to\";s:1:\"0\";}}','',0,'',0,0),(522,'2023-01-19 13:12:23',1,'updated','invoice_items','',4,'a:1:{s:4:\"sort\";a:2:{s:4:\"from\";s:1:\"0\";s:2:\"to\";s:1:\"1\";}}','',0,'',0,0),(523,'2023-01-19 13:19:28',1,'created','proforma_invoices','',1,NULL,'',0,'',0,0),(524,'2023-01-19 13:20:10',1,'deleted','proforma_invoices','',1,NULL,'',0,NULL,NULL,0),(525,'2023-01-19 13:20:43',1,'created','proforma_invoices','',2,NULL,'',0,'',0,0),(526,'2023-01-19 13:32:45',1,'updated','job_orders','',2,'a:1:{s:13:\"current_stage\";a:2:{s:4:\"from\";s:11:\"In Progress\";s:2:\"to\";s:18:\"Waiting For A Step\";}}','',0,'',0,0),(527,'2023-01-19 13:32:53',1,'updated','job_orders','',14,'a:1:{s:13:\"current_stage\";a:2:{s:4:\"from\";s:11:\"In Progress\";s:2:\"to\";s:18:\"Waiting For A Step\";}}','',0,'',0,0),(528,'2023-01-19 13:33:29',1,'updated','job_orders','',4,'a:1:{s:13:\"current_stage\";a:2:{s:4:\"from\";s:5:\"Ready\";s:2:\"to\";s:8:\"Finished\";}}','',0,'',0,0),(529,'2023-01-19 13:33:31',1,'updated','job_orders','',4,'a:1:{s:13:\"current_stage\";a:2:{s:4:\"from\";s:8:\"Finished\";s:2:\"to\";s:5:\"Ready\";}}','',0,'',0,0),(530,'2023-01-19 13:33:35',1,'updated','job_orders','',4,'a:1:{s:13:\"current_stage\";a:2:{s:4:\"from\";s:5:\"Ready\";s:2:\"to\";s:8:\"Finished\";}}','',0,'',0,0),(531,'2023-01-19 13:33:36',1,'updated','job_orders','',4,'a:1:{s:13:\"current_stage\";a:2:{s:4:\"from\";s:8:\"Finished\";s:2:\"to\";s:5:\"Ready\";}}','',0,'',0,0),(532,'2023-01-19 13:47:43',1,'created','items','',13,NULL,'',0,'',0,0),(533,'2023-01-19 13:49:33',1,'created','items','',14,NULL,'',0,'',0,0),(534,'2023-01-19 13:53:36',1,'created','items','',15,NULL,'',0,'',0,0),(535,'2023-01-19 13:54:21',1,'created','items','',16,NULL,'',0,'',0,0),(536,'2023-01-19 13:55:18',1,'created','items','',17,NULL,'',0,'',0,0),(537,'2023-01-19 13:55:39',1,'created','items','',18,NULL,'',0,'',0,0),(538,'2023-01-19 13:59:10',1,'created','items','',19,NULL,'',0,'',0,0),(539,'2023-01-19 14:00:09',1,'created','items','',20,NULL,'',0,'',0,0),(540,'2023-01-19 14:00:53',1,'updated','items','',20,'a:2:{s:5:\"title\";a:2:{s:4:\"from\";s:20:\"DW Paper Cup 4oz 10k\";s:2:\"to\";s:30:\"DW Paper Cup 4oz 10k one color\";}s:11:\"description\";a:2:{s:4:\"from\";s:20:\"DW Paper Cup 4oz 10k\";s:2:\"to\";s:30:\"DW Paper Cup 4oz 10k one color\";}}','',0,'',0,0),(541,'2023-01-19 14:01:16',1,'updated','items','',19,'a:2:{s:5:\"title\";a:2:{s:4:\"from\";s:19:\"DW paper cup 4oz 5k\";s:2:\"to\";s:29:\"DW Paper Cup 4oz 5k one color\";}s:11:\"description\";a:2:{s:4:\"from\";s:23:\"Dubel Wall Paper Cup 5k\";s:2:\"to\";s:29:\"DW Paper Cup 4oz 5k one color\";}}','',0,'',0,0),(542,'2023-01-19 14:02:06',1,'created','items','',21,NULL,'',0,'',0,0),(543,'2023-01-19 14:02:14',1,'updated','items','',21,'a:1:{s:4:\"rate\";a:2:{s:4:\"from\";s:3:\"560\";s:2:\"to\";s:3:\"530\";}}','',0,'',0,0),(544,'2023-01-19 14:03:27',1,'created','items','',22,NULL,'',0,'',0,0),(545,'2023-01-19 14:05:44',1,'created','invoices','',27,NULL,'',0,'',0,0),(546,'2023-01-19 14:06:45',1,'created','invoice_items','',27,NULL,'',0,'',0,0),(547,'2023-01-19 14:12:11',1,'created','invoices','',28,NULL,'',0,'',0,0),(548,'2023-01-19 14:13:58',1,'updated','items','',13,'a:1:{s:4:\"rate\";a:2:{s:4:\"from\";s:3:\"140\";s:2:\"to\";s:5:\"0.014\";}}','',0,'',0,0),(549,'2023-01-19 14:14:59',1,'updated','items','',14,'a:1:{s:4:\"rate\";a:2:{s:4:\"from\";s:3:\"230\";s:2:\"to\";s:5:\"0.023\";}}','',0,'',0,0),(550,'2023-01-19 14:22:40',1,'updated','items','',15,'a:1:{s:4:\"rate\";a:2:{s:4:\"from\";s:3:\"150\";s:2:\"to\";s:4:\".015\";}}','',0,'',0,0),(551,'2023-01-19 14:23:04',1,'updated','items','',16,'a:1:{s:4:\"rate\";a:2:{s:4:\"from\";s:3:\"240\";s:2:\"to\";s:4:\".024\";}}','',0,'',0,0),(552,'2023-01-19 14:23:37',1,'updated','items','',14,'a:1:{s:5:\"title\";a:2:{s:4:\"from\";s:25:\"6oz cup 2 color printing \";s:2:\"to\";s:28:\"6oz cup 2 color printing 10K\";}}','',0,'',0,0),(553,'2023-01-19 14:23:59',1,'updated','items','',17,'a:1:{s:4:\"rate\";a:2:{s:4:\"from\";s:3:\"280\";s:2:\"to\";s:4:\".028\";}}','',0,'',0,0),(554,'2023-01-19 14:24:05',1,'updated','items','',18,'a:1:{s:4:\"rate\";a:2:{s:4:\"from\";s:3:\"350\";s:2:\"to\";s:3:\".35\";}}','',0,'',0,0),(555,'2023-01-19 14:24:33',1,'updated','items','',19,'a:1:{s:4:\"rate\";a:2:{s:4:\"from\";s:3:\"300\";s:2:\"to\";s:3:\".06\";}}','',0,'',0,0),(556,'2023-01-19 14:24:48',1,'updated','items','',20,'a:1:{s:4:\"rate\";a:2:{s:4:\"from\";s:3:\"500\";s:2:\"to\";s:3:\".05\";}}','',0,'',0,0),(557,'2023-01-19 14:25:07',1,'updated','items','',21,'a:1:{s:4:\"rate\";a:2:{s:4:\"from\";s:3:\"530\";s:2:\"to\";s:4:\".053\";}}','',0,'',0,0),(558,'2023-01-19 14:25:24',1,'updated','items','',22,'a:1:{s:4:\"rate\";a:2:{s:4:\"from\";s:3:\"330\";s:2:\"to\";s:4:\".066\";}}','',0,'',0,0),(559,'2023-01-19 14:26:48',1,'updated','items','',18,'a:2:{s:5:\"title\";a:2:{s:4:\"from\";s:23:\"8oz 2color printing 10k\";s:2:\"to\";s:24:\"10oz 2color printing 10k\";}s:11:\"description\";a:2:{s:4:\"from\";s:23:\"8oz 2color printing 10k\";s:2:\"to\";s:24:\"10oz 2color printing 10k\";}}','',0,'',0,0),(560,'2023-01-19 14:27:00',1,'updated','items','',17,'a:2:{s:5:\"title\";a:2:{s:4:\"from\";s:26:\"8oz one color printing 10k\";s:2:\"to\";s:27:\"10oz one color printing 10k\";}s:11:\"description\";a:2:{s:4:\"from\";s:26:\"8oz one color printing 10k\";s:2:\"to\";s:27:\"10oz one color printing 10k\";}}','',0,'',0,0),(561,'2023-01-19 14:27:48',1,'created','invoices','',29,NULL,'',0,'',0,0),(562,'2023-01-19 14:28:29',1,'created','invoice_items','',28,NULL,'',0,'',0,0),(563,'2023-01-19 14:28:43',1,'updated','invoice_items','',28,'a:2:{s:8:\"quantity\";a:2:{s:4:\"from\";s:1:\"1\";s:2:\"to\";i:2;}s:5:\"total\";a:2:{s:4:\"from\";s:5:\"0.014\";s:2:\"to\";d:0.0280000000000000005828670879282071837224066257476806640625;}}','',0,'',0,0),(564,'2023-01-19 14:28:44',1,'updated','invoice_items','',28,'a:2:{s:8:\"quantity\";a:2:{s:4:\"from\";s:1:\"2\";s:2:\"to\";i:3;}s:5:\"total\";a:2:{s:4:\"from\";s:5:\"0.028\";s:2:\"to\";d:0.042000000000000002609024107869117869995534420013427734375;}}','',0,'',0,0),(565,'2023-01-19 14:28:44',1,'updated','invoice_items','',28,'a:2:{s:8:\"quantity\";a:2:{s:4:\"from\";s:1:\"3\";s:2:\"to\";i:4;}s:5:\"total\";a:2:{s:4:\"from\";s:5:\"0.042\";s:2:\"to\";d:0.056000000000000001165734175856414367444813251495361328125;}}','',0,'',0,0),(566,'2023-01-19 14:28:54',1,'updated','invoice_items','',28,'a:3:{s:8:\"quantity\";a:2:{s:4:\"from\";s:1:\"4\";s:2:\"to\";s:2:\"10\";}s:4:\"rate\";a:2:{s:4:\"from\";s:5:\"0.014\";s:2:\"to\";s:4:\"0.01\";}s:5:\"total\";a:2:{s:4:\"from\";s:5:\"0.056\";s:2:\"to\";d:0.1000000000000000055511151231257827021181583404541015625;}}','',0,'',0,0),(567,'2023-01-19 14:29:03',1,'updated','invoice_items','',28,'a:2:{s:8:\"quantity\";a:2:{s:4:\"from\";s:2:\"10\";s:2:\"to\";s:5:\"10000\";}s:5:\"total\";a:2:{s:4:\"from\";s:3:\"0.1\";s:2:\"to\";d:100;}}','',0,'',0,0),(568,'2023-01-19 14:29:51',1,'updated','invoice_items','',28,'a:3:{s:4:\"rate\";a:2:{s:4:\"from\";s:4:\"0.01\";s:2:\"to\";s:4:\".014\";}s:6:\"tax_id\";a:2:{s:4:\"from\";s:1:\"0\";s:2:\"to\";s:1:\"1\";}s:5:\"total\";a:2:{s:4:\"from\";s:3:\"100\";s:2:\"to\";d:140;}}','',0,'',0,0),(569,'2023-01-19 14:30:21',1,'created','invoice_payments','',9,NULL,'',0,'',0,0),(570,'2023-01-19 14:30:21',1,'updated','invoices','',29,'a:1:{s:6:\"status\";a:2:{s:4:\"from\";s:5:\"draft\";s:2:\"to\";s:8:\"not_paid\";}}','',0,'',0,0),(571,'2023-01-19 14:30:34',1,'updated','invoices','',29,'a:1:{s:15:\"approval_status\";a:2:{s:4:\"from\";s:12:\"not_approved\";s:2:\"to\";s:8:\"approved\";}}','',0,'',0,0),(572,'2023-01-19 14:30:46',1,'updated','invoice_payments','',9,'a:1:{s:6:\"status\";a:2:{s:4:\"from\";s:5:\"draft\";s:2:\"to\";s:8:\"approved\";}}','',0,'',0,0),(573,'2023-01-19 14:30:46',1,'updated','invoice_payments','',9,'a:1:{s:22:\"account_transaction_id\";a:2:{s:4:\"from\";s:1:\"0\";s:2:\"to\";i:44;}}','',0,'',0,0),(574,'2023-01-19 14:34:05',1,'updated','invoices','',29,'a:1:{s:11:\"sale_status\";a:2:{s:4:\"from\";s:7:\"Pending\";s:2:\"to\";s:5:\"Ready\";}}','',0,'',0,0),(575,'2023-01-19 14:34:11',1,'updated','invoices','',29,'a:1:{s:11:\"sale_status\";a:2:{s:4:\"from\";s:5:\"Ready\";s:2:\"to\";s:11:\"In Progress\";}}','',0,'',0,0),(576,'2023-01-24 08:11:27',1,'deleted','items','',13,NULL,'',0,NULL,NULL,0),(577,'2023-01-24 08:11:33',1,'deleted','items','',14,NULL,'',0,NULL,NULL,0),(578,'2023-01-24 08:11:35',1,'deleted','items','',15,NULL,'',0,NULL,NULL,0),(579,'2023-01-24 08:11:37',1,'deleted','items','',16,NULL,'',0,NULL,NULL,0),(580,'2023-01-24 08:11:38',1,'deleted','items','',17,NULL,'',0,NULL,NULL,0),(581,'2023-01-29 07:36:54',1,'created','items','',23,NULL,'',0,'',0,0),(582,'2023-01-29 07:39:38',1,'created','clients','',8,NULL,'',0,'',0,0),(583,'2023-01-29 07:40:25',1,'deleted','proforma_invoices','',2,NULL,'',0,NULL,NULL,0),(584,'2023-01-29 12:48:31',1,'created','suppliers','',3,NULL,'',0,'',0,0),(585,'2023-01-29 12:48:31',1,'updated','suppliers','',3,'a:1:{s:10:\"account_id\";a:2:{s:4:\"from\";s:1:\"0\";s:2:\"to\";i:88;}}','',0,'',0,0),(586,'2023-01-29 12:49:14',1,'created','purchase_orders','',5,NULL,'',0,'',0,0),(587,'2023-01-29 12:49:44',1,'created','purchase_order_items','',6,NULL,'',0,'',0,0),(588,'2023-01-29 12:50:42',1,'updated','purchase_orders','',5,'a:1:{s:15:\"approval_status\";a:2:{s:4:\"from\";s:12:\"not_approved\";s:2:\"to\";s:8:\"approved\";}}','',0,'',0,0),(589,'2023-01-29 12:51:20',1,'created','shipments','',5,NULL,'',0,'',0,0),(590,'2023-01-29 12:51:20',1,'created','shipment_items','',7,NULL,'',0,'',0,0),(591,'2023-01-29 12:51:27',1,'updated','shipments','',5,'a:1:{s:6:\"status\";a:2:{s:4:\"from\";N;s:2:\"to\";s:8:\"approved\";}}','',0,'',0,0),(592,'2023-01-29 12:53:32',4,'created','clients','',9,NULL,'',0,'',0,0),(593,'2023-01-29 12:53:32',4,'updated','clients','',9,'a:1:{s:10:\"account_id\";a:2:{s:4:\"from\";s:1:\"0\";s:2:\"to\";i:89;}}','',0,'',0,0),(594,'2023-01-29 12:54:21',4,'created','invoices','',30,NULL,'',0,'',0,0),(595,'2023-01-29 12:56:09',4,'created','invoice_items','',29,NULL,'',0,'',0,0),(596,'2023-01-29 12:56:26',4,'updated','invoices','',30,'a:1:{s:15:\"approval_status\";a:2:{s:4:\"from\";s:12:\"not_approved\";s:2:\"to\";s:8:\"approved\";}}','',0,'',0,0),(597,'2023-01-29 12:57:12',4,'updated','invoices','',30,'a:1:{s:14:\"confirm_status\";a:2:{s:4:\"from\";s:13:\"not_confirmed\";s:2:\"to\";s:9:\"confirmed\";}}','',0,'',0,0),(598,'2023-01-29 12:57:12',4,'created','job_orders','',25,NULL,'',0,'',0,0),(599,'2023-01-29 13:00:17',4,'created','invoices','',31,NULL,'',0,'',0,0),(600,'2023-01-29 13:01:49',4,'updated','items','',23,'a:1:{s:12:\"raw_material\";a:2:{s:4:\"from\";s:1:\"1\";s:2:\"to\";s:1:\"0\";}}','',0,'',0,0),(601,'2023-01-29 13:05:13',1,'updated','job_orders','',25,'a:4:{s:8:\"priority\";a:2:{s:4:\"from\";N;s:2:\"to\";s:1:\"2\";}s:13:\"current_stage\";a:2:{s:4:\"from\";N;s:2:\"to\";s:8:\"Finished\";}s:11:\"team_member\";a:2:{s:4:\"from\";N;s:2:\"to\";s:1:\"0\";}s:9:\"worksheet\";a:2:{s:4:\"from\";N;s:2:\"to\";s:6:\"a:0:{}\";}}','',0,'',0,0),(602,'2023-01-29 13:05:53',4,'updated','job_orders','',25,'a:8:{s:20:\"scheduled_start_date\";a:2:{s:4:\"from\";s:10:\"0000-00-00\";s:2:\"to\";s:10:\"2023-01-29\";}s:17:\"expected_duration\";a:2:{s:4:\"from\";s:1:\"0\";s:2:\"to\";s:2:\"10\";}s:15:\"actual_duration\";a:2:{s:4:\"from\";s:10:\"0000-00-00\";s:2:\"to\";s:8:\"2023-2-8\";}s:8:\"priority\";a:2:{s:4:\"from\";s:1:\"2\";s:2:\"to\";s:1:\"1\";}s:13:\"current_stage\";a:2:{s:4:\"from\";s:8:\"Finished\";s:2:\"to\";s:11:\"In Progress\";}s:11:\"team_member\";a:2:{s:4:\"from\";s:1:\"0\";s:2:\"to\";s:1:\"5\";}s:14:\"operation_cost\";a:2:{s:4:\"from\";s:1:\"0\";s:2:\"to\";s:0:\"\";}s:10:\"total_cost\";a:2:{s:4:\"from\";s:1:\"0\";s:2:\"to\";s:0:\"\";}}','',0,'',0,0),(603,'2023-01-29 13:06:48',1,'updated','job_orders','',25,'a:6:{s:20:\"scheduled_start_date\";a:2:{s:4:\"from\";s:10:\"2023-01-29\";s:2:\"to\";s:10:\"0000-00-00\";}s:17:\"expected_duration\";a:2:{s:4:\"from\";s:2:\"10\";s:2:\"to\";s:1:\"0\";}s:15:\"actual_duration\";a:2:{s:4:\"from\";s:10:\"2023-02-08\";s:2:\"to\";s:10:\"0000-00-00\";}s:8:\"priority\";a:2:{s:4:\"from\";s:1:\"1\";s:2:\"to\";s:1:\"2\";}s:13:\"current_stage\";a:2:{s:4:\"from\";s:11:\"In Progress\";s:2:\"to\";s:8:\"Finished\";}s:11:\"team_member\";a:2:{s:4:\"from\";s:1:\"5\";s:2:\"to\";s:1:\"0\";}}','',0,'',0,0),(604,'2023-01-29 13:08:38',4,'updated','job_orders','',3,'a:1:{s:13:\"current_stage\";a:2:{s:4:\"from\";s:11:\"In Progress\";s:2:\"to\";s:18:\"Waiting For A Step\";}}','',0,'',0,0),(605,'2023-01-29 13:12:12',4,'updated','job_orders','',4,'a:1:{s:13:\"current_stage\";a:2:{s:4:\"from\";s:5:\"Ready\";s:2:\"to\";s:18:\"Waiting For A Step\";}}','',0,'',0,0),(606,'2023-01-29 13:18:39',4,'updated','job_orders','',16,'a:1:{s:13:\"current_stage\";a:2:{s:4:\"from\";s:18:\"Waiting For A Step\";s:2:\"to\";s:5:\"Ready\";}}','',0,'',0,0),(607,'2023-01-29 13:18:41',4,'updated','job_orders','',3,'a:1:{s:13:\"current_stage\";a:2:{s:4:\"from\";s:18:\"Waiting For A Step\";s:2:\"to\";s:5:\"Ready\";}}','',0,'',0,0),(608,'2023-01-29 13:19:01',4,'updated','job_orders','',25,'a:1:{s:13:\"current_stage\";a:2:{s:4:\"from\";s:8:\"Finished\";s:2:\"to\";s:5:\"Ready\";}}','',0,'',0,0),(609,'2023-01-29 13:28:45',4,'created','invoices','',32,NULL,'',0,'',0,0),(610,'2023-01-29 13:29:15',4,'created','invoice_items','',30,NULL,'',0,'',0,0),(611,'2023-01-29 13:29:15',4,'created','invoice_items','',31,NULL,'',0,'',0,0),(612,'2023-01-29 13:29:30',4,'updated','invoice_items','',31,'a:2:{s:8:\"quantity\";a:2:{s:4:\"from\";s:1:\"1\";s:2:\"to\";i:2;}s:5:\"total\";a:2:{s:4:\"from\";s:5:\"0.055\";s:2:\"to\";d:0.11000000000000000055511151231257827021181583404541015625;}}','',0,'',0,0),(613,'2023-01-29 13:31:42',4,'updated','invoice_items','',30,'a:2:{s:8:\"quantity\";a:2:{s:4:\"from\";s:1:\"1\";s:2:\"to\";s:4:\"1000\";}s:5:\"total\";a:2:{s:4:\"from\";s:4:\"0.35\";s:2:\"to\";d:350;}}','',0,'',0,0),(614,'2023-01-29 13:31:50',4,'updated','invoice_items','',31,'a:3:{s:8:\"quantity\";a:2:{s:4:\"from\";s:1:\"2\";s:2:\"to\";s:4:\"2000\";}s:4:\"rate\";a:2:{s:4:\"from\";s:5:\"0.055\";s:2:\"to\";s:4:\"0.06\";}s:5:\"total\";a:2:{s:4:\"from\";s:4:\"0.11\";s:2:\"to\";d:120;}}','',0,'',0,0),(615,'2023-01-29 13:31:58',4,'updated','invoices','',32,'a:1:{s:15:\"approval_status\";a:2:{s:4:\"from\";s:12:\"not_approved\";s:2:\"to\";s:8:\"approved\";}}','',0,'',0,0),(616,'2023-01-29 13:36:01',5,'updated','job_orders','',10,'a:1:{s:13:\"current_stage\";a:2:{s:4:\"from\";s:11:\"In Progress\";s:2:\"to\";s:18:\"Waiting For A Step\";}}','',0,'',0,0),(617,'2023-01-31 12:55:06',4,'created','items','',24,NULL,'',0,'',0,0),(618,'2023-01-31 12:56:38',4,'created','items','',25,NULL,'',0,'',0,0),(619,'2023-01-31 12:58:47',4,'created','items','',26,NULL,'',0,'',0,0),(620,'2023-01-31 13:00:02',4,'created','invoices','',33,NULL,'',0,'',0,0),(621,'2023-01-31 13:00:24',4,'created','invoice_items','',32,NULL,'',0,'',0,0),(622,'2023-01-31 13:00:30',4,'updated','invoices','',33,'a:1:{s:15:\"approval_status\";a:2:{s:4:\"from\";s:12:\"not_approved\";s:2:\"to\";s:8:\"approved\";}}','',0,'',0,0),(623,'2023-01-31 13:00:59',4,'updated','invoices','',33,'a:1:{s:14:\"confirm_status\";a:2:{s:4:\"from\";s:13:\"not_confirmed\";s:2:\"to\";s:9:\"confirmed\";}}','',0,'',0,0),(624,'2023-01-31 13:00:59',4,'created','job_orders','',26,NULL,'',0,'',0,0),(625,'2023-01-31 13:03:02',4,'updated','job_orders','',26,'a:9:{s:20:\"scheduled_start_date\";a:2:{s:4:\"from\";N;s:2:\"to\";s:10:\"2023-01-31\";}s:17:\"expected_duration\";a:2:{s:4:\"from\";N;s:2:\"to\";s:1:\"5\";}s:15:\"actual_duration\";a:2:{s:4:\"from\";N;s:2:\"to\";s:8:\"2023-2-5\";}s:8:\"priority\";a:2:{s:4:\"from\";N;s:2:\"to\";s:1:\"1\";}s:13:\"current_stage\";a:2:{s:4:\"from\";N;s:2:\"to\";s:11:\"In Progress\";}s:11:\"team_member\";a:2:{s:4:\"from\";N;s:2:\"to\";s:1:\"0\";}s:14:\"operation_cost\";a:2:{s:4:\"from\";N;s:2:\"to\";s:2:\"30\";}s:10:\"total_cost\";a:2:{s:4:\"from\";N;s:2:\"to\";s:3:\"150\";}s:9:\"worksheet\";a:2:{s:4:\"from\";N;s:2:\"to\";s:6:\"a:0:{}\";}}','',0,'',0,0),(626,'2023-01-31 13:03:02',4,'created','materials_bill','',46,NULL,'',0,'',0,0),(627,'2023-01-31 13:03:02',4,'created','materials_bill','',47,NULL,'',0,'',0,0),(628,'2023-01-31 13:03:30',4,'created','invoices','',34,NULL,'',0,'',0,0),(629,'2023-01-31 13:03:40',4,'created','invoice_items','',33,NULL,'',0,'',0,0),(630,'2023-01-31 13:03:46',4,'updated','invoices','',34,'a:1:{s:15:\"approval_status\";a:2:{s:4:\"from\";s:12:\"not_approved\";s:2:\"to\";s:8:\"approved\";}}','',0,'',0,0),(631,'2023-01-31 13:03:59',4,'updated','invoices','',34,'a:1:{s:14:\"confirm_status\";a:2:{s:4:\"from\";s:13:\"not_confirmed\";s:2:\"to\";s:9:\"confirmed\";}}','',0,'',0,0),(632,'2023-01-31 13:03:59',4,'created','job_orders','',27,NULL,'',0,'',0,0),(633,'2023-01-31 13:03:59',4,'created','materials_bill','',48,NULL,'',0,'',0,0),(634,'2023-01-31 13:03:59',4,'created','materials_bill','',49,NULL,'',0,'',0,0),(635,'2023-01-31 13:14:36',4,'created','invoices','',35,NULL,'',0,'',0,0),(636,'2023-01-31 13:14:45',4,'created','invoice_items','',34,NULL,'',0,'',0,0),(637,'2023-01-31 13:14:50',4,'updated','invoices','',35,'a:1:{s:15:\"approval_status\";a:2:{s:4:\"from\";s:12:\"not_approved\";s:2:\"to\";s:8:\"approved\";}}','',0,'',0,0),(638,'2023-01-31 13:15:01',4,'updated','invoices','',35,'a:1:{s:14:\"confirm_status\";a:2:{s:4:\"from\";s:13:\"not_confirmed\";s:2:\"to\";s:9:\"confirmed\";}}','',0,'',0,0),(639,'2023-01-31 13:15:01',4,'created','job_orders','',28,NULL,'',0,'',0,0),(640,'2023-01-31 13:15:01',4,'created','materials_bill','',50,NULL,'',0,'',0,0),(641,'2023-01-31 13:15:01',4,'created','materials_bill','',51,NULL,'',0,'',0,0),(642,'2023-01-31 13:15:50',4,'updated','job_orders','',28,'a:5:{s:8:\"priority\";a:2:{s:4:\"from\";N;s:2:\"to\";s:1:\"1\";}s:13:\"current_stage\";a:2:{s:4:\"from\";N;s:2:\"to\";s:11:\"In Progress\";}s:11:\"team_member\";a:2:{s:4:\"from\";N;s:2:\"to\";s:1:\"0\";}s:10:\"total_cost\";a:2:{s:4:\"from\";N;s:2:\"to\";s:3:\"NaN\";}s:9:\"worksheet\";a:2:{s:4:\"from\";N;s:2:\"to\";s:6:\"a:0:{}\";}}','',0,'',0,0),(643,'2023-01-31 13:15:50',4,'created','materials_bill','',52,NULL,'',0,'',0,0),(644,'2023-01-31 13:15:50',4,'created','materials_bill','',53,NULL,'',0,'',0,0),(645,'2023-01-31 13:17:31',4,'updated','items','',25,'a:1:{s:9:\"unit_type\";a:2:{s:4:\"from\";s:3:\"Ton\";s:2:\"to\";s:2:\"mm\";}}','',0,'',0,0),(646,'2023-02-09 05:57:45',2,'created','items','',27,NULL,'',0,'',0,0),(647,'2023-02-09 05:58:18',2,'created','items','',28,NULL,'',0,'',0,0),(648,'2023-02-09 05:59:18',2,'created','invoices','',36,NULL,'',0,'',0,0),(649,'2023-02-09 05:59:38',2,'created','invoice_items','',35,NULL,'',0,'',0,0),(650,'2023-02-09 05:59:54',2,'updated','invoices','',36,'a:1:{s:15:\"approval_status\";a:2:{s:4:\"from\";s:12:\"not_approved\";s:2:\"to\";s:8:\"approved\";}}','',0,'',0,0),(651,'2023-02-09 06:00:27',2,'updated','invoices','',36,'a:1:{s:14:\"confirm_status\";a:2:{s:4:\"from\";s:13:\"not_confirmed\";s:2:\"to\";s:9:\"confirmed\";}}','',0,'',0,0),(652,'2023-02-09 06:00:27',2,'created','job_orders','',29,NULL,'',0,'',0,0),(653,'2023-02-09 06:01:44',2,'updated','job_orders','',29,'a:9:{s:20:\"scheduled_start_date\";a:2:{s:4:\"from\";N;s:2:\"to\";s:10:\"2023-02-09\";}s:17:\"expected_duration\";a:2:{s:4:\"from\";N;s:2:\"to\";s:1:\"5\";}s:15:\"actual_duration\";a:2:{s:4:\"from\";N;s:2:\"to\";s:9:\"2023-2-14\";}s:8:\"priority\";a:2:{s:4:\"from\";N;s:2:\"to\";s:1:\"1\";}s:13:\"current_stage\";a:2:{s:4:\"from\";N;s:2:\"to\";s:11:\"In Progress\";}s:11:\"team_member\";a:2:{s:4:\"from\";N;s:2:\"to\";s:1:\"0\";}s:14:\"operation_cost\";a:2:{s:4:\"from\";N;s:2:\"to\";s:2:\"10\";}s:10:\"total_cost\";a:2:{s:4:\"from\";N;s:2:\"to\";s:2:\"60\";}s:9:\"worksheet\";a:2:{s:4:\"from\";N;s:2:\"to\";s:6:\"a:0:{}\";}}','',0,'',0,0),(654,'2023-02-09 06:01:44',2,'created','materials_bill','',54,NULL,'',0,'',0,0),(655,'2023-02-09 06:02:36',2,'updated','job_orders','',29,'a:1:{s:13:\"current_stage\";a:2:{s:4:\"from\";s:11:\"In Progress\";s:2:\"to\";s:8:\"Finished\";}}','',0,'',0,0),(656,'2023-02-09 06:02:36',2,'created','materials_bill','',55,NULL,'',0,'',0,0),(657,'2023-02-12 07:29:19',2,'created','invoices','',37,NULL,'',0,'',0,0),(658,'2023-02-12 07:29:28',2,'created','invoice_items','',36,NULL,'',0,'',0,0),(659,'2023-02-12 07:29:35',2,'updated','invoices','',37,'a:1:{s:15:\"approval_status\";a:2:{s:4:\"from\";s:12:\"not_approved\";s:2:\"to\";s:8:\"approved\";}}','',0,'',0,0),(660,'2023-02-12 07:29:45',2,'updated','invoices','',37,'a:1:{s:14:\"confirm_status\";a:2:{s:4:\"from\";s:13:\"not_confirmed\";s:2:\"to\";s:9:\"confirmed\";}}','',0,'',0,0),(661,'2023-02-12 07:29:45',2,'created','job_orders','',30,NULL,'',0,'',0,0),(662,'2023-02-12 07:29:45',2,'created','materials_bill','',56,NULL,'',0,'',0,0),(663,'2023-02-12 07:30:29',2,'updated','job_orders','',30,'a:10:{s:20:\"scheduled_start_date\";a:2:{s:4:\"from\";N;s:2:\"to\";s:10:\"2023-02-12\";}s:17:\"expected_duration\";a:2:{s:4:\"from\";N;s:2:\"to\";s:1:\"5\";}s:15:\"actual_duration\";a:2:{s:4:\"from\";N;s:2:\"to\";s:9:\"17-2-2023\";}s:8:\"priority\";a:2:{s:4:\"from\";N;s:2:\"to\";s:1:\"1\";}s:6:\"stages\";a:2:{s:4:\"from\";N;s:2:\"to\";s:45:\"In Progress,Waiting For A Step,Ready,Finished\";}s:13:\"current_stage\";a:2:{s:4:\"from\";N;s:2:\"to\";s:11:\"In Progress\";}s:11:\"team_member\";a:2:{s:4:\"from\";N;s:2:\"to\";s:1:\"0\";}s:14:\"operation_cost\";a:2:{s:4:\"from\";N;s:2:\"to\";s:2:\"30\";}s:10:\"total_cost\";a:2:{s:4:\"from\";N;s:2:\"to\";s:3:\"123\";}s:9:\"worksheet\";a:2:{s:4:\"from\";N;s:2:\"to\";s:6:\"a:0:{}\";}}','',0,'',0,0),(664,'2023-02-12 07:30:29',2,'created','materials_bill','',57,NULL,'',0,'',0,0),(665,'2023-02-12 07:30:42',2,'updated','job_orders','',30,'a:1:{s:13:\"current_stage\";a:2:{s:4:\"from\";s:11:\"In Progress\";s:2:\"to\";s:8:\"Finished\";}}','',0,'',0,0),(666,'2023-02-12 07:30:42',2,'created','materials_bill','',58,NULL,'',0,'',0,0),(667,'2023-02-12 07:31:12',2,'created','materials_bill','',59,NULL,'',0,'',0,0),(668,'2023-02-12 07:31:29',2,'created','materials_bill','',60,NULL,'',0,'',0,0),(669,'2023-02-12 07:31:47',2,'created','materials_bill','',61,NULL,'',0,'',0,0),(670,'2023-02-12 07:32:03',2,'created','materials_bill','',62,NULL,'',0,'',0,0),(671,'2023-02-12 07:45:40',2,'created','materials_bill','',63,NULL,'',0,'',0,0),(672,'2023-02-12 07:46:47',2,'created','materials_bill','',64,NULL,'',0,'',0,0),(673,'2023-02-16 06:57:44',2,'created','invoices','',38,NULL,'',0,'',0,0),(674,'2023-02-16 06:57:51',2,'updated','invoices','',38,'a:1:{s:15:\"approval_status\";a:2:{s:4:\"from\";s:12:\"not_approved\";s:2:\"to\";s:8:\"approved\";}}','',0,'',0,0),(675,'2023-02-16 07:04:18',2,'updated','invoices','',38,'a:1:{s:14:\"confirm_status\";a:2:{s:4:\"from\";s:13:\"not_confirmed\";s:2:\"to\";s:9:\"confirmed\";}}','',0,'',0,0),(676,'2023-02-16 07:07:16',2,'created','invoices','',39,NULL,'',0,'',0,0),(677,'2023-02-16 07:07:29',2,'created','invoice_items','',37,NULL,'',0,'',0,0),(678,'2023-02-16 07:07:32',2,'updated','invoices','',39,'a:1:{s:15:\"approval_status\";a:2:{s:4:\"from\";s:12:\"not_approved\";s:2:\"to\";s:8:\"approved\";}}','',0,'',0,0),(679,'2023-02-16 07:07:42',2,'updated','invoices','',39,'a:1:{s:14:\"confirm_status\";a:2:{s:4:\"from\";s:13:\"not_confirmed\";s:2:\"to\";s:9:\"confirmed\";}}','',0,'',0,0),(680,'2023-02-16 07:07:42',2,'created','job_orders','',31,NULL,'',0,'',0,0),(681,'2023-02-16 07:08:11',2,'created','job_orders','',32,NULL,'',0,'',0,0),(682,'2023-02-16 07:12:03',2,'created','invoices','',40,NULL,'',0,'',0,0),(683,'2023-02-16 07:12:08',2,'updated','invoices','',40,'a:1:{s:15:\"approval_status\";a:2:{s:4:\"from\";s:12:\"not_approved\";s:2:\"to\";s:8:\"approved\";}}','',0,'',0,0),(684,'2023-02-16 07:12:30',2,'updated','invoices','',40,'a:1:{s:14:\"confirm_status\";a:2:{s:4:\"from\";s:13:\"not_confirmed\";s:2:\"to\";s:9:\"confirmed\";}}','',0,'',0,0),(685,'2023-02-16 07:13:57',2,'created','invoices','',41,NULL,'',0,'',0,0),(686,'2023-02-16 07:14:08',2,'created','invoice_items','',38,NULL,'',0,'',0,0),(687,'2023-02-16 07:14:20',2,'updated','invoices','',41,'a:1:{s:15:\"approval_status\";a:2:{s:4:\"from\";s:12:\"not_approved\";s:2:\"to\";s:8:\"approved\";}}','',0,'',0,0),(688,'2023-02-16 07:14:29',2,'updated','invoices','',41,'a:1:{s:14:\"confirm_status\";a:2:{s:4:\"from\";s:13:\"not_confirmed\";s:2:\"to\";s:9:\"confirmed\";}}','',0,'',0,0),(689,'2023-02-16 07:14:29',2,'created','job_orders','',33,NULL,'',0,'',0,0),(690,'2023-02-16 07:15:22',2,'created','job_orders','',34,NULL,'',0,'',0,0),(691,'2023-02-16 07:15:59',2,'created','job_orders','',35,NULL,'',0,'',0,0),(692,'2023-02-16 07:18:36',2,'created','job_orders','',36,NULL,'',0,'',0,0),(693,'2023-02-16 09:59:10',2,'created','invoices','',42,NULL,'',0,'',0,0),(694,'2023-02-16 10:10:52',2,'created','invoices','',43,NULL,'',0,'',0,0),(695,'2023-02-21 07:04:23',2,'created','invoices','',44,NULL,'',0,'',0,0),(696,'2023-02-21 07:04:34',2,'created','invoice_items','',39,NULL,'',0,'',0,0),(697,'2023-02-21 07:05:25',2,'updated','invoices','',44,'a:1:{s:15:\"approval_status\";a:2:{s:4:\"from\";s:12:\"not_approved\";s:2:\"to\";s:8:\"approved\";}}','',0,'',0,0),(698,'2023-02-21 07:05:49',2,'updated','invoices','',44,'a:1:{s:14:\"confirm_status\";a:2:{s:4:\"from\";s:13:\"not_confirmed\";s:2:\"to\";s:9:\"confirmed\";}}','',0,'',0,0),(699,'2023-02-21 07:05:49',2,'created','job_orders','',37,NULL,'',0,'',0,0),(700,'2023-02-21 07:05:49',2,'created','materials_bill','',65,NULL,'',0,'',0,0),(701,'2023-02-21 07:07:16',2,'updated','job_orders','',37,'a:5:{s:8:\"priority\";a:2:{s:4:\"from\";N;s:2:\"to\";s:1:\"1\";}s:6:\"stages\";a:2:{s:4:\"from\";N;s:2:\"to\";s:45:\"In Progress,Waiting For A Step,Ready,Finished\";}s:13:\"current_stage\";a:2:{s:4:\"from\";N;s:2:\"to\";s:11:\"In Progress\";}s:11:\"team_member\";a:2:{s:4:\"from\";N;s:2:\"to\";s:1:\"0\";}s:9:\"worksheet\";a:2:{s:4:\"from\";N;s:2:\"to\";s:6:\"a:0:{}\";}}','',0,'',0,0),(702,'2023-02-21 07:07:16',2,'created','materials_bill','',66,NULL,'',0,'',0,0),(703,'2023-02-21 07:07:25',2,'updated','job_orders','',37,'a:1:{s:13:\"current_stage\";a:2:{s:4:\"from\";s:11:\"In Progress\";s:2:\"to\";s:8:\"Finished\";}}','',0,'',0,0),(704,'2023-02-21 07:07:25',2,'created','materials_bill','',67,NULL,'',0,'',0,0),(705,'2023-02-21 07:25:46',2,'created','items','',29,NULL,'',0,'',0,0),(706,'2023-02-28 06:54:50',5,'updated','job_orders','',28,'a:1:{s:13:\"current_stage\";a:2:{s:4:\"from\";s:11:\"In Progress\";s:2:\"to\";s:18:\"Waiting For A Step\";}}','',0,'',0,0),(707,'2023-02-28 06:54:55',5,'updated','job_orders','',28,'a:1:{s:13:\"current_stage\";a:2:{s:4:\"from\";s:18:\"Waiting For A Step\";s:2:\"to\";s:11:\"In Progress\";}}','',0,'',0,0),(708,'2023-03-01 10:58:16',2,'created','invoices','',45,NULL,'',0,'',0,0),(709,'2023-03-01 10:58:46',2,'created','invoice_items','',40,NULL,'',0,'',0,0),(710,'2023-03-01 10:59:01',2,'updated','invoice_items','',40,'a:2:{s:8:\"quantity\";a:2:{s:4:\"from\";s:1:\"1\";s:2:\"to\";i:2;}s:5:\"total\";a:2:{s:4:\"from\";s:2:\"15\";s:2:\"to\";i:30;}}','',0,'',0,0),(711,'2023-03-01 10:59:03',2,'updated','invoice_items','',40,'a:2:{s:8:\"quantity\";a:2:{s:4:\"from\";s:1:\"2\";s:2:\"to\";i:3;}s:5:\"total\";a:2:{s:4:\"from\";s:2:\"30\";s:2:\"to\";i:45;}}','',0,'',0,0),(712,'2023-03-01 10:59:19',2,'updated','invoice_items','',40,'a:2:{s:8:\"quantity\";a:2:{s:4:\"from\";s:1:\"3\";s:2:\"to\";s:2:\"30\";}s:5:\"total\";a:2:{s:4:\"from\";s:2:\"45\";s:2:\"to\";i:450;}}','',0,'',0,0),(713,'2023-03-01 10:59:30',2,'updated','invoices','',45,'a:1:{s:15:\"approval_status\";a:2:{s:4:\"from\";s:12:\"not_approved\";s:2:\"to\";s:8:\"approved\";}}','',0,'',0,0),(714,'2023-03-01 11:00:20',2,'updated','invoices','',45,'a:1:{s:14:\"confirm_status\";a:2:{s:4:\"from\";s:13:\"not_confirmed\";s:2:\"to\";s:9:\"confirmed\";}}','',0,'',0,0),(715,'2023-03-01 11:00:20',2,'created','job_orders','',38,NULL,'',0,'',0,0),(716,'2023-03-01 11:00:20',2,'created','materials_bill','',68,NULL,'',0,'',0,0),(717,'2023-03-01 11:04:45',2,'updated','job_orders','',38,'a:10:{s:20:\"scheduled_start_date\";a:2:{s:4:\"from\";N;s:2:\"to\";s:10:\"2023-03-01\";}s:17:\"expected_duration\";a:2:{s:4:\"from\";N;s:2:\"to\";s:1:\"6\";}s:15:\"actual_duration\";a:2:{s:4:\"from\";N;s:2:\"to\";s:8:\"7-3-2023\";}s:8:\"priority\";a:2:{s:4:\"from\";N;s:2:\"to\";s:1:\"1\";}s:6:\"stages\";a:2:{s:4:\"from\";N;s:2:\"to\";s:45:\"In Progress,Waiting For A Step,Ready,Finished\";}s:13:\"current_stage\";a:2:{s:4:\"from\";N;s:2:\"to\";s:11:\"In Progress\";}s:11:\"team_member\";a:2:{s:4:\"from\";N;s:2:\"to\";s:1:\"0\";}s:14:\"operation_cost\";a:2:{s:4:\"from\";N;s:2:\"to\";s:1:\"5\";}s:10:\"total_cost\";a:2:{s:4:\"from\";N;s:2:\"to\";s:3:\"115\";}s:9:\"worksheet\";a:2:{s:4:\"from\";N;s:2:\"to\";s:6:\"a:0:{}\";}}','',0,'',0,0),(718,'2023-03-01 11:04:45',2,'created','materials_bill','',69,NULL,'',0,'',0,0),(719,'2023-03-01 11:04:45',2,'created','materials_bill','',70,NULL,'',0,'',0,0),(720,'2023-03-01 11:05:16',2,'updated','job_orders','',38,'a:1:{s:13:\"current_stage\";a:2:{s:4:\"from\";s:11:\"In Progress\";s:2:\"to\";s:8:\"Finished\";}}','',0,'',0,0),(721,'2023-03-01 11:05:16',2,'created','materials_bill','',71,NULL,'',0,'',0,0),(722,'2023-03-01 11:05:16',2,'created','materials_bill','',72,NULL,'',0,'',0,0),(723,'2023-03-01 11:06:33',2,'created','invoice_payments','',10,NULL,'',0,'',0,0),(724,'2023-03-01 11:06:33',2,'updated','invoices','',45,'a:1:{s:6:\"status\";a:2:{s:4:\"from\";s:5:\"draft\";s:2:\"to\";s:8:\"not_paid\";}}','',0,'',0,0),(725,'2023-03-01 11:06:40',2,'updated','invoice_payments','',10,'a:1:{s:6:\"status\";a:2:{s:4:\"from\";s:5:\"draft\";s:2:\"to\";s:8:\"approved\";}}','',0,'',0,0),(726,'2023-03-01 11:06:40',2,'updated','invoice_payments','',10,'a:1:{s:22:\"account_transaction_id\";a:2:{s:4:\"from\";s:1:\"0\";s:2:\"to\";i:60;}}','',0,'',0,0),(727,'2023-03-01 11:07:15',2,'created','delivery_notes','',4,NULL,'',0,'',0,0),(728,'2023-03-01 11:07:15',2,'created','delivery_note_items','',6,NULL,'',0,'',0,0),(729,'2023-03-01 11:07:25',2,'updated','delivery_notes','',4,'a:1:{s:6:\"status\";a:2:{s:4:\"from\";s:5:\"draft\";s:2:\"to\";s:8:\"approved\";}}','',0,'',0,0),(730,'2023-03-01 11:07:25',2,'updated','invoices','',45,'a:1:{s:15:\"delivery_status\";a:2:{s:4:\"from\";s:13:\"not_delivered\";s:2:\"to\";s:9:\"delivered\";}}','',0,'',0,0),(731,'2023-03-01 11:08:56',2,'created','estimates','',12,NULL,'',0,'',0,0),(732,'2023-03-01 11:09:14',2,'created','estimate_items','',15,NULL,'',0,'',0,0),(733,'2023-03-01 11:09:14',2,'created','estimate_items','',16,NULL,'',0,'',0,0),(734,'2023-03-01 11:09:24',2,'updated','estimate_items','',15,'a:2:{s:8:\"quantity\";a:2:{s:4:\"from\";s:1:\"1\";s:2:\"to\";i:2;}s:5:\"total\";a:2:{s:4:\"from\";s:2:\"15\";s:2:\"to\";i:30;}}','',0,'',0,0),(735,'2023-03-01 11:09:25',2,'updated','estimate_items','',15,'a:2:{s:8:\"quantity\";a:2:{s:4:\"from\";s:1:\"2\";s:2:\"to\";i:3;}s:5:\"total\";a:2:{s:4:\"from\";s:2:\"30\";s:2:\"to\";i:45;}}','',0,'',0,0),(736,'2023-03-01 11:09:29',2,'updated','estimates','',12,'a:1:{s:6:\"status\";a:2:{s:4:\"from\";s:5:\"draft\";s:2:\"to\";s:8:\"approved\";}}','',0,'',0,0),(737,'2023-03-01 11:12:13',2,'created','estimates','',13,NULL,'',0,'',0,0),(738,'2023-03-01 11:12:48',2,'created','estimate_items','',17,NULL,'',0,'',0,0),(739,'2023-03-01 11:26:52',2,'created','item_categories','',17,NULL,'',0,'',0,0),(740,'2023-03-01 11:28:27',2,'created','items','',30,NULL,'',0,'',0,0),(741,'2023-03-01 11:30:24',2,'created','items','',31,NULL,'',0,'',0,0),(742,'2023-03-01 11:31:09',2,'created','items','',32,NULL,'',0,'',0,0),(743,'2023-03-01 11:32:00',2,'created','items','',33,NULL,'',0,'',0,0),(744,'2023-03-01 11:35:43',2,'created','invoices','',46,NULL,'',0,'',0,0),(745,'2023-03-01 11:35:55',2,'created','invoice_items','',41,NULL,'',0,'',0,0),(746,'2023-03-01 11:36:26',2,'updated','invoice_items','',41,'a:2:{s:8:\"quantity\";a:2:{s:4:\"from\";s:1:\"1\";s:2:\"to\";i:2;}s:5:\"total\";a:2:{s:4:\"from\";s:2:\"10\";s:2:\"to\";i:20;}}','',0,'',0,0),(747,'2023-03-01 11:36:34',2,'updated','invoice_items','',41,'a:2:{s:8:\"quantity\";a:2:{s:4:\"from\";s:1:\"2\";s:2:\"to\";s:2:\"20\";}s:5:\"total\";a:2:{s:4:\"from\";s:2:\"20\";s:2:\"to\";i:200;}}','',0,'',0,0),(748,'2023-03-01 11:36:43',2,'updated','invoice_items','',41,'a:1:{s:6:\"tax_id\";a:2:{s:4:\"from\";s:1:\"0\";s:2:\"to\";s:1:\"1\";}}','',0,'',0,0),(749,'2023-03-01 11:36:51',2,'updated','invoices','',46,'a:1:{s:15:\"approval_status\";a:2:{s:4:\"from\";s:12:\"not_approved\";s:2:\"to\";s:8:\"approved\";}}','',0,'',0,0),(750,'2023-03-01 11:37:12',2,'created','invoice_payments','',11,NULL,'',0,'',0,0),(751,'2023-03-01 11:37:12',2,'updated','invoices','',46,'a:1:{s:6:\"status\";a:2:{s:4:\"from\";s:5:\"draft\";s:2:\"to\";s:8:\"not_paid\";}}','',0,'',0,0),(752,'2023-03-01 11:37:17',2,'updated','invoice_payments','',11,'a:1:{s:6:\"status\";a:2:{s:4:\"from\";s:5:\"draft\";s:2:\"to\";s:8:\"approved\";}}','',0,'',0,0),(753,'2023-03-01 11:37:18',2,'updated','invoice_payments','',11,'a:1:{s:22:\"account_transaction_id\";a:2:{s:4:\"from\";s:1:\"0\";s:2:\"to\";i:63;}}','',0,'',0,0),(754,'2023-03-01 11:37:44',2,'updated','invoices','',46,'a:1:{s:14:\"confirm_status\";a:2:{s:4:\"from\";s:13:\"not_confirmed\";s:2:\"to\";s:9:\"confirmed\";}}','',0,'',0,0),(755,'2023-03-01 11:37:44',2,'created','job_orders','',39,NULL,'',0,'',0,0),(756,'2023-03-01 11:39:52',2,'updated','job_orders','',39,'a:10:{s:20:\"scheduled_start_date\";a:2:{s:4:\"from\";N;s:2:\"to\";s:10:\"2023-03-01\";}s:17:\"expected_duration\";a:2:{s:4:\"from\";N;s:2:\"to\";s:2:\"10\";}s:15:\"actual_duration\";a:2:{s:4:\"from\";N;s:2:\"to\";s:9:\"11-3-2023\";}s:8:\"priority\";a:2:{s:4:\"from\";N;s:2:\"to\";s:1:\"1\";}s:6:\"stages\";a:2:{s:4:\"from\";N;s:2:\"to\";s:45:\"In Progress,Waiting For A Step,Ready,Finished\";}s:13:\"current_stage\";a:2:{s:4:\"from\";N;s:2:\"to\";s:11:\"In Progress\";}s:11:\"team_member\";a:2:{s:4:\"from\";N;s:2:\"to\";s:1:\"0\";}s:14:\"operation_cost\";a:2:{s:4:\"from\";N;s:2:\"to\";s:3:\"200\";}s:10:\"total_cost\";a:2:{s:4:\"from\";N;s:2:\"to\";s:3:\"275\";}s:9:\"worksheet\";a:2:{s:4:\"from\";N;s:2:\"to\";s:6:\"a:0:{}\";}}','',0,'',0,0),(757,'2023-03-01 11:39:52',2,'created','materials_bill','',73,NULL,'',0,'',0,0),(758,'2023-03-01 11:39:52',2,'created','materials_bill','',74,NULL,'',0,'',0,0),(759,'2023-03-01 11:39:52',2,'created','materials_bill','',75,NULL,'',0,'',0,0),(760,'2023-03-01 11:40:26',2,'updated','job_orders','',39,'a:1:{s:13:\"current_stage\";a:2:{s:4:\"from\";s:11:\"In Progress\";s:2:\"to\";s:8:\"Finished\";}}','',0,'',0,0),(761,'2023-03-01 11:40:26',2,'created','materials_bill','',76,NULL,'',0,'',0,0),(762,'2023-03-01 11:40:26',2,'created','materials_bill','',77,NULL,'',0,'',0,0),(763,'2023-03-01 11:40:26',2,'created','materials_bill','',78,NULL,'',0,'',0,0),(764,'2023-03-01 11:41:02',2,'created','invoices','',47,NULL,'',0,'',0,0),(765,'2023-03-01 11:41:11',2,'created','invoice_items','',42,NULL,'',0,'',0,0),(766,'2023-03-01 11:41:16',2,'updated','invoices','',47,'a:1:{s:15:\"approval_status\";a:2:{s:4:\"from\";s:12:\"not_approved\";s:2:\"to\";s:8:\"approved\";}}','',0,'',0,0),(767,'2023-03-01 11:41:28',2,'updated','invoices','',47,'a:1:{s:14:\"confirm_status\";a:2:{s:4:\"from\";s:13:\"not_confirmed\";s:2:\"to\";s:9:\"confirmed\";}}','',0,'',0,0),(768,'2023-03-01 11:41:28',2,'created','job_orders','',40,NULL,'',0,'',0,0),(769,'2023-03-01 11:41:28',2,'created','materials_bill','',79,NULL,'',0,'',0,0),(770,'2023-03-01 11:41:28',2,'created','materials_bill','',80,NULL,'',0,'',0,0),(771,'2023-03-01 11:41:28',2,'created','materials_bill','',81,NULL,'',0,'',0,0),(772,'2023-03-01 11:44:13',2,'updated','job_orders','',25,'a:1:{s:13:\"current_stage\";a:2:{s:4:\"from\";s:5:\"Ready\";s:2:\"to\";s:8:\"Finished\";}}','',0,'',0,0),(773,'2023-03-01 11:44:16',2,'updated','job_orders','',14,'a:1:{s:13:\"current_stage\";a:2:{s:4:\"from\";s:18:\"Waiting For A Step\";s:2:\"to\";s:8:\"Finished\";}}','',0,'',0,0),(774,'2023-03-01 11:44:18',2,'updated','job_orders','',28,'a:1:{s:13:\"current_stage\";a:2:{s:4:\"from\";s:11:\"In Progress\";s:2:\"to\";s:18:\"Waiting For A Step\";}}','',0,'',0,0),(775,'2023-03-01 11:44:20',2,'updated','job_orders','',24,'a:1:{s:13:\"current_stage\";a:2:{s:4:\"from\";s:11:\"In Progress\";s:2:\"to\";s:5:\"Ready\";}}','',0,'',0,0),(776,'2023-03-05 06:26:07',1,'created','invoices','',48,NULL,'',0,'',0,0),(777,'2023-03-05 06:26:20',1,'updated','invoices','',48,'a:1:{s:15:\"approval_status\";a:2:{s:4:\"from\";s:12:\"not_approved\";s:2:\"to\";s:8:\"approved\";}}','',0,'',0,0),(778,'2023-03-05 06:28:20',1,'created','items','',34,NULL,'',0,'',0,0),(779,'2023-03-05 06:29:17',1,'created','purchase_orders','',6,NULL,'',0,'',0,0),(780,'2023-03-05 06:29:49',1,'created','purchase_order_items','',7,NULL,'',0,'',0,0),(781,'2023-03-05 06:29:58',1,'updated','purchase_orders','',6,'a:1:{s:15:\"approval_status\";a:2:{s:4:\"from\";s:12:\"not_approved\";s:2:\"to\";s:8:\"approved\";}}','',0,'',0,0),(782,'2023-03-05 06:30:43',1,'created','shipments','',6,NULL,'',0,'',0,0),(783,'2023-03-05 06:30:43',1,'created','shipment_items','',8,NULL,'',0,'',0,0),(784,'2023-03-05 06:30:49',1,'updated','shipments','',6,'a:1:{s:6:\"status\";a:2:{s:4:\"from\";N;s:2:\"to\";s:8:\"approved\";}}','',0,'',0,0),(785,'2023-03-05 06:31:39',1,'created','invoices','',49,NULL,'',0,'',0,0),(786,'2023-03-05 06:32:12',1,'created','invoice_items','',43,NULL,'',0,'',0,0),(787,'2023-03-05 06:32:25',1,'updated','invoices','',49,'a:1:{s:15:\"approval_status\";a:2:{s:4:\"from\";s:12:\"not_approved\";s:2:\"to\";s:8:\"approved\";}}','',0,'',0,0),(788,'2023-03-05 06:32:50',1,'updated','invoices','',49,'a:1:{s:14:\"confirm_status\";a:2:{s:4:\"from\";s:13:\"not_confirmed\";s:2:\"to\";s:9:\"confirmed\";}}','',0,'',0,0),(789,'2023-03-05 06:32:50',1,'created','job_orders','',41,NULL,'',0,'',0,0),(790,'2023-03-05 11:08:15',5,'created','item_categories','',18,NULL,'',0,'',0,0),(791,'2023-03-05 11:10:17',5,'created','items','',35,NULL,'',0,'',0,0),(792,'2023-03-05 11:31:15',5,'created','materials_bill','',82,NULL,'',0,'',0,0),(793,'2023-03-05 11:31:15',5,'created','materials_bill','',83,NULL,'',0,'',0,0),(794,'2023-03-05 11:31:15',5,'created','materials_bill','',84,NULL,'',0,'',0,0),(795,'2023-03-05 11:31:25',5,'created','materials_bill','',85,NULL,'',0,'',0,0),(796,'2023-03-05 11:31:25',5,'created','materials_bill','',86,NULL,'',0,'',0,0),(797,'2023-03-05 11:31:25',5,'created','materials_bill','',87,NULL,'',0,'',0,0),(798,'2023-03-05 11:36:28',5,'updated','job_orders','',41,'a:5:{s:8:\"priority\";a:2:{s:4:\"from\";N;s:2:\"to\";s:1:\"1\";}s:6:\"stages\";a:2:{s:4:\"from\";N;s:2:\"to\";s:45:\"In Progress,Waiting For A Step,Ready,Finished\";}s:13:\"current_stage\";a:2:{s:4:\"from\";N;s:2:\"to\";s:11:\"In Progress\";}s:11:\"team_member\";a:2:{s:4:\"from\";N;s:2:\"to\";s:1:\"0\";}s:9:\"worksheet\";a:2:{s:4:\"from\";N;s:2:\"to\";s:6:\"a:0:{}\";}}','',0,'',0,0),(799,'2023-03-05 11:46:11',5,'created','delivery_notes','',5,NULL,'',0,'',0,0),(800,'2023-03-05 11:46:11',5,'created','delivery_note_items','',7,NULL,'',0,'',0,0),(801,'2023-03-05 11:47:03',5,'updated','delivery_notes','',5,'a:1:{s:4:\"note\";a:2:{s:4:\"from\";s:0:\"\";s:2:\"to\";s:9:\"to nizwa\n\";}}','',0,'',0,0),(802,'2023-03-05 11:51:33',5,'created','delivery_notes','',6,NULL,'',0,'',0,0),(803,'2023-03-05 11:51:33',5,'created','delivery_note_items','',8,NULL,'',0,'',0,0),(804,'2023-03-05 11:52:58',5,'updated','delivery_notes','',6,'a:1:{s:6:\"status\";a:2:{s:4:\"from\";s:5:\"draft\";s:2:\"to\";s:8:\"approved\";}}','',0,'',0,0),(805,'2023-03-05 11:52:58',5,'updated','invoices','',49,'a:1:{s:15:\"delivery_status\";a:2:{s:4:\"from\";s:13:\"not_delivered\";s:2:\"to\";s:9:\"delivered\";}}','',0,'',0,0),(806,'2023-03-05 11:53:48',5,'deleted','delivery_notes','',5,NULL,'',0,NULL,NULL,0),(807,'2023-03-13 06:50:35',1,'updated','invoices','',6,'a:1:{s:11:\"sale_status\";a:2:{s:4:\"from\";s:7:\"Pending\";s:2:\"to\";s:5:\"Ready\";}}','',0,'',0,0);

--
-- Table structure for table `nizwa_packing_productsannouncements`
--

CREATE TABLE `nizwa_packing_productsannouncements` (
  `id` int(11) NOT NULL AUTO_INCREMENT,
  `title` text COLLATE utf8_unicode_ci NOT NULL,
  `description` mediumtext COLLATE utf8_unicode_ci NOT NULL,
  `start_date` date NOT NULL,
  `end_date` date NOT NULL,
  `created_by` int(11) NOT NULL,
  `share_with` mediumtext COLLATE utf8_unicode_ci,
  `created_at` datetime NOT NULL,
  `files` text COLLATE utf8_unicode_ci NOT NULL,
  `read_by` mediumtext COLLATE utf8_unicode_ci,
  `deleted` int(1) NOT NULL DEFAULT '0',
  PRIMARY KEY (`id`),
  KEY `created_by` (`created_by`)
) ENGINE=InnoDB DEFAULT CHARSET=utf8 COLLATE=utf8_unicode_ci;

--
-- Dumping data for table `nizwa_packing_productsannouncements`
--


--
-- Table structure for table `nizwa_packing_productsattendance`
--

CREATE TABLE `nizwa_packing_productsattendance` (
  `id` int(11) NOT NULL AUTO_INCREMENT,
  `status` enum('incomplete','pending','approved','rejected','deleted') COLLATE utf8_unicode_ci NOT NULL DEFAULT 'incomplete',
  `user_id` int(11) NOT NULL,
  `in_time` datetime NOT NULL,
  `out_time` datetime DEFAULT NULL,
  `checked_by` int(11) DEFAULT NULL,
  `note` text COLLATE utf8_unicode_ci,
  `checked_at` datetime DEFAULT NULL,
  `reject_reason` text COLLATE utf8_unicode_ci,
  `deleted` int(1) NOT NULL DEFAULT '0',
  PRIMARY KEY (`id`),
  KEY `user_id` (`user_id`),
  KEY `checked_by` (`checked_by`)
) ENGINE=InnoDB DEFAULT CHARSET=utf8 COLLATE=utf8_unicode_ci;

--
-- Dumping data for table `nizwa_packing_productsattendance`
--


--
-- Table structure for table `nizwa_packing_productsbudgeting`
--

CREATE TABLE `nizwa_packing_productsbudgeting` (
  `id` int(11) NOT NULL AUTO_INCREMENT,
  `client_id` int(11) DEFAULT NULL,
  `estimate_request_id` int(11) NOT NULL DEFAULT '0',
  `estimate_date` date NOT NULL,
  `valid_until` date DEFAULT NULL,
  `note` mediumtext COLLATE utf8_unicode_ci,
  `last_email_sent_date` date DEFAULT NULL,
  `status` enum('draft','sent','accepted','declined','approved','request_approval') COLLATE utf8_unicode_ci NOT NULL DEFAULT 'draft',
  `tax_id` int(11) NOT NULL DEFAULT '0',
  `tax_id2` int(11) NOT NULL DEFAULT '0',
  `discount_type` enum('before_tax','after_tax') COLLATE utf8_unicode_ci DEFAULT NULL,
  `discount_amount` double DEFAULT NULL,
  `profit` double DEFAULT NULL,
  `discount_amount_type` enum('percentage','fixed_amount') COLLATE utf8_unicode_ci DEFAULT NULL,
  `project_id` int(11) NOT NULL DEFAULT '0',
  `deleted` tinyint(1) NOT NULL DEFAULT '0',
  PRIMARY KEY (`id`) USING BTREE
) ENGINE=InnoDB DEFAULT CHARSET=utf8 COLLATE=utf8_unicode_ci ROW_FORMAT=DYNAMIC;

--
-- Dumping data for table `nizwa_packing_productsbudgeting`
--


--
-- Table structure for table `nizwa_packing_productsbudgeting_forms`
--

CREATE TABLE `nizwa_packing_productsbudgeting_forms` (
  `id` int(11) NOT NULL AUTO_INCREMENT,
  `title` text COLLATE utf8_unicode_ci NOT NULL,
  `description` longtext COLLATE utf8_unicode_ci NOT NULL,
  `status` enum('active','inactive') COLLATE utf8_unicode_ci NOT NULL,
  `assigned_to` int(11) NOT NULL,
  `public` tinyint(1) NOT NULL DEFAULT '0',
  `enable_attachment` tinyint(4) NOT NULL DEFAULT '0',
  `deleted` tinyint(1) NOT NULL DEFAULT '0',
  PRIMARY KEY (`id`) USING BTREE
) ENGINE=InnoDB DEFAULT CHARSET=utf8 COLLATE=utf8_unicode_ci ROW_FORMAT=DYNAMIC;

--
-- Dumping data for table `nizwa_packing_productsbudgeting_forms`
--


--
-- Table structure for table `nizwa_packing_productsbudgeting_items`
--

CREATE TABLE `nizwa_packing_productsbudgeting_items` (
  `id` int(11) NOT NULL AUTO_INCREMENT,
  `item_id` int(11) NOT NULL DEFAULT '0',
  `title` text COLLATE utf8_unicode_ci NOT NULL,
  `description` text COLLATE utf8_unicode_ci,
  `estimate_id` int(11) NOT NULL,
  `tax_id` int(11) DEFAULT '0',
  `tax_id2` int(11) DEFAULT '0',
  `quotation_uom` varchar(250) COLLATE utf8_unicode_ci DEFAULT NULL,
  `quotation_quantity` double DEFAULT NULL,
  `item_price` double DEFAULT NULL,
  `quotation_selling_rate` double DEFAULT NULL,
  `quotation_total` double DEFAULT NULL,
  `cost_uom` varchar(50) COLLATE utf8_unicode_ci DEFAULT NULL,
  `cost_quantity` double DEFAULT NULL,
  `cost_rate` double DEFAULT NULL,
  `cost_total` double DEFAULT NULL,
  `material_cost` double DEFAULT NULL,
  `labour_cost` double DEFAULT NULL,
  `machinery` double DEFAULT NULL,
  `others` double DEFAULT NULL,
  `profit` double DEFAULT NULL,
  `total` double DEFAULT NULL,
  `deleted` tinyint(1) NOT NULL DEFAULT '0',
  PRIMARY KEY (`id`) USING BTREE
) ENGINE=InnoDB DEFAULT CHARSET=utf8 COLLATE=utf8_unicode_ci ROW_FORMAT=DYNAMIC;

--
-- Dumping data for table `nizwa_packing_productsbudgeting_items`
--


--
-- Table structure for table `nizwa_packing_productsbudgeting_requests`
--

CREATE TABLE `nizwa_packing_productsbudgeting_requests` (
  `id` int(11) NOT NULL AUTO_INCREMENT,
  `estimate_form_id` int(11) NOT NULL,
  `created_by` int(11) NOT NULL,
  `created_at` datetime NOT NULL,
  `client_id` int(11) NOT NULL,
  `lead_id` int(11) NOT NULL,
  `assigned_to` int(11) NOT NULL,
  `status` enum('new','processing','hold','canceled','estimated') COLLATE utf8_unicode_ci NOT NULL DEFAULT 'new',
  `files` mediumtext COLLATE utf8_unicode_ci NOT NULL,
  `deleted` tinyint(1) NOT NULL DEFAULT '0',
  PRIMARY KEY (`id`) USING BTREE
) ENGINE=InnoDB DEFAULT CHARSET=utf8 COLLATE=utf8_unicode_ci ROW_FORMAT=DYNAMIC;

--
-- Dumping data for table `nizwa_packing_productsbudgeting_requests`
--


--
-- Table structure for table `nizwa_packing_productschecklist_items`
--

CREATE TABLE `nizwa_packing_productschecklist_items` (
  `id` int(11) NOT NULL AUTO_INCREMENT,
  `title` text COLLATE utf8_unicode_ci NOT NULL,
  `is_checked` int(11) NOT NULL DEFAULT '0',
  `task_id` int(11) NOT NULL DEFAULT '0',
  `sort` int(11) NOT NULL DEFAULT '0',
  `deleted` int(11) NOT NULL DEFAULT '0',
  PRIMARY KEY (`id`)
) ENGINE=InnoDB DEFAULT CHARSET=utf8 COLLATE=utf8_unicode_ci;

--
-- Dumping data for table `nizwa_packing_productschecklist_items`
--


--
-- Table structure for table `nizwa_packing_productsci_sessions`
--

CREATE TABLE `nizwa_packing_productsci_sessions` (
  `id` varchar(128) COLLATE utf8_unicode_ci NOT NULL,
  `ip_address` varchar(45) COLLATE utf8_unicode_ci NOT NULL,
  `timestamp` int(10) unsigned NOT NULL DEFAULT '0',
  `data` blob NOT NULL,
  KEY `ci_sessions_timestamp` (`timestamp`)
) ENGINE=InnoDB DEFAULT CHARSET=utf8 COLLATE=utf8_unicode_ci;

--
-- Dumping data for table `nizwa_packing_productsci_sessions`
--

INSERT INTO `nizwa_packing_productsci_sessions` VALUES ('d3bi8mlk7dtdluq1j3iai141mhhjhhur','127.0.0.1',1673255935,_binary '__ci_last_regenerate|i:1673255935;user_id|s:1:\"1\";'),('opfpsb2ois3ftdnukdvs0eeb7bcgfhg0','127.0.0.1',1673257065,_binary '__ci_last_regenerate|i:1673257065;user_id|s:1:\"1\";'),('68pu349vkfi0nh0v9pdvg4murio7neok','127.0.0.1',1673259850,_binary '__ci_last_regenerate|i:1673259850;user_id|s:1:\"1\";'),('87jbo9lr593p0eg6s9j6msp0f4rbe5vb','127.0.0.1',1673265094,_binary '__ci_last_regenerate|i:1673265094;user_id|s:1:\"1\";'),('bh7q0re00vim4a9u9b2rrbvf4njolbvi','127.0.0.1',1673265613,_binary '__ci_last_regenerate|i:1673265613;user_id|s:1:\"1\";'),('f17g4p3018ompcg9qlvdmg2dmu35fu4e','127.0.0.1',1673266345,_binary '__ci_last_regenerate|i:1673266345;user_id|s:1:\"1\";'),('hmtlgsp9q52at8vkvc8nr7dmkj39iorf','127.0.0.1',1673266746,_binary '__ci_last_regenerate|i:1673266345;user_id|s:1:\"1\";'),('da42476616e61ccdcbd462302a82ec5a838c97b8','45.80.151.145',1673769526,_binary '__ci_last_regenerate|i:1673769526;user_id|s:1:\"1\";'),('c45b372f490de6d41fc7ff324fa352b5fcf95653','44.213.73.48',1673767763,_binary '__ci_last_regenerate|i:1673767762;'),('db9c6d0d379b105d8e4176f88903d936ad576b06','44.213.73.48',1673767763,_binary '__ci_last_regenerate|i:1673767763;'),('7d1a2fdf207270b0a4223bb5cf47a784c8cf0d4d','45.80.151.145',1673775798,_binary '__ci_last_regenerate|i:1673769526;user_id|s:1:\"1\";'),('ba428cf71036a85b5496179aef343ca8910d09b1','196.247.57.162',1673770753,_binary '__ci_last_regenerate|i:1673770666;user_id|s:1:\"1\";'),('d590d8558b11a0957cc18e9fc82b510b8e372a83','45.80.151.145',1673775804,''),('e3cfe71d17c078f99061df13bcdae96f9d9dda7c','45.80.151.145',1673867227,_binary '__ci_last_regenerate|i:1673867226;'),('e4bd5549d3ec053fec715d2984c48c463c65dbbe','172.98.73.144',1673937761,_binary '__ci_last_regenerate|i:1673937761;user_id|s:1:\"1\";'),('840ccd4faa1164241894a5ef1a1500d69ad00661','172.98.73.144',1673938440,_binary '__ci_last_regenerate|i:1673938440;user_id|s:1:\"1\";'),('2e12a9ab127de54538ffdb10a15c6a98bbe85086','172.98.73.144',1673938812,_binary '__ci_last_regenerate|i:1673938812;user_id|s:1:\"1\";'),('d95fe07a9e05f51c8fc3f639226f12d3468b9876','172.98.73.144',1673939690,_binary '__ci_last_regenerate|i:1673939690;user_id|s:1:\"1\";'),('0831398fc5e94be4f4c5c5cfacb983ef75d00a5b','172.98.73.144',1673940009,_binary '__ci_last_regenerate|i:1673940009;user_id|s:1:\"1\";'),('0b3a31c44a6a316bf465d3718c361248e5eeb0fb','54.38.214.107',1673939887,_binary '__ci_last_regenerate|i:1673939887;'),('90e899a0d1328444a7a26ce70f685a680aaed85d','54.38.214.107',1673939892,_binary '__ci_last_regenerate|i:1673939892;'),('3dccc606ded031d207018d446bcc217bd8c78610','54.38.214.107',1673939894,_binary '__ci_last_regenerate|i:1673939894;'),('17fad919a10551bf994a7abad69a64d851d65c12','172.98.73.144',1673940539,_binary '__ci_last_regenerate|i:1673940539;user_id|s:1:\"1\";'),('998b966da81afa0d7a6bda21b422aaa79c1eb0e2','172.98.73.144',1673941331,_binary '__ci_last_regenerate|i:1673941331;user_id|s:1:\"1\";'),('e6c2c80e6c5524d1dfde56320f6e49e8c14f20f0','54.38.214.107',1673940662,_binary '__ci_last_regenerate|i:1673940662;'),('8425b47508adcafd2ff2a0c9abc19e4e99c34deb','170.187.192.60',1673941726,_binary '__ci_last_regenerate|i:1673941726;user_id|s:1:\"1\";'),('c55dc8c9c7f68089b9427d293bf866c7f156a35b','54.38.214.107',1673941538,_binary '__ci_last_regenerate|i:1673941538;'),('efb1bf51b36d417efe106c879a19acf6ba116c6d','170.187.192.60',1673942039,_binary '__ci_last_regenerate|i:1673942039;user_id|s:1:\"1\";'),('118d3585aa724bd84f9c84f37f7fc9a1ac3aebf3','170.187.192.60',1673942375,_binary '__ci_last_regenerate|i:1673942375;user_id|s:1:\"1\";'),('48d5fce8c22a1c9929e2ed39fd785347501c959e','170.187.192.60',1673942693,_binary '__ci_last_regenerate|i:1673942692;user_id|s:1:\"1\";'),('1a61078829b63f89e93a56bfe2c8260b333f5c38','54.38.214.107',1673942486,_binary '__ci_last_regenerate|i:1673942486;'),('3f16258873d2d99e581e585039838d9800efd036','170.187.192.60',1673943178,_binary '__ci_last_regenerate|i:1673943178;user_id|s:1:\"1\";'),('ad457e4897e3abf1c902366808b42325f6d396bc','196.247.57.162',1673943816,_binary '__ci_last_regenerate|i:1673943816;user_id|s:1:\"1\";'),('9248064d4760f07afaf7ceb3de37ec28bd77f0f5','54.38.214.107',1673943478,_binary '__ci_last_regenerate|i:1673943478;'),('95c6abfe8b3fff8ff67be32f0e55eefbc40e7b08','196.247.57.162',1673943506,_binary '__ci_last_regenerate|i:1673943506;user_id|s:1:\"1\";'),('bbf4def8bf3902d7c0599cd103ca8b0912195b80','196.247.57.162',1673944201,_binary '__ci_last_regenerate|i:1673944201;user_id|s:1:\"1\";'),('2be174f4fc2e401f86c7753e8e691e9fcca8a6ce','54.38.214.107',1673944085,_binary '__ci_last_regenerate|i:1673944084;'),('fc145010d48b45051157f0bbde803ce8cea599c0','196.247.57.162',1673944519,_binary '__ci_last_regenerate|i:1673944519;user_id|s:1:\"1\";'),('f4a77cdb1835a1568cab37ab82ea0042a17fab60','196.247.57.162',1673944825,_binary '__ci_last_regenerate|i:1673944824;user_id|s:1:\"1\";'),('b08b6c2c5129e533fcdf46b28dca25c1b4f0d168','196.247.57.162',1673945495,_binary '__ci_last_regenerate|i:1673945495;user_id|s:1:\"1\";'),('d124e0dc902209c0c861dfa3c5ef39549aaada3c','54.38.214.107',1673945081,_binary '__ci_last_regenerate|i:1673945081;'),('4fab437c3dc307b0631be563543d6206dcba270c','196.247.57.162',1673945186,_binary '__ci_last_regenerate|i:1673945186;user_id|s:1:\"1\";'),('0055b79444b02987ab10e2513b07317e1fcfaa4c','196.247.57.162',1673946461,_binary '__ci_last_regenerate|i:1673946461;user_id|s:1:\"1\";'),('c82a6cec86d465b2ac8aafa1125872fb6d332915','196.247.57.162',1673945825,_binary '__ci_last_regenerate|i:1673945825;user_id|s:1:\"1\";'),('5eb6949810b61e9628882529d66f269d09eec5d7','196.247.57.162',1673946152,_binary '__ci_last_regenerate|i:1673946152;user_id|s:1:\"1\";'),('668d204b64cb41737b9d48f6046ede0901784930','196.247.57.162',1673947308,_binary '__ci_last_regenerate|i:1673947308;user_id|s:1:\"1\";'),('80d22813bd92b62047e9fb27b34009d6f20d6602','196.247.57.162',1673946804,_binary '__ci_last_regenerate|i:1673946804;user_id|s:1:\"1\";'),('d5b56c4d30197185252f9e9b69dc68a81e59c549','54.38.214.107',1673946847,_binary '__ci_last_regenerate|i:1673946847;'),('77d9d6928e11cf3e47260de4af06ffcbb948e74e','54.38.214.107',1673946849,_binary '__ci_last_regenerate|i:1673946849;'),('2b954ba295acb1e1890387303187c521ea9507fe','54.38.214.107',1673946857,_binary '__ci_last_regenerate|i:1673946857;'),('ac1a47073eabe45d3a0b92d6db5f07c5026cbf3d','196.247.57.162',1673947952,_binary '__ci_last_regenerate|i:1673947308;user_id|s:1:\"1\";'),('31c3a4de0c63b32be9f531900ba60aa8975df478','52.91.33.139',1673951627,_binary '__ci_last_regenerate|i:1673951627;'),('31ae86cbe000db55f7e97963314bd47891da9612','52.91.33.139',1673951627,_binary '__ci_last_regenerate|i:1673951627;'),('5959ac51a0ca21b47d3e198e07c53d67769a4fca','170.187.192.60',1673951933,_binary '__ci_last_regenerate|i:1673951933;user_id|s:1:\"1\";'),('5a9eb43c603d55dc9dff071aa7d4e8b75083797a','37.46.114.13',1673952059,_binary '__ci_last_regenerate|i:1673952058;user_id|s:1:\"1\";'),('6ac48d38d2f3b6c0395dcd0435686a7ad2a6bc85','170.187.192.60',1673952244,_binary '__ci_last_regenerate|i:1673952244;user_id|s:1:\"1\";'),('9d35e5be299a732ef9d03df8db00f68ea07fce79','54.38.214.107',1673952016,_binary '__ci_last_regenerate|i:1673952016;'),('b7f1529dfe6b0f0e8c9e7e8d2c61750f4649797c','37.46.114.13',1673958075,_binary '__ci_last_regenerate|i:1673952058;user_id|s:1:\"1\";'),('ee8186f7f8a17592326e7ae69c2f027a4135404c','170.187.192.60',1673952599,_binary '__ci_last_regenerate|i:1673952599;user_id|s:1:\"1\";'),('d4a4fb19243bbe8a41da9c854dec03405bc5a4df','170.187.192.60',1673953059,_binary '__ci_last_regenerate|i:1673953059;user_id|s:1:\"1\";'),('3f16061c087bd0def15aa8fc4432009e0d8fb631','54.38.214.107',1673952629,_binary '__ci_last_regenerate|i:1673952629;'),('ea9e69bebea16ded77c507b36a07ed6b48b78459','170.187.192.60',1673953368,_binary '__ci_last_regenerate|i:1673953368;user_id|s:1:\"1\";'),('15afcae0c5e33570473424aad42787d43c85b236','170.187.192.60',1673954001,_binary '__ci_last_regenerate|i:1673954001;user_id|s:1:\"1\";'),('0a0e5a10d26e7e36c6f1546142d48ce9072e1e43','188.140.157.240',1673953903,_binary '__ci_last_regenerate|i:1673953903;'),('379014097c8e3416a607686c33f850b0fbc227dc','188.140.157.240',1673960614,_binary '__ci_last_regenerate|i:1673960614;user_id|s:1:\"1\";'),('daed9083a802ec050078ab2bdb94eec67a0b6078','170.187.192.60',1673957399,_binary '__ci_last_regenerate|i:1673955572;user_id|s:1:\"1\";'),('bfb0cc4e25ec5e18ae23489345ca5cfe0d2f25f2','170.187.192.60',1673954594,_binary '__ci_last_regenerate|i:1673954579;user_id|s:1:\"1\";'),('45c88e4c0453fac105f5f9eba2a6fdf796eb4ef4','170.187.192.60',1673955572,_binary '__ci_last_regenerate|i:1673955572;user_id|s:1:\"1\";'),('783842699f2cba57afbe5e82d52f331562de31cc','188.140.157.240',1673961371,_binary '__ci_last_regenerate|i:1673961371;user_id|s:1:\"1\";'),('9acde28d72d90ac56ccfc341a2d68b98b4263e42','45.155.45.18',1673961677,_binary '__ci_last_regenerate|i:1673961677;user_id|s:1:\"1\";'),('e169a20f94999ae50697c5a9f101cfd11b950b78','45.155.45.18',1673962109,_binary '__ci_last_regenerate|i:1673961677;user_id|s:1:\"1\";'),('401a657562531f7f8f1adc5b165b3b0a4b757f87','45.155.45.18',1673962282,_binary '__ci_last_regenerate|i:1673962282;user_id|s:1:\"1\";'),('1373dcb7eb3046e1ea7b1a42752706f620aee1be','45.155.45.18',1673962763,_binary '__ci_last_regenerate|i:1673962763;user_id|s:1:\"1\";'),('bcf9228e25ad1710c26bd9b0eb11717a691b74f6','54.38.214.107',1673962423,_binary '__ci_last_regenerate|i:1673962422;'),('fc2a06c730a4655860693496e2d45cd0a849e3ed','45.155.45.18',1673963123,_binary '__ci_last_regenerate|i:1673963123;user_id|s:1:\"1\";'),('c8917ee9e49085335f9eb9635b2385d522f2d85d','45.155.45.18',1673963341,_binary '__ci_last_regenerate|i:1673963123;user_id|s:1:\"1\";'),('9d3b7c16bea0e3818295405984894f614ae096f3','161.8.104.213',1673973798,_binary '__ci_last_regenerate|i:1673973798;user_id|s:1:\"1\";'),('3a82b908ae42136ea507f83348849205561ed3cc','161.8.104.213',1673974081,_binary '__ci_last_regenerate|i:1673973798;user_id|s:1:\"1\";'),('525e8fb30374e2dce8ae1f50fc1203a00972db43','45.155.45.18',1674027909,_binary '__ci_last_regenerate|i:1674027909;user_id|s:1:\"1\";'),('9494fbf7d9e149e30fe5eef51041081c94ca0bdc','45.155.45.18',1674032211,_binary '__ci_last_regenerate|i:1674032211;user_id|s:1:\"1\";'),('a54170d09dae9a9c009765dd8e1efea346590933','45.155.45.18',1674033805,_binary '__ci_last_regenerate|i:1674033805;'),('47638ea0de948491a558e0a59052cbfebf921f60','45.155.45.18',1674032571,_binary '__ci_last_regenerate|i:1674032571;user_id|s:1:\"1\";'),('babfc2aeb82cc81d5a34aee4b477ec3a49a97044','45.155.45.18',1674035909,_binary '__ci_last_regenerate|i:1674032571;user_id|s:1:\"1\";'),('13e4b094c5ad21ef2792794fb398d014fd6c797f','45.155.45.18',1674033806,_binary '__ci_last_regenerate|i:1674033805;'),('27286b7a11e40627764f8759ad05037a1f944a37','45.155.45.18',1674045527,_binary '__ci_last_regenerate|i:1674045527;user_id|s:1:\"1\";'),('56349955f4cb05d777a778b8049ede9c791531f3','45.155.45.18',1674046165,_binary '__ci_last_regenerate|i:1674046165;user_id|s:1:\"1\";'),('0cf2364e075a35e8a529fc06e6a0e0d0b9832053','45.155.45.18',1674046528,_binary '__ci_last_regenerate|i:1674046528;user_id|s:1:\"1\";'),('43913c571008e7f18ae45c086a08029311bc2e94','45.155.45.18',1674055183,_binary '__ci_last_regenerate|i:1674046528;user_id|s:1:\"1\";'),('8bdcd37b89a08ec78ec4cbc6cd01984ffd73dd78','38.51.170.86',1674116728,_binary '__ci_last_regenerate|i:1674110561;user_id|s:1:\"1\";'),('179502ddcbfd630361f32943a2883df06dfecd4c','45.155.45.18',1674113001,_binary '__ci_last_regenerate|i:1674113001;user_id|s:1:\"1\";'),('5d9a77e030222b3f09417eb9a75d96665d9afff7','45.155.45.18',1674111095,_binary '__ci_last_regenerate|i:1674111095;user_id|s:1:\"1\";'),('c991ccc647fd5b10b8c2beaac288ffb20bc4bed0','45.155.45.18',1674111502,_binary '__ci_last_regenerate|i:1674111502;user_id|s:1:\"1\";'),('ab8c2c28557e864f4fc5b4e2da0c62eca3ae3419','45.155.45.18',1674113491,_binary '__ci_last_regenerate|i:1674113001;user_id|s:1:\"1\";'),('216e02feb0db1c55416e8397f437e9955a6b1614','45.155.45.18',1674115458,_binary '__ci_last_regenerate|i:1674115458;user_id|s:1:\"1\";'),('f2346bc843ce70d3d0ada2a7c50c9e4a00d868dc','45.155.45.18',1674115818,_binary '__ci_last_regenerate|i:1674115818;user_id|s:1:\"1\";'),('0430ec757aa9ca92fb1d9fa2a5287cbd17ff30df','54.38.214.107',1674115503,_binary '__ci_last_regenerate|i:1674115501;'),('0221c418d02e88bda0aa07d909a53c0014f36e56','54.38.214.107',1674115505,_binary '__ci_last_regenerate|i:1674115504;'),('7fa772ff8bc628cce242ad14f370ba6bf0ae6ba3','54.38.214.107',1674115507,_binary '__ci_last_regenerate|i:1674115506;'),('46592c0fc1fcbd2a31655abd622b61f041734298','45.155.45.18',1674116206,_binary '__ci_last_regenerate|i:1674116206;user_id|s:1:\"1\";'),('ddd9abe67fba776ae2e7210cd7321fed9a42a699','45.155.45.18',1674116523,_binary '__ci_last_regenerate|i:1674116523;user_id|s:1:\"1\";'),('1ee220e9be50d36a2aecaeb45714136212826ce9','45.155.45.18',1674116934,_binary '__ci_last_regenerate|i:1674116934;user_id|s:1:\"1\";'),('726d169728ee60cb54d55287c54c4c25c64edf6c','54.38.214.107',1674116768,_binary '__ci_last_regenerate|i:1674116766;'),('d601226febbd3aa5b68affae4928636952464e78','54.38.214.107',1674116780,_binary '__ci_last_regenerate|i:1674116779;'),('6492b9bcc45a2fa5dc6753e9b041fb84bca6117c','45.155.45.18',1674117332,_binary '__ci_last_regenerate|i:1674117332;user_id|s:1:\"1\";'),('d714c31180eaa85242c23c265fd79b47baf31278','45.155.45.18',1674133155,_binary '__ci_last_regenerate|i:1674133155;user_id|s:1:\"1\";'),('cd6394d90ae80b21f4988c9928c4ebf5a6a17c10','37.40.13.71',1674125419,_binary '__ci_last_regenerate|i:1674125063;user_id|s:1:\"1\";'),('51665e852e6a68155dd54d396a2f72d83a4c42bb','45.80.151.145',1674126312,_binary '__ci_last_regenerate|i:1674126131;user_id|s:1:\"1\";'),('e4e7054f3a4da005eebbd66bd98b84e8f9d3c57e','45.80.151.145',1674126373,''),('8978c614381bc7d0fd74cf7efe7aa7539d077ebe','45.80.151.145',1674132697,_binary '__ci_last_regenerate|i:1674132689;'),('7a95bf8880a3084dfc862303a6f1ffc515aca641','45.155.45.18',1674133537,_binary '__ci_last_regenerate|i:1674133537;user_id|s:1:\"1\";'),('eafd6b0fc9daa68e3850c2ff0323836b2f55f384','45.155.45.18',1674134036,_binary '__ci_last_regenerate|i:1674134036;user_id|s:1:\"1\";'),('f9605ca5382ce6d35ed94f7564824d14d0972bfd','45.155.45.18',1674134340,_binary '__ci_last_regenerate|i:1674134340;user_id|s:1:\"1\";'),('39770a5040f3592f07a87b76c6dc2d3ee09f67e4','45.155.45.18',1674134666,_binary '__ci_last_regenerate|i:1674134666;user_id|s:1:\"1\";'),('76b5fbb30e3ef6d1f843da749c3174fb8266df5c','45.155.45.18',1674134974,_binary '__ci_last_regenerate|i:1674134974;user_id|s:1:\"1\";'),('5c5ec480af18ae9737da4c4949fbefcb7c31d176','45.155.45.18',1674135367,_binary '__ci_last_regenerate|i:1674135367;user_id|s:1:\"1\";'),('ed5a00c0a5662d386c56d698da9d3424fff278e9','54.38.214.107',1674135165,_binary '__ci_last_regenerate|i:1674135165;'),('69bb96dd4dfda8edc83415ac1254c24fe3daac2c','54.38.214.107',1674135173,_binary '__ci_last_regenerate|i:1674135173;'),('0807f1f6d16e482de3a6f1ec84f550b664729406','54.38.214.107',1674135209,_binary '__ci_last_regenerate|i:1674135209;'),('b928e65df25ec3161745f2b2e5fc7d9883cd7cb4','54.38.214.107',1674135211,_binary '__ci_last_regenerate|i:1674135211;'),('12761a33d088c86bd242959b92fdacae6ae1c204','54.38.214.107',1674135215,_binary '__ci_last_regenerate|i:1674135215;'),('a02a824d58b0e05e04f1ec8482d0a4c8eac79cf2','54.38.214.107',1674135216,_binary '__ci_last_regenerate|i:1674135216;'),('be6dc16b0e7b6c527291175f23b9e8f2fd0c78ba','45.155.45.18',1674135750,_binary '__ci_last_regenerate|i:1674135750;user_id|s:1:\"1\";'),('9552fea77fa29b8469dec012a19a73b3832eda2b','45.155.45.18',1674137032,_binary '__ci_last_regenerate|i:1674137032;user_id|s:1:\"1\";'),('411dcd75556fe689b2b398c20efb647c55ad3ae8','45.155.45.18',1674137512,_binary '__ci_last_regenerate|i:1674137512;user_id|s:1:\"1\";'),('df147af8d886d1eca90f2d9ff22c8ec893bf8052','45.155.45.18',1674138440,_binary '__ci_last_regenerate|i:1674138440;user_id|s:1:\"1\";'),('4f853d684d67d114f71bccd016660d2592ad06b4','45.155.45.18',1674138796,_binary '__ci_last_regenerate|i:1674138796;user_id|s:1:\"1\";'),('2cda5fd2308f72accb2f0616ee35b8a9495153db','54.38.214.107',1674138621,_binary '__ci_last_regenerate|i:1674138621;'),('1896da72a953ed289666514d97cdbf602e336d6a','45.155.45.18',1674139191,_binary '__ci_last_regenerate|i:1674139191;user_id|s:1:\"1\";'),('90be97c3e91d02a25adbdbf9a859e70100f3fcc8','54.38.214.107',1674138845,_binary '__ci_last_regenerate|i:1674138845;'),('90be98b9c2b5e3b82ab5d00ef2152ad095c98c5b','54.38.214.107',1674138851,_binary '__ci_last_regenerate|i:1674138851;'),('fee5139c3ce7982d1c0b8b4f88e96ef6d9899137','45.155.45.18',1674139438,_binary '__ci_last_regenerate|i:1674139191;user_id|s:1:\"1\";'),('bcc83f787c4d5c8e7e2fc341e43d379fbe7f0cf1','134.0.197.251',1674152168,_binary '__ci_last_regenerate|i:1674152023;'),('86db831586266b5ded0573444b556424ae88182a','145.255.105.19',1674371240,_binary '__ci_last_regenerate|i:1674371240;user_id|s:1:\"1\";'),('63c3acee6cd0b1018bb606b957386d7d29b9688c','145.255.105.19',1674371804,_binary '__ci_last_regenerate|i:1674371804;user_id|s:1:\"1\";'),('00de131bbda9a0dcc56b56202a36bb949e7eb241','145.255.105.19',1674375162,_binary '__ci_last_regenerate|i:1674375162;user_id|s:1:\"1\";'),('e5713abb43d37c096e848454f555e48e42d80562','145.255.105.19',1674375163,_binary '__ci_last_regenerate|i:1674375163;'),('4edb6346e91420d27c261c78e52b03195c715fcb','45.155.45.18',1674539368,_binary '__ci_last_regenerate|i:1674539368;user_id|s:1:\"1\";'),('705a2577b3f93bea0c24b4fedea5a0c3757509a4','45.155.45.18',1674539859,_binary '__ci_last_regenerate|i:1674539859;user_id|s:1:\"1\";'),('1ef992b270e42d9510a4db4be03077a396f46d14','45.155.45.18',1674540265,_binary '__ci_last_regenerate|i:1674540265;user_id|s:1:\"1\";'),('6303f36ed7c0f77bd5a79390494344f0cae3f290','45.155.45.18',1674541519,_binary '__ci_last_regenerate|i:1674541519;user_id|s:1:\"1\";'),('398acbcefcf07fb13da68c0a74f027e1b2a662b6','45.155.45.18',1674542201,_binary '__ci_last_regenerate|i:1674542201;user_id|s:1:\"1\";'),('da3e2dc074e1ff03ce6893a7ae50531d106effcc','45.155.45.18',1674542687,_binary '__ci_last_regenerate|i:1674542687;user_id|s:1:\"1\";'),('08f96196c2993ad28a21aa26f28461caa369dd76','45.155.45.18',1674543427,_binary '__ci_last_regenerate|i:1674543427;user_id|s:1:\"3\";'),('fe2be8ff3d60839aafa52c27d4445c049f724dfb','45.155.45.18',1674547184,_binary '__ci_last_regenerate|i:1674547184;user_id|s:1:\"1\";'),('2a5061efd6712a44589b664e0934b490c3a69e16','45.155.45.18',1674543790,_binary '__ci_last_regenerate|i:1674543790;user_id|s:1:\"3\";'),('ec24614af31f5c25dec18880c5044f76363fdce0','45.155.45.18',1674544401,_binary '__ci_last_regenerate|i:1674544401;user_id|s:1:\"3\";'),('f78c0f049e57295836c2a3a4610c9cc30767fa9b','45.155.45.18',1674544705,_binary '__ci_last_regenerate|i:1674544705;user_id|s:1:\"3\";'),('9689e517650b0a470ddfa30ca7b730a9876d3809','45.155.45.18',1674546092,_binary '__ci_last_regenerate|i:1674546092;user_id|s:1:\"3\";'),('26f0e0c10c27ac3f6880fb5929bdefe810e1bb4a','45.155.45.18',1674548032,_binary '__ci_last_regenerate|i:1674548032;user_id|s:1:\"3\";'),('7ce7fc94c7e2e5ff44b01e708f6717c6e21cce95','45.155.45.18',1674548070,_binary '__ci_last_regenerate|i:1674548070;user_id|s:1:\"1\";'),('852ceeff5b7b754b2118ae549770fdf7b4e1e516','45.155.45.18',1674572065,_binary '__ci_last_regenerate|i:1674548032;user_id|s:1:\"3\";'),('3f8e34aef638b068b4fc963407c3bde5f728a46a','45.155.45.18',1674549929,_binary '__ci_last_regenerate|i:1674548070;user_id|s:1:\"1\";'),('fb8647e2a4442ed5353d5d724854ea9408f24d13','45.155.45.18',1674629202,_binary '__ci_last_regenerate|i:1674629202;user_id|s:1:\"1\";'),('30ba5d7c08a8640827610237b55961cec47a50df','45.155.45.18',1674629537,_binary '__ci_last_regenerate|i:1674629537;user_id|s:1:\"1\";'),('09cb7e7a9c50c34b1cdb4001cf5dabe4380b1364','45.155.45.18',1674630084,_binary '__ci_last_regenerate|i:1674630084;user_id|s:1:\"1\";'),('053227891496673e384e7791df0956e40d841679','45.155.45.18',1674633985,_binary '__ci_last_regenerate|i:1674630084;user_id|s:1:\"1\";'),('f178b8a66ff5f3442d7a04be470e1340231c1b86','5.162.128.98',1674714063,_binary '__ci_last_regenerate|i:1674714063;user_id|s:1:\"1\";'),('89d7c6b445d979481f9b520bc6a46483d42ba3ea','5.162.128.98',1674714614,_binary '__ci_last_regenerate|i:1674714614;user_id|s:1:\"1\";'),('a17a6267c7a6b64a2eab66b6ccc8df2179a62f12','5.162.128.98',1674717722,_binary '__ci_last_regenerate|i:1674714614;user_id|s:1:\"1\";'),('33cf8531acef146a295e2fe56efbd8e7f1700a49','45.80.151.145',1674906180,_binary '__ci_last_regenerate|i:1674906134;'),('c24c63eb34400d509744a481f665bfca1a8a26fd','45.155.45.18',1674977160,_binary '__ci_last_regenerate|i:1674977160;user_id|s:1:\"1\";'),('16d2e780aa4f4a533a75344f4ca020d6ee53b2c3','45.155.45.18',1674977698,_binary '__ci_last_regenerate|i:1674977698;user_id|s:1:\"1\";'),('347e879e830f08997860df86a7d1cc7830d514e7','45.155.45.18',1674978009,_binary '__ci_last_regenerate|i:1674978009;user_id|s:1:\"1\";'),('dddce5e69dd70d5145cd4ff4cddcc1c1e18ab5dc','54.38.214.107',1674977978,_binary '__ci_last_regenerate|i:1674977978;'),('26ca549346f88aa490d09f41365d16d8a04e81d1','45.155.45.18',1674979089,_binary '__ci_last_regenerate|i:1674979089;user_id|s:1:\"1\";'),('e35d97b714c01269f560666a53331e00ac53e818','45.155.45.18',1674983798,_binary '__ci_last_regenerate|i:1674983798;user_id|s:1:\"1\";'),('7458083fb35c2285160500860a4137bc3690aad8','45.155.45.18',1674990418,_binary '__ci_last_regenerate|i:1674990418;user_id|s:1:\"1\";'),('23b507acbd2755691038ae335e3d19c6e4b0e104','45.155.45.18',1674995684,_binary '__ci_last_regenerate|i:1674995684;user_id|s:1:\"1\";'),('70bcfcbcb3b97814cbbe10d23b13b40abce3903b','45.155.45.18',1674995681,_binary '__ci_last_regenerate|i:1674995681;'),('060805a343606c8c1a8de89d360e61cb48cec0ae','45.155.45.18',1674996467,_binary '__ci_last_regenerate|i:1674996467;user_id|s:1:\"4\";'),('12b5344baa22cfa373c0eeed5e6abc1c4ea7092f','45.155.45.18',1674996726,_binary '__ci_last_regenerate|i:1674996726;user_id|s:1:\"1\";'),('03599e4ddb504dbaabf16c018fc2d21ffd57e423','54.38.214.107',1674995945,_binary '__ci_last_regenerate|i:1674995945;'),('cde4afc9074e240af4ea92068b416cfa7f24abe5','45.155.45.18',1674996427,_binary '__ci_last_regenerate|i:1674996424;user_id|s:1:\"1\";'),('b2e5b8a2e18269db635353394b0a8c2af40d0298','45.155.45.18',1674996783,_binary '__ci_last_regenerate|i:1674996783;user_id|s:1:\"4\";'),('456f48f4d72280f0eb3866d9e870e5a7a22f148f','45.155.45.18',1674997393,_binary '__ci_last_regenerate|i:1674997393;user_id|s:1:\"1\";'),('d078a476ae5f21c470983f54083d7bb951a6ad7e','45.155.45.18',1674997123,_binary '__ci_last_regenerate|i:1674997123;user_id|s:1:\"4\";'),('40c3e242c482b2df9a2d2fe3c272e58bd7b23ee5','45.155.45.18',1674997440,_binary '__ci_last_regenerate|i:1674997440;user_id|s:1:\"4\";'),('6b9cd2d07d63c225c603d930052d6613f6813a5e','45.155.45.18',1674997706,_binary '__ci_last_regenerate|i:1674997706;user_id|s:1:\"1\";'),('3a4536d0927149c5d6be43f01afe4185b9785de6','45.155.45.18',1674997747,_binary '__ci_last_regenerate|i:1674997747;user_id|s:1:\"4\";'),('9553e92d611b8462271cb796d251cc40e977f97f','45.155.45.18',1674999198,_binary '__ci_last_regenerate|i:1674999198;user_id|s:1:\"1\";'),('d97aa78b9699e2d5d84fff1d68eb590a91d4af31','54.38.214.107',1674997718,_binary '__ci_last_regenerate|i:1674997718;'),('1afe26ba50952603ca1c708686b378bf585046f3','54.38.214.107',1674997720,_binary '__ci_last_regenerate|i:1674997720;'),('d42361148f496593221e5ebd0470cd70391f9276','45.155.45.18',1674998301,_binary '__ci_last_regenerate|i:1674998301;user_id|s:1:\"4\";'),('f649e4127b89589721879261a6e2bf99d05da90a','54.38.214.107',1674997932,_binary '__ci_last_regenerate|i:1674997932;'),('7d9ecbfa3815d5fd26d1c8ec4d03457422774fce','45.155.45.18',1674998666,_binary '__ci_last_regenerate|i:1674998666;user_id|s:1:\"4\";'),('1496451f7461e6585f3c91a411cccbda07aff49e','54.38.214.107',1674998319,_binary '__ci_last_regenerate|i:1674998319;'),('40d5dec6ed131761298d601cb49c82b3fb09acd8','54.38.214.107',1674998321,_binary '__ci_last_regenerate|i:1674998321;'),('a1738ff75788fbbac5abfd5e7b6bde842f5853de','54.38.214.107',1674998341,_binary '__ci_last_regenerate|i:1674998341;'),('4c97dc90708b3d391c108d61349827d6e149eb24','45.155.45.18',1674999119,_binary '__ci_last_regenerate|i:1674999119;user_id|s:1:\"4\";'),('8b95b10e2543102d1a434743514975a9a268be35','45.155.45.18',1674999445,_binary '__ci_last_regenerate|i:1674999445;user_id|s:1:\"4\";'),('1cd49e21c1b439aeab31fa3c7bdecebb6a4b1d4d','45.155.45.18',1674999783,_binary '__ci_last_regenerate|i:1674999783;user_id|s:1:\"5\";'),('df27d65fdaeaeea8c89af9fe1168108e20d4d496','54.38.214.107',1674999361,_binary '__ci_last_regenerate|i:1674999361;'),('24a3fdc6cf4b31f3a105ef938b002b4aff4ad761','45.155.45.18',1674999778,_binary '__ci_last_regenerate|i:1674999778;user_id|s:1:\"4\";'),('342355ce0cde0c08fa0395c849a02b1c46461bb1','45.155.45.18',1675000233,_binary '__ci_last_regenerate|i:1675000233;user_id|s:1:\"4\";'),('6845457738339a4a3d73472596247d904a263fc6','45.155.45.18',1674999844,''),('9325aeb6c25229155568ffd1e970be814ac3c31d','45.155.45.18',1674999929,''),('97c8e165ddc82f6d3ae8f54bb113338400fb51be','45.155.45.18',1675000423,_binary '__ci_last_regenerate|i:1675000423;user_id|s:1:\"1\";'),('72269247ef5e13d29605267cc66f40f40283c700','45.155.45.18',1674999929,''),('982328eb1dd71dfa90acdd03b3e99b6397bb37c0','45.155.45.18',1675000545,_binary '__ci_last_regenerate|i:1675000545;user_id|s:1:\"4\";'),('74e691cc525f0bcd4b2bb6cb4a6bfc33e68f1ea6','45.155.45.18',1675001103,_binary '__ci_last_regenerate|i:1675001103;user_id|s:1:\"1\";'),('112e4bc2843a1c20a602f97bdc5af1439f394fa2','45.155.45.18',1675001010,_binary '__ci_last_regenerate|i:1675001010;user_id|s:1:\"4\";'),('1af3b473558ba4992cbb6ddbaa3b6c7f09bc16fe','45.155.45.18',1675005555,_binary '__ci_last_regenerate|i:1675001010;user_id|s:1:\"4\";'),('06268f44dba83facaf9448577fb6f0f040529c3c','45.155.45.18',1675001889,_binary '__ci_last_regenerate|i:1675001889;user_id|s:1:\"1\";'),('9fa4d6bfa4cc42054b8f0d345333a87dcff102cb','45.155.45.18',1675005589,_binary '__ci_last_regenerate|i:1675001889;user_id|s:1:\"1\";'),('b10e5be691e2f5f52decd7813fcc500ec9c9a5a7','45.155.45.18',1675155864,_binary '__ci_last_regenerate|i:1675154757;user_id|s:1:\"1\";'),('f7aa0e80184d153f77a7b881e6cc0e3456d1ef4b','172.98.73.104',1675169584,_binary '__ci_last_regenerate|i:1675169584;'),('b9fcdc8949a20086e2f66ee269d0615278a8eb22','172.98.73.104',1675169980,_binary '__ci_last_regenerate|i:1675169980;user_id|s:1:\"4\";'),('8f41b538844187ee5ee3da5f4b0ea20c374617cb','172.98.73.104',1675170326,_binary '__ci_last_regenerate|i:1675170326;user_id|s:1:\"4\";'),('d2906a4430d9877f7d1e0600d8dd91c624a6357a','172.98.73.104',1675170862,_binary '__ci_last_regenerate|i:1675170861;user_id|s:1:\"4\";'),('a16c554da195e4659cd075ce443a849027370243','172.98.73.104',1675173166,_binary '__ci_last_regenerate|i:1675170861;user_id|s:1:\"4\";'),('a46d59e1b257878d96d6b76cc27100217bd51212','196.247.57.146',1675325910,_binary '__ci_last_regenerate|i:1675325857;'),('0a9387d230798e99d4e972839a77513b661a0873','196.247.57.162',1675922025,_binary '__ci_last_regenerate|i:1675922025;'),('adb478cf008c3973768e3bb37eb110093ade5bc7','196.247.57.162',1675922326,_binary '__ci_last_regenerate|i:1675922326;user_id|s:1:\"2\";'),('e1f39117db15c07e73fb40148e76002dbb1aea1d','196.247.57.162',1675922852,_binary '__ci_last_regenerate|i:1675922326;user_id|s:1:\"2\";'),('ab3a26b1236749d153a30631f4ffcbdaa9aed2de','45.80.151.145',1676181618,_binary '__ci_last_regenerate|i:1676181618;'),('466832c9f7945c3e0b0dad9ad659e13e35e5d663','45.80.151.145',1676181933,_binary '__ci_last_regenerate|i:1676181933;user_id|s:1:\"2\";'),('207cdcd3070a7c8a8efa3194d27cc7c7fd95364b','45.80.151.145',1676183116,_binary '__ci_last_regenerate|i:1676183116;user_id|s:1:\"2\";'),('db9fd72bdd9ed8bff442bc403573c3d7b8fba095','45.80.151.145',1676183941,_binary '__ci_last_regenerate|i:1676183941;user_id|s:1:\"2\";'),('9c5ed381890d123faebd8dc79317d14312604c2e','54.38.214.107',1676183124,_binary '__ci_last_regenerate|i:1676183124;'),('dc49175e04a4b58e4e83e9efbdc69bdebbe332c3','54.38.214.107',1676183125,_binary '__ci_last_regenerate|i:1676183124;'),('be8136858ce132a59dd36377996421990cc9c4e4','54.38.214.107',1676183125,_binary '__ci_last_regenerate|i:1676183125;'),('f0e3a3b66065719204a9a0d118ed17caf0953718','54.38.214.107',1676183125,_binary '__ci_last_regenerate|i:1676183125;'),('5820fae95cfc5afbbfacfac1f5666f1294fc4aae','54.38.214.107',1676183126,_binary '__ci_last_regenerate|i:1676183125;'),('81a7d5896c859ebb66d4e44ddbb5a4b286da352f','54.38.214.107',1676183126,_binary '__ci_last_regenerate|i:1676183126;'),('1d7e268bce344874b7ea5e7e19f61bee93fa76dd','54.38.214.107',1676183126,_binary '__ci_last_regenerate|i:1676183126;'),('291de1335204823744b92e71b941679a7007f53f','45.80.151.145',1676184261,_binary '__ci_last_regenerate|i:1676184261;user_id|s:1:\"2\";'),('dac148e4a350e593bcdcd508a8b0c587d5ca593b','45.80.151.145',1676184600,_binary '__ci_last_regenerate|i:1676184600;user_id|s:1:\"2\";'),('ec77754ecda13a6ff4a941fe9eb40fe7c199da81','45.80.151.145',1676185131,_binary '__ci_last_regenerate|i:1676185131;user_id|s:1:\"2\";'),('47ab01eeb778ea6640c13a6b937bc7c7dc5c6f13','45.80.151.145',1676186770,_binary '__ci_last_regenerate|i:1676185131;user_id|s:1:\"2\";'),('68ea4a901161236d906e0ea90cfe34f344e79c67','172.98.73.32',1676186944,_binary '__ci_last_regenerate|i:1676186944;user_id|s:1:\"2\";'),('407969343e020c33049fef8f8956e5ce52893dfa','45.80.151.145',1676187454,_binary '__ci_last_regenerate|i:1676187454;'),('bdc1d394223960b19549001fa41a8e2a5ed1d50b','54.38.214.107',1676186879,_binary '__ci_last_regenerate|i:1676186878;'),('3ad32ff4ba8ef1ee647b5bf856addc48c68fbf71','54.38.214.107',1676186879,_binary '__ci_last_regenerate|i:1676186879;'),('1fea0cd2e07a7be4904a82d31f4c11aa61a445ee','54.38.214.107',1676186879,_binary '__ci_last_regenerate|i:1676186879;'),('4afea5af2c1342e10c9910b7cd3d2b877e7f8dfc','54.38.214.107',1676186880,_binary '__ci_last_regenerate|i:1676186880;'),('155d0dac08e475b3b421f28761156406916b31e2','54.38.214.107',1676186880,_binary '__ci_last_regenerate|i:1676186880;'),('0a9feb19ca068921b14c66bcbf78e613a7e524a0','54.38.214.107',1676186881,_binary '__ci_last_regenerate|i:1676186880;'),('ed3350779d4672e5901af11f4db0450e310087e9','54.38.214.107',1676186881,_binary '__ci_last_regenerate|i:1676186881;'),('898411efe0537564f34e757cb1a9f80353b82854','172.98.73.32',1676187414,_binary '__ci_last_regenerate|i:1676187414;user_id|s:1:\"2\";'),('0a9b0b0fe2cc35d202a7b805451eda56d8a55df5','54.38.214.107',1676187132,_binary '__ci_last_regenerate|i:1676187132;'),('e9807286921e4b2463261f3f7d2d04ca50e5f7cc','54.38.214.107',1676187133,_binary '__ci_last_regenerate|i:1676187132;'),('ee7db31fe000745af5dba24c2a17d704fd978e1c','54.38.214.107',1676187133,_binary '__ci_last_regenerate|i:1676187133;'),('b6444cfdc20d5782b64ab07ee311b411de02d023','54.38.214.107',1676187133,_binary '__ci_last_regenerate|i:1676187133;'),('4c1f6740bdec0989b15fa5ec645030b77eff5628','54.38.214.107',1676187134,_binary '__ci_last_regenerate|i:1676187133;'),('2c6b179a7c7f85b760c9e5e384ac2ee3690ed0ed','54.38.214.107',1676187134,_binary '__ci_last_regenerate|i:1676187134;'),('be9baec0a578e0f9c8a0313ab18e5177bf9ecb02','54.38.214.107',1676187135,_binary '__ci_last_regenerate|i:1676187134;'),('66a4ebccc8432b283254524af8f61e7f221bcde9','54.38.214.107',1676187246,_binary '__ci_last_regenerate|i:1676187246;'),('b85b5a32a895a88d6b6c9f944bb178a6af7e5b14','54.38.214.107',1676187246,_binary '__ci_last_regenerate|i:1676187246;'),('32bf996a1a97eae68eba73d293090f23876b8dc7','54.38.214.107',1676187247,_binary '__ci_last_regenerate|i:1676187246;'),('c37f269df53cd51826d03c759588b09d20aec2b7','54.38.214.107',1676187247,_binary '__ci_last_regenerate|i:1676187247;'),('704fe1c66a1719b8e9c045f5748d0708bbc66dcc','54.38.214.107',1676187248,_binary '__ci_last_regenerate|i:1676187247;'),('20feeba397d3aef6c663273b1daa00eb6e2bcd2b','54.38.214.107',1676187248,_binary '__ci_last_regenerate|i:1676187248;'),('0012e886e61a150a7f67763d16463653bcaae94d','54.38.214.107',1676187249,_binary '__ci_last_regenerate|i:1676187248;'),('6a24130e6d0617e81d256dd1b8a71db57302e1f3','172.98.73.32',1676188304,_binary '__ci_last_regenerate|i:1676187414;user_id|s:1:\"2\";'),('26634c45c5df92ff0414f8c57a7042f72d125aa1','45.80.151.145',1676187941,_binary '__ci_last_regenerate|i:1676187941;user_id|s:1:\"2\";'),('057286aec5bd01d46b9324a1ee53c2086924dffb','45.80.151.145',1676188777,_binary '__ci_last_regenerate|i:1676188777;user_id|s:1:\"2\";'),('8763aa34e393f5827c9fe7c3ed10f2a0564e60fd','54.38.214.107',1676188008,_binary '__ci_last_regenerate|i:1676188007;'),('17cf72ffd6bdca699cf8cc8b17e11b42982c3895','54.38.214.107',1676188008,_binary '__ci_last_regenerate|i:1676188008;'),('75170d7566771c70c5722a00c8f5fa2440bd75cb','54.38.214.107',1676188008,_binary '__ci_last_regenerate|i:1676188008;'),('ed1e9f09097fa58eb9d9481b7e18996c5e82f41f','54.38.214.107',1676188009,_binary '__ci_last_regenerate|i:1676188009;'),('f892698bf790d2f295c9e0077fa28d8aea07350b','54.38.214.107',1676188009,_binary '__ci_last_regenerate|i:1676188009;'),('090fc466eaae819d35445fe75f2e6d3cb05dbb63','54.38.214.107',1676188010,_binary '__ci_last_regenerate|i:1676188010;'),('cb328e80917ecd3d6abd7a1c795575e35982d187','54.38.214.107',1676188010,_binary '__ci_last_regenerate|i:1676188010;'),('7415477c14ef8e0de92457cb9e64f46e081f9571','45.80.151.145',1676197301,_binary '__ci_last_regenerate|i:1676188777;user_id|s:1:\"2\";'),('5659848b5d1315f7723c9d4ac516ea09b53954e3','45.80.151.145',1676202454,_binary '__ci_last_regenerate|i:1676202454;'),('405a5aae5b9dcc984d67cf5401dec43a22f0dda5','45.80.151.145',1676371579,_binary '__ci_last_regenerate|i:1676364239;user_id|s:1:\"2\";'),('e87dfb7f3124f5314f56ea4db31c4e03b7c8f0fe','54.38.214.107',1676364251,_binary '__ci_last_regenerate|i:1676364251;'),('f873af064e16e9fe6005cc17cab15fe1b2ef6185','54.38.214.107',1676364252,_binary '__ci_last_regenerate|i:1676364252;'),('dad61d656f849bdc46a08b27a4882da724406c48','54.38.214.107',1676364252,_binary '__ci_last_regenerate|i:1676364252;'),('e69d0702769c5306a141da37cb358785d2f231b3','54.38.214.107',1676364253,_binary '__ci_last_regenerate|i:1676364252;'),('61e817d34a0eb19fcc9550a22c3ab89377d1debb','54.38.214.107',1676364253,_binary '__ci_last_regenerate|i:1676364253;'),('2fa4263ec0df788a410f54b360f38830f69dedab','54.38.214.107',1676364254,_binary '__ci_last_regenerate|i:1676364253;'),('a972e0b55a074e8e4cbce2b3a004cd16020cc572','54.38.214.107',1676364254,_binary '__ci_last_regenerate|i:1676364254;'),('d1a0a6973dc8e808c26d6e047fa224acfbcd9fb1','178.128.83.105',1676364310,_binary '__ci_last_regenerate|i:1676364282;'),('3c5e761e1ea9ec4f8e2117bdd9861f6a915a73f7','45.80.151.145',1676379811,_binary '__ci_last_regenerate|i:1676379811;'),('6c85cad82561598ed5fe7a1c7ddb7a2999dc55b7','45.80.151.145',1676448336,_binary '__ci_last_regenerate|i:1676448336;'),('1cf0b923f2485f9efa3102e8a3100dc7cd51eeb0','45.80.151.145',1676449056,_binary '__ci_last_regenerate|i:1676449056;user_id|s:1:\"2\";'),('603ee304aad764ef75f0d9e8f3820be67e3370db','45.80.151.145',1676449394,_binary '__ci_last_regenerate|i:1676449394;user_id|s:1:\"2\";'),('ea1a7c2ff3a14188867e5023644ba63405692a0d','45.80.151.145',1676459716,_binary '__ci_last_regenerate|i:1676459716;user_id|s:1:\"2\";'),('b59b9c316c9762425222deffefada73253b02969','161.8.109.180',1676460131,_binary '__ci_last_regenerate|i:1676460131;user_id|s:1:\"2\";'),('9874df4f6b7645fd49f89269414452c650524716','54.38.214.107',1676459718,_binary '__ci_last_regenerate|i:1676459718;'),('a07b39253bfd24165298d6ee82b906dbae4ec57d','54.38.214.107',1676459718,_binary '__ci_last_regenerate|i:1676459718;'),('66702bbdf4c20880e928f4c86fb78b970a9efca9','54.38.214.107',1676459719,_binary '__ci_last_regenerate|i:1676459719;'),('6aa2287a31bfca524a8cbee2945deea2f2aedc55','54.38.214.107',1676459719,_binary '__ci_last_regenerate|i:1676459719;'),('289918ddcfc82eb552b73740e6200821a3929971','54.38.214.107',1676459720,_binary '__ci_last_regenerate|i:1676459719;'),('9babe6709515f30bdb8afe57ada88440a6fd6c9e','54.38.214.107',1676459720,_binary '__ci_last_regenerate|i:1676459720;'),('f7094ec66bff74f5265598bc14ca32dec23e61b3','54.38.214.107',1676459721,_binary '__ci_last_regenerate|i:1676459720;'),('57192f01759711a4c4a461383b0048ecdafdc232','161.8.109.180',1676463686,_binary '__ci_last_regenerate|i:1676463686;user_id|s:1:\"2\";'),('a4a74541334fdc121595067a0485b1ad629c2f27','161.8.109.180',1676463999,_binary '__ci_last_regenerate|i:1676463999;user_id|s:1:\"2\";'),('c717fc6247e8e81fdf291bf3dce3cba466f798d2','161.8.109.180',1676464363,_binary '__ci_last_regenerate|i:1676464363;user_id|s:1:\"2\";'),('fde73fcc65c8fce07b0e577c44ccd3423253b8bb','54.38.214.107',1676464005,_binary '__ci_last_regenerate|i:1676464005;'),('762cdb02bf9e30e9a839cb3d5d3704406f129ce6','54.38.214.107',1676464005,_binary '__ci_last_regenerate|i:1676464005;'),('7a4c0578143ff07cc96435d9a9c543a9df6427f1','54.38.214.107',1676464006,_binary '__ci_last_regenerate|i:1676464006;'),('6378738071dd378b705cc971ca6f6e023b1cf3ed','54.38.214.107',1676464006,_binary '__ci_last_regenerate|i:1676464006;'),('2c02c377ff5ba0683413c4ad7afa73d2702d6429','54.38.214.107',1676464007,_binary '__ci_last_regenerate|i:1676464006;'),('7b4d206fd0c8ca2b532f373cc491ddbd17929d97','54.38.214.107',1676464007,_binary '__ci_last_regenerate|i:1676464007;'),('3f35b8e3ecc39df45f53eb6643a8eecffb7e15f5','54.38.214.107',1676464008,_binary '__ci_last_regenerate|i:1676464007;'),('0539beb9852da2fb048b3bec60aa0a5feb8d197d','161.8.109.180',1676465282,_binary '__ci_last_regenerate|i:1676465282;user_id|s:1:\"2\";'),('271db832d8ef8445002e31869e2b415284daf17c','45.80.151.145',1676471388,_binary '__ci_last_regenerate|i:1676465282;user_id|s:1:\"2\";'),('dc2e7995ba9f5d1711a7527d197bcac409ea2c54','161.8.109.180',1676469434,_binary '__ci_last_regenerate|i:1676465953;user_id|s:1:\"2\";'),('7430e37b1f437db89a37015ee3302ce78c0ea64d','161.8.109.180',1676526649,''),('765a827f42a480f1ee6656eaeda6deac92de1b0d','161.8.109.180',1676526649,''),('bb1a31aa4d40450ed89796f6a6201f72bfdc1311','161.8.109.180',1676526649,''),('9c95e5dfe699e1a61f2612032e96c6b92b61469d','161.8.109.180',1676526649,''),('90e3e0b1b4019f9f3d5a5eb737597c61465029e2','161.8.109.180',1676528158,_binary '__ci_last_regenerate|i:1676528158;'),('e5906e866b2fb9802c3b488205a2e1a4cdfb016f','161.8.109.180',1676526649,''),('11c22c9ce5e688cbcc1ed5ca58058534934d60a4','161.8.109.180',1676527579,_binary '__ci_last_regenerate|i:1676527578;'),('3f716bbb3e8341ca24f284c8df61fd6951ff40cb','161.8.109.180',1676529332,_binary '__ci_last_regenerate|i:1676529332;user_id|s:1:\"2\";'),('152d72e7c9da4277d2bed61b50b92b969c219efa','45.80.151.145',1676530140,_binary '__ci_last_regenerate|i:1676530140;user_id|s:1:\"2\";'),('e45ac431d91d04f83bb52642d021384d415d5d4f','45.80.151.145',1676530552,_binary '__ci_last_regenerate|i:1676530552;user_id|s:1:\"2\";'),('42b8b3b3a1c0234266d8f5088f8933945df3ad5e','45.80.151.145',1676531147,_binary '__ci_last_regenerate|i:1676531147;user_id|s:1:\"2\";'),('69f5b74a576e47428584de143ee2ca610deea5f2','45.80.151.145',1676531523,_binary '__ci_last_regenerate|i:1676531523;user_id|s:1:\"2\";'),('03f3ebd030a53a4626379c2be6c874ab8d98af47','54.38.214.107',1676531291,_binary '__ci_last_regenerate|i:1676531291;'),('ca82573b52b8e411970d39b44b7b51385bfa1d3f','45.80.151.145',1676532431,_binary '__ci_last_regenerate|i:1676532431;user_id|s:1:\"2\";'),('ff3d7f18ffc5b95888f36074047da900795e75fa','54.38.214.107',1676531670,_binary '__ci_last_regenerate|i:1676531670;'),('bd5b63f096150f7b52a01f544518d99917f98306','54.38.214.107',1676531722,_binary '__ci_last_regenerate|i:1676531722;'),('ee2a73bc64b025f9ea6b7a52ebea8734effcafec','54.38.214.107',1676531917,_binary '__ci_last_regenerate|i:1676531916;'),('16f9e8c817bae1f7731b5b94b78026ddc1083b1f','45.80.151.145',1676531926,_binary '__ci_last_regenerate|i:1676531926;user_id|s:1:\"2\";'),('7e17753a2feafdc00666e226cd47850592e2dfb6','45.80.151.145',1676541528,_binary '__ci_last_regenerate|i:1676541528;user_id|s:1:\"2\";'),('569b9cad4086566ea427190156786753c1a629a4','161.8.109.180',1676535878,''),('a2c6d252f626a3f1eebc404649b72d4eaee7c58c','45.80.151.145',1676541841,_binary '__ci_last_regenerate|i:1676541841;user_id|s:1:\"2\";'),('0af6c98d6e619178d13fa71f591fc7f11d4df85f','45.80.151.145',1676543138,_binary '__ci_last_regenerate|i:1676543138;user_id|s:1:\"2\";'),('f135a0fdd89ad9b275400e008048dd4d0f739ca2','45.80.151.145',1676542186,_binary '__ci_last_regenerate|i:1676542186;user_id|s:1:\"2\";'),('6e8baee5ed6620d45ede4e58502005a677d17796','45.80.151.145',1676548170,_binary '__ci_last_regenerate|i:1676548170;user_id|s:1:\"2\";'),('685c36fcead8b60d438656e6f5d3413ec3c7e4e7','54.38.214.107',1676543140,_binary '__ci_last_regenerate|i:1676543140;'),('76a78682364a1a4a5b5cc93397e50690771a9d78','54.38.214.107',1676543141,_binary '__ci_last_regenerate|i:1676543141;'),('be3c6f222e517e0421035c64e42b52adcff2865a','54.38.214.107',1676543141,_binary '__ci_last_regenerate|i:1676543141;'),('7adcc4a2bf450b04915836bb3e737425a14441e1','54.38.214.107',1676543142,_binary '__ci_last_regenerate|i:1676543141;'),('56822ca052607bbdcdb4b02c4df704e2a5cc9e3f','54.38.214.107',1676543142,_binary '__ci_last_regenerate|i:1676543142;'),('2fc165053ce6c604bdf245ee606129e2f64228f9','54.38.214.107',1676543143,_binary '__ci_last_regenerate|i:1676543142;'),('b93680340a197061bc3ccf1bcace4ea863a591dd','54.38.214.107',1676543143,_binary '__ci_last_regenerate|i:1676543143;'),('2b53db6c2f9465b083739a8de5f9c58a62474347','45.80.151.145',1676556759,_binary '__ci_last_regenerate|i:1676548170;user_id|s:1:\"2\";'),('4dbac7dcd606636d5fb052ce5b703e942b360843','161.8.109.180',1676876900,_binary '__ci_last_regenerate|i:1676876900;user_id|s:1:\"2\";'),('dfdfb883b3837d469c727f922142d3330c92c39c','54.38.214.107',1676875684,_binary '__ci_last_regenerate|i:1676875684;'),('5fab7c0249a95778131b7d7f3ce40e73c2f27e46','54.38.214.107',1676875685,_binary '__ci_last_regenerate|i:1676875684;'),('d2a357d88f3fcfa4dab9a61a07fdfbfd0c6f3af0','54.38.214.107',1676875685,_binary '__ci_last_regenerate|i:1676875685;'),('68e3a12609b1e60ec643567ac9a598525eb915cc','54.38.214.107',1676875685,_binary '__ci_last_regenerate|i:1676875685;'),('6a6610a0fc05a5393758117e40e9692d47bfc481','54.38.214.107',1676875685,_binary '__ci_last_regenerate|i:1676875685;'),('5504f5b04fc9dcc9e0d90a9b9bad841338213575','54.38.214.107',1676875685,_binary '__ci_last_regenerate|i:1676875685;'),('9e1c18c06de1da869e04789acb1420eccfd2c4fb','54.38.214.107',1676875686,_binary '__ci_last_regenerate|i:1676875685;'),('58ea7d0c3d186caf628ff3fbd863c13c3684ea43','45.80.151.145',1676881740,_binary '__ci_last_regenerate|i:1676881740;user_id|s:1:\"2\";'),('c96be78f9e45a105d47439184c83401dd53c92b2','45.80.151.145',1676895491,_binary '__ci_last_regenerate|i:1676895491;user_id|s:1:\"2\";'),('7646819659867a037135dbc078c64fa1ffd9c7af','45.80.151.145',1676895978,_binary '__ci_last_regenerate|i:1676895978;user_id|s:1:\"2\";'),('cf07fbcb9449eaf244f14b7894266d567fc5f99e','45.80.151.145',1676896468,_binary '__ci_last_regenerate|i:1676896468;user_id|s:1:\"2\";'),('23771abdaf713295dac2d06e1106b9edb809d5b6','45.80.151.145',1676897788,_binary '__ci_last_regenerate|i:1676897788;user_id|s:1:\"2\";'),('a7bca4ddb2581980d065ef5c5fff66fda3a78d04','45.80.151.145',1676898937,_binary '__ci_last_regenerate|i:1676898937;user_id|s:1:\"2\";'),('a01f453c3a64b8db0f8706166c568b7a58c38556','45.80.151.145',1676899392,_binary '__ci_last_regenerate|i:1676899392;user_id|s:1:\"2\";'),('0a78062e61bab08dfd713a9fffa607cc84374353','45.80.151.145',1676899842,_binary '__ci_last_regenerate|i:1676899842;user_id|s:1:\"2\";'),('8de9b160c1a1400160a76feee8d17a6d43bade43','45.80.151.145',1676900331,_binary '__ci_last_regenerate|i:1676900331;user_id|s:1:\"2\";'),('4dc670175cce7910928fc6b91ea6cfa6cf8ad972','45.80.151.145',1676901059,_binary '__ci_last_regenerate|i:1676901059;user_id|s:1:\"2\";'),('22d87e47a9c8e1403a478d9789a857b10f68fb77','45.80.151.145',1676901472,_binary '__ci_last_regenerate|i:1676901472;user_id|s:1:\"2\";'),('df53ec539dafb03305a753c7c4675b2de8e4b5e4','45.80.151.145',1676902470,_binary '__ci_last_regenerate|i:1676902470;user_id|s:1:\"2\";'),('43a75dedba8b2a6109bc8f68f73ff0fe7fae9f27','45.80.151.145',1676902838,_binary '__ci_last_regenerate|i:1676902470;user_id|s:1:\"2\";'),('945b8797c298bdf8a32ebfd115118880c39278fc','161.8.109.180',1676957615,''),('627dec3b9cfad65e981b65a96ccea73777879a6f','161.8.109.180',1676958466,_binary '__ci_last_regenerate|i:1676958466;user_id|s:1:\"2\";'),('bfa4fc3df3a9ec9b1b65c23eeb90bfd2b4e42d02','161.8.109.180',1676959115,_binary '__ci_last_regenerate|i:1676959115;user_id|s:1:\"2\";'),('f346fce624879ff09c5c2e3c88272ae8ee2d9acb','161.8.109.180',1676959660,_binary '__ci_last_regenerate|i:1676959660;user_id|s:1:\"2\";'),('699a5e4f974d9f8dcde956586557a51e4723d4d5','161.8.109.180',1676959971,_binary '__ci_last_regenerate|i:1676959971;user_id|s:1:\"2\";'),('985c5909b6b8f43c3156affe7b87916433c26092','161.8.109.180',1676960329,_binary '__ci_last_regenerate|i:1676960329;user_id|s:1:\"2\";'),('ec2b6203c17a0b0826001c890bde641256156112','161.8.109.180',1676960635,_binary '__ci_last_regenerate|i:1676960635;user_id|s:1:\"2\";'),('aa1de955b5cdbd1eadbe332c53deeccad1439121','161.8.109.180',1676961395,_binary '__ci_last_regenerate|i:1676961186;user_id|s:1:\"2\";'),('8367001956ae463f086ca0e28c600b37a1c00bfb','161.8.109.180',1676961186,_binary '__ci_last_regenerate|i:1676961186;user_id|s:1:\"2\";'),('f61508d00da1edc40079fde441c74e73aacd134c','161.8.109.180',1676963696,_binary '__ci_last_regenerate|i:1676963696;user_id|s:1:\"2\";'),('e24851a4c5de43f30cc2aaf1b04b4b4f8c3cb7ab','54.38.214.107',1676963149,_binary '__ci_last_regenerate|i:1676963149;'),('0d531fd9ee7c40d1edfff72762435a66d976235e','54.38.214.107',1676963237,_binary '__ci_last_regenerate|i:1676963237;'),('21810a2934f688b97350c241fc89f678c74752b5','54.38.214.107',1676963237,_binary '__ci_last_regenerate|i:1676963237;'),('b46e088d6034788ecdfcddc1c72b590bad5c5bee','54.38.214.107',1676963237,_binary '__ci_last_regenerate|i:1676963237;'),('91974778e2b791dfeeafe0513c12595b1f577ba1','54.38.214.107',1676963237,_binary '__ci_last_regenerate|i:1676963237;'),('14787f01093409dfa2c01ae8207d7e0926ca601c','54.38.214.107',1676963238,_binary '__ci_last_regenerate|i:1676963238;'),('4bab579cedce3b15087a54f4f8de0c6dd8ff938c','54.38.214.107',1676963238,_binary '__ci_last_regenerate|i:1676963238;'),('c0839cbc96b7a2e705dc64f11981e5ca504f8436','54.38.214.107',1676963238,_binary '__ci_last_regenerate|i:1676963238;'),('5b783fd47c68273f194cc63eb1751ecdb26fa22f','54.38.214.107',1676963246,_binary '__ci_last_regenerate|i:1676963246;'),('8e79a933090ba09af6e5c89e59697eb424917071','54.38.214.107',1676963246,_binary '__ci_last_regenerate|i:1676963246;'),('30c723a9dfa7a75ed4856e70814bccc37d024466','54.38.214.107',1676963247,_binary '__ci_last_regenerate|i:1676963247;'),('a72d837c7dacb4c0c264a407cc1d093332e4d299','54.38.214.107',1676963247,_binary '__ci_last_regenerate|i:1676963247;'),('9377c6107395b6b3daa3350ee4fab2cbf79aea06','54.38.214.107',1676963247,_binary '__ci_last_regenerate|i:1676963247;'),('9dbc855042f9493c41eb1608740b0266f77ff054','54.38.214.107',1676963248,_binary '__ci_last_regenerate|i:1676963247;'),('71f29bd366b0b4bdaa4c40395e713a09f82abd19','54.38.214.107',1676963248,_binary '__ci_last_regenerate|i:1676963248;'),('fe2a3bea74874725b58d91a9675c57176fbc64c1','161.8.109.180',1676964264,_binary '__ci_last_regenerate|i:1676964264;user_id|s:1:\"2\";'),('18a4b865ca675853f019ad364eb3b49dc9c07323','161.8.109.180',1676965142,_binary '__ci_last_regenerate|i:1676964264;user_id|s:1:\"2\";'),('dfcc947bca3cd7ec8b91b6f8f9de148bc09e6cc7','161.8.109.180',1676976986,_binary '__ci_last_regenerate|i:1676976986;user_id|s:1:\"2\";'),('17c4ea09629dedf6bbab27fea5b447560445e6e8','54.38.214.107',1676976323,_binary '__ci_last_regenerate|i:1676976321;'),('f3c912392eb2afb434307da186b5aa9a82c93476','54.38.214.107',1676976324,_binary '__ci_last_regenerate|i:1676976324;'),('bb83c37c0180953012ce9dc51e38f3e6315e295a','54.38.214.107',1676976324,_binary '__ci_last_regenerate|i:1676976320;'),('71504c93244c6484af10545e408b59284121abe9','54.38.214.107',1676976324,_binary '__ci_last_regenerate|i:1676976322;'),('2ac77809edf00ec8ca9310e117625d941d92297a','54.38.214.107',1676976326,_binary '__ci_last_regenerate|i:1676976323;'),('2554aefa31c63e401aff952eedf744ab1cb04f96','54.38.214.107',1676976326,_binary '__ci_last_regenerate|i:1676976324;'),('f1b7a144ce36a0cfe8e0241cdded06f1399964bd','54.38.214.107',1676976327,_binary '__ci_last_regenerate|i:1676976319;'),('135910b3705a7aaf67a0c252886f1b2f9fbdd167','54.38.214.107',1676976334,_binary '__ci_last_regenerate|i:1676976325;'),('814431d0e3951c08eea48751b6b9bbc25af0f9e8','161.8.109.180',1676980142,_binary '__ci_last_regenerate|i:1676980142;user_id|s:1:\"2\";'),('0e2b24afa7b4079b153c146ab3238696261be681','161.8.109.180',1676982079,_binary '__ci_last_regenerate|i:1676982079;user_id|s:1:\"2\";'),('f6e1779dbf9e1a0e465816117bca96cc54a20acc','161.8.109.180',1676982973,_binary '__ci_last_regenerate|i:1676980142;user_id|s:1:\"2\";'),('d8106f264a49a57dc4c02dcdba73610c8bf989e5','161.8.109.180',1676987762,_binary '__ci_last_regenerate|i:1676982079;user_id|s:1:\"2\";'),('2c8004fc30df84316d8da7599e9bd2c3eb17a890','145.255.105.22',1677564271,_binary '__ci_last_regenerate|i:1677564271;user_id|s:1:\"1\";'),('cb10cf5fe2c89b901e9eb98b892e795411f4e256','54.38.214.107',1677563900,_binary '__ci_last_regenerate|i:1677563900;'),('5d40e78ecaf858937214b869196e24c94ec65adc','54.38.214.107',1677563900,_binary '__ci_last_regenerate|i:1677563900;'),('aff6741a6e9b79d1a7898f6d1f935e7e212f10ba','54.38.214.107',1677563900,_binary '__ci_last_regenerate|i:1677563900;'),('c2c70dc521037442efb5451cecbe6f513715c750','54.38.214.107',1677563900,_binary '__ci_last_regenerate|i:1677563900;'),('8ebd105c01663b2f77a29b216d74ead2bebaf842','54.38.214.107',1677563901,_binary '__ci_last_regenerate|i:1677563901;'),('d6b70768ac4c13a04f00de54a3562883e87225b5','54.38.214.107',1677563901,_binary '__ci_last_regenerate|i:1677563901;'),('db23e893af9aa686695d62271096aeab022bf8ee','54.38.214.107',1677563901,_binary '__ci_last_regenerate|i:1677563901;'),('1ece0d82a9cf9df86233a492c7d7e5cd5cb88595','54.38.214.107',1677563901,_binary '__ci_last_regenerate|i:1677563901;'),('0933c5879f76d532b92ed7d5075dec78614bf7c9','145.255.105.22',1677564636,_binary '__ci_last_regenerate|i:1677564636;user_id|s:1:\"1\";'),('504e90490ed344a62fbf0834ad24603fc515f472','145.255.105.22',1677565770,_binary '__ci_last_regenerate|i:1677565770;user_id|s:1:\"1\";'),('757baa0ec9092dcb3e6550aedd99b502fb3ad9b6','145.255.105.22',1677566143,_binary '__ci_last_regenerate|i:1677566143;user_id|s:1:\"1\";'),('9567d12af23404ec2888bb38e80a6ef504615b96','145.255.105.22',1677566399,_binary '__ci_last_regenerate|i:1677566399;'),('c3cc1255622df8643d4e211fb9e24ba2869cc9f7','145.255.105.22',1677566943,_binary '__ci_last_regenerate|i:1677566943;user_id|s:1:\"1\";'),('1ba79963c85bf7641caa1323c9e3a904b251cdf7','145.255.105.22',1677567015,_binary '__ci_last_regenerate|i:1677567015;user_id|s:1:\"5\";'),('f9682823ddaf5fd5e9e16added1bd449d0b5503b','145.255.105.22',1677573637,_binary '__ci_last_regenerate|i:1677566943;user_id|s:1:\"1\";'),('da02193303f8a4eceeae04e1402600eeba8b7ff0','54.38.214.107',1677566946,_binary '__ci_last_regenerate|i:1677566944;'),('5ca0209a3f62f88c667e3a02d2f52b2382cd4639','54.38.214.107',1677566947,_binary '__ci_last_regenerate|i:1677566945;'),('9791b4cb79d4208d36ef5a529fff49bbc443dffb','54.38.214.107',1677566948,_binary '__ci_last_regenerate|i:1677566946;'),('d1a507cb4ae20d36c5a31340330b3a48179e0a7b','54.38.214.107',1677566949,_binary '__ci_last_regenerate|i:1677566947;'),('65abe6c3a328e2f729d905bc01b1be84dc9b5d52','54.38.214.107',1677566950,_binary '__ci_last_regenerate|i:1677566948;'),('fba80c70cd1093f364125d102725b2f258971f64','54.38.214.107',1677566951,_binary '__ci_last_regenerate|i:1677566949;'),('138530a2bd1550b80934e86b90bc22ae1c8363e6','54.38.214.107',1677566952,_binary '__ci_last_regenerate|i:1677566950;'),('cb7d7e8ce797a089c5241d31cbd81675cdfbbb99','54.38.214.107',1677566953,_binary '__ci_last_regenerate|i:1677566951;'),('ba5ec69b759c4dc184d6cfa9894830a893b6e928','145.255.105.22',1677567335,_binary '__ci_last_regenerate|i:1677567335;user_id|s:1:\"5\";'),('b7e825e60dbc294e8f37ae22a8181557239fd919','54.38.214.107',1677567290,_binary '__ci_last_regenerate|i:1677567290;'),('35d70a200be9e3ec8c68cc2b902298622204981d','54.38.214.107',1677567295,_binary '__ci_last_regenerate|i:1677567295;'),('33cdbab8910d4373fc26e1c1e0215997c1881624','145.255.105.22',1677568156,_binary '__ci_last_regenerate|i:1677568156;user_id|s:1:\"5\";'),('3bf0c48f5fa927653646e20d2962b5ca3ade556a','145.255.105.22',1677568581,_binary '__ci_last_regenerate|i:1677568581;user_id|s:1:\"5\";'),('5a76a9d557d62635f82f346192a4c3306ab8b2b6','145.255.105.22',1677571221,_binary '__ci_last_regenerate|i:1677568581;user_id|s:1:\"5\";'),('3c566a44c934483d7e02928952d42ef260365cc3','5.162.128.207',1677645859,_binary '__ci_last_regenerate|i:1677645859;'),('009af0f117e66f070453406a15137bfdba31c491','5.162.128.207',1677653696,_binary '__ci_last_regenerate|i:1677653696;'),('c81e5ef8a185ba1db693c97ede1f40bd3325d9b0','5.162.128.207',1677665578,_binary '__ci_last_regenerate|i:1677661967;user_id|s:1:\"5\";'),('abf6a8faf1a75bf8a0161fa93d25273aab9afa9b','161.8.109.180',1677668326,_binary '__ci_last_regenerate|i:1677668326;user_id|s:1:\"2\";'),('658974b7c3eb5a80fa995f310c6ae578ad30bcfc','54.38.214.107',1677668155,_binary '__ci_last_regenerate|i:1677668155;'),('eaa537d089f91b90b651c3ae2da541c27b01aac8','54.38.214.107',1677668155,_binary '__ci_last_regenerate|i:1677668155;'),('21b29e95d5bf053e14bb0ed4d2207533b563765d','54.38.214.107',1677668155,_binary '__ci_last_regenerate|i:1677668155;'),('5a6485bdbf8a2d5f4757f6cb00548487ecbad9f6','54.38.214.107',1677668156,_binary '__ci_last_regenerate|i:1677668155;'),('801d7fc47924a88b6c378ec1ca7d947004fd6f51','54.38.214.107',1677668156,_binary '__ci_last_regenerate|i:1677668156;'),('2d97120df3160dae082d4bbee23eb5889ef1cb22','54.38.214.107',1677668156,_binary '__ci_last_regenerate|i:1677668156;'),('562041c57f2e969b6fd414575a76c75d2c9cda28','54.38.214.107',1677668156,_binary '__ci_last_regenerate|i:1677668156;'),('19d509b3cebbb55a5b74bbe76567a02e085b2e05','54.38.214.107',1677668157,_binary '__ci_last_regenerate|i:1677668156;'),('9866d2a4b37968ead14528f9c13f7f6dd3ef798c','161.8.109.180',1677668687,_binary '__ci_last_regenerate|i:1677668687;user_id|s:1:\"2\";'),('5252e7d1caf0d792a906008b8d0da06d92654200','54.38.214.107',1677668420,_binary '__ci_last_regenerate|i:1677668420;'),('32c27ed62444c89c9ec1435aaa2f1317cb05adee','54.38.214.107',1677668685,_binary '__ci_last_regenerate|i:1677668685;'),('b7f31238eb8fc25e18ab8ef02b63b11d06433748','54.38.214.107',1677668686,_binary '__ci_last_regenerate|i:1677668686;'),('e8a83379c47bf257807cfd2bb336d8eb319542e1','54.38.214.107',1677668686,_binary '__ci_last_regenerate|i:1677668686;'),('0714c5a9d705847ef8c37a838feb3fdbe34aba03','54.38.214.107',1677668686,_binary '__ci_last_regenerate|i:1677668686;'),('7c0fd7b8b88eef43e60972c89497481cf7fb8808','54.38.214.107',1677668686,_binary '__ci_last_regenerate|i:1677668686;'),('231f3ae488e741a689827f05c232efe5eaa8af64','54.38.214.107',1677668687,_binary '__ci_last_regenerate|i:1677668687;'),('87c2a7f38c1c9566585983182e9bb2288cad91aa','54.38.214.107',1677668687,_binary '__ci_last_regenerate|i:1677668687;'),('7cb0c41efae80cbddfb418989671fd4ee531bdad','54.38.214.107',1677668687,_binary '__ci_last_regenerate|i:1677668687;'),('ad619877491026179955187ff2d74765a9cb1f5d','161.8.109.180',1677669020,_binary '__ci_last_regenerate|i:1677669020;user_id|s:1:\"2\";'),('4ba54dc60c6b836eb7a33c0625be1ee503ca8816','54.38.214.107',1677668717,_binary '__ci_last_regenerate|i:1677668717;'),('3f581edb73d4ff896fce0075a89e5f47bffca310','54.38.214.107',1677668717,_binary '__ci_last_regenerate|i:1677668717;'),('0ed27fb5978b2595e4bbf2a5bef68791dfc9bee5','54.38.214.107',1677668718,_binary '__ci_last_regenerate|i:1677668717;'),('d9bfaf5a82127b6c82ab4e5542d3a12fca6b98f2','54.38.214.107',1677668718,_binary '__ci_last_regenerate|i:1677668718;'),('118cf1de20f3150ba3b815d072013fd63d1711f0','54.38.214.107',1677668718,_binary '__ci_last_regenerate|i:1677668718;'),('43126879707f50b0b41de1f75a21911cd05bb5a2','54.38.214.107',1677668718,_binary '__ci_last_regenerate|i:1677668718;'),('2807a32a85f8383601f8a810631c6f498c042523','54.38.214.107',1677668718,_binary '__ci_last_regenerate|i:1677668718;'),('83f206a30423804599d184920b1d97dc1a9e4063','54.38.214.107',1677668719,_binary '__ci_last_regenerate|i:1677668719;'),('034f7f30e1f38dbcde0fa6740a8b0eaf75e151f9','54.38.214.107',1677668793,_binary '__ci_last_regenerate|i:1677668793;'),('88313126f1dca016fe8d5f3c2d68b42679f1f7b0','54.38.214.107',1677668893,_binary '__ci_last_regenerate|i:1677668893;'),('f5fafb0d59be894c8c8267dbf6ad245834fd87f4','54.38.214.107',1677668893,_binary '__ci_last_regenerate|i:1677668893;'),('e59057a11919da25a0f8969cd74fe8a89d1ca188','54.38.214.107',1677668893,_binary '__ci_last_regenerate|i:1677668893;'),('ece248e4a0e6cb479deae92b99179598b252eb83','54.38.214.107',1677668894,_binary '__ci_last_regenerate|i:1677668893;'),('75aae3be620d1fbdbfe23e23031ca9f00909bd77','54.38.214.107',1677668894,_binary '__ci_last_regenerate|i:1677668894;'),('c1423dcfe58bacc6761d27d45794a5484bd3f1b1','54.38.214.107',1677668894,_binary '__ci_last_regenerate|i:1677668894;'),('53d9becd7843c9e44746f55747617d4ce0f75ce8','54.38.214.107',1677668894,_binary '__ci_last_regenerate|i:1677668894;'),('69491eb2f969522405d5568e5e9e863da9c95aa8','54.38.214.107',1677668895,_binary '__ci_last_regenerate|i:1677668894;'),('adb0356c51dba6e3d5302b389c4cb32d8c38b9ab','54.38.214.107',1677668895,_binary '__ci_last_regenerate|i:1677668895;'),('75befaa6552e80b5cc3fba3488ff17ee14c7b75f','161.8.109.180',1677670003,_binary '__ci_last_regenerate|i:1677670003;user_id|s:1:\"2\";'),('99b69bb6eaf8dfae0e9ac5811bc4eae3afcc7c40','54.38.214.107',1677669051,_binary '__ci_last_regenerate|i:1677669051;'),('ff348679e235b4619aa65304378efa2f093726b6','54.38.214.107',1677669051,_binary '__ci_last_regenerate|i:1677669051;'),('9b63a0c1ed3e03812c8d20432f4ef1126671d3d9','54.38.214.107',1677669051,_binary '__ci_last_regenerate|i:1677669051;'),('30e9844a0f82aa8e8f55173c7083d84ac3dd0fbd','54.38.214.107',1677669052,_binary '__ci_last_regenerate|i:1677669052;'),('ad2b355a3eb1c7b035b915c979eb47d70f1d2398','54.38.214.107',1677669052,_binary '__ci_last_regenerate|i:1677669052;'),('0b132ff84eabc2abae20ab2137435f801cb8440e','54.38.214.107',1677669052,_binary '__ci_last_regenerate|i:1677669052;'),('039d7105e022f89f3a51b5fc4a601e9ffe8641f0','54.38.214.107',1677669052,_binary '__ci_last_regenerate|i:1677669052;'),('53ef8bd26eb3915354b573373ac9424451395d1b','54.38.214.107',1677669053,_binary '__ci_last_regenerate|i:1677669052;'),('60d089ca603c9fe8d8ce7d7f766b0d4947ffc2fa','54.38.214.107',1677669053,_binary '__ci_last_regenerate|i:1677669053;'),('02f0ebf81853694704d04d3e0359770a69cae760','54.38.214.107',1677669098,_binary '__ci_last_regenerate|i:1677669097;'),('bc28927b2edf8688076b84c130362d043197f2d3','54.38.214.107',1677669098,_binary '__ci_last_regenerate|i:1677669098;'),('ff9516434b664325c4e66338ab26c524742a540c','54.38.214.107',1677669098,_binary '__ci_last_regenerate|i:1677669098;'),('4b85351eed188fc83544a873c207c97d30a8a52b','54.38.214.107',1677669098,_binary '__ci_last_regenerate|i:1677669098;'),('b1726b2b19830db5021be4fe04ad0641261d09d3','54.38.214.107',1677669099,_binary '__ci_last_regenerate|i:1677669098;'),('8cf6566cd6001405d7a3e14d5408ad65d8bfed4c','54.38.214.107',1677669099,_binary '__ci_last_regenerate|i:1677669099;'),('dfed4a99edf3e2adf9e9bdc6f2099c4b29bbebb9','54.38.214.107',1677669099,_binary '__ci_last_regenerate|i:1677669099;'),('a51b624f473fe9615f5358b1aff0aa4f6cc904ca','54.38.214.107',1677669099,_binary '__ci_last_regenerate|i:1677669099;'),('db39ee22bf9e7e1006f0422b12bf035ad0a5e1aa','54.38.214.107',1677669099,_binary '__ci_last_regenerate|i:1677669099;'),('3573daa5129ac6d2a3480f497d8c00c41540255d','161.8.109.180',1677670331,_binary '__ci_last_regenerate|i:1677670331;user_id|s:1:\"2\";'),('b235251998288c03d181013731c2f5a072759635','161.8.109.180',1677670638,_binary '__ci_last_regenerate|i:1677670638;user_id|s:1:\"2\";'),('89f3415cfcfa42f14500eafb736599522dde92da','54.38.214.107',1677670632,_binary '__ci_last_regenerate|i:1677670632;'),('2bed48b70563dce42293d8d1db7b22de6a3d0290','161.8.109.180',1677670983,_binary '__ci_last_regenerate|i:1677670983;user_id|s:1:\"2\";'),('3f18ca3441b57cb1569e42e935ed54d2b414e06c','54.38.214.107',1677670664,_binary '__ci_last_regenerate|i:1677670664;'),('1d16aaae85d9702452a3c187c6116b08eddaa5f2','54.38.214.107',1677670793,_binary '__ci_last_regenerate|i:1677670793;'),('f11f9b09cd1cc76fba7e0ffd2c01dee23c15f282','54.38.214.107',1677670793,_binary '__ci_last_regenerate|i:1677670793;'),('b2ac134eb8d6a512cbc64a2fe02598e0773796bf','54.38.214.107',1677670793,_binary '__ci_last_regenerate|i:1677670793;'),('255058b67522ace8c8aa49c89659e8c5ec997397','54.38.214.107',1677670794,_binary '__ci_last_regenerate|i:1677670793;'),('4de7a0f63ef56f0e0429c3f053db81725f307046','54.38.214.107',1677670794,_binary '__ci_last_regenerate|i:1677670794;'),('529bc1c20362088a12081a40ebcc78c47d13d5e6','54.38.214.107',1677670794,_binary '__ci_last_regenerate|i:1677670794;'),('82cbc44dc1c02158143e4cd06d5daec3f364ee06','54.38.214.107',1677670794,_binary '__ci_last_regenerate|i:1677670794;'),('c4b485bf3c63252a353ef56711383221f2143b95','54.38.214.107',1677670794,_binary '__ci_last_regenerate|i:1677670794;'),('0e182f09f72346871ac559eb4e270f68455018c5','54.38.214.107',1677670795,_binary '__ci_last_regenerate|i:1677670795;'),('9639378708a9f27cd72794afd3614e5c0eaed0b0','54.38.214.107',1677670826,_binary '__ci_last_regenerate|i:1677670826;'),('6ea5e8164024b21921574676d4671c2e4bd9c3f8','54.38.214.107',1677670826,_binary '__ci_last_regenerate|i:1677670826;'),('8979ca3fe945ef9821d4de982b0a5b7ed77f09f9','54.38.214.107',1677670827,_binary '__ci_last_regenerate|i:1677670827;'),('57b2e9fc54fe2a2d11dfd9e40ca47e48c99909aa','54.38.214.107',1677670827,_binary '__ci_last_regenerate|i:1677670827;'),('9e58d7d15c321534267b915c56f29ada09520629','54.38.214.107',1677670827,_binary '__ci_last_regenerate|i:1677670827;'),('d1ddd5c870885f23c76dc9bce75c8cc6dbae1511','54.38.214.107',1677670827,_binary '__ci_last_regenerate|i:1677670827;'),('e748e29f36921e0c24764d8fcad47e03bc5f856b','54.38.214.107',1677670828,_binary '__ci_last_regenerate|i:1677670827;'),('5192e077945a036d6e65fb532f0322510b9b69b4','54.38.214.107',1677670828,_binary '__ci_last_regenerate|i:1677670828;'),('4fdc3b6cfe1ed8a5081c609abe4bd29b436a568c','54.38.214.107',1677670828,_binary '__ci_last_regenerate|i:1677670828;'),('d500623d53af6c2f1551e649ae60826234c16902','54.38.214.107',1677670888,_binary '__ci_last_regenerate|i:1677670888;'),('0aedaf50ff93b0b242e8b5c67f7af70c2c0f9ff4','161.8.109.180',1677671329,_binary '__ci_last_regenerate|i:1677671329;user_id|s:1:\"2\";'),('e9721bf8ff8482644e59a7993d8e3107a26edbb6','54.38.214.107',1677670984,_binary '__ci_last_regenerate|i:1677670984;'),('45941536db60de94d26f3b8c0fc0b8337d382151','54.38.214.107',1677670984,_binary '__ci_last_regenerate|i:1677670984;'),('f52f84ea1cc6e21304f6c552b887aa42fae71226','54.38.214.107',1677670985,_binary '__ci_last_regenerate|i:1677670984;'),('e0f42c0b0a1a5c2bf9616a8a6776ea0026748f1b','54.38.214.107',1677670985,_binary '__ci_last_regenerate|i:1677670985;'),('a36a545c3d77c85d56830c8e0600158c68116dc4','54.38.214.107',1677670985,_binary '__ci_last_regenerate|i:1677670985;'),('a5cb6a8c4ae5eb157877f24f8ebee3bca031fc45','54.38.214.107',1677670985,_binary '__ci_last_regenerate|i:1677670985;'),('7d559cc6e4eaf7f73ab0c2f7aef194feec6505ec','54.38.214.107',1677670986,_binary '__ci_last_regenerate|i:1677670985;'),('6f97fe8f8ce77305cbbafaa58659a7efb8901652','54.38.214.107',1677670986,_binary '__ci_last_regenerate|i:1677670986;'),('743c786d8c87b90c3f596b591eb128a3a4e255a8','54.38.214.107',1677670986,_binary '__ci_last_regenerate|i:1677670986;'),('5d0560d6070229cd61c90d9ddf68ec314605055c','54.38.214.107',1677671053,_binary '__ci_last_regenerate|i:1677671053;'),('5722a572e800fe744ed7b5761aacd0864c495c29','54.38.214.107',1677671056,_binary '__ci_last_regenerate|i:1677671056;'),('dabcc5fbd38bb04816ce544960d1fd2da2384cc4','54.38.214.107',1677671058,_binary '__ci_last_regenerate|i:1677671058;'),('3fde480068b05d38dbd12e8bb0571be730dc3672','54.38.214.107',1677671061,_binary '__ci_last_regenerate|i:1677671060;'),('2c43836d80a2e9d4b5646a05d2d558de81711cb1','161.8.109.180',1677673508,_binary '__ci_last_regenerate|i:1677671329;user_id|s:1:\"2\";'),('491fa797865730fdcf904a4a994cd38585f3c4f0','145.255.105.121',1677997282,_binary '__ci_last_regenerate|i:1677997282;'),('85ce7caef8315e78875b30e53f9ab6b7cfd1dc79','145.255.105.121',1677997547,_binary '__ci_last_regenerate|i:1677997547;user_id|s:1:\"1\";'),('96bdd6dc0462316fba502f947e7d5cb663c7848c','145.255.105.121',1677998057,_binary '__ci_last_regenerate|i:1677998057;user_id|s:1:\"5\";'),('1c4796e92d421e4089d240aa77e993c65438fa20','54.38.214.107',1677997519,_binary '__ci_last_regenerate|i:1677997519;'),('ddb1f53eecc976180f83348e1ae20b3a0a607968','145.255.105.121',1677997849,_binary '__ci_last_regenerate|i:1677997849;user_id|s:1:\"1\";'),('1c55cb7289a56ffc4f24fad3cb5670a2265419fc','145.255.105.121',1677998675,_binary '__ci_last_regenerate|i:1677998675;user_id|s:1:\"1\";'),('0f86fa174ab2dfb426bb055eb24efc25192acab2','54.38.214.107',1677997970,_binary '__ci_last_regenerate|i:1677997970;'),('71e74af902f1e4c981da9cbe3ba40a9f851fd582','145.255.105.121',1677998691,_binary '__ci_last_regenerate|i:1677998689;user_id|s:1:\"5\";'),('b73b453c7d411f4730b79eec1dc5c087a02a4cb5','145.255.105.121',1677999414,_binary '__ci_last_regenerate|i:1677999414;user_id|s:1:\"1\";'),('e872e20602bad9940c10ff5c93d3fa4fac3a9594','145.255.105.121',1677999146,_binary '__ci_last_regenerate|i:1677999146;user_id|s:1:\"5\";'),('d329c90f70d0f7d69956b4c5c47fd06fae7732aa','145.255.105.121',1678005675,_binary '__ci_last_regenerate|i:1678005675;user_id|s:1:\"5\";'),('d8b9bec6bb58047e87122630dc35d3d90f9c601d','145.255.105.121',1678002180,_binary '__ci_last_regenerate|i:1678002180;user_id|s:1:\"1\";'),('2332ad98d6d6ba77699ce6b4b915a21a59e28fc2','145.255.105.121',1678005691,_binary '__ci_last_regenerate|i:1678005691;user_id|s:1:\"1\";'),('a4113d3d4b1f91cc753109a5577f97c8761c150e','145.255.105.121',1678009232,_binary '__ci_last_regenerate|i:1678009232;user_id|s:1:\"5\";'),('870ec1a9a593e22d3a2dc07d9e6a755293cc8d66','145.255.105.121',1678007631,_binary '__ci_last_regenerate|i:1678007631;user_id|s:1:\"1\";'),('9689a67ed8d93d6d6a78234f937296546071c725','54.38.214.107',1678005731,_binary '__ci_last_regenerate|i:1678005731;'),('9f4ab204a3123245fdad8e3298bd340dd74c6a85','54.38.214.107',1678005732,_binary '__ci_last_regenerate|i:1678005732;'),('22e5d39ceb0b7713595ab6d4943552b84be9d22f','54.38.214.107',1678005732,_binary '__ci_last_regenerate|i:1678005732;'),('2249aa0489fd85d951de28dd617d8b2931d1ea9b','54.38.214.107',1678005732,_binary '__ci_last_regenerate|i:1678005732;'),('b75baf887281c281692a822a97a92906502f9dfa','54.38.214.107',1678005732,_binary '__ci_last_regenerate|i:1678005732;'),('6cc47c63c7607683f5a424e5054167f06f4823aa','54.38.214.107',1678005733,_binary '__ci_last_regenerate|i:1678005732;'),('b8015ef61ee86597888c3d6be13840338dad4fe3','54.38.214.107',1678005733,_binary '__ci_last_regenerate|i:1678005733;'),('be93b152cd753bcfc02d73cde7dae33076438d6c','54.38.214.107',1678005733,_binary '__ci_last_regenerate|i:1678005733;'),('6e58fe41280a6f2961065c6c19b39f752ade7340','54.38.214.107',1678005733,_binary '__ci_last_regenerate|i:1678005733;'),('f4f222cff2ab058d964fb2eaa84398b3d0ef8e87','145.255.105.121',1678009240,_binary '__ci_last_regenerate|i:1678009240;user_id|s:1:\"1\";'),('bf808995bab497898922f29f10132898674c842d','145.255.105.121',1678009575,_binary '__ci_last_regenerate|i:1678009240;user_id|s:1:\"1\";'),('4f7c23d4db0246fe67d4970b4ccd7ba3a6689336','54.38.214.107',1678009380,_binary '__ci_last_regenerate|i:1678009380;'),('2c06140ea72a6cf1bed05d60b09d6b8319b8854b','54.38.214.107',1678009380,_binary '__ci_last_regenerate|i:1678009380;'),('2d2b5fef9dcecb7b68ac08403a94a5be9ee7a547','54.38.214.107',1678009380,_binary '__ci_last_regenerate|i:1678009380;'),('d386a48dba4dd0c28c8c398b4c180d1b4e0c49c6','54.38.214.107',1678009381,_binary '__ci_last_regenerate|i:1678009380;'),('d6e79c70bdd175e71c7d30910b89ba3feaae3492','54.38.214.107',1678009381,_binary '__ci_last_regenerate|i:1678009381;'),('8fd95f103759b916cd8f5310f3136bddfc014ddb','54.38.214.107',1678009381,_binary '__ci_last_regenerate|i:1678009381;'),('e6db45a69b786515a06b5b1b5be4e69059356303','54.38.214.107',1678009381,_binary '__ci_last_regenerate|i:1678009381;'),('d47e46ef54dd1c934bed43f982ddc6d4822ffa8a','54.38.214.107',1678009381,_binary '__ci_last_regenerate|i:1678009381;'),('254ab28fba4f6b37b05e02d92949b0d1c8f4f3e1','54.38.214.107',1678009382,_binary '__ci_last_regenerate|i:1678009382;'),('ee34c943f001ddaf8b67579f4183e2ef5e99bd23','145.255.105.121',1678012229,_binary '__ci_last_regenerate|i:1678012229;user_id|s:1:\"5\";'),('859b19e136a5d8facf858c6803fa0c72eb1fb93e','54.38.214.107',1678009399,_binary '__ci_last_regenerate|i:1678009398;'),('8015e97bfd97692798ccd5dc5be9a58151b5f256','54.38.214.107',1678009399,_binary '__ci_last_regenerate|i:1678009399;'),('0315614211653a783a8f491139a12d3af0c1069a','54.38.214.107',1678009399,_binary '__ci_last_regenerate|i:1678009399;'),('a19886947bc5c24e946e8b85b0fc96b8d1a98209','54.38.214.107',1678009399,_binary '__ci_last_regenerate|i:1678009399;'),('ccaf07421bd40c631e10973f9b86d8d306285edc','54.38.214.107',1678009399,_binary '__ci_last_regenerate|i:1678009399;'),('375df76d9bb3152791859341944bc0e9e759458d','54.38.214.107',1678009400,_binary '__ci_last_regenerate|i:1678009399;'),('c55e2635ad61374dae756698ed75d72fc1f476c4','54.38.214.107',1678009400,_binary '__ci_last_regenerate|i:1678009400;'),('bb669d4b37f5cd1f6bc3f0efccefa5ceb2a59f04','54.38.214.107',1678009400,_binary '__ci_last_regenerate|i:1678009400;'),('7bb197268f36667bd61979ceadc227b84cb75a10','54.38.214.107',1678009400,_binary '__ci_last_regenerate|i:1678009400;'),('c1d6541c2033a43c9fde06e610c7eec41b0cd0da','145.255.105.121',1678014394,_binary '__ci_last_regenerate|i:1678014394;user_id|s:1:\"5\";'),('d7b70407e75998c043f8cdf25b2ac7ce425fd4dc','145.255.105.121',1678014699,_binary '__ci_last_regenerate|i:1678014699;user_id|s:1:\"5\";'),('68b3d7db490d84ee13d8fa33968d3672a8432cbb','145.255.105.121',1678015039,_binary '__ci_last_regenerate|i:1678015039;user_id|s:1:\"5\";'),('6df690aad597aff73f1dfccbe3964e28c7187c35','145.255.105.121',1678015418,_binary '__ci_last_regenerate|i:1678015416;user_id|s:1:\"5\";'),('c2399b4f433836a5d41dc0db75faaaeded94a10c','54.38.214.107',1678015140,_binary '__ci_last_regenerate|i:1678015140;'),('ddb5e545f4dc82bece4809f003a45a3dd7c61e29','54.38.214.107',1678015140,_binary '__ci_last_regenerate|i:1678015140;'),('1ef0c9f7feb7c99a8f3ab54d80a94ab3f49403a2','54.38.214.107',1678015141,_binary '__ci_last_regenerate|i:1678015140;'),('55737edf352b765de2aa155244c7b0fe008a8c17','54.38.214.107',1678015141,_binary '__ci_last_regenerate|i:1678015141;'),('ae94e5e20cbc7e15a25901810a0ef2bb1f79135e','54.38.214.107',1678015141,_binary '__ci_last_regenerate|i:1678015141;'),('16d456b2bd4cf5637999ba89b9fee34259ff69fd','54.38.214.107',1678015141,_binary '__ci_last_regenerate|i:1678015141;'),('869d99ab37390ea14ba3831a0fe9604807460f48','54.38.214.107',1678015142,_binary '__ci_last_regenerate|i:1678015141;'),('9f6d6896fb4af8e2f5a64016980435f3a716da8e','54.38.214.107',1678015142,_binary '__ci_last_regenerate|i:1678015142;'),('df0db4b60404efb666c47bfdcc6d409277ad2d17','54.38.214.107',1678015142,_binary '__ci_last_regenerate|i:1678015142;'),('ede5bedc660cf09f52bbe62db8d8eae2dfc4e83e','54.38.214.107',1678015142,_binary '__ci_last_regenerate|i:1678015142;'),('82de394643d6bb5c4d88c278cb194cebaa6e1e89','145.255.105.121',1678015741,_binary '__ci_last_regenerate|i:1678015741;user_id|s:1:\"5\";'),('f4ce7263533d854005cfd440deb7720401bbb6f6','145.255.105.121',1678016047,_binary '__ci_last_regenerate|i:1678016047;user_id|s:1:\"5\";'),('ddbdbf8b75f8f449f60f3a338f72226bb5757d4b','54.38.214.107',1678015876,_binary '__ci_last_regenerate|i:1678015876;'),('63769dc8ef49af0ae3452768f36ad2bb710b686c','54.38.214.107',1678015876,_binary '__ci_last_regenerate|i:1678015876;'),('4df05a8c462a61ff3e4a53ddd59d91b0c1dcd98d','54.38.214.107',1678015876,_binary '__ci_last_regenerate|i:1678015876;'),('d1670139c3adc75cb388923d7e687990d7409647','54.38.214.107',1678015877,_binary '__ci_last_regenerate|i:1678015876;'),('04a7ae72c458f571322548f205dc4ebe424ca8f5','54.38.214.107',1678015877,_binary '__ci_last_regenerate|i:1678015877;'),('385c506099ece50bfd4a923b354bb9e434cd6a52','54.38.214.107',1678015877,_binary '__ci_last_regenerate|i:1678015877;'),('12e3f547e8873365a15cb3097f6d2e2528599468','54.38.214.107',1678015877,_binary '__ci_last_regenerate|i:1678015877;'),('04261edce5ef24d2db4c9de2edb4e99d49c83e72','54.38.214.107',1678015878,_binary '__ci_last_regenerate|i:1678015877;'),('406c882a2da800dabd9cfd2416320f7b0a97dc34','54.38.214.107',1678015878,_binary '__ci_last_regenerate|i:1678015878;'),('ff83dc20d633677ab8b693cf2b6f01c047b75694','54.38.214.107',1678015878,_binary '__ci_last_regenerate|i:1678015878;'),('24e5bc8eb0d999777f40e73a6e8d4c4d9039a040','54.38.214.107',1678015886,_binary '__ci_last_regenerate|i:1678015886;'),('59f7f427d47beea44fcb6621d62e2ae35df328b5','54.38.214.107',1678015886,_binary '__ci_last_regenerate|i:1678015886;'),('29b8e14e34e4168d65fa7e61bffa2ab4623cfaa8','54.38.214.107',1678015887,_binary '__ci_last_regenerate|i:1678015886;'),('15dfc3d952e961adf20aab822321fce8dd5ec446','54.38.214.107',1678015887,_binary '__ci_last_regenerate|i:1678015887;'),('c9a83ffe69a0a3b3dfb4b59953bb328cdd0eb25b','54.38.214.107',1678015887,_binary '__ci_last_regenerate|i:1678015887;'),('f89fd69a260a8c563e7017d8681e9b90b79d7102','54.38.214.107',1678015887,_binary '__ci_last_regenerate|i:1678015887;'),('390c5d73b46811b80ee7fcb1961fc242e3621e7e','54.38.214.107',1678015887,_binary '__ci_last_regenerate|i:1678015887;'),('55b85babc13cd505e86ccc5754d592d04de999c0','54.38.214.107',1678015888,_binary '__ci_last_regenerate|i:1678015888;'),('11515d61f0275773737efa1d9a3b03e6a8a7b272','54.38.214.107',1678015888,_binary '__ci_last_regenerate|i:1678015888;'),('b8e5e41df2e326065c27ddce3edfe44bbb53c476','54.38.214.107',1678015888,_binary '__ci_last_regenerate|i:1678015888;'),('845575897ce1513713f6c2bd043fa7268da9cc3b','145.255.105.121',1678016466,_binary '__ci_last_regenerate|i:1678016466;user_id|s:1:\"5\";'),('a3a8a3af59c0c5c5406aa88ce3cfbfa4f06d3985','54.38.214.107',1678016189,_binary '__ci_last_regenerate|i:1678016189;'),('b84e4c420d97cc11009a620ffc240f1d68f231ea','54.38.214.107',1678016189,_binary '__ci_last_regenerate|i:1678016189;'),('61d145e411973f920bc8f74be4cb80657da34c45','54.38.214.107',1678016189,_binary '__ci_last_regenerate|i:1678016189;'),('4731a48a5aa71296d2c7747a43204e26553156b9','54.38.214.107',1678016189,_binary '__ci_last_regenerate|i:1678016189;'),('336f591b3b467d8bc1d05eb3abce0243fb68f329','54.38.214.107',1678016190,_binary '__ci_last_regenerate|i:1678016190;'),('93e97f8a0aaab91fcbb3e7ba6bafb856e9b6f0c8','54.38.214.107',1678016190,_binary '__ci_last_regenerate|i:1678016190;'),('2f20bbbde621c4248aa269830b7515cc3dfd7d30','54.38.214.107',1678016190,_binary '__ci_last_regenerate|i:1678016190;'),('32a6ebcf916587b0e9387b79341a2016885d1972','54.38.214.107',1678016190,_binary '__ci_last_regenerate|i:1678016190;'),('17959346724267eddbc499cabba588a258e3d1e3','54.38.214.107',1678016191,_binary '__ci_last_regenerate|i:1678016190;'),('b150af2726cafe80c2f59ca566820653c4f5ded2','54.38.214.107',1678016191,_binary '__ci_last_regenerate|i:1678016191;'),('ee6a0fbe981105d2184e8ba51f3bf75da3f344db','145.255.105.121',1678016772,_binary '__ci_last_regenerate|i:1678016772;user_id|s:1:\"5\";'),('77af376cf3c6078667af0c75f8a087eef4eb407f','145.255.105.121',1678022777,_binary '__ci_last_regenerate|i:1678017094;user_id|s:1:\"5\";'),('92ec8ac449815bbec194e97718d02439ae7f8cc8','145.255.105.121',1678017094,_binary '__ci_last_regenerate|i:1678017094;user_id|s:1:\"5\";'),('c90d59be85bbb1ff37a550504f1cb6b219f495d0','145.255.105.200',1678080444,_binary '__ci_last_regenerate|i:1678080444;'),('ebf6b97f1c2ac2397c0c395834ef36aae8afde3a','145.255.105.200',1678085548,_binary '__ci_last_regenerate|i:1678080444;user_id|s:1:\"5\";'),('0102058a45f111d520d581283c7fa631a5e16e67','145.255.121.21',1678165517,_binary '__ci_last_regenerate|i:1678165516;'),('c9cd6003ef0928c1892eed193a8caa1e0a226665','145.255.104.106',1678257155,_binary '__ci_last_regenerate|i:1678257155;'),('ea3e96b4b9362155abfc3f14d25c4fb6f9322790','145.255.104.106',1678278607,_binary '__ci_last_regenerate|i:1678272405;user_id|s:1:\"5\";'),('692b547681eb637787d5148d63dc09094e817d5f','188.135.102.163',1678597643,_binary '__ci_last_regenerate|i:1678597643;'),('bf8a736b13f091e7fb239a9064e80e99eecc90a4','188.135.102.163',1678619920,_binary '__ci_last_regenerate|i:1678615558;user_id|s:1:\"5\";'),('9c71d76c018a0034292f8ce3eadb82e44e27892d','145.255.120.101',1678683851,_binary '__ci_last_regenerate|i:1678683847;'),('a2f453ce1b3c10e2510fa7e8005cd1b0587bbd1b','145.255.120.101',1678690227,_binary '__ci_last_regenerate|i:1678690227;user_id|s:1:\"1\";'),('cd7fd581f2dd6e96518efb8a84933ba2b59cc7a2','145.255.120.101',1678691043,_binary '__ci_last_regenerate|i:1678691043;user_id|s:1:\"1\";'),('1928d36a35949c6c08b380399045bc383aed0901','54.38.214.107',1678690235,_binary '__ci_last_regenerate|i:1678690235;'),('6593ebadabbc7130cd563ae810241e96953490a8','145.255.120.101',1678693030,_binary '__ci_last_regenerate|i:1678693030;user_id|s:1:\"1\";'),('aea8282449bc1c0c58550d3c608d72397de40bc2','145.255.120.101',1678711900,_binary '__ci_last_regenerate|i:1678692991;user_id|s:1:\"5\";'),('03985a79ede5b2179772f7153b700bdabfb4d523','145.255.120.101',1678702760,_binary '__ci_last_regenerate|i:1678693030;user_id|s:1:\"1\";'),('e05aaa9bdb8256c07e4b6d0265a3a67e3de06751','145.255.121.182',1678769288,_binary '__ci_last_regenerate|i:1678769288;'),('7a8a86a82e6197877f0d7d7ba38b720638a5b7ee','145.255.121.182',1678783994,_binary '__ci_last_regenerate|i:1678781111;user_id|s:1:\"5\";'),('160dae5dfdf2fd0f1f95f89961012e2199e796e8','145.255.120.134',1678864342,_binary '__ci_last_regenerate|i:1678862020;user_id|s:1:\"5\";'),('c1f313c2faed4da7ec81ac88bfaa41a1f1eab3b4','5.21.251.225',1678947922,_binary '__ci_last_regenerate|i:1678947921;'),('4ade3519ff59a688537613c5c7a5d9ac8144fe33','5.21.251.225',1678963939,_binary '__ci_last_regenerate|i:1678963939;'),('fa142b34acac36678312ff05bd1f1fe388621529','5.21.251.225',1678963939,_binary '__ci_last_regenerate|i:1678963939;'),('bdcd2a3e1082e6cae10fd23c3ff054f7f79ceddd','188.135.101.70',1679199463,_binary '__ci_last_regenerate|i:1679199463;'),('7e6da3e3404bcb81f719a31051cfa4a1807c4488','5.162.128.231',1679286079,_binary '__ci_last_regenerate|i:1679286079;'),('546c00a9b9e292e7589d411df64a9c88820f3902','145.255.104.8',1679382302,_binary '__ci_last_regenerate|i:1679382302;'),('052cfb9079be91687647b1a1868c5b0c94dfa858','145.255.104.8',1679403060,_binary '__ci_last_regenerate|i:1679395020;user_id|s:1:\"5\";'),('8b075b51712c6c46bef98065c6d353bd619c155e','5.21.251.130',1679464225,_binary '__ci_last_regenerate|i:1679464224;'),('57e1c5e0f934385105750908ee23d5bedacc2719','5.162.128.119',1679603578,_binary '__ci_last_regenerate|i:1679603578;'),('1deecc9af3c9ca01404efe07ff1695725a3083a7','145.255.104.44',1679861884,_binary '__ci_last_regenerate|i:1679861884;'),('e90348e1199fbfefa2c1f452d7724e8590fb7f1a','5.162.130.156',1679940976,_binary '__ci_last_regenerate|i:1679940976;'),('63f2b819310b29cd460ce95f0148d40fa048dc60','5.21.248.139',1680024703,_binary '__ci_last_regenerate|i:1680024703;'),('2f08ab828e8df3749fc8dec835ecc82685c03cc3','145.255.120.91',1680199951,_binary '__ci_last_regenerate|i:1680199951;'),('8277043fd0201306faf3f18b8ea9c8609047e5c0','188.140.157.146',1680204080,_binary '__ci_last_regenerate|i:1680204080;'),('e3ae6663f4de5a37d33934ed374e4261a5bc4f3e','188.140.157.146',1680204080,_binary '__ci_last_regenerate|i:1680204080;'),('a3bf0fd64fa0f7ccf95519f3a3ee017d4fccfc25','188.140.157.146',1680204080,_binary '__ci_last_regenerate|i:1680204080;'),('8cf63604aac18dc3cccca36bfb0fd8b310ade511','188.140.157.146',1680204080,_binary '__ci_last_regenerate|i:1680204080;'),('8ef64f211b995336dec534d671c7eaee4397b2de','145.255.120.91',1680207474,_binary '__ci_last_regenerate|i:1680207474;'),('5ee777d495d3c267e043747ef84f45aabf49c96b','188.135.101.3',1680542379,_binary '__ci_last_regenerate|i:1680542379;'),('dc06c37699a1fb46e1464c92b671a2983ae5727e','5.162.130.128',1680631072,_binary '__ci_last_regenerate|i:1680631072;'),('40a86362ae6676822e5471148e6b5333e8352d6b','145.255.121.92',1680974574,_binary '__ci_last_regenerate|i:1680974574;'),('7b3b3e62e586b66582b34d6c449bb7ff2b18dc57','145.255.121.76',1681064637,_binary '__ci_last_regenerate|i:1681064637;'),('45b31a8637423da5725003bdfecf4563d9c74f58','5.21.251.185',1681147402,_binary '__ci_last_regenerate|i:1681147402;'),('3310c33576c3c2e9c885f6bfa06524582272d44d','5.21.250.144',1681582743,_binary '__ci_last_regenerate|i:1681582743;'),('cfbe64508727c26cba824cadabb1559b0cc95e91','188.135.101.195',1681672924,_binary '__ci_last_regenerate|i:1681672924;'),('aae0d7dc9135f4d529caac46678ca1c0409f7dea','188.135.101.195',1681673150,_binary '__ci_last_regenerate|i:1681672924;user_id|s:1:\"5\";'),('40743a2a82f4cf3d767f8da48b93edfea846a00e','188.135.101.44',1681755043,_binary '__ci_last_regenerate|i:1681755043;'),('f5742a7cb653ec8b60e7299c38e9df93735838fc','145.255.104.68',1681927891,_binary '__ci_last_regenerate|i:1681927891;'),('fb28b462f4a811bef21240e5dd4028c737bec80d','5.21.251.147',1682020450,_binary '__ci_last_regenerate|i:1682020450;'),('2232dbf4447af7f8ec8b7862f7dd9f90c882e746','188.135.102.41',1682396408,_binary '__ci_last_regenerate|i:1682396408;'),('856be1925cafa3a99677cafda8ff6eb32201f947','188.135.101.213',1682409769,_binary '__ci_last_regenerate|i:1682405007;user_id|s:1:\"5\";'),('f7e0fddc80a61f574c29f7bb9f5969f2a6aa3fcb','145.255.104.186',1682493472,_binary '__ci_last_regenerate|i:1682493472;'),('008e8badb3b71d243b630324cf93bb6937eaa980','145.255.121.239',1682573272,_binary '__ci_last_regenerate|i:1682573272;'),('dbd14d4c9caa65ad3dfd0cd2baa6b2f133e87946','188.135.100.76',1682834063,_binary '__ci_last_regenerate|i:1682834063;'),('dc2d0962e3f406cea81576e14d959969198fa118','145.255.105.87',1682925586,_binary '__ci_last_regenerate|i:1682925586;'),('ecbb9bc001f413919d0ab99de9287f5c2f46bb60','94.185.25.66',1683004283,_binary '__ci_last_regenerate|i:1683004283;'),('c0f1496698aace72243f76229bd7630a0499c35d','145.255.104.169',1683096523,_binary '__ci_last_regenerate|i:1683096523;'),('bb3c369537f23bf835fe2e467ad63746e84c19e4','188.135.101.181',1683182626,_binary '__ci_last_regenerate|i:1683182626;'),('b59ed4f06bf0a60518a241e4f632c1c26dcdc9b7','145.255.104.211',1683435415,_binary '__ci_last_regenerate|i:1683435415;'),('2cedd392ea8a64e0099381587cb4dd79b85fdc27','5.21.251.187',1683520680,_binary '__ci_last_regenerate|i:1683520680;'),('971e826a7018bca14a44c712cd4fa20fc1ccabb1','188.135.101.124',1683691831,_binary '__ci_last_regenerate|i:1683691831;'),('ae9b83a6cf715f88cef0c9b8cdcd47cd52e47900','145.255.120.92',1683779896,_binary '__ci_last_regenerate|i:1683779896;'),('f4b99b06cfe4330abf4ef8f505f8ba8f277e538e','145.255.104.178',1684047724,_binary '__ci_last_regenerate|i:1684047724;'),('34b6885eb527987056b95f47e4dbe88d0df6463d','45.80.151.145',1684064352,_binary '__ci_last_regenerate|i:1684064352;'),('42c07c1a178e201e87421bbf77c68827cc04d8cb','145.255.105.204',1684149372,_binary '__ci_last_regenerate|i:1684149372;'),('4187d98dc4d5e16ca66164f14396273d5b7fc598','145.255.120.125',1684215237,_binary '__ci_last_regenerate|i:1684215237;'),('480c21687c808b5795016bac62ff28c12421201c','145.255.120.125',1684215237,_binary '__ci_last_regenerate|i:1684215237;'),('e0a15f29bbf4729778be4211c4ef287b4636bf26','5.21.250.143',1684304473,_binary '__ci_last_regenerate|i:1684304473;'),('0847fd28c9622524259683d1f9467d4ad36f33c9','5.162.128.12',1684399432,_binary '__ci_last_regenerate|i:1684399432;'),('21f41de21411ca28734954464039583dd51579f7','5.21.251.186',1684646704,_binary '__ci_last_regenerate|i:1684646704;'),('d7ed2fa61b5aeacc3ed08526909049ac387d812d','145.255.105.243',1685252209,_binary '__ci_last_regenerate|i:1685252209;'),('4226bb4b267efff41f7ab2bb9d20bf2b488fc088','94.185.56.214',1685335294,_binary '__ci_last_regenerate|i:1685335294;'),('2625c8ddce139206f950345eac86161b6eedf4b4','145.255.105.110',1685419550,_binary '__ci_last_regenerate|i:1685419550;'),('2ae189effeb90d93660565402df879fae0ff565e','145.255.104.138',1685507749,_binary '__ci_last_regenerate|i:1685507749;'),('df6796e53dda89238f3e8d530525cfdd2663b727','145.255.121.59',1687061486,_binary '__ci_last_regenerate|i:1687061486;'),('969241fdf71370f670b875731eb713a59b10ff00','145.255.105.234',1687147996,_binary '__ci_last_regenerate|i:1687147996;'),('f5ccc26fc67796802aa706f973f22c75f1f8ac02','145.255.121.150',1687237520,_binary '__ci_last_regenerate|i:1687237520;'),('52bc88fc57450e4a4358248fdee071864e8c0673','94.185.56.243',1687321569,_binary '__ci_last_regenerate|i:1687321569;');

--
-- Table structure for table `nizwa_packing_productsclient_groups`
--

CREATE TABLE `nizwa_packing_productsclient_groups` (
  `id` int(11) NOT NULL AUTO_INCREMENT,
  `title` text COLLATE utf8_unicode_ci NOT NULL,
  `deleted` tinyint(1) NOT NULL DEFAULT '0',
  PRIMARY KEY (`id`)
) ENGINE=InnoDB AUTO_INCREMENT=2 DEFAULT CHARSET=utf8 COLLATE=utf8_unicode_ci;

--
-- Dumping data for table `nizwa_packing_productsclient_groups`
--

INSERT INTO `nizwa_packing_productsclient_groups` VALUES (1,'g1',1);

--
-- Table structure for table `nizwa_packing_productsclients`
--

CREATE TABLE `nizwa_packing_productsclients` (
  `id` int(11) NOT NULL AUTO_INCREMENT,
  `company_name` varchar(150) COLLATE utf8_unicode_ci NOT NULL,
  `address` text COLLATE utf8_unicode_ci,
  `city` varchar(50) COLLATE utf8_unicode_ci DEFAULT NULL,
  `state` varchar(50) COLLATE utf8_unicode_ci DEFAULT NULL,
  `zip` varchar(50) COLLATE utf8_unicode_ci DEFAULT NULL,
  `country` varchar(50) COLLATE utf8_unicode_ci DEFAULT NULL,
  `created_date` date NOT NULL,
  `website` text COLLATE utf8_unicode_ci,
  `phone` varchar(20) COLLATE utf8_unicode_ci DEFAULT NULL,
  `email` varchar(255) COLLATE utf8_unicode_ci DEFAULT NULL,
  `currency_symbol` varchar(20) COLLATE utf8_unicode_ci DEFAULT NULL,
  `starred_by` mediumtext COLLATE utf8_unicode_ci NOT NULL,
  `group_ids` text COLLATE utf8_unicode_ci NOT NULL,
  `deleted` tinyint(1) NOT NULL DEFAULT '0',
  `is_lead` tinyint(1) NOT NULL DEFAULT '0',
  `lead_status_id` int(11) NOT NULL,
  `owner_id` int(11) NOT NULL,
  `sort` int(11) NOT NULL DEFAULT '0',
  `lead_source_id` int(11) NOT NULL,
  `last_lead_status` text COLLATE utf8_unicode_ci NOT NULL,
  `client_migration_date` date NOT NULL,
  `vat_number` text COLLATE utf8_unicode_ci,
  `currency` varchar(3) COLLATE utf8_unicode_ci DEFAULT NULL,
  `disable_online_payment` tinyint(1) NOT NULL DEFAULT '0',
  `geo_location` varchar(255) COLLATE utf8_unicode_ci DEFAULT NULL,
  `account_id` int(11) NOT NULL DEFAULT '0',
  `advance_account_id` int(11) NOT NULL DEFAULT '0',
  PRIMARY KEY (`id`)
) ENGINE=InnoDB AUTO_INCREMENT=10 DEFAULT CHARSET=utf8 COLLATE=utf8_unicode_ci;

--
-- Dumping data for table `nizwa_packing_productsclients`
--

INSERT INTO `nizwa_packing_productsclients` VALUES (1,'Rizwan','XYZ',NULL,NULL,NULL,NULL,'2022-12-22',NULL,'1234589',NULL,NULL,'','',1,1,0,0,0,0,'','0000-00-00',NULL,NULL,0,NULL,0,0),(2,'Client 1','Client 1','','','','','2022-12-26','','214512541','miraj801@gmail.com','','','',1,0,0,0,0,0,'','0000-00-00','','',0,NULL,76,0),(3,'Intelligent Projects','oman','','','','','2023-01-17','','79429116',NULL,'','','',1,1,3,1,10000000,0,'','0000-00-00','','',0,NULL,0,0),(4,'Intelligent Projects 12','oman','','','','','2023-01-17','','79429117','m.ali.h@intelligentprojects.net','','','',1,0,0,0,0,0,'','0000-00-00','','',0,NULL,80,0),(5,'Ahmed','Mahoot','','','','','2023-01-17','Ahmed@oman.om','77779999','Ahemd@gmail.com','','','',1,0,0,0,0,0,'','0000-00-00','0001','',0,NULL,85,0),(6,'Ammar','Al Khoud7','','','','','2023-01-19','dhfdf','95253288','aalismaili.87@gmail.com','','','',1,0,0,0,0,0,'','0000-00-00','','',0,NULL,86,0),(7,'Ali','Muscat\n','','','','','2023-01-19','','91191141','ali.911@gmail.com','','','',1,0,0,0,0,0,'','0000-00-00','','',0,NULL,87,0),(8,'karakto','','','','','','2023-01-29','','92554589',NULL,'','','',0,1,1,1,0,0,'','0000-00-00','','',0,NULL,0,0),(9,'Hamed M','Nizwa ','','','','','2023-01-29','gfjbhcb','967632','nppoman@gmail.com','','','',0,0,0,0,0,0,'','0000-00-00','fef','',0,NULL,89,0);

--
-- Table structure for table `nizwa_packing_productscontacts`
--

CREATE TABLE `nizwa_packing_productscontacts` (
  `id` int(11) NOT NULL AUTO_INCREMENT,
  `name` varchar(150) COLLATE utf8_unicode_ci NOT NULL,
  `email` varchar(150) COLLATE utf8_unicode_ci DEFAULT NULL,
  `address` text COLLATE utf8_unicode_ci,
  `phone` varchar(20) COLLATE utf8_unicode_ci DEFAULT NULL,
  `alternative_phone` varchar(20) COLLATE utf8_unicode_ci DEFAULT NULL,
  `job_title` varchar(150) COLLATE utf8_unicode_ci DEFAULT NULL,
  `note` text COLLATE utf8_unicode_ci,
  `created_date` date NOT NULL,
  `created_by` int(11) NOT NULL,
  `deleted` tinyint(1) NOT NULL DEFAULT '0',
  PRIMARY KEY (`id`)
) ENGINE=MyISAM DEFAULT CHARSET=utf8 COLLATE=utf8_unicode_ci;

--
-- Dumping data for table `nizwa_packing_productscontacts`
--


--
-- Table structure for table `nizwa_packing_productscustom_field_values`
--

CREATE TABLE `nizwa_packing_productscustom_field_values` (
  `id` int(11) NOT NULL AUTO_INCREMENT,
  `related_to_type` varchar(50) COLLATE utf8_unicode_ci NOT NULL,
  `related_to_id` int(11) NOT NULL,
  `custom_field_id` int(11) NOT NULL,
  `value` longtext COLLATE utf8_unicode_ci NOT NULL,
  `deleted` tinyint(1) NOT NULL DEFAULT '0',
  PRIMARY KEY (`id`)
) ENGINE=InnoDB DEFAULT CHARSET=utf8 COLLATE=utf8_unicode_ci;

--
-- Dumping data for table `nizwa_packing_productscustom_field_values`
--


--
-- Table structure for table `nizwa_packing_productscustom_fields`
--

CREATE TABLE `nizwa_packing_productscustom_fields` (
  `id` int(11) NOT NULL AUTO_INCREMENT,
  `title` text COLLATE utf8_unicode_ci NOT NULL,
  `placeholder` text COLLATE utf8_unicode_ci NOT NULL,
  `example_variable_name` text COLLATE utf8_unicode_ci,
  `options` mediumtext COLLATE utf8_unicode_ci NOT NULL,
  `field_type` varchar(50) COLLATE utf8_unicode_ci NOT NULL,
  `related_to` varchar(50) COLLATE utf8_unicode_ci NOT NULL,
  `sort` int(11) NOT NULL,
  `required` tinyint(1) NOT NULL DEFAULT '0',
  `show_in_table` tinyint(1) NOT NULL DEFAULT '0',
  `show_in_invoice` tinyint(1) NOT NULL DEFAULT '0',
  `show_in_estimate` tinyint(1) NOT NULL DEFAULT '0',
  `visible_to_admins_only` tinyint(1) NOT NULL DEFAULT '0',
  `hide_from_clients` tinyint(1) NOT NULL DEFAULT '0',
  `deleted` tinyint(1) NOT NULL DEFAULT '0',
  PRIMARY KEY (`id`)
) ENGINE=InnoDB DEFAULT CHARSET=utf8 COLLATE=utf8_unicode_ci;

--
-- Dumping data for table `nizwa_packing_productscustom_fields`
--


--
-- Table structure for table `nizwa_packing_productscustom_widgets`
--

CREATE TABLE `nizwa_packing_productscustom_widgets` (
  `id` int(11) NOT NULL AUTO_INCREMENT,
  `user_id` int(11) NOT NULL,
  `title` text COLLATE utf8_unicode_ci,
  `content` text COLLATE utf8_unicode_ci,
  `show_title` tinyint(1) NOT NULL DEFAULT '0',
  `show_border` tinyint(1) NOT NULL DEFAULT '0',
  `deleted` tinyint(1) NOT NULL DEFAULT '0',
  PRIMARY KEY (`id`)
) ENGINE=InnoDB DEFAULT CHARSET=utf8 COLLATE=utf8_unicode_ci;

--
-- Dumping data for table `nizwa_packing_productscustom_widgets`
--


--
-- Table structure for table `nizwa_packing_productsdashboards`
--

CREATE TABLE `nizwa_packing_productsdashboards` (
  `id` int(11) NOT NULL AUTO_INCREMENT,
  `user_id` int(11) NOT NULL,
  `title` text COLLATE utf8_unicode_ci,
  `data` text COLLATE utf8_unicode_ci,
  `color` varchar(15) COLLATE utf8_unicode_ci NOT NULL,
  `sort` int(11) NOT NULL DEFAULT '0',
  `deleted` tinyint(1) NOT NULL DEFAULT '0',
  PRIMARY KEY (`id`)
) ENGINE=InnoDB DEFAULT CHARSET=utf8 COLLATE=utf8_unicode_ci;

--
-- Dumping data for table `nizwa_packing_productsdashboards`
--


--
-- Table structure for table `nizwa_packing_productsdelivery_note_items`
--

CREATE TABLE `nizwa_packing_productsdelivery_note_items` (
  `id` int(11) NOT NULL AUTO_INCREMENT,
  `item_id` int(11) DEFAULT '0',
  `invoice_item_id` int(11) DEFAULT '0',
  `title` text COLLATE utf8_unicode_ci NOT NULL,
  `description` text COLLATE utf8_unicode_ci NOT NULL,
  `quantity` double NOT NULL DEFAULT '0',
  `unit_type` varchar(20) COLLATE utf8_unicode_ci NOT NULL,
  `rate` double NOT NULL,
  `total` double NOT NULL,
  `sort` int(11) NOT NULL DEFAULT '0',
  `delivery_note_id` int(11) NOT NULL,
  `deleted` tinyint(1) NOT NULL,
  PRIMARY KEY (`id`)
) ENGINE=MyISAM AUTO_INCREMENT=9 DEFAULT CHARSET=utf8 COLLATE=utf8_unicode_ci;

--
-- Dumping data for table `nizwa_packing_productsdelivery_note_items`
--

INSERT INTO `nizwa_packing_productsdelivery_note_items` VALUES (2,8,14,'product 13','',3,'PC',15,45,0,1,0),(3,7,15,'Product test','desc',1,'PC',25,25,0,1,0),(4,10,19,'Product 22','sadasd',50,'PC',15,750,0,2,0),(5,12,22,'product 33','',2,'PC',15,30,0,3,0),(6,27,40,'product 11','desc',30,'PC',15,450,0,4,0),(7,19,43,'DW Paper Cup 4oz 5k one color','DW Paper Cup 4oz 5k one color',10000,'pc',0.06,600,0,5,0),(8,19,43,'DW Paper Cup 4oz 5k one color','DW Paper Cup 4oz 5k one color',0,'pc',0.06,0,0,6,0);

--
-- Table structure for table `nizwa_packing_productsdelivery_notes`
--

CREATE TABLE `nizwa_packing_productsdelivery_notes` (
  `id` int(11) NOT NULL AUTO_INCREMENT,
  `invoice_id` int(11) NOT NULL,
  `client_id` int(11) NOT NULL DEFAULT '0',
  `project_id` int(11) NOT NULL DEFAULT '0',
  `delivery_note_date` date NOT NULL,
  `note` text COLLATE utf8_unicode_ci,
  `status` enum('draft','approved','request_approval') COLLATE utf8_unicode_ci NOT NULL DEFAULT 'draft',
  `deleted` tinyint(1) NOT NULL,
  PRIMARY KEY (`id`)
) ENGINE=MyISAM AUTO_INCREMENT=7 DEFAULT CHARSET=utf8 COLLATE=utf8_unicode_ci;

--
-- Dumping data for table `nizwa_packing_productsdelivery_notes`
--

INSERT INTO `nizwa_packing_productsdelivery_notes` VALUES (1,17,4,3,'2023-01-17','','approved',0),(2,19,4,3,'2023-01-17','dfsf','approved',0),(3,22,4,3,'2023-01-17','','approved',0),(4,45,9,0,'2023-03-01','','approved',0),(5,49,9,0,'2023-03-21','to nizwa\n','draft',1),(6,49,9,0,'2023-03-05','delivery to Salalah\n','approved',0);

--
-- Table structure for table `nizwa_packing_productsdepartments`
--

CREATE TABLE `nizwa_packing_productsdepartments` (
  `id` int(11) NOT NULL AUTO_INCREMENT,
  `title` varchar(255) COLLATE utf8_unicode_ci NOT NULL,
  `deleted` int(1) NOT NULL DEFAULT '0',
  PRIMARY KEY (`id`)
) ENGINE=MyISAM AUTO_INCREMENT=9 DEFAULT CHARSET=utf8 COLLATE=utf8_unicode_ci;

--
-- Dumping data for table `nizwa_packing_productsdepartments`
--


--
-- Table structure for table `nizwa_packing_productsemail_templates`
--

CREATE TABLE `nizwa_packing_productsemail_templates` (
  `id` int(11) NOT NULL AUTO_INCREMENT,
  `template_name` varchar(50) COLLATE utf8_unicode_ci NOT NULL,
  `email_subject` text COLLATE utf8_unicode_ci NOT NULL,
  `default_message` mediumtext COLLATE utf8_unicode_ci NOT NULL,
  `custom_message` mediumtext COLLATE utf8_unicode_ci,
  `deleted` tinyint(1) NOT NULL DEFAULT '0',
  PRIMARY KEY (`id`)
) ENGINE=InnoDB DEFAULT CHARSET=utf8 COLLATE=utf8_unicode_ci;

--
-- Dumping data for table `nizwa_packing_productsemail_templates`
--


--
-- Table structure for table `nizwa_packing_productsenteries`
--

CREATE TABLE `nizwa_packing_productsenteries` (
  `id` int(11) NOT NULL AUTO_INCREMENT,
  `trans_id` int(11) NOT NULL,
  `account` int(11) NOT NULL,
  `type` enum('dr','cr') NOT NULL,
  `amount` double NOT NULL,
  `narration` text NOT NULL,
  `branch_id` int(11) DEFAULT '0',
  `concerned_person` int(11) DEFAULT '0',
  `unit` text,
  `reference` int(11) DEFAULT '0',
  `deleted` tinyint(1) NOT NULL DEFAULT '0',
  PRIMARY KEY (`id`)
) ENGINE=MyISAM AUTO_INCREMENT=176 DEFAULT CHARSET=utf8;

--
-- Dumping data for table `nizwa_packing_productsenteries`
--

INSERT INTO `nizwa_packing_productsenteries` VALUES (1,3,76,'dr',3150,'Invoice: AMI/3',0,0,'0',0,0),(2,3,35,'cr',150,'Invoice: AMI/3',0,0,'0',0,0),(3,3,70,'cr',3000,'Invoice: AMI/3',0,0,'0',0,0),(4,4,76,'dr',787.5,'Invoice: AMI/4',0,0,'0',0,0),(5,4,35,'cr',37.5,'Invoice: AMI/4',0,0,'0',0,0),(6,4,70,'cr',750,'Invoice: AMI/4',0,0,'0',0,0),(7,5,76,'dr',787.5,'Invoice: AMI/5',0,0,'0',0,0),(8,5,35,'cr',37.5,'Invoice: AMI/5',0,0,'0',0,0),(9,5,70,'cr',750,'Invoice: AMI/5',0,0,'0',0,0),(10,6,76,'dr',525,'Invoice: AMI/6',0,0,'0',0,0),(11,6,35,'cr',0,'Invoice: AMI/6',0,0,'0',0,0),(12,6,70,'cr',525,'Invoice: AMI/6',0,0,'0',0,0),(13,7,76,'dr',525,'Invoice: AMI/7',0,0,'0',0,0),(14,7,35,'cr',0,'Invoice: AMI/7',0,0,'0',0,0),(15,7,70,'cr',525,'Invoice: AMI/7',0,0,'0',0,0),(16,8,76,'dr',1065,'Invoice: AMI/8',0,0,'0',0,0),(17,8,35,'cr',15,'Invoice: AMI/8',0,0,'0',0,0),(18,8,70,'cr',1050,'Invoice: AMI/8',0,0,'0',0,0),(19,9,75,'dr',40000,'Purchase Order: PURCHASE ORDER #1',0,0,'0',0,0),(20,9,27,'dr',0,'Purchase Order: PURCHASE ORDER #1',0,0,'0',0,0),(21,9,78,'cr',40000,'Purchase Order: PURCHASE ORDER #1',0,0,'0',0,0),(22,10,78,'dr',1000,'',0,0,'0',0,0),(23,10,77,'cr',1000,'',0,0,'0',0,0),(24,11,18,'dr',40000,'AMI/1',0,0,'0',0,0),(25,11,75,'cr',40000,'AMI/1',0,0,'0',0,0),(26,12,78,'dr',3000,'',0,0,'0',0,0),(27,12,77,'cr',3000,'',0,0,'0',0,0),(28,13,78,'dr',600,'',0,0,'0',0,0),(29,13,77,'cr',600,'',0,0,'0',0,0),(30,14,78,'dr',35400,'',0,0,'0',0,0),(31,14,77,'cr',35400,'',0,0,'0',0,0),(32,15,76,'dr',787.5,'Invoice: AMI/9',0,0,'0',0,0),(33,15,35,'cr',37.5,'Invoice: AMI/9',0,0,'0',0,0),(34,15,70,'cr',750,'Invoice: AMI/9',0,0,'0',0,0),(35,16,76,'dr',157.5,'Invoice: AMI/13',0,0,'0',0,0),(36,16,35,'cr',7.5,'Invoice: AMI/13',0,0,'0',0,0),(37,16,70,'cr',150,'Invoice: AMI/13',0,0,'0',0,0),(38,17,76,'dr',2205,'Invoice: AMI/14',0,0,'0',0,0),(39,17,35,'cr',105,'Invoice: AMI/14',0,0,'0',0,0),(40,17,70,'cr',2100,'Invoice: AMI/14',0,0,'0',0,0),(41,18,76,'dr',75,'Invoice: AMI/15',0,0,'0',0,0),(42,18,35,'cr',0,'Invoice: AMI/15',0,0,'0',0,0),(43,18,70,'cr',75,'Invoice: AMI/15',0,0,'0',0,0),(44,19,76,'dr',25,'Invoice: AMI/16',0,0,'0',0,0),(45,19,35,'cr',0,'Invoice: AMI/16',0,0,'0',0,0),(46,19,70,'cr',25,'Invoice: AMI/16',0,0,'0',0,0),(47,20,76,'cr',25,'Invoice Payment Received: AMI/16 ',0,0,'0',0,0),(48,20,79,'dr',25,'Invoice Payment Received: AMI/16 ',0,0,'0',0,0),(49,21,80,'dr',70,'Invoice: AMI/17',0,0,'0',0,0),(50,21,35,'cr',0,'Invoice: AMI/17',0,0,'0',0,0),(51,21,70,'cr',70,'Invoice: AMI/17',0,0,'0',0,0),(52,22,80,'cr',70,'Invoice Payment Received: AMI/17 ',0,0,'0',0,0),(53,22,79,'dr',70,'Invoice Payment Received: AMI/17 ',0,0,'0',0,0),(54,23,62,'dr',0,'AMI/17',0,0,'0',0,0),(55,23,18,'cr',0,'AMI/17',0,0,'0',0,0),(56,24,80,'dr',25,'Invoice: AMI/18',0,0,'0',0,0),(57,24,35,'cr',0,'Invoice: AMI/18',0,0,'0',0,0),(58,24,70,'cr',25,'Invoice: AMI/18',0,0,'0',0,0),(59,25,84,'dr',9.524,'sdfsd',0,0,'0',0,0),(60,25,27,'dr',0.476,'sdfsd',0,0,'0',0,0),(61,25,82,'cr',10,'sdfsd',0,0,'0',0,0),(62,26,75,'dr',60,'Purchase Order: PURCHASE ORDER #3',0,0,'0',0,0),(63,26,27,'dr',0,'Purchase Order: PURCHASE ORDER #3',0,0,'0',0,0),(64,26,78,'cr',60,'Purchase Order: PURCHASE ORDER #3',0,0,'0',0,0),(65,27,78,'dr',30,'',0,0,'0',0,0),(66,27,79,'cr',30,'',0,0,'0',0,0),(67,28,18,'dr',60,'AMI/3',0,0,'0',0,0),(68,28,75,'cr',60,'AMI/3',0,0,'0',0,0),(69,29,65,'dr',4000,'',0,0,'0',0,0),(70,29,46,'cr',4000,'',0,0,'0',0,0),(71,30,80,'dr',750,'Invoice: AMI/19',0,0,'0',0,0),(72,30,35,'cr',0,'Invoice: AMI/19',0,0,'0',0,0),(73,30,70,'cr',750,'Invoice: AMI/19',0,0,'0',0,0),(74,31,80,'cr',750,'Invoice Payment Received: AMI/19 ',0,0,'0',0,0),(75,31,79,'dr',750,'Invoice Payment Received: AMI/19 ',0,0,'0',0,0),(76,32,62,'dr',0,'AMI/19',0,0,'0',0,0),(77,32,18,'cr',0,'AMI/19',0,0,'0',0,0),(78,33,76,'dr',15,'Invoice: AMI/20',0,0,'0',0,0),(79,33,35,'cr',0,'Invoice: AMI/20',0,0,'0',0,0),(80,33,70,'cr',15,'Invoice: AMI/20',0,0,'0',0,0),(81,34,80,'dr',15,'Invoice: AMI/21',0,0,'0',0,0),(82,34,35,'cr',0,'Invoice: AMI/21',0,0,'0',0,0),(83,34,70,'cr',15,'Invoice: AMI/21',0,0,'0',0,0),(84,35,80,'dr',30,'Invoice: AMI/22',0,0,'0',0,0),(85,35,35,'cr',0,'Invoice: AMI/22',0,0,'0',0,0),(86,35,70,'cr',30,'Invoice: AMI/22',0,0,'0',0,0),(87,36,80,'cr',30,'Invoice Payment Received: AMI/22 ',0,0,'0',0,0),(88,36,79,'dr',30,'Invoice Payment Received: AMI/22 ',0,0,'0',0,0),(89,37,62,'dr',0,'AMI/22',0,0,'0',0,0),(90,37,18,'cr',0,'AMI/22',0,0,'0',0,0),(91,38,80,'dr',15,'Invoice: AMI/23',0,0,'0',0,0),(92,38,35,'cr',0,'Invoice: AMI/23',0,0,'0',0,0),(93,38,70,'cr',15,'Invoice: AMI/23',0,0,'0',0,0),(94,39,75,'dr',1000,'Purchase Order: PURCHASE ORDER #4',0,0,'0',0,0),(95,39,27,'dr',0,'Purchase Order: PURCHASE ORDER #4',0,0,'0',0,0),(96,39,78,'cr',1000,'Purchase Order: PURCHASE ORDER #4',0,0,'0',0,0),(97,40,18,'dr',1000,'AMI/4',0,0,'0',0,0),(98,40,75,'cr',1000,'AMI/4',0,0,'0',0,0),(99,41,80,'dr',90,'Invoice: AMI/24',0,0,'0',0,0),(100,41,35,'cr',0,'Invoice: AMI/24',0,0,'0',0,0),(101,41,70,'cr',90,'Invoice: AMI/24',0,0,'0',0,0),(102,42,86,'dr',750,'Invoice: AMI/26',0,0,'0',0,0),(103,42,35,'cr',0,'Invoice: AMI/26',0,0,'0',0,0),(104,42,70,'cr',750,'Invoice: AMI/26',0,0,'0',0,0),(105,43,87,'dr',147,'Invoice: AMI/29',0,0,'0',0,0),(106,43,35,'cr',7,'Invoice: AMI/29',0,0,'0',0,0),(107,43,70,'cr',140,'Invoice: AMI/29',0,0,'0',0,0),(108,44,87,'cr',70,'Invoice Payment Received: AMI/29 ',0,0,'0',0,0),(109,44,81,'dr',70,'Invoice Payment Received: AMI/29 ',0,0,'0',0,0),(110,45,75,'dr',10500,'Purchase Order: PURCHASE ORDER #5',0,0,'0',0,0),(111,45,27,'dr',0,'Purchase Order: PURCHASE ORDER #5',0,0,'0',0,0),(112,45,88,'cr',10500,'Purchase Order: PURCHASE ORDER #5',0,0,'0',0,0),(113,46,18,'dr',10500,'AMI/5',0,0,'0',0,0),(114,46,75,'cr',10500,'AMI/5',0,0,'0',0,0),(115,47,89,'dr',350,'Invoice: AMI/30',0,0,'0',0,0),(116,47,35,'cr',0,'Invoice: AMI/30',0,0,'0',0,0),(117,47,70,'cr',350,'Invoice: AMI/30',0,0,'0',0,0),(118,48,89,'dr',470,'Invoice: AMI/32',0,0,'0',0,0),(119,48,35,'cr',0,'Invoice: AMI/32',0,0,'0',0,0),(120,48,70,'cr',470,'Invoice: AMI/32',0,0,'0',0,0),(121,49,89,'dr',15,'Invoice: AMI/33',0,0,'0',0,0),(122,49,35,'cr',0,'Invoice: AMI/33',0,0,'0',0,0),(123,49,70,'cr',15,'Invoice: AMI/33',0,0,'0',0,0),(124,50,89,'dr',15,'Invoice: AMI/34',0,0,'0',0,0),(125,50,35,'cr',0,'Invoice: AMI/34',0,0,'0',0,0),(126,50,70,'cr',15,'Invoice: AMI/34',0,0,'0',0,0),(127,51,89,'dr',15,'Invoice: AMI/35',0,0,'0',0,0),(128,51,35,'cr',0,'Invoice: AMI/35',0,0,'0',0,0),(129,51,70,'cr',15,'Invoice: AMI/35',0,0,'0',0,0),(130,52,89,'dr',15,'Invoice: AMI/36',0,0,'0',0,0),(131,52,35,'cr',0,'Invoice: AMI/36',0,0,'0',0,0),(132,52,70,'cr',15,'Invoice: AMI/36',0,0,'0',0,0),(133,53,89,'dr',15,'Invoice: AMI/37',0,0,'0',0,0),(134,53,35,'cr',0,'Invoice: AMI/37',0,0,'0',0,0),(135,53,70,'cr',15,'Invoice: AMI/37',0,0,'0',0,0),(136,54,35,'cr',0,'Invoice: AMI/38',0,0,'0',0,0),(137,54,70,'cr',0,'Invoice: AMI/38',0,0,'0',0,0),(138,55,89,'dr',0.35,'Invoice: AMI/39',0,0,'0',0,0),(139,55,35,'cr',0,'Invoice: AMI/39',0,0,'0',0,0),(140,55,70,'cr',0.35,'Invoice: AMI/39',0,0,'0',0,0),(141,56,35,'cr',0,'Invoice: AMI/40',0,0,'0',0,0),(142,56,70,'cr',0,'Invoice: AMI/40',0,0,'0',0,0),(143,57,89,'dr',0.7,'Invoice: AMI/41',0,0,'0',0,0),(144,57,35,'cr',0,'Invoice: AMI/41',0,0,'0',0,0),(145,57,70,'cr',0.7,'Invoice: AMI/41',0,0,'0',0,0),(146,58,89,'dr',15,'Invoice: AMI/44',0,0,'0',0,0),(147,58,35,'cr',0,'Invoice: AMI/44',0,0,'0',0,0),(148,58,70,'cr',15,'Invoice: AMI/44',0,0,'0',0,0),(149,59,89,'dr',450,'Invoice: AMI/45',0,0,'0',0,0),(150,59,35,'cr',0,'Invoice: AMI/45',0,0,'0',0,0),(151,59,70,'cr',450,'Invoice: AMI/45',0,0,'0',0,0),(152,60,89,'cr',450,'Invoice Payment Received: AMI/45 ',0,0,'0',0,0),(153,60,79,'dr',450,'Invoice Payment Received: AMI/45 ',0,0,'0',0,0),(154,61,62,'dr',0,'AMI/45',0,0,'0',0,0),(155,61,18,'cr',0,'AMI/45',0,0,'0',0,0),(156,62,89,'dr',210,'Invoice: AMI/46',0,0,'0',0,0),(157,62,35,'cr',10,'Invoice: AMI/46',0,0,'0',0,0),(158,62,70,'cr',200,'Invoice: AMI/46',0,0,'0',0,0),(159,63,89,'cr',100,'Invoice Payment Received: AMI/46 ',0,0,'0',0,0),(160,63,79,'dr',100,'Invoice Payment Received: AMI/46 ',0,0,'0',0,0),(161,64,89,'dr',10,'Invoice: AMI/47',0,0,'0',0,0),(162,64,35,'cr',0,'Invoice: AMI/47',0,0,'0',0,0),(163,64,70,'cr',10,'Invoice: AMI/47',0,0,'0',0,0),(164,65,35,'cr',0,'Invoice: AMI/48',0,0,'0',0,0),(165,65,70,'cr',0,'Invoice: AMI/48',0,0,'0',0,0),(166,66,75,'dr',1000,'Purchase Order: PURCHASE ORDER #6',0,0,'0',0,0),(167,66,27,'dr',0,'Purchase Order: PURCHASE ORDER #6',0,0,'0',0,0),(168,66,88,'cr',1000,'Purchase Order: PURCHASE ORDER #6',0,0,'0',0,0),(169,67,18,'dr',1000,'AMI/6',0,0,'0',0,0),(170,67,75,'cr',1000,'AMI/6',0,0,'0',0,0),(171,68,89,'dr',600,'Invoice: AMI/49',0,0,'0',0,0),(172,68,35,'cr',0,'Invoice: AMI/49',0,0,'0',0,0),(173,68,70,'cr',600,'Invoice: AMI/49',0,0,'0',0,0),(174,69,62,'dr',0,'AMI/49',0,0,'0',0,0),(175,69,18,'cr',0,'AMI/49',0,0,'0',0,0);

--
-- Table structure for table `nizwa_packing_productsestimate_forms`
--

CREATE TABLE `nizwa_packing_productsestimate_forms` (
  `id` int(11) NOT NULL AUTO_INCREMENT,
  `title` text COLLATE utf8_unicode_ci NOT NULL,
  `description` longtext COLLATE utf8_unicode_ci NOT NULL,
  `status` enum('active','inactive') COLLATE utf8_unicode_ci NOT NULL,
  `assigned_to` int(11) NOT NULL,
  `public` tinyint(1) NOT NULL DEFAULT '0',
  `enable_attachment` tinyint(4) NOT NULL DEFAULT '0',
  `deleted` tinyint(1) NOT NULL DEFAULT '0',
  PRIMARY KEY (`id`)
) ENGINE=InnoDB DEFAULT CHARSET=utf8 COLLATE=utf8_unicode_ci;

--
-- Dumping data for table `nizwa_packing_productsestimate_forms`
--


--
-- Table structure for table `nizwa_packing_productsestimate_items`
--

CREATE TABLE `nizwa_packing_productsestimate_items` (
  `id` int(11) NOT NULL AUTO_INCREMENT,
  `item_id` int(11) NOT NULL DEFAULT '0',
  `title` text COLLATE utf8_unicode_ci NOT NULL,
  `description` text COLLATE utf8_unicode_ci,
  `quantity` double NOT NULL,
  `unit_type` varchar(20) COLLATE utf8_unicode_ci NOT NULL DEFAULT '',
  `rate` double NOT NULL,
  `total` double NOT NULL,
  `estimate_id` int(11) NOT NULL,
  `tax_id` int(11) DEFAULT '0',
  `tax_id2` int(11) DEFAULT '0',
  `deleted` tinyint(1) NOT NULL DEFAULT '0',
  PRIMARY KEY (`id`)
) ENGINE=InnoDB AUTO_INCREMENT=18 DEFAULT CHARSET=utf8 COLLATE=utf8_unicode_ci;

--
-- Dumping data for table `nizwa_packing_productsestimate_items`
--

INSERT INTO `nizwa_packing_productsestimate_items` VALUES (1,2,'Product 2','asdasd',10,'pc',150,1500,2,1,0,0),(2,3,'product 3','',20,'pc',75,1500,2,1,0,0),(3,3,'product 3','',10,'pc',75,750,3,1,0,0),(4,3,'product 3','',20,'pc',75,1500,4,1,0,0),(5,2,'Product 2','asdasd',10,'pc',150,1500,4,0,0,0),(6,2,'Product 2','asdasd',20,'pc',150,3000,5,1,0,0),(7,3,'product 3','',20,'pc',75,1500,5,1,0,0),(8,3,'product 3','',10,'pc',75,750,6,1,0,0),(9,3,'product 3','',10,'pc',75,750,7,1,0,0),(10,3,'product 3','',2,'pc',75,150,8,0,0,0),(11,3,'product 3','',5,'pc',75,375,8,0,0,0),(12,2,'Product 2','asdasd',2,'pc',150,300,9,1,0,0),(13,3,'product 3','asdasd',5,'pc',150,750,9,0,0,0),(14,8,'product 13','',2,'PC',15,30,10,0,0,0),(15,27,'product 11','desc',3,'PC',15,45,12,0,0,0),(16,24,'teacups','',1,'pc',15,15,12,0,0,0),(17,24,'teacups','vxcvc',56,'pc',15,840,13,0,0,0);

--
-- Table structure for table `nizwa_packing_productsestimate_requests`
--

CREATE TABLE `nizwa_packing_productsestimate_requests` (
  `id` int(11) NOT NULL AUTO_INCREMENT,
  `estimate_form_id` int(11) NOT NULL,
  `created_by` int(11) NOT NULL,
  `created_at` datetime NOT NULL,
  `client_id` int(11) NOT NULL,
  `lead_id` int(11) NOT NULL,
  `assigned_to` int(11) NOT NULL,
  `status` enum('new','processing','hold','canceled','estimated') COLLATE utf8_unicode_ci NOT NULL DEFAULT 'new',
  `files` mediumtext COLLATE utf8_unicode_ci NOT NULL,
  `deleted` tinyint(1) NOT NULL DEFAULT '0',
  PRIMARY KEY (`id`)
) ENGINE=InnoDB DEFAULT CHARSET=utf8 COLLATE=utf8_unicode_ci;

--
-- Dumping data for table `nizwa_packing_productsestimate_requests`
--


--
-- Table structure for table `nizwa_packing_productsestimates`
--

CREATE TABLE `nizwa_packing_productsestimates` (
  `id` int(11) NOT NULL AUTO_INCREMENT,
  `client_id` int(11) NOT NULL,
  `estimate_request_id` int(11) NOT NULL DEFAULT '0',
  `estimate_date` date NOT NULL,
  `valid_until` date NOT NULL,
  `note` mediumtext COLLATE utf8_unicode_ci,
  `last_email_sent_date` date DEFAULT NULL,
  `status` enum('draft','sent','accepted','declined','approved','request_approval') COLLATE utf8_unicode_ci NOT NULL DEFAULT 'draft',
  `tax_id` int(11) NOT NULL DEFAULT '0',
  `tax_id2` int(11) NOT NULL DEFAULT '0',
  `discount_type` enum('before_tax','after_tax') COLLATE utf8_unicode_ci NOT NULL,
  `discount_amount` double NOT NULL,
  `discount_amount_type` enum('percentage','fixed_amount') COLLATE utf8_unicode_ci NOT NULL,
  `project_id` int(11) NOT NULL DEFAULT '0',
  `deleted` tinyint(1) NOT NULL DEFAULT '0',
  PRIMARY KEY (`id`)
) ENGINE=InnoDB AUTO_INCREMENT=14 DEFAULT CHARSET=utf8 COLLATE=utf8_unicode_ci;

--
-- Dumping data for table `nizwa_packing_productsestimates`
--

INSERT INTO `nizwa_packing_productsestimates` VALUES (1,1,0,'2022-12-22','2022-12-24','',NULL,'accepted',0,0,'before_tax',0,'percentage',0,0),(2,2,0,'2022-12-27','2022-12-29','',NULL,'accepted',0,0,'before_tax',0,'percentage',0,0),(3,2,0,'2022-12-28','2022-12-31','',NULL,'accepted',0,0,'before_tax',0,'percentage',0,0),(4,2,0,'2022-12-27','2022-12-31','',NULL,'approved',0,0,'before_tax',0,'percentage',0,0),(5,2,0,'2022-12-27','2022-12-28','',NULL,'approved',0,0,'before_tax',0,'percentage',0,0),(6,2,0,'2022-12-27','2022-12-29','',NULL,'accepted',0,0,'before_tax',0,'percentage',0,0),(7,2,0,'2023-01-04','2022-12-29','',NULL,'declined',0,0,'before_tax',0,'percentage',0,0),(8,2,0,'2022-12-29','2022-12-29','',NULL,'accepted',0,0,'before_tax',0,'percentage',0,0),(9,2,0,'2022-12-28','2022-12-28','',NULL,'accepted',0,0,'before_tax',0,'percentage',0,0),(10,4,0,'2023-01-17','2023-01-19','nate',NULL,'declined',0,0,'before_tax',0,'percentage',0,0),(11,5,0,'2023-01-17','2023-01-24','8oz double wall\n',NULL,'draft',0,0,'before_tax',0,'percentage',0,1),(12,9,0,'2023-03-01','2023-03-31','',NULL,'approved',0,0,'before_tax',0,'percentage',0,0),(13,9,0,'2023-03-01','2023-03-22','note',NULL,'draft',0,0,'before_tax',0,'percentage',0,0);

--
-- Table structure for table `nizwa_packing_productsevents`
--

CREATE TABLE `nizwa_packing_productsevents` (
  `id` int(11) NOT NULL AUTO_INCREMENT,
  `title` text COLLATE utf8_unicode_ci NOT NULL,
  `description` mediumtext COLLATE utf8_unicode_ci NOT NULL,
  `start_date` date NOT NULL,
  `end_date` date NOT NULL,
  `start_time` time DEFAULT NULL,
  `end_time` time DEFAULT NULL,
  `created_by` int(11) NOT NULL,
  `location` mediumtext COLLATE utf8_unicode_ci,
  `files` mediumtext COLLATE utf8_unicode_ci,
  `client_id` int(11) NOT NULL DEFAULT '0',
  `labels` text COLLATE utf8_unicode_ci NOT NULL,
  `share_with` mediumtext COLLATE utf8_unicode_ci,
  `editable_google_event` tinyint(1) NOT NULL DEFAULT '0',
  `google_event_id` text COLLATE utf8_unicode_ci NOT NULL,
  `deleted` int(1) NOT NULL DEFAULT '0',
  `color` varchar(15) COLLATE utf8_unicode_ci NOT NULL,
  `recurring` int(1) NOT NULL DEFAULT '0',
  `repeat_every` int(11) NOT NULL DEFAULT '0',
  `repeat_type` enum('days','weeks','months','years') COLLATE utf8_unicode_ci DEFAULT NULL,
  `no_of_cycles` int(11) NOT NULL DEFAULT '0',
  `last_start_date` date DEFAULT NULL,
  `recurring_dates` longtext COLLATE utf8_unicode_ci NOT NULL,
  `confirmed_by` text COLLATE utf8_unicode_ci NOT NULL,
  `rejected_by` text COLLATE utf8_unicode_ci NOT NULL,
  PRIMARY KEY (`id`),
  KEY `created_by` (`created_by`)
) ENGINE=InnoDB DEFAULT CHARSET=utf8 COLLATE=utf8_unicode_ci;

--
-- Dumping data for table `nizwa_packing_productsevents`
--


--
-- Table structure for table `nizwa_packing_productsexpense_categories`
--

CREATE TABLE `nizwa_packing_productsexpense_categories` (
  `id` int(11) NOT NULL AUTO_INCREMENT,
  `category_parent` int(11) NOT NULL,
  `title` text COLLATE utf8_unicode_ci NOT NULL,
  `account_id` int(11) NOT NULL DEFAULT '0',
  `deleted` tinyint(1) NOT NULL DEFAULT '0',
  PRIMARY KEY (`id`)
) ENGINE=InnoDB AUTO_INCREMENT=2 DEFAULT CHARSET=utf8 COLLATE=utf8_unicode_ci;

--
-- Dumping data for table `nizwa_packing_productsexpense_categories`
--

INSERT INTO `nizwa_packing_productsexpense_categories` VALUES (1,57,'Ex Cat1',83,0);

--
-- Table structure for table `nizwa_packing_productsexpense_items`
--

CREATE TABLE `nizwa_packing_productsexpense_items` (
  `id` int(11) NOT NULL AUTO_INCREMENT,
  `title` text COLLATE utf8_unicode_ci NOT NULL,
  `parent` int(11) NOT NULL,
  `account_id` int(11) NOT NULL DEFAULT '0',
  `deleted` tinyint(1) NOT NULL DEFAULT '0',
  PRIMARY KEY (`id`) USING BTREE
) ENGINE=InnoDB AUTO_INCREMENT=2 DEFAULT CHARSET=utf8 COLLATE=utf8_unicode_ci ROW_FORMAT=DYNAMIC;

--
-- Dumping data for table `nizwa_packing_productsexpense_items`
--

INSERT INTO `nizwa_packing_productsexpense_items` VALUES (1,'item type',83,84,0);

--
-- Table structure for table `nizwa_packing_productsexpenses`
--

CREATE TABLE `nizwa_packing_productsexpenses` (
  `id` int(11) NOT NULL AUTO_INCREMENT,
  `expense_date` date NOT NULL,
  `category_id` int(11) NOT NULL,
  `item_id` int(11) DEFAULT NULL,
  `description` mediumtext COLLATE utf8_unicode_ci,
  `amount` double NOT NULL,
  `payment_mode` enum('bank','cash_on_hand','cheque','reimbursement','pt_cash') COLLATE utf8_unicode_ci NOT NULL,
  `cheque_due_date` date DEFAULT NULL,
  `cheque_description` varchar(255) COLLATE utf8_unicode_ci DEFAULT NULL,
  `cheque_account` varchar(150) COLLATE utf8_unicode_ci DEFAULT NULL,
  `cheque_number` int(11) DEFAULT NULL,
  `cheque_transaction_id` int(11) NOT NULL DEFAULT '0',
  `files` mediumtext COLLATE utf8_unicode_ci NOT NULL,
  `title` text COLLATE utf8_unicode_ci NOT NULL,
  `project_id` int(11) NOT NULL DEFAULT '0',
  `invoice_id` int(11) NOT NULL DEFAULT '0',
  `user_id` int(11) NOT NULL DEFAULT '0',
  `client_id` int(11) NOT NULL DEFAULT '0',
  `status` varchar(50) COLLATE utf8_unicode_ci NOT NULL DEFAULT 'draft',
  `tax_id` int(11) NOT NULL DEFAULT '0',
  `tax_id2` int(11) NOT NULL DEFAULT '0',
  `transaction_id` int(11) NOT NULL DEFAULT '0',
  `deleted` tinyint(1) NOT NULL DEFAULT '0',
  `bank` int(11) NOT NULL DEFAULT '0',
  `treasury` int(11) NOT NULL DEFAULT '0',
  `pt_cash` int(11) NOT NULL DEFAULT '0',
  PRIMARY KEY (`id`)
) ENGINE=InnoDB AUTO_INCREMENT=2 DEFAULT CHARSET=utf8 COLLATE=utf8_unicode_ci;

--
-- Dumping data for table `nizwa_packing_productsexpenses`
--

INSERT INTO `nizwa_packing_productsexpenses` VALUES (1,'2023-01-17',83,84,'sdfsd',10,'bank','2023-01-17',NULL,'',0,0,'a:0:{}','',0,0,1,0,'approved',1,0,25,0,82,0,0);

--
-- Table structure for table `nizwa_packing_productsexpires`
--

CREATE TABLE `nizwa_packing_productsexpires` (
  `id` int(11) NOT NULL AUTO_INCREMENT,
  `item` text COLLATE utf8_unicode_ci,
  `type` text COLLATE utf8_unicode_ci,
  `department_id` int(11) DEFAULT NULL,
  `expiry` date DEFAULT NULL,
  `recurring_charges` int(11) DEFAULT NULL,
  `responsible_id` int(11) DEFAULT NULL,
  `client_id` int(11) DEFAULT NULL,
  `status` enum('alert','ignore') COLLATE utf8_unicode_ci NOT NULL,
  `deleted` int(1) NOT NULL DEFAULT '0',
  PRIMARY KEY (`id`)
) ENGINE=MyISAM AUTO_INCREMENT=2 DEFAULT CHARSET=utf8 COLLATE=utf8_unicode_ci;

--
-- Dumping data for table `nizwa_packing_productsexpires`
--

INSERT INTO `nizwa_packing_productsexpires` VALUES (1,'V','V',0,'2023-01-09',240,1,0,'alert',0);

--
-- Table structure for table `nizwa_packing_productsgeneral_files`
--

CREATE TABLE `nizwa_packing_productsgeneral_files` (
  `id` int(11) NOT NULL AUTO_INCREMENT,
  `file_name` text COLLATE utf8_unicode_ci NOT NULL,
  `file_id` text COLLATE utf8_unicode_ci,
  `service_type` varchar(20) COLLATE utf8_unicode_ci DEFAULT NULL,
  `description` mediumtext COLLATE utf8_unicode_ci,
  `file_size` double NOT NULL,
  `created_at` datetime NOT NULL,
  `client_id` int(11) NOT NULL DEFAULT '0',
  `user_id` int(11) NOT NULL DEFAULT '0',
  `eroom_id` int(11) NOT NULL DEFAULT '0',
  `uploaded_by` int(11) NOT NULL,
  `deleted` tinyint(1) NOT NULL DEFAULT '0',
  PRIMARY KEY (`id`)
) ENGINE=InnoDB DEFAULT CHARSET=utf8 COLLATE=utf8_unicode_ci;

--
-- Dumping data for table `nizwa_packing_productsgeneral_files`
--


--
-- Table structure for table `nizwa_packing_productshelp_articles`
--

CREATE TABLE `nizwa_packing_productshelp_articles` (
  `id` int(11) NOT NULL AUTO_INCREMENT,
  `title` text COLLATE utf8_unicode_ci NOT NULL,
  `description` longtext COLLATE utf8_unicode_ci NOT NULL,
  `category_id` int(11) NOT NULL,
  `created_by` int(11) NOT NULL,
  `created_at` datetime DEFAULT NULL,
  `status` enum('active','inactive') COLLATE utf8_unicode_ci NOT NULL DEFAULT 'active',
  `files` text COLLATE utf8_unicode_ci NOT NULL,
  `total_views` int(11) NOT NULL DEFAULT '0',
  `deleted` tinyint(1) NOT NULL DEFAULT '0',
  PRIMARY KEY (`id`)
) ENGINE=InnoDB AUTO_INCREMENT=2 DEFAULT CHARSET=utf8 COLLATE=utf8_unicode_ci;

--
-- Dumping data for table `nizwa_packing_productshelp_articles`
--

INSERT INTO `nizwa_packing_productshelp_articles` VALUES (1,'tea','<p>xcvxcvzxcvcxvcxzcvfdvdfsvdfsv</p>',1,1,'2023-01-17 13:23:02','active','a:0:{}',1,0);

--
-- Table structure for table `nizwa_packing_productshelp_categories`
--

CREATE TABLE `nizwa_packing_productshelp_categories` (
  `id` int(11) NOT NULL AUTO_INCREMENT,
  `title` text COLLATE utf8_unicode_ci NOT NULL,
  `description` text COLLATE utf8_unicode_ci NOT NULL,
  `type` enum('help','knowledge_base') COLLATE utf8_unicode_ci NOT NULL,
  `sort` int(11) NOT NULL,
  `status` enum('active','inactive') COLLATE utf8_unicode_ci NOT NULL DEFAULT 'active',
  `deleted` tinyint(1) NOT NULL DEFAULT '0',
  PRIMARY KEY (`id`)
) ENGINE=InnoDB AUTO_INCREMENT=2 DEFAULT CHARSET=utf8 COLLATE=utf8_unicode_ci;

--
-- Dumping data for table `nizwa_packing_productshelp_categories`
--

INSERT INTO `nizwa_packing_productshelp_categories` VALUES (1,'Cat','sdfsd','knowledge_base',0,'active',0);

--
-- Table structure for table `nizwa_packing_productsinternal_transactions`
--

CREATE TABLE `nizwa_packing_productsinternal_transactions` (
  `id` int(11) NOT NULL AUTO_INCREMENT,
  `date` date NOT NULL,
  `from_employee` int(11) NOT NULL,
  `to_employee` int(11) NOT NULL,
  `amount` float(10,3) NOT NULL,
  `note` text COLLATE utf8_bin NOT NULL,
  `status` enum('draft','approved') COLLATE utf8_bin NOT NULL DEFAULT 'draft',
  `transaction_id` int(11) NOT NULL DEFAULT '0',
  `deleted` tinyint(1) NOT NULL DEFAULT '0',
  `bank` int(11) NOT NULL DEFAULT '0',
  `treasury` int(11) NOT NULL DEFAULT '0',
  PRIMARY KEY (`id`)
) ENGINE=MyISAM AUTO_INCREMENT=2 DEFAULT CHARSET=utf8 COLLATE=utf8_bin;

--
-- Dumping data for table `nizwa_packing_productsinternal_transactions`
--

INSERT INTO `nizwa_packing_productsinternal_transactions` VALUES (1,'2023-01-17',0,1,10.000,'','draft',0,0,0,79);

--
-- Table structure for table `nizwa_packing_productsinvoice_items`
--

CREATE TABLE `nizwa_packing_productsinvoice_items` (
  `id` int(11) NOT NULL AUTO_INCREMENT,
  `item_id` int(11) NOT NULL DEFAULT '0',
  `title` text COLLATE utf8_unicode_ci NOT NULL,
  `description` text COLLATE utf8_unicode_ci,
  `quantity` double NOT NULL,
  `unit_type` varchar(20) COLLATE utf8_unicode_ci NOT NULL DEFAULT '',
  `rate` double NOT NULL,
  `total` double NOT NULL,
  `cost` double DEFAULT NULL,
  `sort` int(11) NOT NULL DEFAULT '0',
  `invoice_id` int(11) NOT NULL,
  `tax_id` int(11) DEFAULT '0',
  `tax_id2` int(11) DEFAULT '0',
  `deleted` tinyint(1) NOT NULL DEFAULT '0',
  PRIMARY KEY (`id`)
) ENGINE=InnoDB AUTO_INCREMENT=44 DEFAULT CHARSET=utf8 COLLATE=utf8_unicode_ci;

--
-- Dumping data for table `nizwa_packing_productsinvoice_items`
--

INSERT INTO `nizwa_packing_productsinvoice_items` VALUES (1,3,'product 3','',2,'pc',75,150,NULL,0,6,0,0,0),(2,3,'product 3','',5,'pc',75,375,NULL,0,6,0,0,0),(3,3,'product 3','',2,'pc',75,150,NULL,0,7,0,0,0),(4,3,'product 3','',5,'pc',75,375,NULL,1,7,0,0,0),(5,2,'Product 2','asdasd',2,'pc',150,300,NULL,0,8,1,0,0),(6,3,'product 3','asdasd',5,'pc',150,750,NULL,0,8,0,0,0),(7,3,'product 3','',10,'pc',75,750,NULL,0,9,1,0,0),(8,3,'product 3','gfhfgh',2,'pc',75,150,NULL,0,13,1,0,0),(9,2,'Product 2','asdasd',10,'pc',150,1500,NULL,0,14,1,0,0),(10,3,'product 3','',8,'pc',75,600,NULL,0,14,1,0,0),(11,5,'Row1','deesc',3,'KG',15,45,NULL,0,15,0,0,0),(12,6,'Row2','desc',2,'KG',15,30,NULL,0,15,0,0,0),(13,7,'Product test','desc',1,'PC',25,25,NULL,0,16,0,0,0),(14,8,'product 13','',3,'PC',15,45,NULL,0,17,0,0,0),(15,7,'Product test','desc',1,'PC',25,25,NULL,0,17,0,0,0),(16,7,'Product test','desc',1,'PC',25,25,NULL,0,18,0,0,0),(17,9,'Row 3','',10,'KG',15,150,NULL,0,19,0,0,1),(18,8,'product 13','',1,'PC',15,15,NULL,0,19,0,0,1),(19,10,'Product 22','sadasd',50,'PC',15,750,NULL,0,19,0,0,0),(20,9,'Row 3','',1,'KG',15,15,NULL,0,20,0,0,0),(21,10,'Product 22','sadasd',1,'PC',15,15,NULL,0,21,0,0,0),(22,12,'product 33','',2,'PC',15,30,NULL,0,22,0,0,0),(23,12,'product 33','',1,'PC',15,15,NULL,0,23,0,0,0),(24,12,'product 33','',1,'PC',15,15,NULL,0,24,0,0,1),(25,12,'product 33','',6,'PC',15,90,NULL,0,24,0,0,0),(26,12,'product 33','ffff',50,'PC',15,750,NULL,0,26,0,0,0),(27,13,'6oz cup one color 10k','paper cup min selling 10K one color printing ',2.5,'pc',140,350,NULL,0,27,0,0,0),(28,13,'6oz cup one color 10k','paper cup min selling 10K one color printing ',10000,'pc',0.014,140,NULL,0,29,1,0,0),(29,18,'10oz 2color printing 10k','10oz 2color printing 10k',1000,'pc',0.35,350,NULL,0,30,0,0,0),(30,18,'10oz 2color printing 10k','10oz 2color printing 10k',1000,'pc',0.35,350,NULL,0,32,0,0,0),(31,23,'6 oz paper cup','paper cup single wall 6 oz',2000,'pc',0.06,120,NULL,0,32,0,0,0),(32,24,'teacups','',1,'pc',15,15,NULL,0,33,0,0,0),(33,24,'teacups','',1,'pc',15,15,NULL,0,34,0,0,0),(34,24,'teacups','',1,'pc',15,15,NULL,0,35,0,0,0),(35,27,'product 11','desc',1,'PC',15,15,NULL,0,36,0,0,0),(36,27,'product 11','desc',1,'PC',15,15,NULL,0,37,0,0,0),(37,18,'10oz 2color printing 10k','10oz 2color printing 10k',1,'pc',0.35,0.35,NULL,0,39,0,0,0),(38,18,'10oz 2color printing 10k','10oz 2color printing 10k',2,'pc',0.35,0.7,NULL,0,41,0,0,0),(39,27,'product 11','desc',1,'PC',15,15,NULL,0,44,0,0,0),(40,27,'product 11','desc',30,'PC',15,450,NULL,0,45,0,0,0),(41,30,'الحاجز الخشبي','- يصنع من الخشب الميرندي ، و قشرة الخشب الطبيعي.\nPU SILK MATT POLISH :الصبغ نوع- ',20,'Qbm',10,200,NULL,0,46,1,0,0),(42,30,'الحاجز الخشبي','- يصنع من الخشب الميرندي ، و قشرة الخشب الطبيعي.\nPU SILK MATT POLISH :الصبغ نوع- ',1,'Qbm',10,10,NULL,0,47,0,0,0),(43,19,'DW Paper Cup 4oz 5k one color','DW Paper Cup 4oz 5k one color',10000,'pc',0.06,600,NULL,0,49,0,0,0);

--
-- Table structure for table `nizwa_packing_productsinvoice_payments`
--

CREATE TABLE `nizwa_packing_productsinvoice_payments` (
  `id` int(11) NOT NULL AUTO_INCREMENT,
  `files` varchar(256) COLLATE utf8_unicode_ci DEFAULT NULL,
  `amount` double NOT NULL,
  `payment_date` date NOT NULL,
  `payment_method_id` int(11) NOT NULL,
  `cheque_due_date` date DEFAULT NULL,
  `cheque_description` varchar(150) COLLATE utf8_unicode_ci DEFAULT NULL,
  `cheque_account` varchar(150) COLLATE utf8_unicode_ci DEFAULT NULL,
  `cheque_number` varchar(150) COLLATE utf8_unicode_ci DEFAULT NULL,
  `cheque_transaction_id` int(11) NOT NULL DEFAULT '0',
  `note` text COLLATE utf8_unicode_ci,
  `invoice_id` int(11) NOT NULL,
  `status` enum('draft','request_approval','approved') COLLATE utf8_unicode_ci NOT NULL DEFAULT 'draft',
  `deleted` tinyint(1) NOT NULL DEFAULT '0',
  `transaction_id` tinytext COLLATE utf8_unicode_ci,
  `account_transaction_id` int(11) NOT NULL DEFAULT '0',
  `advance_transaction_id` int(11) NOT NULL DEFAULT '0',
  `created_by` int(11) DEFAULT '1',
  `bank` int(11) DEFAULT '0',
  `treasury` int(11) DEFAULT '0',
  `created_at` datetime DEFAULT NULL,
  PRIMARY KEY (`id`),
  KEY `id` (`id`),
  KEY `id_2` (`id`)
) ENGINE=InnoDB AUTO_INCREMENT=12 DEFAULT CHARSET=utf8 COLLATE=utf8_unicode_ci;

--
-- Dumping data for table `nizwa_packing_productsinvoice_payments`
--

INSERT INTO `nizwa_packing_productsinvoice_payments` VALUES (1,'a:0:{}',200,'2022-12-27',4,'2022-12-27','','','',0,'',2,'draft',0,NULL,0,0,1,77,0,'2022-12-26 22:29:18'),(2,'a:0:{}',200,'2022-12-28',4,'2022-12-27','','','',0,'',2,'draft',0,NULL,0,0,1,77,0,'2022-12-26 22:29:52'),(3,'a:0:{}',3150,'2022-12-27',4,'2022-12-27','','','',0,'',3,'draft',0,NULL,0,0,1,77,0,'2022-12-26 22:36:00'),(4,'a:0:{}',3150,'2022-12-27',4,'2022-12-27','','','',0,'',3,'draft',1,NULL,0,0,1,77,0,'2022-12-26 22:36:54'),(5,'a:0:{}',25,'2023-01-17',1,'2023-01-17','','','',0,'',16,'approved',0,NULL,20,0,1,NULL,79,'2023-01-17 07:31:02'),(6,'a:0:{}',70,'2023-01-17',1,'2023-01-17','','','',0,'',17,'approved',0,NULL,22,0,1,NULL,79,'2023-01-17 08:17:58'),(7,'a:0:{}',750,'2023-01-17',1,'2023-01-17','','','',0,'',19,'approved',0,NULL,31,0,1,NULL,79,'2023-01-17 10:40:16'),(8,'a:0:{}',30,'2023-01-17',1,'2023-01-17','','','',0,'',22,'approved',0,NULL,36,0,1,NULL,79,'2023-01-17 10:50:29'),(9,'a:0:{}',70,'2023-01-19',4,'2023-01-19','','','',0,'',29,'approved',0,NULL,44,0,1,81,0,'2023-01-19 14:30:21'),(10,'a:0:{}',450,'2023-03-01',1,'2023-03-01','','','',0,'',45,'approved',0,NULL,60,0,2,NULL,79,'2023-03-01 11:06:33'),(11,'a:0:{}',100,'2023-03-01',1,'2023-03-01','','','',0,'',46,'approved',0,NULL,63,0,2,NULL,79,'2023-03-01 11:37:12');

--
-- Table structure for table `nizwa_packing_productsinvoices`
--

CREATE TABLE `nizwa_packing_productsinvoices` (
  `id` int(11) NOT NULL AUTO_INCREMENT,
  `client_id` int(11) NOT NULL,
  `project_id` int(11) NOT NULL DEFAULT '0',
  `bill_date` date NOT NULL,
  `due_date` date NOT NULL,
  `note` mediumtext COLLATE utf8_unicode_ci,
  `files` varchar(255) COLLATE utf8_unicode_ci DEFAULT NULL,
  `labels` text COLLATE utf8_unicode_ci,
  `last_email_sent_date` date DEFAULT NULL,
  `status` enum('draft','not_paid','cancelled') COLLATE utf8_unicode_ci NOT NULL DEFAULT 'draft',
  `delivery_status` enum('delivered','not_delivered') COLLATE utf8_unicode_ci NOT NULL DEFAULT 'not_delivered',
  `approval_status` enum('not_approved','request_approval','approved') COLLATE utf8_unicode_ci NOT NULL DEFAULT 'not_approved',
  `confirm_status` varchar(20) COLLATE utf8_unicode_ci NOT NULL DEFAULT 'not_confirmed',
  `tax_id` int(11) NOT NULL DEFAULT '0',
  `tax_id2` int(11) NOT NULL DEFAULT '0',
  `recurring` tinyint(4) NOT NULL DEFAULT '0',
  `recurring_invoice_id` int(11) NOT NULL DEFAULT '0',
  `repeat_every` int(11) NOT NULL DEFAULT '0',
  `repeat_type` enum('days','weeks','months','years') COLLATE utf8_unicode_ci DEFAULT NULL,
  `no_of_cycles` int(11) NOT NULL DEFAULT '0',
  `next_recurring_date` date DEFAULT NULL,
  `no_of_cycles_completed` int(11) NOT NULL DEFAULT '0',
  `due_reminder_date` date DEFAULT NULL,
  `recurring_reminder_date` date DEFAULT NULL,
  `discount_amount` double NOT NULL,
  `discount_amount_type` enum('percentage','fixed_amount') COLLATE utf8_unicode_ci NOT NULL,
  `discount_type` enum('before_tax','after_tax') COLLATE utf8_unicode_ci NOT NULL,
  `cancelled_at` datetime DEFAULT NULL,
  `cancelled_by` int(11) NOT NULL,
  `deleted` tinyint(1) NOT NULL DEFAULT '0',
  `sale_item` int(11) NOT NULL DEFAULT '0',
  `sale_account_id` int(11) NOT NULL DEFAULT '0',
  `sale_cost_account_id` int(11) NOT NULL DEFAULT '0',
  `sale_status` enum('Pending','Ready','In Progress','Finished') COLLATE utf8_unicode_ci NOT NULL DEFAULT 'Pending',
  PRIMARY KEY (`id`)
) ENGINE=InnoDB AUTO_INCREMENT=50 DEFAULT CHARSET=utf8 COLLATE=utf8_unicode_ci;

--
-- Dumping data for table `nizwa_packing_productsinvoices`
--

INSERT INTO `nizwa_packing_productsinvoices` VALUES (1,2,2,'2022-12-26','2023-01-25','dfasfsdf','a:1:{i:0;a:4:{s:9:\"file_name\";s:52:\"invoice_file63abb90eae5f4-Product-Details-Final.xlsx\";s:9:\"file_size\";s:5:\"16183\";s:7:\"file_id\";N;s:12:\"service_type\";N;}}','',NULL,'draft','not_delivered','not_approved','not_confirmed',0,0,0,0,0,NULL,0,NULL,0,NULL,NULL,0,'percentage','before_tax',NULL,0,0,1,0,0,'In Progress'),(2,2,2,'2022-12-26','2023-01-25','sdfs','a:0:{}','',NULL,'not_paid','not_delivered','not_approved','not_confirmed',0,0,0,0,0,NULL,0,NULL,0,NULL,NULL,0,'percentage','before_tax',NULL,0,0,1,0,0,'In Progress'),(3,2,2,'2022-12-27','2023-01-26','','a:0:{}','',NULL,'not_paid','not_delivered','approved','not_confirmed',0,0,0,0,0,NULL,0,NULL,0,NULL,NULL,0,'percentage','before_tax',NULL,0,0,1,0,0,'Finished'),(4,2,0,'2022-12-27','2023-01-26','','a:0:{}','',NULL,'draft','not_delivered','approved','not_confirmed',0,0,0,0,0,NULL,0,NULL,0,NULL,NULL,0,'percentage','before_tax',NULL,0,0,1,0,0,'Ready'),(5,2,0,'2022-12-28','2023-01-27','','a:0:{}','',NULL,'draft','not_delivered','approved','not_confirmed',0,0,0,0,0,NULL,0,NULL,0,NULL,NULL,0,'percentage','before_tax',NULL,0,0,1,0,0,'Finished'),(6,2,2,'2022-12-28','2023-01-27','','a:0:{}','',NULL,'draft','not_delivered','approved','not_confirmed',0,0,0,0,0,NULL,0,NULL,0,NULL,NULL,0,'percentage','before_tax',NULL,0,0,1,0,0,'Ready'),(7,2,0,'2022-12-28','2023-01-27','','a:1:{i:0;a:4:{s:9:\"file_name\";s:48:\"invoice_file63abb9795a0a0-Helpdesk-Proposal.docx\";s:9:\"file_size\";s:5:\"14722\";s:7:\"file_id\";N;s:12:\"service_type\";N;}}','',NULL,'draft','not_delivered','approved','not_confirmed',0,0,0,0,0,NULL,0,NULL,0,NULL,NULL,0,'percentage','before_tax',NULL,0,0,1,0,0,'Ready'),(8,2,0,'2022-12-28','2023-01-27','','a:0:{}','',NULL,'draft','not_delivered','approved','not_confirmed',0,0,0,0,0,NULL,0,NULL,0,NULL,NULL,0,'percentage','before_tax',NULL,0,0,1,0,0,'Pending'),(9,2,2,'2023-01-02','2023-02-01','','a:0:{}','',NULL,'draft','not_delivered','approved','confirmed',0,0,0,0,0,NULL,0,NULL,0,NULL,NULL,0,'percentage','before_tax',NULL,0,0,1,0,0,'Pending'),(10,2,2,'2023-01-09','2023-02-08','','a:0:{}','',NULL,'draft','not_delivered','not_approved','not_confirmed',0,0,0,0,0,NULL,0,NULL,0,NULL,NULL,0,'percentage','before_tax',NULL,0,0,1,0,0,'Pending'),(11,2,2,'2023-01-09','2023-02-08','','a:0:{}','',NULL,'draft','not_delivered','not_approved','not_confirmed',0,0,0,0,0,NULL,0,NULL,0,NULL,NULL,0,'percentage','before_tax',NULL,0,0,1,0,0,'Pending'),(12,2,2,'2023-01-09','2023-02-08','dfsdfsd','a:0:{}','',NULL,'draft','not_delivered','not_approved','not_confirmed',0,0,0,0,0,NULL,0,NULL,0,NULL,NULL,0,'percentage','before_tax',NULL,0,0,1,0,0,'Pending'),(13,2,2,'2023-01-09','2023-02-08','dsfsdf','a:0:{}','',NULL,'draft','not_delivered','approved','not_confirmed',0,0,0,0,0,NULL,0,NULL,0,NULL,NULL,0,'percentage','before_tax',NULL,0,0,1,0,0,'Pending'),(14,2,2,'2023-01-17','2023-02-16','note','a:0:{}','label',NULL,'draft','not_delivered','approved','confirmed',0,0,0,0,0,NULL,0,NULL,0,NULL,NULL,0,'percentage','before_tax',NULL,0,0,1,0,0,'Pending'),(15,2,2,'2023-01-17','2023-02-16','','a:0:{}','',NULL,'draft','not_delivered','approved','confirmed',0,0,0,0,0,NULL,0,NULL,0,NULL,NULL,0,'percentage','before_tax',NULL,0,0,1,0,0,'Pending'),(16,2,2,'2023-01-17','2023-02-16','','a:0:{}','',NULL,'not_paid','not_delivered','approved','confirmed',0,0,0,0,0,NULL,0,NULL,0,NULL,NULL,0,'percentage','before_tax',NULL,0,0,1,0,0,'Pending'),(17,4,3,'2023-01-17','2023-01-19','','a:0:{}','',NULL,'not_paid','delivered','approved','confirmed',0,0,0,0,0,NULL,0,NULL,0,NULL,NULL,0,'percentage','before_tax',NULL,0,0,1,0,0,'Pending'),(18,4,3,'2023-01-17','2023-02-16','','a:0:{}','',NULL,'draft','not_delivered','approved','confirmed',0,0,0,0,0,NULL,0,NULL,0,NULL,NULL,0,'percentage','before_tax',NULL,0,0,1,0,0,'Pending'),(19,4,3,'2023-01-17','2023-01-19','sdsdfsad','a:0:{}','',NULL,'not_paid','delivered','approved','confirmed',0,0,0,0,0,NULL,0,NULL,0,NULL,NULL,0,'percentage','before_tax',NULL,0,0,1,0,0,'Pending'),(20,2,2,'2023-01-17','2023-02-16','','a:0:{}','',NULL,'draft','not_delivered','approved','confirmed',0,0,0,0,0,NULL,0,NULL,0,NULL,NULL,0,'percentage','before_tax',NULL,0,0,1,0,0,'Pending'),(21,4,3,'2023-01-17','2023-02-16','','a:0:{}','',NULL,'draft','not_delivered','approved','confirmed',0,0,0,0,0,NULL,0,NULL,0,NULL,NULL,0,'percentage','before_tax',NULL,0,0,1,0,0,'Pending'),(22,4,3,'2023-01-17','2023-02-16','','a:0:{}','',NULL,'not_paid','delivered','approved','confirmed',0,0,0,0,0,NULL,0,NULL,0,NULL,NULL,0,'percentage','before_tax',NULL,0,0,1,0,0,'Pending'),(23,4,3,'2023-01-17','2023-02-16','','a:0:{}','',NULL,'draft','not_delivered','approved','confirmed',0,0,0,0,0,NULL,0,NULL,0,NULL,NULL,0,'percentage','before_tax',NULL,0,0,1,0,0,'Pending'),(24,4,3,'2023-01-17','2023-02-16','','a:0:{}','',NULL,'draft','not_delivered','approved','confirmed',0,0,0,0,0,NULL,0,NULL,0,NULL,NULL,0,'percentage','before_tax',NULL,0,0,1,0,0,'Pending'),(25,5,4,'2023-01-18','2023-02-17','','a:0:{}','',NULL,'draft','not_delivered','not_approved','not_confirmed',0,0,0,0,0,NULL,0,NULL,0,NULL,NULL,0,'percentage','before_tax',NULL,0,0,1,0,0,'Pending'),(26,6,0,'2023-01-19','2023-02-18','','a:0:{}','',NULL,'draft','not_delivered','approved','not_confirmed',0,0,0,0,0,NULL,0,NULL,0,NULL,NULL,0,'percentage','before_tax',NULL,0,0,1,0,0,'Pending'),(27,7,5,'2023-01-19','2023-02-18','20k 6oz\n','a:0:{}','',NULL,'draft','not_delivered','not_approved','not_confirmed',0,0,0,0,0,NULL,0,NULL,0,NULL,NULL,0,'percentage','before_tax',NULL,0,0,1,0,0,'Pending'),(28,7,5,'2023-01-19','2023-02-18','','a:0:{}','',NULL,'draft','not_delivered','not_approved','not_confirmed',0,0,0,0,0,NULL,0,NULL,0,NULL,NULL,0,'percentage','before_tax',NULL,0,0,1,0,0,'Pending'),(29,7,5,'2023-01-19','2023-02-18','','a:0:{}','',NULL,'not_paid','not_delivered','approved','not_confirmed',0,0,0,0,0,NULL,0,NULL,0,NULL,NULL,0,'percentage','before_tax',NULL,0,0,1,0,0,'In Progress'),(30,9,0,'2023-01-29','2023-02-28','Test','a:0:{}','',NULL,'draft','not_delivered','approved','confirmed',0,0,0,0,0,NULL,0,NULL,0,NULL,NULL,0,'percentage','before_tax',NULL,0,0,1,0,0,'Pending'),(31,9,0,'2023-01-29','2023-02-28','','a:0:{}','',NULL,'draft','not_delivered','not_approved','not_confirmed',0,0,0,0,0,NULL,0,NULL,0,NULL,NULL,0,'percentage','before_tax',NULL,0,0,1,0,0,'In Progress'),(32,9,0,'2023-01-29','2023-02-28','','a:0:{}','',NULL,'draft','not_delivered','approved','not_confirmed',0,0,0,0,0,NULL,0,NULL,0,NULL,NULL,0,'percentage','before_tax',NULL,0,0,1,0,0,'In Progress'),(33,9,0,'2023-01-31','2023-03-02','','a:0:{}','',NULL,'draft','not_delivered','approved','confirmed',0,0,0,0,0,NULL,0,NULL,0,NULL,NULL,0,'percentage','before_tax',NULL,0,0,1,0,0,'Pending'),(34,9,0,'2023-01-31','2023-03-02','','a:0:{}','',NULL,'draft','not_delivered','approved','confirmed',0,0,0,0,0,NULL,0,NULL,0,NULL,NULL,0,'percentage','before_tax',NULL,0,0,1,0,0,'Pending'),(35,9,0,'2023-01-31','2023-03-02','','a:0:{}','',NULL,'draft','not_delivered','approved','confirmed',0,0,0,0,0,NULL,0,NULL,0,NULL,NULL,0,'percentage','before_tax',NULL,0,0,1,0,0,'Pending'),(36,9,0,'2023-02-09','2023-03-11','note','a:0:{}','',NULL,'draft','not_delivered','approved','confirmed',0,0,0,0,0,NULL,0,NULL,0,NULL,NULL,0,'percentage','before_tax',NULL,0,0,1,0,0,'Pending'),(37,9,0,'2023-02-12','2023-03-14','','a:0:{}','',NULL,'draft','not_delivered','approved','confirmed',0,0,0,0,0,NULL,0,NULL,0,NULL,NULL,0,'percentage','before_tax',NULL,0,0,1,0,0,'Pending'),(38,9,0,'2023-02-16','2023-03-18','','a:0:{}','',NULL,'draft','not_delivered','approved','confirmed',0,0,0,0,0,NULL,0,NULL,0,NULL,NULL,0,'percentage','before_tax',NULL,0,0,1,0,0,'Pending'),(39,9,0,'2023-02-16','2023-03-18','','a:0:{}','',NULL,'draft','not_delivered','approved','confirmed',0,0,0,0,0,NULL,0,NULL,0,NULL,NULL,0,'percentage','before_tax',NULL,0,0,1,0,0,'Pending'),(40,9,0,'2023-02-16','2023-03-18','','a:0:{}','',NULL,'draft','not_delivered','approved','confirmed',0,0,0,0,0,NULL,0,NULL,0,NULL,NULL,0,'percentage','before_tax',NULL,0,0,1,0,0,'Pending'),(41,9,0,'2023-02-16','2023-03-18','','a:0:{}','',NULL,'draft','not_delivered','approved','confirmed',0,0,0,0,0,NULL,0,NULL,0,NULL,NULL,0,'percentage','before_tax',NULL,0,0,1,0,0,'Pending'),(42,9,0,'2023-02-16','2023-03-18','','a:0:{}','',NULL,'draft','not_delivered','not_approved','not_confirmed',0,0,0,0,0,NULL,0,NULL,0,NULL,NULL,0,'percentage','before_tax',NULL,0,0,1,0,0,'Pending'),(43,9,0,'2023-02-16','2023-03-18','','a:0:{}','',NULL,'draft','not_delivered','not_approved','not_confirmed',0,0,0,0,0,NULL,0,NULL,0,NULL,NULL,0,'percentage','before_tax',NULL,0,0,1,0,0,'Pending'),(44,9,0,'2023-02-21','2023-03-23','','a:0:{}','',NULL,'draft','not_delivered','approved','confirmed',0,0,0,0,0,NULL,0,NULL,0,NULL,NULL,0,'percentage','before_tax',NULL,0,0,1,0,0,'Pending'),(45,9,0,'2023-03-01','2023-03-29','','a:0:{}','label',NULL,'not_paid','delivered','approved','confirmed',0,0,0,0,0,NULL,0,NULL,0,NULL,NULL,0,'percentage','before_tax',NULL,0,0,1,0,0,'Pending'),(46,9,0,'2023-03-01','2023-03-31','','a:0:{}','',NULL,'not_paid','not_delivered','approved','confirmed',0,0,0,0,0,NULL,0,NULL,0,NULL,NULL,0,'percentage','before_tax',NULL,0,0,1,0,0,'Pending'),(47,9,0,'2023-03-01','2023-03-31','','a:0:{}','',NULL,'draft','not_delivered','approved','confirmed',0,0,0,0,0,NULL,0,NULL,0,NULL,NULL,0,'percentage','before_tax',NULL,0,0,1,0,0,'Pending'),(48,9,0,'2023-03-05','2023-04-04','','a:0:{}','',NULL,'draft','not_delivered','approved','not_confirmed',0,0,0,0,0,NULL,0,NULL,0,NULL,NULL,0,'percentage','before_tax',NULL,0,0,1,0,0,'Pending'),(49,9,0,'2023-03-05','2023-04-04','','a:0:{}','',NULL,'draft','delivered','approved','confirmed',0,0,0,0,0,NULL,0,NULL,0,NULL,NULL,0,'percentage','before_tax',NULL,0,0,1,0,0,'Pending');

--
-- Table structure for table `nizwa_packing_productsitem_categories`
--

CREATE TABLE `nizwa_packing_productsitem_categories` (
  `id` int(11) NOT NULL AUTO_INCREMENT,
  `title` varchar(255) COLLATE utf8_unicode_ci NOT NULL,
  `deleted` tinyint(1) NOT NULL DEFAULT '0',
  PRIMARY KEY (`id`)
) ENGINE=MyISAM AUTO_INCREMENT=19 DEFAULT CHARSET=utf8 COLLATE=utf8_unicode_ci;

--
-- Dumping data for table `nizwa_packing_productsitem_categories`
--

INSERT INTO `nizwa_packing_productsitem_categories` VALUES (1,'Category 1',1),(2,'C 6',1),(3,'C 7',1),(4,'C 8',1),(5,'DW 8',1),(6,'P 10',1),(7,'P 12',1),(8,'P 12 D',1),(9,'P 14',1),(10,'paper cup',0),(11,'Double Wall Cup',0),(12,'Plastic Cup Print',0),(13,'Boxes',0),(14,'wrapping paper ',0),(15,'Sandwich Bags',0),(16,'Paper Bags',0),(17,'Wall ',0),(18,'lock style lid',0);

--
-- Table structure for table `nizwa_packing_productsitem_uom`
--

CREATE TABLE `nizwa_packing_productsitem_uom` (
  `id` int(11) NOT NULL AUTO_INCREMENT,
  `title` varchar(255) COLLATE utf8_unicode_ci NOT NULL,
  `deleted` tinyint(1) NOT NULL DEFAULT '0',
  PRIMARY KEY (`id`) USING BTREE
) ENGINE=MyISAM AUTO_INCREMENT=8 DEFAULT CHARSET=utf8 COLLATE=utf8_unicode_ci ROW_FORMAT=DYNAMIC;

--
-- Dumping data for table `nizwa_packing_productsitem_uom`
--


--
-- Table structure for table `nizwa_packing_productsitems`
--

CREATE TABLE `nizwa_packing_productsitems` (
  `id` int(11) NOT NULL AUTO_INCREMENT,
  `title` text COLLATE utf8_unicode_ci NOT NULL,
  `description` text COLLATE utf8_unicode_ci,
  `unit_type` varchar(20) COLLATE utf8_unicode_ci NOT NULL DEFAULT '',
  `cost` double NOT NULL,
  `rate` double NOT NULL,
  `category_id` int(11) NOT NULL,
  `item_type` enum('product','service') COLLATE utf8_unicode_ci NOT NULL DEFAULT 'product',
  `raw_material` tinyint(1) NOT NULL DEFAULT '0',
  `deleted` tinyint(1) NOT NULL DEFAULT '0',
  PRIMARY KEY (`id`)
) ENGINE=InnoDB AUTO_INCREMENT=36 DEFAULT CHARSET=utf8 COLLATE=utf8_unicode_ci;

--
-- Dumping data for table `nizwa_packing_productsitems`
--

INSERT INTO `nizwa_packing_productsitems` VALUES (1,'Product 1cdsfds','Product 1','pc',200,250,1,'product',1,1),(2,'Product 2','asdasd','pc',100,150,1,'product',0,1),(3,'product 3','','pc',50,75,1,'product',0,1),(4,'product 12','desc','PC',10,15,1,'product',0,1),(5,'Row1','deesc','KG',10,15,1,'product',1,1),(6,'Row2','desc','KG',10,15,1,'product',1,1),(7,'Product test','desc','PC',20,25,1,'product',0,1),(8,'product 13','','PC',10,15,1,'product',0,1),(9,'Row 3','','KG',10,15,1,'product',1,1),(10,'Product 22','sadasd','PC',10,15,1,'product',0,1),(11,'row 33','','kg',10,15,1,'product',1,1),(12,'product 33','','PC',10,15,1,'product',0,1),(13,'6oz cup one color 10k','paper cup min selling 10K one color printing ','pc',0,0.014,10,'product',0,1),(14,'6oz cup 2 color printing 10K','6oz cups 2 colors printing 10K','pc',0,0.023,10,'product',0,1),(15,'7oz one color printing 10k','7oz one color printing 10k ','pc',0,0.015,10,'product',0,1),(16,'7oz 2color printing 10k','7oz 2 color printing 10k','pc',0,0.024,10,'product',0,1),(17,'10oz one color printing 10k','10oz one color printing 10k','pc',0,0.028,10,'product',0,1),(18,'10oz 2color printing 10k','10oz 2color printing 10k','pc',0,0.35,10,'product',0,0),(19,'DW Paper Cup 4oz 5k one color','DW Paper Cup 4oz 5k one color','pc',0,0.06,11,'product',0,0),(20,'DW Paper Cup 4oz 10k one color','DW Paper Cup 4oz 10k one color','pc',0,0.05,11,'product',0,0),(21,'DW Paper Cup 4oz 10k 2 color','DW Paper Cup 4oz 10k 2 color','pc',0,0.053,11,'product',0,0),(22,'DW Paper Cup 4oz 5k 2 color','DW Paper Cup 4oz 5k 2 color','pc',0,0.066,11,'product',0,0),(23,'6 oz paper cup','paper cup single wall 6 oz','pc',0.035,0.055,10,'product',0,0),(24,'teacups','','pc',10,15,10,'product',0,0),(25,'paper Raw','','mm',10,15,13,'product',1,0),(26,'glue','des','kg',10,15,13,'product',1,0),(27,'product 11','desc','PC',10,15,13,'product',0,0),(28,'Raw 11','desc','KG',10,15,13,'product',1,0),(29,'sdfsad','sdfsadf','et',2342.1231231212314,3342.1231231212314,13,'product',1,0),(30,'الحاجز الخشبي','- يصنع من الخشب الميرندي ، و قشرة الخشب الطبيعي.\nPU SILK MATT POLISH :الصبغ نوع- ','Qbm',10,10,17,'product',0,0),(31,'الخشب الميرندي','الخشب الميرندي','Qbm',10,12,17,'product',1,0),(32,'قشرة الخشب الطبيعي','قشرة الخشب الطبيعي','Qbm',10,11,17,'product',1,0),(33,'PU SILK MATT POLISH','PU SILK MATT POLISH','Ltr',5,6,17,'product',1,0),(34,'double wall paper','','ton',100,150,11,'product',1,0),(35,'8oz Whit lock style lid ','Lock style lid / Dubai lid\nwhite color\n','',3,5,18,'product',1,0);

--
-- Table structure for table `nizwa_packing_productsitems_levels`
--

CREATE TABLE `nizwa_packing_productsitems_levels` (
  `id` int(11) NOT NULL AUTO_INCREMENT,
  `level_name` varchar(150) COLLATE utf8_unicode_ci NOT NULL,
  `deleted` tinyint(1) NOT NULL,
  PRIMARY KEY (`id`)
) ENGINE=MyISAM AUTO_INCREMENT=2 DEFAULT CHARSET=utf8 COLLATE=utf8_unicode_ci;

--
-- Dumping data for table `nizwa_packing_productsitems_levels`
--

INSERT INTO `nizwa_packing_productsitems_levels` VALUES (1,'l1',0);

--
-- Table structure for table `nizwa_packing_productsjob_orders`
--

CREATE TABLE `nizwa_packing_productsjob_orders` (
  `id` int(8) NOT NULL AUTO_INCREMENT,
  `invoice_item_id` int(8) NOT NULL,
  `name` varchar(20) DEFAULT NULL,
  `quantity` int(8) NOT NULL,
  `scheduled_start_date` date DEFAULT NULL,
  `expected_duration` int(8) DEFAULT NULL,
  `actual_duration` date DEFAULT NULL,
  `worksheet` text,
  `priority` enum('1','2','3','4','5') DEFAULT NULL,
  `stages` text,
  `current_stage` varchar(50) DEFAULT NULL,
  `operation_cost` int(8) DEFAULT NULL,
  `total_cost` int(8) DEFAULT NULL,
  `team_member` int(8) DEFAULT NULL,
  `created_at` timestamp NOT NULL DEFAULT CURRENT_TIMESTAMP ON UPDATE CURRENT_TIMESTAMP,
  `created_by` int(8) DEFAULT NULL,
  `deleted` tinyint(1) NOT NULL DEFAULT '0',
  PRIMARY KEY (`id`)
) ENGINE=InnoDB AUTO_INCREMENT=42 DEFAULT CHARSET=utf8mb4;

--
-- Dumping data for table `nizwa_packing_productsjob_orders`
--

INSERT INTO `nizwa_packing_productsjob_orders` VALUES (1,3,'6',2,'2022-12-29',15,'2023-01-13','a:0:{}','1',NULL,'Finished',6,1206,1,'2022-12-28 04:48:44',NULL,0),(2,3,'6',5,NULL,NULL,NULL,NULL,NULL,NULL,'Waiting For A Step',NULL,NULL,NULL,'2023-01-19 13:32:45',NULL,0),(3,3,'6',0,'2022-12-28',20,'2023-01-17',NULL,'1',NULL,'Ready',NULL,NULL,NULL,'2023-01-29 13:18:41',NULL,0),(4,2,'6',0,'2022-12-28',20,'2023-01-17',NULL,'1',NULL,'Waiting For A Step',NULL,NULL,NULL,'2023-01-29 13:12:12',NULL,0),(5,2,'8',2,'2022-12-28',10,'2023-01-07','a:1:{i:0;a:4:{s:9:\"file_name\";s:33:\"joborder_file63abfaf3672a9-l1.png\";s:9:\"file_size\";s:5:\"14705\";s:7:\"file_id\";N;s:12:\"service_type\";N;}}','3',NULL,'Finished',50,1450,1,'2022-12-28 08:14:43',NULL,0),(6,3,'8',5,NULL,NULL,NULL,NULL,NULL,NULL,'Finished',NULL,NULL,NULL,'2023-01-02 14:21:46',NULL,0),(7,3,'9',10,'2023-01-02',2,'0000-00-00','a:0:{}','1',NULL,'Finished',23,223,1,'2023-01-17 09:14:09',NULL,0),(8,3,'13',2,NULL,NULL,NULL,NULL,NULL,NULL,NULL,NULL,NULL,NULL,'2023-01-09 09:22:05',NULL,0),(9,3,'9',10,NULL,NULL,NULL,NULL,NULL,NULL,NULL,NULL,NULL,NULL,'2023-01-09 10:22:21',NULL,0),(10,3,'9',10,'0000-00-00',0,'0000-00-00','a:0:{}','1',NULL,'Waiting For A Step',20,100820,0,'2023-01-29 13:36:01',NULL,0),(11,2,'14',10,NULL,NULL,NULL,NULL,NULL,NULL,NULL,NULL,NULL,NULL,'2023-01-17 06:55:53',NULL,0),(12,3,'14',8,NULL,NULL,NULL,NULL,NULL,NULL,NULL,NULL,NULL,NULL,'2023-01-17 06:55:53',NULL,0),(13,5,'15',3,NULL,NULL,NULL,NULL,NULL,NULL,NULL,NULL,NULL,NULL,'2023-01-17 07:02:14',NULL,0),(14,6,'15',2,'2023-01-17',5,'2023-01-22','a:0:{}','1',NULL,'Finished',20,80,0,'2023-03-01 11:44:16',NULL,0),(15,7,'16',1,'2023-01-17',9,'2023-01-26','a:0:{}','1',NULL,'Finished',50,140,0,'2023-01-17 07:18:14',NULL,0),(16,8,'17',3,'2023-01-17',2,'2023-01-19','a:0:{}','1',NULL,'Ready',5,75,1,'2023-01-29 13:18:39',NULL,0),(17,7,'17',1,'2023-01-17',2,'2023-01-19','a:0:{}','1',NULL,'Finished',2,92,1,'2023-01-17 08:26:00',NULL,0),(18,7,'18',1,'2023-01-17',5,'2023-01-22','a:0:{}','1',NULL,'In Progress',12,122,0,'2023-01-17 08:22:22',NULL,0),(19,10,'19',50,'2023-01-17',2,'2023-01-19','a:0:{}','1',NULL,'In Progress',4,504,0,'2023-01-17 10:39:39',NULL,0),(20,9,'20',1,NULL,NULL,NULL,NULL,NULL,NULL,NULL,NULL,NULL,NULL,'2023-01-17 10:42:41',NULL,0),(21,10,'21',1,NULL,NULL,NULL,NULL,NULL,NULL,NULL,NULL,NULL,NULL,'2023-01-17 10:44:15',NULL,0),(22,12,'22',2,'2023-01-17',5,'2023-01-22','a:0:{}','1',NULL,'In Progress',5,205,0,'2023-01-17 10:49:58',NULL,0),(23,12,'23',1,NULL,NULL,NULL,NULL,NULL,NULL,NULL,NULL,NULL,NULL,'2023-01-17 10:51:43',NULL,0),(24,12,'24',6,'0000-00-00',0,'0000-00-00','a:0:{}','1',NULL,'Ready',88,948,0,'2023-03-01 11:44:20',NULL,0),(25,18,'30',1000,'0000-00-00',0,'0000-00-00','a:0:{}','2',NULL,'Finished',0,0,0,'2023-03-01 11:44:13',NULL,0),(26,24,'33',1,'2023-01-31',5,'2023-02-05','a:0:{}','1',NULL,'In Progress',30,150,0,'2023-01-31 13:03:02',NULL,0),(27,24,'34',1,NULL,NULL,NULL,NULL,NULL,NULL,NULL,NULL,NULL,NULL,'2023-01-31 13:03:59',NULL,0),(28,24,'35',1,'0000-00-00',0,'0000-00-00','a:0:{}','1',NULL,'Waiting For A Step',0,0,0,'2023-03-01 11:44:18',NULL,0),(29,27,'36',1,'2023-02-09',5,'2023-02-14','a:0:{}','1',NULL,'Finished',10,60,0,'2023-02-09 06:02:36',NULL,0),(30,27,'37',1,'2023-02-12',5,'0000-00-00','a:0:{}','1','In Progress,Waiting For A Step,Ready,Finished','Finished',30,123,0,'2023-02-12 07:30:42',NULL,0),(31,18,'39',1,NULL,NULL,NULL,NULL,NULL,NULL,NULL,NULL,NULL,NULL,'2023-02-16 07:07:42',NULL,0),(32,18,'39',1,NULL,NULL,NULL,NULL,NULL,NULL,NULL,NULL,NULL,NULL,'2023-02-16 07:08:11',NULL,0),(33,18,'41',2,NULL,NULL,NULL,NULL,NULL,NULL,NULL,NULL,NULL,NULL,'2023-02-16 07:14:29',NULL,0),(34,18,'41',2,NULL,NULL,NULL,NULL,NULL,NULL,NULL,NULL,NULL,NULL,'2023-02-16 07:15:22',NULL,0),(35,18,'41',2,NULL,NULL,NULL,NULL,NULL,NULL,NULL,NULL,NULL,NULL,'2023-02-16 07:15:59',NULL,0),(36,18,'41',2,NULL,NULL,NULL,NULL,NULL,NULL,NULL,NULL,NULL,NULL,'2023-02-16 07:18:36',NULL,0),(37,27,'44',1,'0000-00-00',0,'0000-00-00','a:0:{}','1','In Progress,Waiting For A Step,Ready,Finished','Finished',0,0,0,'2023-02-21 07:07:25',NULL,0),(38,27,'45',30,'2023-03-01',6,'0000-00-00','a:0:{}','1','In Progress,Waiting For A Step,Ready,Finished','Finished',5,115,0,'2023-03-01 11:05:16',NULL,0),(39,30,'46',20,'2023-03-01',10,'0000-00-00','a:0:{}','1','In Progress,Waiting For A Step,Ready,Finished','Finished',200,275,0,'2023-03-01 11:40:26',NULL,0),(40,30,'47',1,NULL,NULL,NULL,NULL,NULL,NULL,NULL,NULL,NULL,NULL,'2023-03-01 11:41:28',NULL,0),(41,19,'49',10000,'0000-00-00',0,'0000-00-00','a:0:{}','1','In Progress,Waiting For A Step,Ready,Finished','In Progress',0,0,0,'2023-03-05 11:36:28',NULL,0);

--
-- Table structure for table `nizwa_packing_productsjoborder_status`
--

CREATE TABLE `nizwa_packing_productsjoborder_status` (
  `id` int(11) NOT NULL AUTO_INCREMENT,
  `title` varchar(100) COLLATE utf8_unicode_ci NOT NULL,
  `key_name` varchar(100) COLLATE utf8_unicode_ci NOT NULL,
  `color` varchar(7) COLLATE utf8_unicode_ci NOT NULL,
  `sort` int(11) NOT NULL,
  `deleted` tinyint(1) NOT NULL DEFAULT '0',
  PRIMARY KEY (`id`)
) ENGINE=InnoDB AUTO_INCREMENT=5 DEFAULT CHARSET=utf8 COLLATE=utf8_unicode_ci;

--
-- Dumping data for table `nizwa_packing_productsjoborder_status`
--

INSERT INTO `nizwa_packing_productsjoborder_status` VALUES (1,'In Progress','in_progress','#F9A52D',0,0),(2,'Waiting For A Step','stepa','#1672B9',1,0),(3,'Ready','ready','#00B393',2,0),(4,'Finished','finished','#aab7b7',3,0);

--
-- Table structure for table `nizwa_packing_productslead_source`
--

CREATE TABLE `nizwa_packing_productslead_source` (
  `id` int(11) NOT NULL AUTO_INCREMENT,
  `title` varchar(100) COLLATE utf8_unicode_ci NOT NULL,
  `sort` int(11) NOT NULL,
  `deleted` tinyint(1) NOT NULL DEFAULT '0',
  PRIMARY KEY (`id`)
) ENGINE=InnoDB DEFAULT CHARSET=utf8 COLLATE=utf8_unicode_ci;

--
-- Dumping data for table `nizwa_packing_productslead_source`
--


--
-- Table structure for table `nizwa_packing_productslead_status`
--

CREATE TABLE `nizwa_packing_productslead_status` (
  `id` int(11) NOT NULL AUTO_INCREMENT,
  `title` varchar(100) COLLATE utf8_unicode_ci NOT NULL,
  `color` varchar(7) COLLATE utf8_unicode_ci NOT NULL,
  `sort` int(11) NOT NULL,
  `deleted` tinyint(1) NOT NULL DEFAULT '0',
  PRIMARY KEY (`id`)
) ENGINE=InnoDB AUTO_INCREMENT=4 DEFAULT CHARSET=utf8 COLLATE=utf8_unicode_ci;

--
-- Dumping data for table `nizwa_packing_productslead_status`
--

INSERT INTO `nizwa_packing_productslead_status` VALUES (1,'cold','#2d9cdb',1,0),(2,'hot','#e74c3c',2,0),(3,'won','#83c340',3,0);

--
-- Table structure for table `nizwa_packing_productsleads`
--

CREATE TABLE `nizwa_packing_productsleads` (
  `id` int(11) NOT NULL AUTO_INCREMENT,
  `company_name` varchar(150) COLLATE utf8_unicode_ci NOT NULL,
  `first_name` varchar(150) COLLATE utf8_unicode_ci NOT NULL,
  `last_name` varchar(150) COLLATE utf8_unicode_ci NOT NULL,
  `email` varchar(150) COLLATE utf8_unicode_ci NOT NULL,
  `address` text COLLATE utf8_unicode_ci,
  `city` varchar(50) COLLATE utf8_unicode_ci DEFAULT NULL,
  `state` varchar(50) COLLATE utf8_unicode_ci DEFAULT NULL,
  `zip` varchar(50) COLLATE utf8_unicode_ci DEFAULT NULL,
  `country` varchar(50) COLLATE utf8_unicode_ci DEFAULT NULL,
  `created_date` date NOT NULL,
  `website` text COLLATE utf8_unicode_ci,
  `phone` varchar(20) COLLATE utf8_unicode_ci DEFAULT NULL,
  `deleted` tinyint(1) NOT NULL DEFAULT '0',
  PRIMARY KEY (`id`)
) ENGINE=InnoDB DEFAULT CHARSET=utf8 COLLATE=utf8_unicode_ci;

--
-- Dumping data for table `nizwa_packing_productsleads`
--


--
-- Table structure for table `nizwa_packing_productsleave_applications`
--

CREATE TABLE `nizwa_packing_productsleave_applications` (
  `id` int(11) NOT NULL AUTO_INCREMENT,
  `leave_type_id` int(11) NOT NULL,
  `start_date` date NOT NULL,
  `end_date` date NOT NULL,
  `total_hours` decimal(7,2) NOT NULL,
  `total_days` decimal(5,2) NOT NULL,
  `applicant_id` int(11) NOT NULL,
  `reason` mediumtext COLLATE utf8_unicode_ci NOT NULL,
  `status` enum('pending','approved','rejected','canceled') COLLATE utf8_unicode_ci NOT NULL DEFAULT 'pending',
  `created_at` datetime NOT NULL,
  `created_by` int(11) NOT NULL,
  `checked_at` datetime DEFAULT NULL,
  `checked_by` int(11) NOT NULL DEFAULT '0',
  `paid_unpaid` tinyint(1) DEFAULT '1',
  `deleted` int(1) NOT NULL DEFAULT '0',
  PRIMARY KEY (`id`),
  KEY `leave_type_id` (`leave_type_id`),
  KEY `user_id` (`applicant_id`),
  KEY `checked_by` (`checked_by`)
) ENGINE=InnoDB DEFAULT CHARSET=utf8 COLLATE=utf8_unicode_ci;

--
-- Dumping data for table `nizwa_packing_productsleave_applications`
--


--
-- Table structure for table `nizwa_packing_productsleave_types`
--

CREATE TABLE `nizwa_packing_productsleave_types` (
  `id` int(11) NOT NULL AUTO_INCREMENT,
  `title` varchar(100) COLLATE utf8_unicode_ci NOT NULL,
  `status` enum('active','inactive') COLLATE utf8_unicode_ci NOT NULL DEFAULT 'active',
  `color` varchar(7) COLLATE utf8_unicode_ci NOT NULL,
  `description` text COLLATE utf8_unicode_ci,
  `max_allowed` int(11) DEFAULT '1',
  `deleted` int(1) NOT NULL DEFAULT '0',
  PRIMARY KEY (`id`)
) ENGINE=InnoDB DEFAULT CHARSET=utf8 COLLATE=utf8_unicode_ci;

--
-- Dumping data for table `nizwa_packing_productsleave_types`
--


--
-- Table structure for table `nizwa_packing_productsloans`
--

CREATE TABLE `nizwa_packing_productsloans` (
  `id` int(11) NOT NULL AUTO_INCREMENT,
  `user_id` int(11) DEFAULT NULL,
  `amount` double DEFAULT NULL,
  `date` date DEFAULT NULL,
  `deleted` tinyint(1) NOT NULL DEFAULT '0',
  PRIMARY KEY (`id`)
) ENGINE=InnoDB DEFAULT CHARSET=utf8 COLLATE=utf8_unicode_ci;

--
-- Dumping data for table `nizwa_packing_productsloans`
--


--
-- Table structure for table `nizwa_packing_productsmaterial_request`
--

CREATE TABLE `nizwa_packing_productsmaterial_request` (
  `id` int(11) NOT NULL AUTO_INCREMENT,
  `supplier_id` int(11) DEFAULT '0',
  `material_request_date` date NOT NULL,
  `project_id` int(11) NOT NULL DEFAULT '0',
  `labels` text COLLATE utf8_unicode_ci NOT NULL,
  `note` mediumtext COLLATE utf8_unicode_ci,
  `status` enum('draft','not_paid') COLLATE utf8_unicode_ci NOT NULL DEFAULT 'draft',
  `approval_status` enum('not_approved','request_approval','approved') COLLATE utf8_unicode_ci NOT NULL DEFAULT 'not_approved',
  `deleted` tinyint(1) NOT NULL DEFAULT '0',
  PRIMARY KEY (`id`)
) ENGINE=InnoDB AUTO_INCREMENT=3 DEFAULT CHARSET=utf8 COLLATE=utf8_unicode_ci;

--
-- Dumping data for table `nizwa_packing_productsmaterial_request`
--

INSERT INTO `nizwa_packing_productsmaterial_request` VALUES (1,2,'2023-01-17',3,'','','draft','approved',0),(2,2,'2023-01-17',3,'','','draft','approved',0);

--
-- Table structure for table `nizwa_packing_productsmaterial_request_items`
--

CREATE TABLE `nizwa_packing_productsmaterial_request_items` (
  `id` int(11) NOT NULL AUTO_INCREMENT,
  `item_id` int(11) NOT NULL DEFAULT '0',
  `title` text COLLATE utf8_unicode_ci NOT NULL,
  `description` text COLLATE utf8_unicode_ci,
  `quantity` double NOT NULL,
  `unit_type` varchar(20) COLLATE utf8_unicode_ci NOT NULL DEFAULT '',
  `rate` double DEFAULT NULL,
  `total` double DEFAULT NULL,
  `sort` int(11) NOT NULL DEFAULT '0',
  `material_request_id` int(11) DEFAULT NULL,
  `tax_id` int(11) DEFAULT '0',
  `tax_id2` int(11) DEFAULT '0',
  `deleted` tinyint(1) NOT NULL DEFAULT '0',
  PRIMARY KEY (`id`)
) ENGINE=InnoDB AUTO_INCREMENT=5 DEFAULT CHARSET=utf8 COLLATE=utf8_unicode_ci;

--
-- Dumping data for table `nizwa_packing_productsmaterial_request_items`
--

INSERT INTO `nizwa_packing_productsmaterial_request_items` VALUES (2,7,'Product test','desc',1,'PC',20,20,0,1,0,0,0),(3,9,'Row 3','',1,'KG',10,10,0,1,0,0,0),(4,5,'Row1','deesc',100,'KG',10,160,0,2,0,0,0);

--
-- Table structure for table `nizwa_packing_productsmaterial_request_payments`
--

CREATE TABLE `nizwa_packing_productsmaterial_request_payments` (
  `id` int(11) NOT NULL AUTO_INCREMENT,
  `amount` double NOT NULL,
  `payment_date` date NOT NULL,
  `payment_method_id` int(11) NOT NULL,
  `cheque_due_date` date DEFAULT NULL,
  `cheque_description` varchar(255) COLLATE utf8_unicode_ci DEFAULT NULL,
  `cheque_account` varchar(150) COLLATE utf8_unicode_ci DEFAULT NULL,
  `cheque_number` varchar(150) COLLATE utf8_unicode_ci DEFAULT NULL,
  `cheque_transaction_id` int(11) NOT NULL DEFAULT '0',
  `note` text COLLATE utf8_unicode_ci,
  `material_request_id` int(11) NOT NULL,
  `status` enum('draft','request_approval','approved') COLLATE utf8_unicode_ci NOT NULL DEFAULT 'draft',
  `deleted` tinyint(1) NOT NULL DEFAULT '0',
  `transaction_id` int(11) DEFAULT '0',
  `prepayment_transaction_id` int(11) NOT NULL DEFAULT '0',
  `created_by` int(11) DEFAULT '1',
  `created_at` datetime DEFAULT NULL,
  PRIMARY KEY (`id`),
  KEY `id` (`id`),
  KEY `id_2` (`id`)
) ENGINE=InnoDB DEFAULT CHARSET=utf8 COLLATE=utf8_unicode_ci;

--
-- Dumping data for table `nizwa_packing_productsmaterial_request_payments`
--


--
-- Table structure for table `nizwa_packing_productsmaterials_bill`
--

CREATE TABLE `nizwa_packing_productsmaterials_bill` (
  `id` int(8) NOT NULL AUTO_INCREMENT,
  `item_id` int(8) NOT NULL,
  `quantity` int(8) NOT NULL,
  `cost` int(8) NOT NULL,
  `current_stock` float DEFAULT NULL,
  `job_id` int(8) NOT NULL,
  `is_used` tinyint(1) NOT NULL DEFAULT '0',
  `created_at` timestamp NOT NULL DEFAULT CURRENT_TIMESTAMP,
  PRIMARY KEY (`id`)
) ENGINE=InnoDB AUTO_INCREMENT=88 DEFAULT CHARSET=utf8mb4;

--
-- Dumping data for table `nizwa_packing_productsmaterials_bill`
--

INSERT INTO `nizwa_packing_productsmaterials_bill` VALUES (3,1,2,400,NULL,1,0,'2022-12-28 04:48:44'),(4,2,4,800,NULL,1,0,'2022-12-28 04:48:44'),(5,1,2,400,NULL,5,0,'2022-12-28 08:14:43'),(6,1,5,1000,NULL,5,0,'2022-12-28 08:14:43'),(9,1,1,200,200,7,0,'2023-01-02 07:57:53'),(14,1,500,100000,200,10,0,'2023-01-09 12:03:37'),(15,0,4,800,200,10,0,'2023-01-09 12:03:37'),(16,1,2,400,200,11,0,'2023-01-17 06:55:53'),(17,0,4,800,200,12,0,'2023-01-17 06:55:53'),(18,1,2,400,200,12,0,'2023-01-17 06:55:53'),(19,2,4,800,-12,12,0,'2023-01-17 06:55:53'),(20,5,4,40,97,14,0,'2023-01-17 07:04:05'),(21,6,2,20,98,14,0,'2023-01-17 07:04:05'),(22,5,4,40,97,15,0,'2023-01-17 07:16:42'),(23,6,5,50,98,15,0,'2023-01-17 07:16:42'),(26,5,2,20,97,16,0,'2023-01-17 08:12:57'),(27,6,5,50,98,16,0,'2023-01-17 08:12:57'),(34,5,6,60,97,18,0,'2023-01-17 08:22:22'),(35,6,5,50,98,18,0,'2023-01-17 08:22:22'),(36,5,4,40,97,17,0,'2023-01-17 08:26:00'),(37,6,5,50,98,17,0,'2023-01-17 08:26:00'),(38,9,50,500,103,19,0,'2023-01-17 10:39:39'),(39,9,50,500,102,21,0,'2023-01-17 10:44:15'),(41,11,20,200,50,22,0,'2023-01-17 10:49:58'),(42,11,20,200,50,23,0,'2023-01-17 10:51:43'),(44,11,20,200,50,24,0,'2023-01-17 11:06:00'),(45,9,66,660,-1,24,0,'2023-01-17 11:06:00'),(46,25,10,100,100,26,0,'2023-01-31 13:03:02'),(47,26,2,20,100,26,0,'2023-01-31 13:03:02'),(48,25,10,100,100,27,0,'2023-01-31 13:03:59'),(49,26,2,20,100,27,0,'2023-01-31 13:03:59'),(52,25,0,1,100,28,0,'2023-01-31 13:15:50'),(53,26,0,20,100,28,0,'2023-01-31 13:15:50'),(55,28,5,50,10,29,1,'2023-02-09 06:02:36'),(64,28,93,93,95,30,1,'2023-02-12 07:46:47'),(67,28,5,50,2,37,1,'2023-02-21 07:07:25'),(71,28,5,50,897,38,1,'2023-03-01 11:05:16'),(72,25,6,60,100,38,1,'2023-03-01 11:05:16'),(79,31,5,50,95,40,0,'2023-03-01 11:41:28'),(80,32,2,20,98,40,0,'2023-03-01 11:41:28'),(81,33,1,5,99,40,0,'2023-03-01 11:41:28'),(85,31,5,50,100,39,1,'2023-03-05 11:31:25'),(86,32,2,20,100,39,1,'2023-03-05 11:31:25'),(87,33,1,5,100,39,1,'2023-03-05 11:31:25');

--
-- Table structure for table `nizwa_packing_productsmessages`
--

CREATE TABLE `nizwa_packing_productsmessages` (
  `id` int(11) NOT NULL AUTO_INCREMENT,
  `subject` varchar(255) COLLATE utf8_unicode_ci NOT NULL DEFAULT 'Untitled',
  `message` mediumtext COLLATE utf8_unicode_ci NOT NULL,
  `created_at` datetime NOT NULL,
  `from_user_id` int(11) NOT NULL,
  `to_user_id` int(11) NOT NULL,
  `status` enum('unread','read') COLLATE utf8_unicode_ci NOT NULL DEFAULT 'unread',
  `message_id` int(11) NOT NULL DEFAULT '0',
  `deleted` int(1) NOT NULL DEFAULT '0',
  `files` longtext COLLATE utf8_unicode_ci NOT NULL,
  `deleted_by_users` text COLLATE utf8_unicode_ci NOT NULL,
  PRIMARY KEY (`id`),
  KEY `message_from` (`from_user_id`),
  KEY `message_to` (`to_user_id`)
) ENGINE=InnoDB AUTO_INCREMENT=6 DEFAULT CHARSET=utf8 COLLATE=utf8_unicode_ci;

--
-- Dumping data for table `nizwa_packing_productsmessages`
--



--
-- Table structure for table `nizwa_packing_productsmilestones`
--

CREATE TABLE `nizwa_packing_productsmilestones` (
  `id` int(11) NOT NULL AUTO_INCREMENT,
  `title` text COLLATE utf8_unicode_ci NOT NULL,
  `project_id` int(11) NOT NULL,
  `due_date` date NOT NULL,
  `description` text COLLATE utf8_unicode_ci NOT NULL,
  `deleted` tinyint(11) NOT NULL DEFAULT '0',
  PRIMARY KEY (`id`)
) ENGINE=InnoDB DEFAULT CHARSET=utf8 COLLATE=utf8_unicode_ci;

--
-- Dumping data for table `nizwa_packing_productsmilestones`
--


--
-- Table structure for table `nizwa_packing_productsnationality`
--

CREATE TABLE `nizwa_packing_productsnationality` (
  `id` int(11) NOT NULL AUTO_INCREMENT,
  `title` varchar(255) COLLATE utf8_unicode_ci NOT NULL,
  `deleted` tinyint(1) NOT NULL DEFAULT '0',
  PRIMARY KEY (`id`) USING BTREE
) ENGINE=MyISAM DEFAULT CHARSET=utf8 COLLATE=utf8_unicode_ci ROW_FORMAT=DYNAMIC;

--
-- Dumping data for table `nizwa_packing_productsnationality`
--


--
-- Table structure for table `nizwa_packing_productsnotes`
--

CREATE TABLE `nizwa_packing_productsnotes` (
  `id` int(11) NOT NULL AUTO_INCREMENT,
  `created_by` int(11) NOT NULL,
  `created_at` datetime NOT NULL,
  `title` text COLLATE utf8_unicode_ci NOT NULL,
  `description` mediumtext COLLATE utf8_unicode_ci,
  `project_id` int(11) NOT NULL DEFAULT '0',
  `client_id` int(11) NOT NULL DEFAULT '0',
  `user_id` int(11) NOT NULL DEFAULT '0',
  `labels` text COLLATE utf8_unicode_ci,
  `files` mediumtext COLLATE utf8_unicode_ci NOT NULL,
  `is_public` tinyint(1) NOT NULL DEFAULT '0',
  `deleted` tinyint(1) NOT NULL DEFAULT '0',
  PRIMARY KEY (`id`)
) ENGINE=InnoDB DEFAULT CHARSET=utf8 COLLATE=utf8_unicode_ci;

--
-- Dumping data for table `nizwa_packing_productsnotes`
--


--
-- Table structure for table `nizwa_packing_productsnotification_settings`
--

CREATE TABLE `nizwa_packing_productsnotification_settings` (
  `id` int(11) NOT NULL AUTO_INCREMENT,
  `event` varchar(250) NOT NULL,
  `category` varchar(50) NOT NULL,
  `enable_email` int(1) NOT NULL DEFAULT '0',
  `enable_web` int(1) NOT NULL DEFAULT '0',
  `notify_to_team` text,
  `notify_to_team_members` text,
  `notify_to_terms` text,
  `sort` int(11) NOT NULL,
  `deleted` int(1) NOT NULL DEFAULT '0',
  PRIMARY KEY (`id`),
  KEY `event` (`event`)
) ENGINE=InnoDB AUTO_INCREMENT=55 DEFAULT CHARSET=latin1;

--
-- Dumping data for table `nizwa_packing_productsnotification_settings`
--

INSERT INTO `nizwa_packing_productsnotification_settings` VALUES (1,'project_created','project',0,1,'1','5','client_primary_contact,client_all_contacts',1,0),(2,'project_deleted','project',0,1,'1','5','project_members,client_primary_contact,client_all_contacts',2,0),(3,'project_task_created','project',0,1,'','5','project_members,task_assignee',3,0),(4,'project_task_updated','project',0,1,'','','task_assignee',4,0),(5,'project_task_assigned','project',0,1,'','','task_assignee',5,0),(7,'project_task_started','project',0,1,'','5','project_members,client_primary_contact,client_all_contacts',7,0),(8,'project_task_finished','project',0,0,'','','',8,0),(9,'project_task_reopened','project',0,0,'','','',9,0),(10,'project_task_deleted','project',0,1,'','','task_assignee',10,0),(11,'project_task_commented','project',0,1,'','','task_assignee',11,0),(12,'project_member_added','project',0,1,'','','project_members',12,0),(13,'project_member_deleted','project',0,1,'','','project_members',13,0),(14,'project_file_added','project',0,1,'','','project_members',14,0),(15,'project_file_deleted','project',0,1,'','','project_members',15,0),(16,'project_file_commented','project',0,1,'','','project_members',16,0),(17,'project_comment_added','project',0,1,'','','project_members',17,0),(18,'project_comment_replied','project',0,1,'','','project_members,comment_creator',18,0),(19,'project_customer_feedback_added','project',0,1,'','','project_members',19,0),(20,'project_customer_feedback_replied','project',0,1,'','','project_members,comment_creator',20,0),(21,'client_signup','client',0,0,'','','',21,0),(22,'invoice_online_payment_received','invoice',0,0,'','','',22,0),(23,'leave_application_submitted','leave',0,0,'','','',23,0),(24,'leave_approved','leave',0,1,'','','leave_applicant',24,0),(25,'leave_assigned','leave',0,1,'','','leave_applicant',25,0),(26,'leave_rejected','leave',0,1,'','','leave_applicant',26,0),(27,'leave_canceled','leave',0,0,'','','',27,0),(28,'ticket_created','ticket',0,1,'','6,7,5,11,12,1','client_all_contacts',28,0),(29,'ticket_commented','ticket',0,1,'','','client_primary_contact,ticket_creator',29,0),(30,'ticket_closed','ticket',0,1,'','','client_primary_contact,ticket_creator',30,0),(31,'ticket_reopened','ticket',0,1,'','','client_primary_contact,ticket_creator',31,0),(32,'estimate_request_received','estimate',0,0,'','','',32,0),(33,'estimate_sent','estimate',0,0,'','','',33,0),(34,'estimate_accepted','estimate',0,0,'','','',34,0),(35,'estimate_rejected','estimate',0,0,'','','',35,0),(36,'new_message_sent','message',0,0,'','','',36,0),(37,'message_reply_sent','message',0,0,'','','',37,0),(38,'invoice_payment_confirmation','invoice',0,0,'','','',22,0),(39,'new_event_added_in_calendar','event',0,0,'','','',39,0),(40,'recurring_invoice_created_vai_cron_job','invoice',0,0,'','','',22,0),(41,'new_announcement_created','announcement',1,1,'','','recipient',41,0),(42,'invoice_due_reminder_before_due_date','invoice',0,0,'','','',22,0),(43,'invoice_overdue_reminder','invoice',0,0,'','','',22,0),(44,'recurring_invoice_creation_reminder','invoice',0,0,'','','',22,0),(45,'project_completed','project',0,0,'','','',2,0),(46,'lead_created','lead',0,0,'','','',21,0),(47,'client_created_from_lead','lead',0,0,'','','',21,0),(48,'project_task_deadline_pre_reminder','project',0,1,'','','task_assignee',20,0),(49,'project_task_reminder_on_the_day_of_deadline','project',0,1,'','','task_assignee',20,0),(50,'project_task_deadline_overdue_reminder','project',0,1,'','','task_assignee',20,0),(51,'recurring_task_created_via_cron_job','project',0,1,'','','project_members,task_assignee',20,0),(52,'calendar_event_modified','event',0,0,'','','',39,0),(53,'the_inventory_item_is_running_low','item',1,1,'','2','',49,0),(54,'new_job_order','job_order',0,1,'1','2','',50,0);

--
-- Table structure for table `nizwa_packing_productsnotifications`
--

CREATE TABLE `nizwa_packing_productsnotifications` (
  `id` int(11) NOT NULL AUTO_INCREMENT,
  `user_id` int(11) NOT NULL,
  `description` longtext COLLATE utf8_unicode_ci NOT NULL,
  `created_at` datetime NOT NULL,
  `notify_to` mediumtext COLLATE utf8_unicode_ci NOT NULL,
  `read_by` mediumtext COLLATE utf8_unicode_ci NOT NULL,
  `event` varchar(250) COLLATE utf8_unicode_ci NOT NULL,
  `project_id` int(11) NOT NULL,
  `item_id` int(11) NOT NULL,
  `job_order_id` int(11) NOT NULL,
  `task_id` int(11) NOT NULL,
  `project_comment_id` int(11) NOT NULL,
  `ticket_id` int(11) NOT NULL,
  `ticket_comment_id` int(11) NOT NULL,
  `project_file_id` int(11) NOT NULL,
  `leave_id` int(11) NOT NULL,
  `post_id` int(11) NOT NULL,
  `to_user_id` int(11) NOT NULL,
  `activity_log_id` int(11) NOT NULL,
  `client_id` int(11) NOT NULL,
  `lead_id` int(11) NOT NULL,
  `invoice_payment_id` int(11) NOT NULL,
  `invoice_id` int(11) NOT NULL,
  `estimate_id` int(11) NOT NULL,
  `estimate_request_id` int(11) NOT NULL,
  `actual_message_id` int(11) NOT NULL,
  `parent_message_id` int(11) NOT NULL,
  `event_id` int(11) NOT NULL,
  `announcement_id` int(11) NOT NULL,
  `deleted` int(1) NOT NULL DEFAULT '0',
  PRIMARY KEY (`id`),
  KEY `user_id` (`user_id`)
) ENGINE=InnoDB AUTO_INCREMENT=297 DEFAULT CHARSET=utf8 COLLATE=utf8_unicode_ci;

--
-- Dumping data for table `nizwa_packing_productsnotifications`
--

INSERT INTO `nizwa_packing_productsnotifications` VALUES (1,1,'','2022-11-21 07:41:16','','','project_created',1,0,0,0,0,0,0,0,0,0,0,0,0,0,0,0,0,0,0,0,0,0,0),(2,1,'','2022-12-26 08:47:31','','','project_created',2,0,0,0,0,0,0,0,0,0,0,0,0,0,0,0,0,0,0,0,0,0,1),(3,1,'','2023-01-02 08:11:07','','','project_task_created',2,0,0,1,0,0,0,0,0,0,0,0,0,0,0,0,0,0,0,0,0,0,1),(4,1,'','2023-01-02 10:04:39','','','project_task_created',2,0,0,2,0,0,0,0,0,0,0,0,0,0,0,0,0,0,0,0,0,0,1),(5,1,'','2023-01-02 10:04:52','','','project_task_updated',2,0,0,2,0,0,0,0,0,0,0,170,0,0,0,0,0,0,0,0,0,0,1),(6,1,'','2023-01-02 10:04:54','','','project_task_updated',2,0,0,2,0,0,0,0,0,0,0,171,0,0,0,0,0,0,0,0,0,0,1),(7,1,'','2023-01-02 10:04:57','','','project_task_updated',2,0,0,2,0,0,0,0,0,0,0,172,0,0,0,0,0,0,0,0,0,0,1),(8,1,'','2023-01-02 10:05:55','','','project_task_updated',2,0,0,1,0,0,0,0,0,0,0,173,0,0,0,0,0,0,0,0,0,0,1),(9,1,'','2023-01-02 10:06:08','','','project_task_updated',2,0,0,2,0,0,0,0,0,0,0,174,0,0,0,0,0,0,0,0,0,0,1),(10,1,'','2023-01-02 10:06:10','','','project_task_updated',2,0,0,2,0,0,0,0,0,0,0,175,0,0,0,0,0,0,0,0,0,0,1),(11,1,'','2023-01-02 10:06:32','','','project_task_updated',2,0,0,2,0,0,0,0,0,0,0,176,0,0,0,0,0,0,0,0,0,0,1),(12,1,'','2023-01-02 10:06:40','','','project_task_updated',2,0,0,2,0,0,0,0,0,0,0,177,0,0,0,0,0,0,0,0,0,0,1),(13,1,'','2023-01-02 10:06:46','','','project_task_updated',2,0,0,2,0,0,0,0,0,0,0,178,0,0,0,0,0,0,0,0,0,0,1),(14,1,'','2023-01-02 11:41:38','','','project_task_updated',0,0,0,4,0,0,0,0,0,0,0,179,0,0,0,0,0,0,0,0,0,0,0),(15,1,'','2023-01-02 11:41:39','','','project_task_updated',0,0,0,4,0,0,0,0,0,0,0,180,0,0,0,0,0,0,0,0,0,0,0),(16,1,'','2023-01-02 11:41:42','','','project_task_updated',2,0,0,1,0,0,0,0,0,0,0,181,0,0,0,0,0,0,0,0,0,0,1),(17,1,'','2023-01-02 11:41:43','','','project_task_updated',2,0,0,1,0,0,0,0,0,0,0,182,0,0,0,0,0,0,0,0,0,0,1),(18,1,'','2023-01-02 11:41:44','','','project_task_updated',2,0,0,2,0,0,0,0,0,0,0,183,0,0,0,0,0,0,0,0,0,0,1),(19,1,'','2023-01-02 11:41:46','','','project_task_updated',0,0,0,3,0,0,0,0,0,0,0,184,0,0,0,0,0,0,0,0,0,0,0),(20,1,'','2023-01-02 12:08:46','','','project_task_updated',2,0,0,1,0,0,0,0,0,0,0,186,0,0,0,0,0,0,0,0,0,0,1),(21,1,'','2023-01-02 12:08:47','','','project_task_updated',2,0,0,1,0,0,0,0,0,0,0,187,0,0,0,0,0,0,0,0,0,0,1),(22,1,'','2023-01-02 12:08:56','','','project_task_updated',2,0,0,1,0,0,0,0,0,0,0,188,0,0,0,0,0,0,0,0,0,0,1),(23,1,'','2023-01-02 12:42:01','','','project_task_updated',2,0,0,1,0,0,0,0,0,0,0,189,0,0,0,0,0,0,0,0,0,0,1),(24,1,'','2023-01-02 12:42:03','','','project_task_updated',0,0,0,6,0,0,0,0,0,0,0,190,0,0,0,0,0,0,0,0,0,0,0),(25,1,'','2023-01-02 12:42:08','','','project_task_updated',0,0,0,6,0,0,0,0,0,0,0,191,0,0,0,0,0,0,0,0,0,0,0),(26,1,'','2023-01-02 12:42:23','','','project_task_updated',0,0,0,7,0,0,0,0,0,0,0,192,0,0,0,0,0,0,0,0,0,0,0),(27,1,'','2023-01-17 08:01:26','','','project_created',3,0,0,0,0,0,0,0,0,0,0,0,0,0,0,0,0,0,0,0,0,0,1),(28,1,'','2023-01-17 08:28:04','','','project_task_updated',2,0,0,2,0,0,0,0,0,0,0,325,0,0,0,0,0,0,0,0,0,0,1),(29,1,'','2023-01-17 13:33:42','2','','project_created',4,0,0,0,0,0,0,0,0,0,0,0,0,0,0,0,0,0,0,0,0,0,1),(30,1,'','2023-01-19 08:05:01','2','','project_deleted',3,0,0,0,0,0,0,0,0,0,0,0,0,0,0,0,0,0,0,0,0,0,0),(31,1,'','2023-01-19 08:05:04','2','','project_deleted',2,0,0,0,0,0,0,0,0,0,0,0,0,0,0,0,0,0,0,0,0,0,1),(32,1,'','2023-01-19 08:05:06','2','','project_deleted',2,0,0,0,0,0,0,0,0,0,0,0,0,0,0,0,0,0,0,0,0,0,0),(33,1,'','2023-01-19 08:26:06','2','','project_deleted',4,0,0,0,0,0,0,0,0,0,0,0,0,0,0,0,0,0,0,0,0,0,0),(34,1,'','2023-01-19 08:26:19','2','','project_created',5,0,0,0,0,0,0,0,0,0,0,0,0,0,0,0,0,0,0,0,0,0,0),(35,2,'','2023-02-12 06:25:24','2',',2','the_inventory_item_is_running_low',0,27,0,0,0,0,0,0,0,0,1,0,0,0,0,0,0,0,0,0,0,0,0),(36,2,'','2023-02-12 06:25:24','2',',2','the_inventory_item_is_running_low',0,18,0,0,0,0,0,0,0,0,1,0,0,0,0,0,0,0,0,0,0,0,0),(37,2,'','2023-02-12 06:25:25','2',',2','the_inventory_item_is_running_low',0,19,0,0,0,0,0,0,0,0,1,0,0,0,0,0,0,0,0,0,0,0,0),(38,2,'','2023-02-12 06:25:25','2',',2','the_inventory_item_is_running_low',0,20,0,0,0,0,0,0,0,0,1,0,0,0,0,0,0,0,0,0,0,0,0),(39,2,'','2023-02-12 06:25:25','2',',2','the_inventory_item_is_running_low',0,21,0,0,0,0,0,0,0,0,1,0,0,0,0,0,0,0,0,0,0,0,0),(40,2,'','2023-02-12 06:25:26','2',',2','the_inventory_item_is_running_low',0,22,0,0,0,0,0,0,0,0,1,0,0,0,0,0,0,0,0,0,0,0,0),(41,2,'','2023-02-12 06:25:26','2',',2','the_inventory_item_is_running_low',0,24,0,0,0,0,0,0,0,0,1,0,0,0,0,0,0,0,0,0,0,0,0),(42,2,'','2023-02-12 07:27:58','2','','the_inventory_item_is_running_low',0,27,0,0,0,0,0,0,0,0,1,0,0,0,0,0,0,0,0,0,0,0,0),(43,2,'','2023-02-12 07:27:59','2','','the_inventory_item_is_running_low',0,18,0,0,0,0,0,0,0,0,1,0,0,0,0,0,0,0,0,0,0,0,0),(44,2,'','2023-02-12 07:27:59','2','','the_inventory_item_is_running_low',0,19,0,0,0,0,0,0,0,0,1,0,0,0,0,0,0,0,0,0,0,0,0),(45,2,'','2023-02-12 07:28:00','2','','the_inventory_item_is_running_low',0,20,0,0,0,0,0,0,0,0,1,0,0,0,0,0,0,0,0,0,0,0,0),(46,2,'','2023-02-12 07:28:00','2','','the_inventory_item_is_running_low',0,21,0,0,0,0,0,0,0,0,1,0,0,0,0,0,0,0,0,0,0,0,0),(47,2,'','2023-02-12 07:28:00','2','','the_inventory_item_is_running_low',0,22,0,0,0,0,0,0,0,0,1,0,0,0,0,0,0,0,0,0,0,0,0),(48,2,'','2023-02-12 07:28:01','2',',2','the_inventory_item_is_running_low',0,24,0,0,0,0,0,0,0,0,1,0,0,0,0,0,0,0,0,0,0,0,0),(49,2,'','2023-02-12 07:32:12','2','','the_inventory_item_is_running_low',0,27,0,0,0,0,0,0,0,0,1,0,0,0,0,0,0,0,0,0,0,0,0),(50,2,'','2023-02-12 07:32:12','2','','the_inventory_item_is_running_low',0,18,0,0,0,0,0,0,0,0,1,0,0,0,0,0,0,0,0,0,0,0,0),(51,2,'','2023-02-12 07:32:13','2','','the_inventory_item_is_running_low',0,19,0,0,0,0,0,0,0,0,1,0,0,0,0,0,0,0,0,0,0,0,0),(52,2,'','2023-02-12 07:32:13','2','','the_inventory_item_is_running_low',0,20,0,0,0,0,0,0,0,0,1,0,0,0,0,0,0,0,0,0,0,0,0),(53,2,'','2023-02-12 07:32:14','2',',2','the_inventory_item_is_running_low',0,21,0,0,0,0,0,0,0,0,1,0,0,0,0,0,0,0,0,0,0,0,0),(54,2,'','2023-02-12 07:32:14','2','','the_inventory_item_is_running_low',0,22,0,0,0,0,0,0,0,0,1,0,0,0,0,0,0,0,0,0,0,0,0),(55,2,'','2023-02-12 07:32:14','2',',2','the_inventory_item_is_running_low',0,24,0,0,0,0,0,0,0,0,1,0,0,0,0,0,0,0,0,0,0,0,0),(56,2,'','2023-02-12 07:34:06','2','','the_inventory_item_is_running_low',0,27,0,0,0,0,0,0,0,0,1,0,0,0,0,0,0,0,0,0,0,0,0),(57,2,'','2023-02-12 07:34:06','2','','the_inventory_item_is_running_low',0,18,0,0,0,0,0,0,0,0,1,0,0,0,0,0,0,0,0,0,0,0,0),(58,2,'','2023-02-12 07:34:06','2','','the_inventory_item_is_running_low',0,19,0,0,0,0,0,0,0,0,1,0,0,0,0,0,0,0,0,0,0,0,0),(59,2,'','2023-02-12 07:34:07','2','','the_inventory_item_is_running_low',0,20,0,0,0,0,0,0,0,0,1,0,0,0,0,0,0,0,0,0,0,0,0),(60,2,'','2023-02-12 07:34:07','2','','the_inventory_item_is_running_low',0,21,0,0,0,0,0,0,0,0,1,0,0,0,0,0,0,0,0,0,0,0,0),(61,2,'','2023-02-12 07:34:08','2','','the_inventory_item_is_running_low',0,22,0,0,0,0,0,0,0,0,1,0,0,0,0,0,0,0,0,0,0,0,0),(62,2,'','2023-02-12 07:34:08','2',',2','the_inventory_item_is_running_low',0,24,0,0,0,0,0,0,0,0,1,0,0,0,0,0,0,0,0,0,0,0,0),(63,2,'','2023-02-12 07:46:47','2','','the_inventory_item_is_running_low',0,27,0,0,0,0,0,0,0,0,1,0,0,0,0,0,0,0,0,0,0,0,0),(64,2,'','2023-02-12 07:46:48','2','','the_inventory_item_is_running_low',0,18,0,0,0,0,0,0,0,0,1,0,0,0,0,0,0,0,0,0,0,0,0),(65,2,'','2023-02-12 07:46:48','2','','the_inventory_item_is_running_low',0,19,0,0,0,0,0,0,0,0,1,0,0,0,0,0,0,0,0,0,0,0,0),(66,2,'','2023-02-12 07:46:49','2','','the_inventory_item_is_running_low',0,20,0,0,0,0,0,0,0,0,1,0,0,0,0,0,0,0,0,0,0,0,0),(67,2,'','2023-02-12 07:46:49','2','','the_inventory_item_is_running_low',0,21,0,0,0,0,0,0,0,0,1,0,0,0,0,0,0,0,0,0,0,0,0),(68,2,'','2023-02-12 07:46:50','2','','the_inventory_item_is_running_low',0,22,0,0,0,0,0,0,0,0,1,0,0,0,0,0,0,0,0,0,0,0,0),(69,2,'','2023-02-12 07:46:50','2','','the_inventory_item_is_running_low',0,24,0,0,0,0,0,0,0,0,1,0,0,0,0,0,0,0,0,0,0,0,0),(70,2,'','2023-02-14 08:44:11','2','','the_inventory_item_is_running_low',0,27,0,0,0,0,0,0,0,0,1,0,0,0,0,0,0,0,0,0,0,0,0),(71,2,'','2023-02-14 08:44:12','2','','the_inventory_item_is_running_low',0,18,0,0,0,0,0,0,0,0,1,0,0,0,0,0,0,0,0,0,0,0,0),(72,2,'','2023-02-14 08:44:12','2','','the_inventory_item_is_running_low',0,19,0,0,0,0,0,0,0,0,1,0,0,0,0,0,0,0,0,0,0,0,0),(73,2,'','2023-02-14 08:44:12','2','','the_inventory_item_is_running_low',0,20,0,0,0,0,0,0,0,0,1,0,0,0,0,0,0,0,0,0,0,0,0),(74,2,'','2023-02-14 08:44:13','2','','the_inventory_item_is_running_low',0,21,0,0,0,0,0,0,0,0,1,0,0,0,0,0,0,0,0,0,0,0,0),(75,2,'','2023-02-14 08:44:13','2','','the_inventory_item_is_running_low',0,22,0,0,0,0,0,0,0,0,1,0,0,0,0,0,0,0,0,0,0,0,0),(76,2,'','2023-02-14 08:44:14','2','','the_inventory_item_is_running_low',0,24,0,0,0,0,0,0,0,0,1,0,0,0,0,0,0,0,0,0,0,0,0),(77,2,'','2023-02-15 11:15:18','2','','the_inventory_item_is_running_low',0,27,0,0,0,0,0,0,0,0,1,0,0,0,0,0,0,0,0,0,0,0,0),(78,2,'','2023-02-15 11:15:18','2','','the_inventory_item_is_running_low',0,18,0,0,0,0,0,0,0,0,1,0,0,0,0,0,0,0,0,0,0,0,0),(79,2,'','2023-02-15 11:15:19','2','','the_inventory_item_is_running_low',0,19,0,0,0,0,0,0,0,0,1,0,0,0,0,0,0,0,0,0,0,0,0),(80,2,'','2023-02-15 11:15:19','2','','the_inventory_item_is_running_low',0,20,0,0,0,0,0,0,0,0,1,0,0,0,0,0,0,0,0,0,0,0,0),(81,2,'','2023-02-15 11:15:20','2','','the_inventory_item_is_running_low',0,21,0,0,0,0,0,0,0,0,1,0,0,0,0,0,0,0,0,0,0,0,0),(82,2,'','2023-02-15 11:15:20','2','','the_inventory_item_is_running_low',0,22,0,0,0,0,0,0,0,0,1,0,0,0,0,0,0,0,0,0,0,0,0),(83,2,'','2023-02-15 11:15:20','2','','the_inventory_item_is_running_low',0,24,0,0,0,0,0,0,0,0,1,0,0,0,0,0,0,0,0,0,0,0,0),(84,2,'','2023-02-15 12:26:45','2','','the_inventory_item_is_running_low',0,27,0,0,0,0,0,0,0,0,1,0,0,0,0,0,0,0,0,0,0,0,0),(85,2,'','2023-02-15 12:26:45','2','','the_inventory_item_is_running_low',0,18,0,0,0,0,0,0,0,0,1,0,0,0,0,0,0,0,0,0,0,0,0),(86,2,'','2023-02-15 12:26:46','2','','the_inventory_item_is_running_low',0,19,0,0,0,0,0,0,0,0,1,0,0,0,0,0,0,0,0,0,0,0,0),(87,2,'','2023-02-15 12:26:46','2','','the_inventory_item_is_running_low',0,20,0,0,0,0,0,0,0,0,1,0,0,0,0,0,0,0,0,0,0,0,0),(88,2,'','2023-02-15 12:26:46','2','','the_inventory_item_is_running_low',0,21,0,0,0,0,0,0,0,0,1,0,0,0,0,0,0,0,0,0,0,0,0),(89,2,'','2023-02-15 12:26:47','2','','the_inventory_item_is_running_low',0,22,0,0,0,0,0,0,0,0,1,0,0,0,0,0,0,0,0,0,0,0,0),(90,2,'','2023-02-15 12:26:47','2','','the_inventory_item_is_running_low',0,24,0,0,0,0,0,0,0,0,1,0,0,0,0,0,0,0,0,0,0,0,0),(91,2,'','2023-02-16 07:08:11','1,2',',2','new_job_order',0,0,32,0,0,0,0,0,0,0,1,0,0,0,0,0,0,0,0,0,0,0,0),(92,2,'','2023-02-16 07:14:30','1,2','','new_job_order',0,0,33,0,0,0,0,0,0,0,1,0,0,0,0,0,0,0,0,0,0,0,0),(93,2,'','2023-02-16 07:15:22','1,2','','new_job_order',0,0,34,0,0,0,0,0,0,0,1,0,0,0,0,0,0,0,0,0,0,0,0),(94,2,'','2023-02-16 07:18:37','1,2',',2','new_job_order',0,0,36,0,0,0,0,0,0,0,1,0,0,0,0,0,0,0,0,0,0,0,0),(95,2,'','2023-02-16 10:25:40','2','','the_inventory_item_is_running_low',0,27,0,0,0,0,0,0,0,0,1,0,0,0,0,0,0,0,0,0,0,0,0),(96,2,'','2023-02-16 10:25:41','2','','the_inventory_item_is_running_low',0,18,0,0,0,0,0,0,0,0,1,0,0,0,0,0,0,0,0,0,0,0,0),(97,2,'','2023-02-16 10:25:41','2','','the_inventory_item_is_running_low',0,19,0,0,0,0,0,0,0,0,1,0,0,0,0,0,0,0,0,0,0,0,0),(98,2,'','2023-02-16 10:25:41','2','','the_inventory_item_is_running_low',0,20,0,0,0,0,0,0,0,0,1,0,0,0,0,0,0,0,0,0,0,0,0),(99,2,'','2023-02-16 10:25:42','2','','the_inventory_item_is_running_low',0,21,0,0,0,0,0,0,0,0,1,0,0,0,0,0,0,0,0,0,0,0,0),(100,2,'','2023-02-16 10:25:42','2','','the_inventory_item_is_running_low',0,22,0,0,0,0,0,0,0,0,1,0,0,0,0,0,0,0,0,0,0,0,0),(101,2,'','2023-02-16 10:25:43','2','','the_inventory_item_is_running_low',0,24,0,0,0,0,0,0,0,0,1,0,0,0,0,0,0,0,0,0,0,0,0),(102,2,'','2023-02-20 06:48:04','2','','the_inventory_item_is_running_low',0,27,0,0,0,0,0,0,0,0,1,0,0,0,0,0,0,0,0,0,0,0,0),(103,2,'','2023-02-20 06:48:04','2','','the_inventory_item_is_running_low',0,18,0,0,0,0,0,0,0,0,1,0,0,0,0,0,0,0,0,0,0,0,0),(104,2,'','2023-02-20 06:48:05','2','','the_inventory_item_is_running_low',0,19,0,0,0,0,0,0,0,0,1,0,0,0,0,0,0,0,0,0,0,0,0),(105,2,'','2023-02-20 06:48:05','2','','the_inventory_item_is_running_low',0,20,0,0,0,0,0,0,0,0,1,0,0,0,0,0,0,0,0,0,0,0,0),(106,2,'','2023-02-20 06:48:05','2','','the_inventory_item_is_running_low',0,21,0,0,0,0,0,0,0,0,1,0,0,0,0,0,0,0,0,0,0,0,0),(107,2,'','2023-02-20 06:48:05','2','','the_inventory_item_is_running_low',0,22,0,0,0,0,0,0,0,0,1,0,0,0,0,0,0,0,0,0,0,0,0),(108,2,'','2023-02-20 06:48:06','2','','the_inventory_item_is_running_low',0,24,0,0,0,0,0,0,0,0,1,0,0,0,0,0,0,0,0,0,0,0,0),(109,2,'','2023-02-21 07:05:49','1,2','','new_job_order',0,0,37,0,0,0,0,0,0,0,1,0,0,0,0,0,0,0,0,0,0,0,0),(110,2,'','2023-02-21 07:07:17','2','','the_inventory_item_is_running_low',0,26,0,0,0,0,0,0,0,0,1,0,0,0,0,0,0,0,0,0,0,0,0),(111,2,'','2023-02-21 07:07:17','2','','the_inventory_item_is_running_low',0,18,0,0,0,0,0,0,0,0,1,0,0,0,0,0,0,0,0,0,0,0,0),(112,2,'','2023-02-21 07:07:17','2','','the_inventory_item_is_running_low',0,19,0,0,0,0,0,0,0,0,1,0,0,0,0,0,0,0,0,0,0,0,0),(113,2,'','2023-02-21 07:07:17','2','','the_inventory_item_is_running_low',0,20,0,0,0,0,0,0,0,0,1,0,0,0,0,0,0,0,0,0,0,0,0),(114,2,'','2023-02-21 07:07:18','2','','the_inventory_item_is_running_low',0,21,0,0,0,0,0,0,0,0,1,0,0,0,0,0,0,0,0,0,0,0,0),(115,2,'','2023-02-21 07:07:18','2','','the_inventory_item_is_running_low',0,22,0,0,0,0,0,0,0,0,1,0,0,0,0,0,0,0,0,0,0,0,0),(116,2,'','2023-02-21 07:07:18','2','','the_inventory_item_is_running_low',0,24,0,0,0,0,0,0,0,0,1,0,0,0,0,0,0,0,0,0,0,0,0),(117,2,'','2023-02-21 07:07:26','2','','the_inventory_item_is_running_low',0,26,0,0,0,0,0,0,0,0,1,0,0,0,0,0,0,0,0,0,0,0,0),(118,2,'','2023-02-21 07:07:26','2','','the_inventory_item_is_running_low',0,18,0,0,0,0,0,0,0,0,1,0,0,0,0,0,0,0,0,0,0,0,0),(119,2,'','2023-02-21 07:07:27','2','','the_inventory_item_is_running_low',0,19,0,0,0,0,0,0,0,0,1,0,0,0,0,0,0,0,0,0,0,0,0),(120,2,'','2023-02-21 07:07:27','2','','the_inventory_item_is_running_low',0,20,0,0,0,0,0,0,0,0,1,0,0,0,0,0,0,0,0,0,0,0,0),(121,2,'','2023-02-21 07:07:27','2','','the_inventory_item_is_running_low',0,21,0,0,0,0,0,0,0,0,1,0,0,0,0,0,0,0,0,0,0,0,0),(122,2,'','2023-02-21 07:07:27','2','','the_inventory_item_is_running_low',0,22,0,0,0,0,0,0,0,0,1,0,0,0,0,0,0,0,0,0,0,0,0),(123,2,'','2023-02-21 07:07:28','2','','the_inventory_item_is_running_low',0,24,0,0,0,0,0,0,0,0,1,0,0,0,0,0,0,0,0,0,0,0,0),(124,2,'','2023-02-21 10:45:19','2','','the_inventory_item_is_running_low',0,26,0,0,0,0,0,0,0,0,1,0,0,0,0,0,0,0,0,0,0,0,0),(125,2,'','2023-02-21 10:45:20','2','','the_inventory_item_is_running_low',0,18,0,0,0,0,0,0,0,0,1,0,0,0,0,0,0,0,0,0,0,0,0),(126,2,'','2023-02-21 10:45:21','2','','the_inventory_item_is_running_low',0,19,0,0,0,0,0,0,0,0,1,0,0,0,0,0,0,0,0,0,0,0,0),(127,2,'','2023-02-21 10:45:22','2','','the_inventory_item_is_running_low',0,20,0,0,0,0,0,0,0,0,1,0,0,0,0,0,0,0,0,0,0,0,0),(128,2,'','2023-02-21 10:45:23','2','','the_inventory_item_is_running_low',0,21,0,0,0,0,0,0,0,0,1,0,0,0,0,0,0,0,0,0,0,0,0),(129,2,'','2023-02-21 10:45:24','2','','the_inventory_item_is_running_low',0,22,0,0,0,0,0,0,0,0,1,0,0,0,0,0,0,0,0,0,0,0,0),(130,2,'','2023-02-21 10:45:24','2','','the_inventory_item_is_running_low',0,24,0,0,0,0,0,0,0,0,1,0,0,0,0,0,0,0,0,0,0,0,0),(131,2,'','2023-02-21 10:45:25','2','','the_inventory_item_is_running_low',0,29,0,0,0,0,0,0,0,0,1,0,0,0,0,0,0,0,0,0,0,0,0),(132,1,'','2023-02-28 05:58:20','2','','the_inventory_item_is_running_low',0,26,0,0,0,0,0,0,0,0,1,0,0,0,0,0,0,0,0,0,0,0,0),(133,1,'','2023-02-28 05:58:20','2','','the_inventory_item_is_running_low',0,18,0,0,0,0,0,0,0,0,1,0,0,0,0,0,0,0,0,0,0,0,0),(134,1,'','2023-02-28 05:58:20','2','','the_inventory_item_is_running_low',0,19,0,0,0,0,0,0,0,0,1,0,0,0,0,0,0,0,0,0,0,0,0),(135,1,'','2023-02-28 05:58:20','2','','the_inventory_item_is_running_low',0,20,0,0,0,0,0,0,0,0,1,0,0,0,0,0,0,0,0,0,0,0,0),(136,1,'','2023-02-28 05:58:21','2','','the_inventory_item_is_running_low',0,21,0,0,0,0,0,0,0,0,1,0,0,0,0,0,0,0,0,0,0,0,0),(137,1,'','2023-02-28 05:58:21','2','','the_inventory_item_is_running_low',0,22,0,0,0,0,0,0,0,0,1,0,0,0,0,0,0,0,0,0,0,0,0),(138,1,'','2023-02-28 05:58:21','2','','the_inventory_item_is_running_low',0,24,0,0,0,0,0,0,0,0,1,0,0,0,0,0,0,0,0,0,0,0,0),(139,1,'','2023-02-28 05:58:21','2','','the_inventory_item_is_running_low',0,29,0,0,0,0,0,0,0,0,1,0,0,0,0,0,0,0,0,0,0,0,0),(140,1,'','2023-02-28 06:49:04','2','','the_inventory_item_is_running_low',0,26,0,0,0,0,0,0,0,0,1,0,0,0,0,0,0,0,0,0,0,0,0),(141,1,'','2023-02-28 06:49:05','2','','the_inventory_item_is_running_low',0,18,0,0,0,0,0,0,0,0,1,0,0,0,0,0,0,0,0,0,0,0,0),(142,1,'','2023-02-28 06:49:06','2','','the_inventory_item_is_running_low',0,19,0,0,0,0,0,0,0,0,1,0,0,0,0,0,0,0,0,0,0,0,0),(143,1,'','2023-02-28 06:49:07','2','','the_inventory_item_is_running_low',0,20,0,0,0,0,0,0,0,0,1,0,0,0,0,0,0,0,0,0,0,0,0),(144,1,'','2023-02-28 06:49:08','2','','the_inventory_item_is_running_low',0,21,0,0,0,0,0,0,0,0,1,0,0,0,0,0,0,0,0,0,0,0,0),(145,1,'','2023-02-28 06:49:09','2','','the_inventory_item_is_running_low',0,22,0,0,0,0,0,0,0,0,1,0,0,0,0,0,0,0,0,0,0,0,0),(146,1,'','2023-02-28 06:49:10','2','','the_inventory_item_is_running_low',0,24,0,0,0,0,0,0,0,0,1,0,0,0,0,0,0,0,0,0,0,0,0),(147,1,'','2023-02-28 06:49:11','2','','the_inventory_item_is_running_low',0,29,0,0,0,0,0,0,0,0,1,0,0,0,0,0,0,0,0,0,0,0,0),(148,2,'','2023-03-01 10:55:55','2','','the_inventory_item_is_running_low',0,26,0,0,0,0,0,0,0,0,1,0,0,0,0,0,0,0,0,0,0,0,0),(149,2,'','2023-03-01 10:55:55','2','','the_inventory_item_is_running_low',0,18,0,0,0,0,0,0,0,0,1,0,0,0,0,0,0,0,0,0,0,0,0),(150,2,'','2023-03-01 10:55:55','2','','the_inventory_item_is_running_low',0,19,0,0,0,0,0,0,0,0,1,0,0,0,0,0,0,0,0,0,0,0,0),(151,2,'','2023-03-01 10:55:55','2','','the_inventory_item_is_running_low',0,20,0,0,0,0,0,0,0,0,1,0,0,0,0,0,0,0,0,0,0,0,0),(152,2,'','2023-03-01 10:55:56','2','','the_inventory_item_is_running_low',0,21,0,0,0,0,0,0,0,0,1,0,0,0,0,0,0,0,0,0,0,0,0),(153,2,'','2023-03-01 10:55:56','2','','the_inventory_item_is_running_low',0,22,0,0,0,0,0,0,0,0,1,0,0,0,0,0,0,0,0,0,0,0,0),(154,2,'','2023-03-01 10:55:56','2','','the_inventory_item_is_running_low',0,24,0,0,0,0,0,0,0,0,1,0,0,0,0,0,0,0,0,0,0,0,0),(155,2,'','2023-03-01 10:55:56','2','','the_inventory_item_is_running_low',0,29,0,0,0,0,0,0,0,0,1,0,0,0,0,0,0,0,0,0,0,0,0),(156,2,'','2023-03-01 11:00:20','1,2','','new_job_order',0,0,38,0,0,0,0,0,0,0,1,0,0,0,0,0,0,0,0,0,0,0,0),(157,2,'','2023-03-01 11:04:45','2','','the_inventory_item_is_running_low',0,26,0,0,0,0,0,0,0,0,1,0,0,0,0,0,0,0,0,0,0,0,0),(158,2,'','2023-03-01 11:04:46','2','','the_inventory_item_is_running_low',0,18,0,0,0,0,0,0,0,0,1,0,0,0,0,0,0,0,0,0,0,0,0),(159,2,'','2023-03-01 11:04:46','2','','the_inventory_item_is_running_low',0,19,0,0,0,0,0,0,0,0,1,0,0,0,0,0,0,0,0,0,0,0,0),(160,2,'','2023-03-01 11:04:46','2','','the_inventory_item_is_running_low',0,20,0,0,0,0,0,0,0,0,1,0,0,0,0,0,0,0,0,0,0,0,0),(161,2,'','2023-03-01 11:04:46','2','','the_inventory_item_is_running_low',0,21,0,0,0,0,0,0,0,0,1,0,0,0,0,0,0,0,0,0,0,0,0),(162,2,'','2023-03-01 11:04:47','2','','the_inventory_item_is_running_low',0,22,0,0,0,0,0,0,0,0,1,0,0,0,0,0,0,0,0,0,0,0,0),(163,2,'','2023-03-01 11:04:47','2','','the_inventory_item_is_running_low',0,24,0,0,0,0,0,0,0,0,1,0,0,0,0,0,0,0,0,0,0,0,0),(164,2,'','2023-03-01 11:04:47','2','','the_inventory_item_is_running_low',0,29,0,0,0,0,0,0,0,0,1,0,0,0,0,0,0,0,0,0,0,0,0),(165,2,'','2023-03-01 11:05:17','2','','the_inventory_item_is_running_low',0,26,0,0,0,0,0,0,0,0,1,0,0,0,0,0,0,0,0,0,0,0,0),(166,2,'','2023-03-01 11:05:17','2','','the_inventory_item_is_running_low',0,18,0,0,0,0,0,0,0,0,1,0,0,0,0,0,0,0,0,0,0,0,0),(167,2,'','2023-03-01 11:05:17','2','','the_inventory_item_is_running_low',0,19,0,0,0,0,0,0,0,0,1,0,0,0,0,0,0,0,0,0,0,0,0),(168,2,'','2023-03-01 11:05:18','2','','the_inventory_item_is_running_low',0,20,0,0,0,0,0,0,0,0,1,0,0,0,0,0,0,0,0,0,0,0,0),(169,2,'','2023-03-01 11:05:18','2','','the_inventory_item_is_running_low',0,21,0,0,0,0,0,0,0,0,1,0,0,0,0,0,0,0,0,0,0,0,0),(170,2,'','2023-03-01 11:05:18','2','','the_inventory_item_is_running_low',0,22,0,0,0,0,0,0,0,0,1,0,0,0,0,0,0,0,0,0,0,0,0),(171,2,'','2023-03-01 11:05:18','2','','the_inventory_item_is_running_low',0,24,0,0,0,0,0,0,0,0,1,0,0,0,0,0,0,0,0,0,0,0,0),(172,2,'','2023-03-01 11:05:19','2','','the_inventory_item_is_running_low',0,29,0,0,0,0,0,0,0,0,1,0,0,0,0,0,0,0,0,0,0,0,0),(173,2,'','2023-03-01 11:08:13','2','','the_inventory_item_is_running_low',0,26,0,0,0,0,0,0,0,0,1,0,0,0,0,0,0,0,0,0,0,0,0),(174,2,'','2023-03-01 11:08:13','2','','the_inventory_item_is_running_low',0,27,0,0,0,0,0,0,0,0,1,0,0,0,0,0,0,0,0,0,0,0,0),(175,2,'','2023-03-01 11:08:13','2','','the_inventory_item_is_running_low',0,18,0,0,0,0,0,0,0,0,1,0,0,0,0,0,0,0,0,0,0,0,0),(176,2,'','2023-03-01 11:08:14','2','','the_inventory_item_is_running_low',0,19,0,0,0,0,0,0,0,0,1,0,0,0,0,0,0,0,0,0,0,0,0),(177,2,'','2023-03-01 11:08:14','2','','the_inventory_item_is_running_low',0,20,0,0,0,0,0,0,0,0,1,0,0,0,0,0,0,0,0,0,0,0,0),(178,2,'','2023-03-01 11:08:14','2','','the_inventory_item_is_running_low',0,21,0,0,0,0,0,0,0,0,1,0,0,0,0,0,0,0,0,0,0,0,0),(179,2,'','2023-03-01 11:08:14','2','','the_inventory_item_is_running_low',0,22,0,0,0,0,0,0,0,0,1,0,0,0,0,0,0,0,0,0,0,0,0),(180,2,'','2023-03-01 11:08:14','2','','the_inventory_item_is_running_low',0,24,0,0,0,0,0,0,0,0,1,0,0,0,0,0,0,0,0,0,0,0,0),(181,2,'','2023-03-01 11:08:15','2','','the_inventory_item_is_running_low',0,29,0,0,0,0,0,0,0,0,1,0,0,0,0,0,0,0,0,0,0,0,0),(182,2,'','2023-03-01 11:10:51','2','','the_inventory_item_is_running_low',0,26,0,0,0,0,0,0,0,0,1,0,0,0,0,0,0,0,0,0,0,0,0),(183,2,'','2023-03-01 11:10:51','2','','the_inventory_item_is_running_low',0,27,0,0,0,0,0,0,0,0,1,0,0,0,0,0,0,0,0,0,0,0,0),(184,2,'','2023-03-01 11:10:51','2','','the_inventory_item_is_running_low',0,18,0,0,0,0,0,0,0,0,1,0,0,0,0,0,0,0,0,0,0,0,0),(185,2,'','2023-03-01 11:10:52','2','','the_inventory_item_is_running_low',0,19,0,0,0,0,0,0,0,0,1,0,0,0,0,0,0,0,0,0,0,0,0),(186,2,'','2023-03-01 11:10:52','2','','the_inventory_item_is_running_low',0,20,0,0,0,0,0,0,0,0,1,0,0,0,0,0,0,0,0,0,0,0,0),(187,2,'','2023-03-01 11:10:52','2','','the_inventory_item_is_running_low',0,21,0,0,0,0,0,0,0,0,1,0,0,0,0,0,0,0,0,0,0,0,0),(188,2,'','2023-03-01 11:10:52','2','','the_inventory_item_is_running_low',0,22,0,0,0,0,0,0,0,0,1,0,0,0,0,0,0,0,0,0,0,0,0),(189,2,'','2023-03-01 11:10:52','2','','the_inventory_item_is_running_low',0,24,0,0,0,0,0,0,0,0,1,0,0,0,0,0,0,0,0,0,0,0,0),(190,2,'','2023-03-01 11:10:53','2','','the_inventory_item_is_running_low',0,29,0,0,0,0,0,0,0,0,1,0,0,0,0,0,0,0,0,0,0,0,0),(191,2,'','2023-03-01 11:11:37','2','','the_inventory_item_is_running_low',0,26,0,0,0,0,0,0,0,0,1,0,0,0,0,0,0,0,0,0,0,0,0),(192,2,'','2023-03-01 11:11:38','2','','the_inventory_item_is_running_low',0,27,0,0,0,0,0,0,0,0,1,0,0,0,0,0,0,0,0,0,0,0,0),(193,2,'','2023-03-01 11:11:38','2','','the_inventory_item_is_running_low',0,18,0,0,0,0,0,0,0,0,1,0,0,0,0,0,0,0,0,0,0,0,0),(194,2,'','2023-03-01 11:11:38','2','','the_inventory_item_is_running_low',0,19,0,0,0,0,0,0,0,0,1,0,0,0,0,0,0,0,0,0,0,0,0),(195,2,'','2023-03-01 11:11:38','2','','the_inventory_item_is_running_low',0,20,0,0,0,0,0,0,0,0,1,0,0,0,0,0,0,0,0,0,0,0,0),(196,2,'','2023-03-01 11:11:39','2','','the_inventory_item_is_running_low',0,21,0,0,0,0,0,0,0,0,1,0,0,0,0,0,0,0,0,0,0,0,0),(197,2,'','2023-03-01 11:11:39','2','','the_inventory_item_is_running_low',0,22,0,0,0,0,0,0,0,0,1,0,0,0,0,0,0,0,0,0,0,0,0),(198,2,'','2023-03-01 11:11:39','2','','the_inventory_item_is_running_low',0,24,0,0,0,0,0,0,0,0,1,0,0,0,0,0,0,0,0,0,0,0,0),(199,2,'','2023-03-01 11:11:39','2','','the_inventory_item_is_running_low',0,29,0,0,0,0,0,0,0,0,1,0,0,0,0,0,0,0,0,0,0,0,0),(200,2,'','2023-03-01 11:37:44','1,2','','new_job_order',0,0,39,0,0,0,0,0,0,0,1,0,0,0,0,0,0,0,0,0,0,0,0),(201,2,'','2023-03-01 11:39:53','2','','the_inventory_item_is_running_low',0,27,0,0,0,0,0,0,0,0,1,0,0,0,0,0,0,0,0,0,0,0,0),(202,2,'','2023-03-01 11:39:53','2','','the_inventory_item_is_running_low',0,18,0,0,0,0,0,0,0,0,1,0,0,0,0,0,0,0,0,0,0,0,0),(203,2,'','2023-03-01 11:39:53','2','','the_inventory_item_is_running_low',0,24,0,0,0,0,0,0,0,0,1,0,0,0,0,0,0,0,0,0,0,0,0),(204,2,'','2023-03-01 11:39:53','2','','the_inventory_item_is_running_low',0,19,0,0,0,0,0,0,0,0,1,0,0,0,0,0,0,0,0,0,0,0,0),(205,2,'','2023-03-01 11:39:54','2','','the_inventory_item_is_running_low',0,20,0,0,0,0,0,0,0,0,1,0,0,0,0,0,0,0,0,0,0,0,0),(206,2,'','2023-03-01 11:39:54','2','','the_inventory_item_is_running_low',0,21,0,0,0,0,0,0,0,0,1,0,0,0,0,0,0,0,0,0,0,0,0),(207,2,'','2023-03-01 11:39:54','2','','the_inventory_item_is_running_low',0,22,0,0,0,0,0,0,0,0,1,0,0,0,0,0,0,0,0,0,0,0,0),(208,2,'','2023-03-01 11:39:54','2','','the_inventory_item_is_running_low',0,26,0,0,0,0,0,0,0,0,1,0,0,0,0,0,0,0,0,0,0,0,0),(209,2,'','2023-03-01 11:39:55','2','','the_inventory_item_is_running_low',0,29,0,0,0,0,0,0,0,0,1,0,0,0,0,0,0,0,0,0,0,0,0),(210,2,'','2023-03-01 11:40:26','2','','the_inventory_item_is_running_low',0,27,0,0,0,0,0,0,0,0,1,0,0,0,0,0,0,0,0,0,0,0,0),(211,2,'','2023-03-01 11:40:26','2','','the_inventory_item_is_running_low',0,18,0,0,0,0,0,0,0,0,1,0,0,0,0,0,0,0,0,0,0,0,0),(212,2,'','2023-03-01 11:40:27','2','','the_inventory_item_is_running_low',0,24,0,0,0,0,0,0,0,0,1,0,0,0,0,0,0,0,0,0,0,0,0),(213,2,'','2023-03-01 11:40:27','2','','the_inventory_item_is_running_low',0,19,0,0,0,0,0,0,0,0,1,0,0,0,0,0,0,0,0,0,0,0,0),(214,2,'','2023-03-01 11:40:27','2','','the_inventory_item_is_running_low',0,20,0,0,0,0,0,0,0,0,1,0,0,0,0,0,0,0,0,0,0,0,0),(215,2,'','2023-03-01 11:40:27','2','','the_inventory_item_is_running_low',0,21,0,0,0,0,0,0,0,0,1,0,0,0,0,0,0,0,0,0,0,0,0),(216,2,'','2023-03-01 11:40:28','2','','the_inventory_item_is_running_low',0,22,0,0,0,0,0,0,0,0,1,0,0,0,0,0,0,0,0,0,0,0,0),(217,2,'','2023-03-01 11:40:28','2','','the_inventory_item_is_running_low',0,26,0,0,0,0,0,0,0,0,1,0,0,0,0,0,0,0,0,0,0,0,0),(218,2,'','2023-03-01 11:40:28','2','','the_inventory_item_is_running_low',0,29,0,0,0,0,0,0,0,0,1,0,0,0,0,0,0,0,0,0,0,0,0),(219,2,'','2023-03-01 11:41:28','1,2','','new_job_order',0,0,40,0,0,0,0,0,0,0,1,0,0,0,0,0,0,0,0,0,0,0,0),(220,2,'','2023-03-01 11:43:04','2','','the_inventory_item_is_running_low',0,27,0,0,0,0,0,0,0,0,1,0,0,0,0,0,0,0,0,0,0,0,0),(221,2,'','2023-03-01 11:43:04','2','','the_inventory_item_is_running_low',0,18,0,0,0,0,0,0,0,0,1,0,0,0,0,0,0,0,0,0,0,0,0),(222,2,'','2023-03-01 11:43:05','2','','the_inventory_item_is_running_low',0,24,0,0,0,0,0,0,0,0,1,0,0,0,0,0,0,0,0,0,0,0,0),(223,2,'','2023-03-01 11:43:05','2','','the_inventory_item_is_running_low',0,19,0,0,0,0,0,0,0,0,1,0,0,0,0,0,0,0,0,0,0,0,0),(224,2,'','2023-03-01 11:43:05','2','','the_inventory_item_is_running_low',0,20,0,0,0,0,0,0,0,0,1,0,0,0,0,0,0,0,0,0,0,0,0),(225,2,'','2023-03-01 11:43:05','2','','the_inventory_item_is_running_low',0,21,0,0,0,0,0,0,0,0,1,0,0,0,0,0,0,0,0,0,0,0,0),(226,2,'','2023-03-01 11:43:05','2','','the_inventory_item_is_running_low',0,22,0,0,0,0,0,0,0,0,1,0,0,0,0,0,0,0,0,0,0,0,0),(227,2,'','2023-03-01 11:43:06','2','','the_inventory_item_is_running_low',0,26,0,0,0,0,0,0,0,0,1,0,0,0,0,0,0,0,0,0,0,0,0),(228,2,'','2023-03-01 11:43:06','2','','the_inventory_item_is_running_low',0,29,0,0,0,0,0,0,0,0,1,0,0,0,0,0,0,0,0,0,0,0,0),(229,1,'','2023-03-05 06:32:50','1,2','','new_job_order',0,0,41,0,0,0,0,0,0,0,1,0,0,0,0,0,0,0,0,0,0,0,0),(230,1,'','2023-03-05 08:42:11','2','','the_inventory_item_is_running_low',0,27,0,0,0,0,0,0,0,0,1,0,0,0,0,0,0,0,0,0,0,0,0),(231,1,'','2023-03-05 08:42:12','2','','the_inventory_item_is_running_low',0,18,0,0,0,0,0,0,0,0,1,0,0,0,0,0,0,0,0,0,0,0,0),(232,1,'','2023-03-05 08:42:12','2','','the_inventory_item_is_running_low',0,19,0,0,0,0,0,0,0,0,1,0,0,0,0,0,0,0,0,0,0,0,0),(233,1,'','2023-03-05 08:42:12','2','','the_inventory_item_is_running_low',0,24,0,0,0,0,0,0,0,0,1,0,0,0,0,0,0,0,0,0,0,0,0),(234,1,'','2023-03-05 08:42:12','2','','the_inventory_item_is_running_low',0,20,0,0,0,0,0,0,0,0,1,0,0,0,0,0,0,0,0,0,0,0,0),(235,1,'','2023-03-05 08:42:12','2','','the_inventory_item_is_running_low',0,21,0,0,0,0,0,0,0,0,1,0,0,0,0,0,0,0,0,0,0,0,0),(236,1,'','2023-03-05 08:42:13','2','','the_inventory_item_is_running_low',0,22,0,0,0,0,0,0,0,0,1,0,0,0,0,0,0,0,0,0,0,0,0),(237,1,'','2023-03-05 08:42:13','2','','the_inventory_item_is_running_low',0,26,0,0,0,0,0,0,0,0,1,0,0,0,0,0,0,0,0,0,0,0,0),(238,1,'','2023-03-05 08:42:13','2','','the_inventory_item_is_running_low',0,29,0,0,0,0,0,0,0,0,1,0,0,0,0,0,0,0,0,0,0,0,0),(239,5,'','2023-03-05 09:43:00','2','','the_inventory_item_is_running_low',0,27,0,0,0,0,0,0,0,0,1,0,0,0,0,0,0,0,0,0,0,0,0),(240,5,'','2023-03-05 09:43:00','2','','the_inventory_item_is_running_low',0,18,0,0,0,0,0,0,0,0,1,0,0,0,0,0,0,0,0,0,0,0,0),(241,5,'','2023-03-05 09:43:00','2','','the_inventory_item_is_running_low',0,19,0,0,0,0,0,0,0,0,1,0,0,0,0,0,0,0,0,0,0,0,0),(242,5,'','2023-03-05 09:43:00','2','','the_inventory_item_is_running_low',0,24,0,0,0,0,0,0,0,0,1,0,0,0,0,0,0,0,0,0,0,0,0),(243,5,'','2023-03-05 09:43:01','2','','the_inventory_item_is_running_low',0,20,0,0,0,0,0,0,0,0,1,0,0,0,0,0,0,0,0,0,0,0,0),(244,5,'','2023-03-05 09:43:01','2','','the_inventory_item_is_running_low',0,21,0,0,0,0,0,0,0,0,1,0,0,0,0,0,0,0,0,0,0,0,0),(245,5,'','2023-03-05 09:43:01','2','','the_inventory_item_is_running_low',0,22,0,0,0,0,0,0,0,0,1,0,0,0,0,0,0,0,0,0,0,0,0),(246,5,'','2023-03-05 09:43:01','2','','the_inventory_item_is_running_low',0,26,0,0,0,0,0,0,0,0,1,0,0,0,0,0,0,0,0,0,0,0,0),(247,5,'','2023-03-05 09:43:02','2','','the_inventory_item_is_running_low',0,29,0,0,0,0,0,0,0,0,1,0,0,0,0,0,0,0,0,0,0,0,0),(248,5,'','2023-03-05 09:43:18','2','','the_inventory_item_is_running_low',0,27,0,0,0,0,0,0,0,0,1,0,0,0,0,0,0,0,0,0,0,0,0),(249,5,'','2023-03-05 09:43:19','2','','the_inventory_item_is_running_low',0,18,0,0,0,0,0,0,0,0,1,0,0,0,0,0,0,0,0,0,0,0,0),(250,5,'','2023-03-05 09:43:19','2','','the_inventory_item_is_running_low',0,19,0,0,0,0,0,0,0,0,1,0,0,0,0,0,0,0,0,0,0,0,0),(251,5,'','2023-03-05 09:43:19','2','','the_inventory_item_is_running_low',0,24,0,0,0,0,0,0,0,0,1,0,0,0,0,0,0,0,0,0,0,0,0),(252,5,'','2023-03-05 09:43:19','2','','the_inventory_item_is_running_low',0,20,0,0,0,0,0,0,0,0,1,0,0,0,0,0,0,0,0,0,0,0,0),(253,5,'','2023-03-05 09:43:19','2','','the_inventory_item_is_running_low',0,21,0,0,0,0,0,0,0,0,1,0,0,0,0,0,0,0,0,0,0,0,0),(254,5,'','2023-03-05 09:43:20','2','','the_inventory_item_is_running_low',0,22,0,0,0,0,0,0,0,0,1,0,0,0,0,0,0,0,0,0,0,0,0),(255,5,'','2023-03-05 09:43:20','2','','the_inventory_item_is_running_low',0,26,0,0,0,0,0,0,0,0,1,0,0,0,0,0,0,0,0,0,0,0,0),(256,5,'','2023-03-05 09:43:20','2','','the_inventory_item_is_running_low',0,29,0,0,0,0,0,0,0,0,1,0,0,0,0,0,0,0,0,0,0,0,0),(257,5,'','2023-03-05 11:19:00','2','','the_inventory_item_is_running_low',0,27,0,0,0,0,0,0,0,0,1,0,0,0,0,0,0,0,0,0,0,0,0),(258,5,'','2023-03-05 11:19:00','2','','the_inventory_item_is_running_low',0,18,0,0,0,0,0,0,0,0,1,0,0,0,0,0,0,0,0,0,0,0,0),(259,5,'','2023-03-05 11:19:01','2','','the_inventory_item_is_running_low',0,19,0,0,0,0,0,0,0,0,1,0,0,0,0,0,0,0,0,0,0,0,0),(260,5,'','2023-03-05 11:19:01','2','','the_inventory_item_is_running_low',0,24,0,0,0,0,0,0,0,0,1,0,0,0,0,0,0,0,0,0,0,0,0),(261,5,'','2023-03-05 11:19:01','2','','the_inventory_item_is_running_low',0,20,0,0,0,0,0,0,0,0,1,0,0,0,0,0,0,0,0,0,0,0,0),(262,5,'','2023-03-05 11:19:01','2','','the_inventory_item_is_running_low',0,21,0,0,0,0,0,0,0,0,1,0,0,0,0,0,0,0,0,0,0,0,0),(263,5,'','2023-03-05 11:19:01','2','','the_inventory_item_is_running_low',0,22,0,0,0,0,0,0,0,0,1,0,0,0,0,0,0,0,0,0,0,0,0),(264,5,'','2023-03-05 11:19:02','2','','the_inventory_item_is_running_low',0,26,0,0,0,0,0,0,0,0,1,0,0,0,0,0,0,0,0,0,0,0,0),(265,5,'','2023-03-05 11:19:02','2','','the_inventory_item_is_running_low',0,29,0,0,0,0,0,0,0,0,1,0,0,0,0,0,0,0,0,0,0,0,0),(266,5,'','2023-03-05 11:19:02','2','','the_inventory_item_is_running_low',0,35,0,0,0,0,0,0,0,0,1,0,0,0,0,0,0,0,0,0,0,0,0),(267,5,'','2023-03-05 11:31:16','2','','the_inventory_item_is_running_low',0,27,0,0,0,0,0,0,0,0,1,0,0,0,0,0,0,0,0,0,0,0,0),(268,5,'','2023-03-05 11:31:16','2','','the_inventory_item_is_running_low',0,18,0,0,0,0,0,0,0,0,1,0,0,0,0,0,0,0,0,0,0,0,0),(269,5,'','2023-03-05 11:31:16','2','','the_inventory_item_is_running_low',0,19,0,0,0,0,0,0,0,0,1,0,0,0,0,0,0,0,0,0,0,0,0),(270,5,'','2023-03-05 11:31:17','2','','the_inventory_item_is_running_low',0,24,0,0,0,0,0,0,0,0,1,0,0,0,0,0,0,0,0,0,0,0,0),(271,5,'','2023-03-05 11:31:17','2','','the_inventory_item_is_running_low',0,20,0,0,0,0,0,0,0,0,1,0,0,0,0,0,0,0,0,0,0,0,0),(272,5,'','2023-03-05 11:31:17','2','','the_inventory_item_is_running_low',0,21,0,0,0,0,0,0,0,0,1,0,0,0,0,0,0,0,0,0,0,0,0),(273,5,'','2023-03-05 11:31:17','2','','the_inventory_item_is_running_low',0,22,0,0,0,0,0,0,0,0,1,0,0,0,0,0,0,0,0,0,0,0,0),(274,5,'','2023-03-05 11:31:17','2','','the_inventory_item_is_running_low',0,26,0,0,0,0,0,0,0,0,1,0,0,0,0,0,0,0,0,0,0,0,0),(275,5,'','2023-03-05 11:31:18','2','','the_inventory_item_is_running_low',0,29,0,0,0,0,0,0,0,0,1,0,0,0,0,0,0,0,0,0,0,0,0),(276,5,'','2023-03-05 11:31:18','2','','the_inventory_item_is_running_low',0,35,0,0,0,0,0,0,0,0,1,0,0,0,0,0,0,0,0,0,0,0,0),(277,5,'','2023-03-05 11:31:26','2','','the_inventory_item_is_running_low',0,27,0,0,0,0,0,0,0,0,1,0,0,0,0,0,0,0,0,0,0,0,0),(278,5,'','2023-03-05 11:31:26','2','','the_inventory_item_is_running_low',0,18,0,0,0,0,0,0,0,0,1,0,0,0,0,0,0,0,0,0,0,0,0),(279,5,'','2023-03-05 11:31:26','2','','the_inventory_item_is_running_low',0,19,0,0,0,0,0,0,0,0,1,0,0,0,0,0,0,0,0,0,0,0,0),(280,5,'','2023-03-05 11:31:27','2','','the_inventory_item_is_running_low',0,24,0,0,0,0,0,0,0,0,1,0,0,0,0,0,0,0,0,0,0,0,0),(281,5,'','2023-03-05 11:31:27','2','','the_inventory_item_is_running_low',0,20,0,0,0,0,0,0,0,0,1,0,0,0,0,0,0,0,0,0,0,0,0),(282,5,'','2023-03-05 11:31:27','2','','the_inventory_item_is_running_low',0,21,0,0,0,0,0,0,0,0,1,0,0,0,0,0,0,0,0,0,0,0,0),(283,5,'','2023-03-05 11:31:27','2','','the_inventory_item_is_running_low',0,22,0,0,0,0,0,0,0,0,1,0,0,0,0,0,0,0,0,0,0,0,0),(284,5,'','2023-03-05 11:31:28','2','','the_inventory_item_is_running_low',0,26,0,0,0,0,0,0,0,0,1,0,0,0,0,0,0,0,0,0,0,0,0),(285,5,'','2023-03-05 11:31:28','2','','the_inventory_item_is_running_low',0,29,0,0,0,0,0,0,0,0,1,0,0,0,0,0,0,0,0,0,0,0,0),(286,5,'','2023-03-05 11:31:28','2','','the_inventory_item_is_running_low',0,35,0,0,0,0,0,0,0,0,1,0,0,0,0,0,0,0,0,0,0,0,0),(287,5,'','2023-03-05 11:36:29','2','','the_inventory_item_is_running_low',0,27,0,0,0,0,0,0,0,0,1,0,0,0,0,0,0,0,0,0,0,0,0),(288,5,'','2023-03-05 11:36:29','2','','the_inventory_item_is_running_low',0,18,0,0,0,0,0,0,0,0,1,0,0,0,0,0,0,0,0,0,0,0,0),(289,5,'','2023-03-05 11:36:29','2','','the_inventory_item_is_running_low',0,19,0,0,0,0,0,0,0,0,1,0,0,0,0,0,0,0,0,0,0,0,0),(290,5,'','2023-03-05 11:36:29','2','','the_inventory_item_is_running_low',0,24,0,0,0,0,0,0,0,0,1,0,0,0,0,0,0,0,0,0,0,0,0),(291,5,'','2023-03-05 11:36:30','2','','the_inventory_item_is_running_low',0,20,0,0,0,0,0,0,0,0,1,0,0,0,0,0,0,0,0,0,0,0,0),(292,5,'','2023-03-05 11:36:30','2','','the_inventory_item_is_running_low',0,21,0,0,0,0,0,0,0,0,1,0,0,0,0,0,0,0,0,0,0,0,0),(293,5,'','2023-03-05 11:36:30','2','','the_inventory_item_is_running_low',0,22,0,0,0,0,0,0,0,0,1,0,0,0,0,0,0,0,0,0,0,0,0),(294,5,'','2023-03-05 11:36:30','2','','the_inventory_item_is_running_low',0,26,0,0,0,0,0,0,0,0,1,0,0,0,0,0,0,0,0,0,0,0,0),(295,5,'','2023-03-05 11:36:30','2','','the_inventory_item_is_running_low',0,29,0,0,0,0,0,0,0,0,1,0,0,0,0,0,0,0,0,0,0,0,0),(296,5,'','2023-03-05 11:36:31','2','','the_inventory_item_is_running_low',0,35,0,0,0,0,0,0,0,0,1,0,0,0,0,0,0,0,0,0,0,0,0);

--
-- Table structure for table `nizwa_packing_productspayment_methods`
--

CREATE TABLE `nizwa_packing_productspayment_methods` (
  `id` int(11) NOT NULL AUTO_INCREMENT,
  `title` text COLLATE utf8_unicode_ci NOT NULL,
  `type` varchar(100) COLLATE utf8_unicode_ci NOT NULL DEFAULT 'custom',
  `description` text COLLATE utf8_unicode_ci NOT NULL,
  `online_payable` tinyint(1) NOT NULL DEFAULT '0',
  `available_on_invoice` tinyint(1) NOT NULL DEFAULT '0',
  `minimum_payment_amount` double NOT NULL DEFAULT '0',
  `settings` longtext COLLATE utf8_unicode_ci NOT NULL,
  `deleted` tinyint(1) NOT NULL DEFAULT '0',
  PRIMARY KEY (`id`)
) ENGINE=InnoDB AUTO_INCREMENT=6 DEFAULT CHARSET=utf8 COLLATE=utf8_unicode_ci;

--
-- Dumping data for table `nizwa_packing_productspayment_methods`
--

INSERT INTO `nizwa_packing_productspayment_methods` VALUES (1,'Cash','custom','',0,0,0,'a:0:{}',0),(4,'Bank transfer / Card','custom','',0,0,0,'a:0:{}',0),(5,'Cheque','custom','',0,0,0,'a:0:{}',0);

--
-- Table structure for table `nizwa_packing_productspaypal_ipn`
--

CREATE TABLE `nizwa_packing_productspaypal_ipn` (
  `id` int(11) NOT NULL AUTO_INCREMENT,
  `transaction_id` tinytext COLLATE utf8_unicode_ci,
  `ipn_hash` longtext COLLATE utf8_unicode_ci NOT NULL,
  `ipn_data` longtext COLLATE utf8_unicode_ci NOT NULL,
  `deleted` tinyint(1) NOT NULL DEFAULT '0',
  PRIMARY KEY (`id`)
) ENGINE=InnoDB DEFAULT CHARSET=utf8 COLLATE=utf8_unicode_ci;

--
-- Dumping data for table `nizwa_packing_productspaypal_ipn`
--


--
-- Table structure for table `nizwa_packing_productspayroll`
--

CREATE TABLE `nizwa_packing_productspayroll` (
  `id` int(11) NOT NULL AUTO_INCREMENT,
  `month` date NOT NULL,
  `status` varchar(255) COLLATE utf8_unicode_ci NOT NULL DEFAULT 'draft',
  `deleted` int(11) NOT NULL DEFAULT '0',
  `payment_item_id` int(11) NOT NULL DEFAULT '0',
  PRIMARY KEY (`id`)
) ENGINE=MyISAM AUTO_INCREMENT=2 DEFAULT CHARSET=utf8 COLLATE=utf8_unicode_ci;

--
-- Dumping data for table `nizwa_packing_productspayroll`
--

INSERT INTO `nizwa_packing_productspayroll` VALUES (1,'2023-01-01','approved',0,0);

--
-- Table structure for table `nizwa_packing_productspayroll_detail`
--

CREATE TABLE `nizwa_packing_productspayroll_detail` (
  `id` int(11) NOT NULL AUTO_INCREMENT,
  `payroll_id` int(11) NOT NULL,
  `employee_id` int(11) NOT NULL,
  `salary` float(8,3) NOT NULL,
  `manual_deduction` float(8,3) NOT NULL,
  `manual_deduction_reason` text COLLATE utf8_unicode_ci,
  `manual_bounce` float(8,3) NOT NULL,
  `manual_bonus_reason` text COLLATE utf8_unicode_ci,
  `advance` float(10,3) NOT NULL,
  `loan` float(10,3) NOT NULL,
  `pasi_company` double DEFAULT '0',
  `pasi_employee` double DEFAULT '0',
  `job_s_company` double DEFAULT '0',
  `job_s_employee` double DEFAULT '0',
  `deleted` int(11) NOT NULL DEFAULT '0',
  PRIMARY KEY (`id`)
) ENGINE=MyISAM AUTO_INCREMENT=3 DEFAULT CHARSET=utf8 COLLATE=utf8_unicode_ci;

--
-- Dumping data for table `nizwa_packing_productspayroll_detail`
--

INSERT INTO `nizwa_packing_productspayroll_detail` VALUES (1,1,1,0.000,0.000,NULL,0.000,NULL,0.000,0.000,0,0,0,0,0),(2,1,2,4000.000,0.000,NULL,0.000,NULL,0.000,0.000,0,0,0,0,0);

--
-- Table structure for table `nizwa_packing_productsposts`
--

CREATE TABLE `nizwa_packing_productsposts` (
  `id` int(11) NOT NULL AUTO_INCREMENT,
  `created_by` int(11) NOT NULL,
  `created_at` datetime NOT NULL,
  `description` mediumtext COLLATE utf8_unicode_ci NOT NULL,
  `post_id` int(11) NOT NULL,
  `share_with` text COLLATE utf8_unicode_ci,
  `files` longtext COLLATE utf8_unicode_ci,
  `deleted` tinyint(1) NOT NULL DEFAULT '0',
  PRIMARY KEY (`id`)
) ENGINE=InnoDB DEFAULT CHARSET=utf8 COLLATE=utf8_unicode_ci;

--
-- Dumping data for table `nizwa_packing_productsposts`
--


--
-- Table structure for table `nizwa_packing_productsproforma_invoice_items`
--

CREATE TABLE `nizwa_packing_productsproforma_invoice_items` (
  `id` int(11) NOT NULL AUTO_INCREMENT,
  `item_id` int(11) NOT NULL DEFAULT '0',
  `title` text COLLATE utf8_unicode_ci NOT NULL,
  `cost` double NOT NULL,
  `description` text COLLATE utf8_unicode_ci,
  `quantity` double NOT NULL,
  `unit_type` varchar(20) COLLATE utf8_unicode_ci NOT NULL DEFAULT '',
  `rate` double NOT NULL,
  `total` double NOT NULL,
  `sort` int(11) NOT NULL DEFAULT '0',
  `invoice_id` int(11) NOT NULL,
  `deleted` tinyint(1) NOT NULL DEFAULT '0',
  `old_id` int(11) DEFAULT '0',
  `tax_id` int(11) DEFAULT '0',
  `tax_id2` int(11) DEFAULT '0',
  PRIMARY KEY (`id`)
) ENGINE=InnoDB DEFAULT CHARSET=utf8 COLLATE=utf8_unicode_ci;

--
-- Dumping data for table `nizwa_packing_productsproforma_invoice_items`
--


--
-- Table structure for table `nizwa_packing_productsproforma_invoice_payments`
--

CREATE TABLE `nizwa_packing_productsproforma_invoice_payments` (
  `id` int(11) NOT NULL AUTO_INCREMENT,
  `amount` double NOT NULL,
  `payment_date` date NOT NULL,
  `payment_method_id` int(11) NOT NULL,
  `cheque_due_date` date DEFAULT NULL,
  `cheque_description` varchar(150) COLLATE utf8_unicode_ci DEFAULT NULL,
  `cheque_account` varchar(150) COLLATE utf8_unicode_ci DEFAULT NULL,
  `cheque_number` varchar(150) COLLATE utf8_unicode_ci DEFAULT NULL,
  `cheque_transaction_id` int(11) NOT NULL DEFAULT '0',
  `note` text COLLATE utf8_unicode_ci,
  `invoice_id` int(11) NOT NULL,
  `status` enum('draft','request_approval','approved','bounce','deposited','refunded','cancelled','delayed','on_hold') COLLATE utf8_unicode_ci NOT NULL DEFAULT 'draft',
  `deleted` tinyint(1) NOT NULL DEFAULT '0',
  `transaction_id` tinytext COLLATE utf8_unicode_ci,
  `account_transaction_id` int(11) NOT NULL DEFAULT '0',
  `advance_transaction_id` int(11) NOT NULL DEFAULT '0',
  `created_by` int(11) DEFAULT '1',
  `created_at` datetime DEFAULT NULL,
  `files` varchar(255) COLLATE utf8_unicode_ci DEFAULT NULL,
  `bank` int(11) DEFAULT NULL,
  PRIMARY KEY (`id`),
  KEY `id` (`id`),
  KEY `id_2` (`id`)
) ENGINE=InnoDB DEFAULT CHARSET=utf8 COLLATE=utf8_unicode_ci;

--
-- Dumping data for table `nizwa_packing_productsproforma_invoice_payments`
--


--
-- Table structure for table `nizwa_packing_productsproforma_invoices`
--

CREATE TABLE `nizwa_packing_productsproforma_invoices` (
  `id` int(11) NOT NULL AUTO_INCREMENT,
  `quotation_id` int(11) NOT NULL,
  `client_id` int(11) NOT NULL,
  `project_id` int(11) NOT NULL DEFAULT '0',
  `bill_date` date NOT NULL,
  `due_date` date NOT NULL,
  `note` mediumtext COLLATE utf8_unicode_ci,
  `labels` text COLLATE utf8_unicode_ci,
  `last_email_sent_date` date DEFAULT NULL,
  `status` enum('draft','not_paid','cancelled') COLLATE utf8_unicode_ci NOT NULL DEFAULT 'draft',
  `delivery_status` enum('delivered','not_delivered') COLLATE utf8_unicode_ci NOT NULL DEFAULT 'not_delivered',
  `approval_status` enum('not_approved','request_approval','approved') COLLATE utf8_unicode_ci NOT NULL DEFAULT 'not_approved',
  `tax_id` int(11) NOT NULL DEFAULT '0',
  `tax_id2` int(11) NOT NULL DEFAULT '0',
  `recurring` tinyint(4) NOT NULL DEFAULT '0',
  `recurring_invoice_id` int(11) NOT NULL DEFAULT '0',
  `repeat_every` int(11) NOT NULL DEFAULT '0',
  `repeat_type` enum('days','weeks','months','years') COLLATE utf8_unicode_ci DEFAULT NULL,
  `no_of_cycles` int(11) NOT NULL DEFAULT '0',
  `next_recurring_date` date DEFAULT NULL,
  `no_of_cycles_completed` int(11) NOT NULL DEFAULT '0',
  `due_reminder_date` date DEFAULT NULL,
  `recurring_reminder_date` date DEFAULT NULL,
  `discount_amount` double NOT NULL,
  `discount_amount_type` enum('percentage','fixed_amount') COLLATE utf8_unicode_ci NOT NULL,
  `discount_type` enum('before_tax','after_tax') COLLATE utf8_unicode_ci DEFAULT NULL,
  `cancelled_at` datetime DEFAULT NULL,
  `cancelled_by` int(11) NOT NULL,
  `owner` int(11) NOT NULL,
  `revised` int(11) NOT NULL,
  `deleted` tinyint(1) NOT NULL DEFAULT '0',
  `old_project` int(11) DEFAULT '0',
  `old_invoice_no` varchar(255) COLLATE utf8_unicode_ci DEFAULT NULL,
  `old_quotation_id` int(11) DEFAULT '0',
  `department` int(11) NOT NULL DEFAULT '0',
  PRIMARY KEY (`id`)
) ENGINE=InnoDB AUTO_INCREMENT=3 DEFAULT CHARSET=utf8 COLLATE=utf8_unicode_ci;

--
-- Dumping data for table `nizwa_packing_productsproforma_invoices`
--

INSERT INTO `nizwa_packing_productsproforma_invoices` VALUES (1,0,7,5,'2023-01-19','2023-02-18','1930 RO\n\n',NULL,NULL,'draft','not_delivered','not_approved',0,0,0,0,1,'months',0,NULL,0,NULL,NULL,0,'percentage',NULL,NULL,0,1,0,1,0,NULL,0,0),(2,0,7,5,'2023-01-19','2023-02-18','1930 RO\n',NULL,NULL,'draft','not_delivered','not_approved',0,0,0,0,1,'months',0,NULL,0,NULL,NULL,0,'percentage',NULL,NULL,0,1,0,1,0,NULL,0,0);

--
-- Table structure for table `nizwa_packing_productsproject_comments`
--

CREATE TABLE `nizwa_packing_productsproject_comments` (
  `id` int(11) NOT NULL AUTO_INCREMENT,
  `created_by` int(11) NOT NULL,
  `created_at` datetime NOT NULL,
  `description` mediumtext COLLATE utf8_unicode_ci NOT NULL,
  `project_id` int(11) NOT NULL DEFAULT '0',
  `comment_id` int(11) NOT NULL DEFAULT '0',
  `task_id` int(11) NOT NULL DEFAULT '0',
  `file_id` int(11) NOT NULL DEFAULT '0',
  `customer_feedback_id` int(11) NOT NULL DEFAULT '0',
  `files` longtext COLLATE utf8_unicode_ci,
  `deleted` tinyint(1) NOT NULL DEFAULT '0',
  PRIMARY KEY (`id`)
) ENGINE=InnoDB DEFAULT CHARSET=utf8 COLLATE=utf8_unicode_ci;

--
-- Dumping data for table `nizwa_packing_productsproject_comments`
--


--
-- Table structure for table `nizwa_packing_productsproject_files`
--

CREATE TABLE `nizwa_packing_productsproject_files` (
  `id` int(11) NOT NULL AUTO_INCREMENT,
  `file_name` text COLLATE utf8_unicode_ci NOT NULL,
  `file_id` text COLLATE utf8_unicode_ci,
  `service_type` varchar(20) COLLATE utf8_unicode_ci DEFAULT NULL,
  `description` mediumtext COLLATE utf8_unicode_ci,
  `file_size` double NOT NULL,
  `created_at` datetime NOT NULL,
  `project_id` int(11) NOT NULL,
  `uploaded_by` int(11) NOT NULL,
  `deleted` tinyint(1) NOT NULL DEFAULT '0',
  PRIMARY KEY (`id`)
) ENGINE=InnoDB DEFAULT CHARSET=utf8 COLLATE=utf8_unicode_ci;

--
-- Dumping data for table `nizwa_packing_productsproject_files`
--


--
-- Table structure for table `nizwa_packing_productsproject_members`
--

CREATE TABLE `nizwa_packing_productsproject_members` (
  `id` int(11) NOT NULL AUTO_INCREMENT,
  `user_id` int(11) NOT NULL,
  `project_id` int(11) NOT NULL,
  `is_leader` tinyint(1) DEFAULT '0',
  `deleted` tinyint(1) NOT NULL DEFAULT '0',
  PRIMARY KEY (`id`)
) ENGINE=InnoDB AUTO_INCREMENT=6 DEFAULT CHARSET=utf8 COLLATE=utf8_unicode_ci;

--
-- Dumping data for table `nizwa_packing_productsproject_members`
--

INSERT INTO `nizwa_packing_productsproject_members` VALUES (2,1,2,1,0),(3,1,3,1,0),(4,1,4,1,0),(5,1,5,1,0);

--
-- Table structure for table `nizwa_packing_productsproject_settings`
--

CREATE TABLE `nizwa_packing_productsproject_settings` (
  `project_id` int(11) NOT NULL,
  `setting_name` varchar(100) COLLATE utf8_unicode_ci NOT NULL,
  `setting_value` mediumtext COLLATE utf8_unicode_ci NOT NULL,
  `deleted` tinyint(1) NOT NULL DEFAULT '0',
  UNIQUE KEY `unique_index` (`project_id`,`setting_name`)
) ENGINE=InnoDB DEFAULT CHARSET=utf8 COLLATE=utf8_unicode_ci;

--
-- Dumping data for table `nizwa_packing_productsproject_settings`
--


--
-- Table structure for table `nizwa_packing_productsproject_time`
--

CREATE TABLE `nizwa_packing_productsproject_time` (
  `id` int(11) NOT NULL AUTO_INCREMENT,
  `project_id` int(11) NOT NULL,
  `user_id` int(11) NOT NULL,
  `start_time` datetime NOT NULL,
  `end_time` datetime DEFAULT NULL,
  `status` enum('open','logged','approved') COLLATE utf8_unicode_ci NOT NULL DEFAULT 'logged',
  `note` text COLLATE utf8_unicode_ci,
  `task_id` int(11) NOT NULL DEFAULT '0',
  `deleted` tinyint(1) NOT NULL DEFAULT '0',
  PRIMARY KEY (`id`)
) ENGINE=InnoDB DEFAULT CHARSET=utf8 COLLATE=utf8_unicode_ci;

--
-- Dumping data for table `nizwa_packing_productsproject_time`
--


--
-- Table structure for table `nizwa_packing_productsprojects`
--

CREATE TABLE `nizwa_packing_productsprojects` (
  `id` int(11) NOT NULL AUTO_INCREMENT,
  `title` text COLLATE utf8_unicode_ci NOT NULL,
  `description` mediumtext COLLATE utf8_unicode_ci,
  `start_date` date DEFAULT NULL,
  `deadline` date DEFAULT NULL,
  `client_id` int(11) NOT NULL,
  `created_date` date DEFAULT NULL,
  `created_by` int(11) NOT NULL DEFAULT '0',
  `status` enum('open','completed','hold','canceled','pending','') COLLATE utf8_unicode_ci NOT NULL DEFAULT 'pending',
  `labels` text COLLATE utf8_unicode_ci,
  `price` double NOT NULL DEFAULT '0',
  `starred_by` mediumtext COLLATE utf8_unicode_ci NOT NULL,
  `estimate_id` int(11) NOT NULL,
  `geo_location` varchar(255) COLLATE utf8_unicode_ci DEFAULT NULL,
  `deleted` tinyint(1) NOT NULL DEFAULT '0',
  PRIMARY KEY (`id`)
) ENGINE=InnoDB AUTO_INCREMENT=6 DEFAULT CHARSET=utf8 COLLATE=utf8_unicode_ci;

--
-- Dumping data for table `nizwa_packing_productsprojects`
--

INSERT INTO `nizwa_packing_productsprojects` VALUES (2,'Project 1','Project 1','2022-12-26','2022-12-30',2,'2022-12-26',1,'open','',2000,'',0,NULL,1),(3,'project ouzaba','','2023-01-17','2024-01-06',4,'2023-01-17',1,'open','label',10000,'',0,NULL,1),(4,'8oz double wall','2 color printing and white lid\n','2023-02-01','2023-02-24',5,'2023-01-17',1,'open','',350,'',0,NULL,1),(5,'Maqeel Cafe','5k DW 4oz\n5K DW 8oz\n5k Plastic 12oz\npaper bags 200Kg\npaper bags 200Kg\n','2023-01-18','2023-01-25',7,'2023-01-19',1,'open','',1930,'',0,NULL,0);

--
-- Table structure for table `nizwa_packing_productspurchase_order_items`
--

CREATE TABLE `nizwa_packing_productspurchase_order_items` (
  `id` int(11) NOT NULL AUTO_INCREMENT,
  `item_id` int(11) NOT NULL DEFAULT '0',
  `title` text COLLATE utf8_unicode_ci NOT NULL,
  `description` text COLLATE utf8_unicode_ci,
  `quantity` double NOT NULL,
  `unit_type` varchar(20) COLLATE utf8_unicode_ci NOT NULL DEFAULT '',
  `rate` double NOT NULL,
  `total` double NOT NULL,
  `sort` int(11) NOT NULL DEFAULT '0',
  `purchase_order_id` int(11) NOT NULL,
  `tax_id` int(11) DEFAULT '0',
  `tax_id2` int(11) DEFAULT '0',
  `deleted` tinyint(1) NOT NULL DEFAULT '0',
  PRIMARY KEY (`id`)
) ENGINE=InnoDB AUTO_INCREMENT=8 DEFAULT CHARSET=utf8 COLLATE=utf8_unicode_ci;

--
-- Dumping data for table `nizwa_packing_productspurchase_order_items`
--

INSERT INTO `nizwa_packing_productspurchase_order_items` VALUES (1,1,'Product 1cdsfds','Product 1',200,'pc',200,40000,0,1,0,0,0),(2,9,'Row 3','',3,'KG',10,30,0,3,0,0,0),(3,6,'Row2','desc',2,'KG',10,20,0,3,0,0,0),(4,5,'Row1','deesc',1,'KG',10,10,0,3,0,0,0),(5,5,'Row1','deesc',100,'KG',10,1000,0,4,0,0,0),(6,23,'6 oz paper cup','paper cup single wall 6 oz',300000,'pc',0.035,10500,0,5,0,0,0),(7,34,'double wall paper','',10,'ton',100,1000,0,6,0,0,0);

--
-- Table structure for table `nizwa_packing_productspurchase_order_payments`
--

CREATE TABLE `nizwa_packing_productspurchase_order_payments` (
  `id` int(11) NOT NULL AUTO_INCREMENT,
  `files` varchar(255) COLLATE utf8_unicode_ci DEFAULT NULL,
  `amount` double NOT NULL,
  `payment_date` date NOT NULL,
  `payment_method_id` int(11) NOT NULL,
  `cheque_due_date` date DEFAULT NULL,
  `cheque_description` varchar(255) COLLATE utf8_unicode_ci DEFAULT NULL,
  `cheque_account` varchar(150) COLLATE utf8_unicode_ci DEFAULT NULL,
  `cheque_number` varchar(150) COLLATE utf8_unicode_ci DEFAULT NULL,
  `cheque_transaction_id` int(11) NOT NULL DEFAULT '0',
  `note` text COLLATE utf8_unicode_ci,
  `purchase_order_id` int(11) NOT NULL,
  `status` enum('draft','request_approval','approved') COLLATE utf8_unicode_ci NOT NULL DEFAULT 'draft',
  `deleted` tinyint(1) NOT NULL DEFAULT '0',
  `transaction_id` int(11) DEFAULT '0',
  `prepayment_transaction_id` int(11) NOT NULL DEFAULT '0',
  `created_by` int(11) DEFAULT '1',
  `bank` int(11) NOT NULL DEFAULT '0',
  `treasury` int(11) NOT NULL DEFAULT '0',
  `created_at` datetime DEFAULT NULL,
  PRIMARY KEY (`id`),
  KEY `id` (`id`),
  KEY `id_2` (`id`)
) ENGINE=InnoDB AUTO_INCREMENT=6 DEFAULT CHARSET=utf8 COLLATE=utf8_unicode_ci;

--
-- Dumping data for table `nizwa_packing_productspurchase_order_payments`
--

INSERT INTO `nizwa_packing_productspurchase_order_payments` VALUES (1,'a:0:{}',1000,'2023-01-02',4,'2023-01-02','','','',0,'',1,'approved',0,10,0,1,77,0,'2023-01-02 07:08:05'),(2,'a:0:{}',3000,'2023-01-02',4,'2023-01-02','','','',0,'',1,'approved',0,12,0,1,77,0,'2023-01-02 07:10:32'),(3,'a:0:{}',600,'2023-01-02',4,'2023-01-02','','','',0,'',1,'approved',0,13,0,1,77,0,'2023-01-02 07:11:22'),(4,'a:0:{}',35400,'2023-01-02',4,'2023-01-02','','','',0,'',1,'approved',0,14,0,1,77,0,'2023-01-02 07:11:52'),(5,'a:0:{}',30,'2023-01-17',1,'2023-01-17','','','',0,'',3,'approved',0,27,0,1,0,79,'2023-01-17 08:44:41');

--
-- Table structure for table `nizwa_packing_productspurchase_orders`
--

CREATE TABLE `nizwa_packing_productspurchase_orders` (
  `id` int(11) NOT NULL AUTO_INCREMENT,
  `supplier_id` int(11) NOT NULL,
  `purchase_order_date` date NOT NULL,
  `project_id` int(11) NOT NULL DEFAULT '0',
  `labels` text COLLATE utf8_unicode_ci NOT NULL,
  `note` mediumtext COLLATE utf8_unicode_ci,
  `status` enum('draft','not_paid') COLLATE utf8_unicode_ci NOT NULL DEFAULT 'draft',
  `approval_status` enum('not_approved','request_approval','approved') COLLATE utf8_unicode_ci NOT NULL DEFAULT 'not_approved',
  `deleted` tinyint(1) NOT NULL DEFAULT '0',
  PRIMARY KEY (`id`)
) ENGINE=InnoDB AUTO_INCREMENT=7 DEFAULT CHARSET=utf8 COLLATE=utf8_unicode_ci;

--
-- Dumping data for table `nizwa_packing_productspurchase_orders`
--

INSERT INTO `nizwa_packing_productspurchase_orders` VALUES (1,2,'2023-01-02',2,'','','not_paid','approved',0),(2,2,'2023-01-17',3,'','','draft','not_approved',0),(3,2,'2023-01-17',3,'','','not_paid','approved',0),(4,2,'2023-01-17',3,'','','draft','approved',0),(5,3,'2023-01-29',0,'','','draft','approved',0),(6,3,'2023-03-05',0,'','','draft','approved',0);

--
-- Table structure for table `nizwa_packing_productspurchase_return_items`
--

CREATE TABLE `nizwa_packing_productspurchase_return_items` (
  `id` int(11) NOT NULL AUTO_INCREMENT,
  `item_id` int(11) NOT NULL,
  `po_item_id` int(11) NOT NULL,
  `quantity` double NOT NULL DEFAULT '0',
  `deleted` int(1) NOT NULL DEFAULT '0',
  `purchase_return_id` int(11) NOT NULL,
  `sort` int(11) NOT NULL DEFAULT '0',
  PRIMARY KEY (`id`)
) ENGINE=InnoDB DEFAULT CHARSET=utf8 COLLATE=utf8_unicode_ci;

--
-- Dumping data for table `nizwa_packing_productspurchase_return_items`
--


--
-- Table structure for table `nizwa_packing_productspurchase_returns`
--

CREATE TABLE `nizwa_packing_productspurchase_returns` (
  `id` int(11) NOT NULL AUTO_INCREMENT,
  `purchase_order_id` int(11) NOT NULL,
  `shipment_id` int(11) DEFAULT NULL,
  `supplier_id` int(11) NOT NULL DEFAULT '0',
  `payment_method_id` int(11) DEFAULT '0',
  `transaction_id` int(11) DEFAULT '0',
  `date` date NOT NULL,
  `status` enum('draft','approved') COLLATE utf8_unicode_ci DEFAULT 'draft',
  `note` text COLLATE utf8_unicode_ci,
  `deleted` int(1) NOT NULL DEFAULT '0',
  PRIMARY KEY (`id`)
) ENGINE=InnoDB DEFAULT CHARSET=utf8 COLLATE=utf8_unicode_ci;

--
-- Dumping data for table `nizwa_packing_productspurchase_returns`
--


--
-- Table structure for table `nizwa_packing_productsroles`
--

CREATE TABLE `nizwa_packing_productsroles` (
  `id` int(11) NOT NULL AUTO_INCREMENT,
  `title` varchar(100) COLLATE utf8_unicode_ci NOT NULL,
  `permissions` mediumtext COLLATE utf8_unicode_ci,
  `deleted` tinyint(1) NOT NULL DEFAULT '0',
  PRIMARY KEY (`id`)
) ENGINE=InnoDB AUTO_INCREMENT=4 DEFAULT CHARSET=utf8 COLLATE=utf8_unicode_ci;

--
-- Dumping data for table `nizwa_packing_productsroles`
--

INSERT INTO `nizwa_packing_productsroles` VALUES (1,'zubair','a:127:{s:5:\"leave\";s:0:\"\";s:14:\"leave_specific\";s:0:\"\";s:10:\"attendance\";s:0:\"\";s:19:\"attendance_specific\";s:0:\"\";s:7:\"invoice\";s:3:\"all\";s:8:\"job_info\";s:3:\"all\";s:15:\"account_setting\";s:0:\"\";s:16:\"final_settelment\";s:0:\"\";s:8:\"estimate\";s:3:\"all\";s:7:\"expense\";s:3:\"all\";s:8:\"expiries\";s:3:\"all\";s:6:\"client\";s:3:\"all\";s:4:\"lead\";s:3:\"all\";s:6:\"ticket\";s:3:\"all\";s:15:\"ticket_specific\";s:0:\"\";s:12:\"announcement\";s:0:\"\";s:17:\"approve_budgeting\";s:0:\"\";s:23:\"help_and_knowledge_base\";s:3:\"all\";s:23:\"can_manage_all_projects\";N;s:19:\"can_create_projects\";N;s:17:\"can_edit_projects\";N;s:19:\"can_delete_projects\";N;s:30:\"can_add_remove_project_members\";N;s:16:\"can_create_tasks\";N;s:14:\"can_edit_tasks\";N;s:16:\"can_delete_tasks\";N;s:20:\"can_comment_on_tasks\";N;s:24:\"show_assigned_tasks_only\";N;s:21:\"can_create_milestones\";N;s:19:\"can_edit_milestones\";N;s:21:\"can_delete_milestones\";N;s:16:\"can_delete_files\";N;s:34:\"can_view_team_members_contact_info\";N;s:34:\"can_view_team_members_social_links\";N;s:29:\"team_member_update_permission\";s:0:\"\";s:38:\"team_member_update_permission_specific\";s:0:\"\";s:27:\"timesheet_manage_permission\";s:0:\"\";s:36:\"timesheet_manage_permission_specific\";s:0:\"\";s:21:\"disable_event_sharing\";N;s:22:\"hide_team_members_list\";N;s:28:\"can_delete_leave_application\";N;s:10:\"accounting\";N;s:7:\"payroll\";N;s:5:\"eroom\";N;s:4:\"logs\";N;s:7:\"reports\";N;s:25:\"can_access_delivery_notes\";N;s:25:\"can_create_delivery_notes\";N;s:23:\"can_edit_delivery_notes\";N;s:25:\"can_delete_delivery_notes\";N;s:31:\"delivery_note_manage_permission\";N;s:40:\"delivery_note_manage_permission_specific\";s:0:\"\";s:20:\"can_access_suppliers\";N;s:20:\"can_create_suppliers\";N;s:18:\"can_edit_suppliers\";N;s:20:\"can_delete_suppliers\";N;s:26:\"supplier_manage_permission\";N;s:35:\"supplier_manage_permission_specific\";s:0:\"\";s:26:\"can_access_purchase_orders\";N;s:26:\"can_create_purchase_orders\";N;s:24:\"can_edit_purchase_orders\";N;s:26:\"can_delete_purchase_orders\";N;s:32:\"purchase_order_manage_permission\";N;s:41:\"purchase_order_manage_permission_specific\";s:0:\"\";s:16:\"can_access_items\";N;s:16:\"can_create_items\";N;s:14:\"can_edit_items\";N;s:16:\"can_delete_items\";N;s:22:\"item_manage_permission\";N;s:31:\"item_manage_permission_specific\";s:0:\"\";s:25:\"can_access_items_category\";N;s:25:\"can_create_items_category\";N;s:23:\"can_edit_items_category\";N;s:25:\"can_delete_items_category\";N;s:31:\"item_category_manage_permission\";N;s:40:\"item_category_manage_permission_specific\";s:0:\"\";s:19:\"can_access_expiries\";N;s:19:\"can_access_expenses\";N;s:19:\"can_create_expenses\";N;s:17:\"can_edit_expenses\";N;s:19:\"can_delete_expenses\";N;s:25:\"expense_manage_permission\";N;s:34:\"expense_manage_permission_specific\";s:0:\"\";s:20:\"internal_transaction\";N;s:27:\"can_access_invoice_payments\";N;s:27:\"can_create_invoice_payments\";N;s:25:\"can_edit_invoice_payments\";N;s:27:\"can_delete_invoice_payments\";N;s:34:\"can_access_purchase_order_payments\";N;s:34:\"can_create_purchase_order_payments\";N;s:32:\"can_edit_purchase_order_payments\";N;s:34:\"can_delete_purchase_order_payments\";N;s:19:\"can_access_contacts\";N;s:19:\"can_create_contacts\";N;s:17:\"can_edit_contacts\";N;s:19:\"can_delete_contacts\";N;s:25:\"contact_manage_permission\";N;s:34:\"contact_manage_permission_specific\";s:0:\"\";s:18:\"can_access_clients\";N;s:18:\"can_create_clients\";N;s:16:\"can_edit_clients\";N;s:18:\"can_delete_clients\";N;s:24:\"client_manage_permission\";N;s:33:\"client_manage_permission_specific\";s:0:\"\";s:19:\"can_access_invoices\";N;s:19:\"can_create_invoices\";N;s:17:\"can_edit_invoices\";N;s:19:\"can_delete_invoices\";N;s:25:\"invoice_manage_permission\";N;s:34:\"invoice_manage_permission_specific\";s:0:\"\";s:20:\"can_access_estimates\";N;s:20:\"can_create_estimates\";N;s:18:\"can_edit_estimates\";N;s:20:\"can_delete_estimates\";N;s:26:\"estimate_manage_permission\";N;s:35:\"estimate_manage_permission_specific\";s:0:\"\";s:16:\"estimate_request\";N;s:8:\"discount\";i:0;s:8:\"expenses\";N;s:9:\"estimates\";N;s:8:\"invoices\";N;s:16:\"invoice_payments\";N;s:14:\"delivery_notes\";N;s:15:\"purchase_orders\";N;s:23:\"purchase_order_payments\";N;s:8:\"payrolls\";N;s:21:\"internal_transactions\";N;}',0),(2,'team member ','a:127:{s:5:\"leave\";N;s:14:\"leave_specific\";s:0:\"\";s:10:\"attendance\";N;s:19:\"attendance_specific\";s:0:\"\";s:7:\"invoice\";N;s:8:\"job_info\";N;s:15:\"account_setting\";N;s:16:\"final_settelment\";N;s:8:\"estimate\";N;s:7:\"expense\";N;s:8:\"expiries\";N;s:6:\"client\";N;s:4:\"lead\";N;s:6:\"ticket\";N;s:15:\"ticket_specific\";s:0:\"\";s:12:\"announcement\";N;s:17:\"approve_budgeting\";N;s:23:\"help_and_knowledge_base\";N;s:23:\"can_manage_all_projects\";N;s:19:\"can_create_projects\";N;s:17:\"can_edit_projects\";N;s:19:\"can_delete_projects\";N;s:30:\"can_add_remove_project_members\";N;s:16:\"can_create_tasks\";N;s:14:\"can_edit_tasks\";N;s:16:\"can_delete_tasks\";N;s:20:\"can_comment_on_tasks\";N;s:24:\"show_assigned_tasks_only\";N;s:21:\"can_create_milestones\";N;s:19:\"can_edit_milestones\";N;s:21:\"can_delete_milestones\";N;s:16:\"can_delete_files\";N;s:34:\"can_view_team_members_contact_info\";N;s:34:\"can_view_team_members_social_links\";N;s:29:\"team_member_update_permission\";N;s:38:\"team_member_update_permission_specific\";s:0:\"\";s:27:\"timesheet_manage_permission\";N;s:36:\"timesheet_manage_permission_specific\";s:0:\"\";s:21:\"disable_event_sharing\";N;s:22:\"hide_team_members_list\";N;s:28:\"can_delete_leave_application\";N;s:10:\"accounting\";N;s:7:\"payroll\";N;s:5:\"eroom\";N;s:4:\"logs\";N;s:7:\"reports\";N;s:25:\"can_access_delivery_notes\";N;s:25:\"can_create_delivery_notes\";N;s:23:\"can_edit_delivery_notes\";N;s:25:\"can_delete_delivery_notes\";N;s:31:\"delivery_note_manage_permission\";N;s:40:\"delivery_note_manage_permission_specific\";s:0:\"\";s:20:\"can_access_suppliers\";N;s:20:\"can_create_suppliers\";N;s:18:\"can_edit_suppliers\";N;s:20:\"can_delete_suppliers\";N;s:26:\"supplier_manage_permission\";N;s:35:\"supplier_manage_permission_specific\";s:0:\"\";s:26:\"can_access_purchase_orders\";N;s:26:\"can_create_purchase_orders\";N;s:24:\"can_edit_purchase_orders\";N;s:26:\"can_delete_purchase_orders\";N;s:32:\"purchase_order_manage_permission\";N;s:41:\"purchase_order_manage_permission_specific\";s:0:\"\";s:16:\"can_access_items\";N;s:16:\"can_create_items\";N;s:14:\"can_edit_items\";N;s:16:\"can_delete_items\";N;s:22:\"item_manage_permission\";N;s:31:\"item_manage_permission_specific\";s:0:\"\";s:25:\"can_access_items_category\";N;s:25:\"can_create_items_category\";N;s:23:\"can_edit_items_category\";N;s:25:\"can_delete_items_category\";N;s:31:\"item_category_manage_permission\";N;s:40:\"item_category_manage_permission_specific\";s:0:\"\";s:19:\"can_access_expiries\";N;s:19:\"can_access_expenses\";N;s:19:\"can_create_expenses\";N;s:17:\"can_edit_expenses\";N;s:19:\"can_delete_expenses\";N;s:25:\"expense_manage_permission\";N;s:34:\"expense_manage_permission_specific\";s:0:\"\";s:20:\"internal_transaction\";N;s:27:\"can_access_invoice_payments\";N;s:27:\"can_create_invoice_payments\";N;s:25:\"can_edit_invoice_payments\";N;s:27:\"can_delete_invoice_payments\";N;s:34:\"can_access_purchase_order_payments\";N;s:34:\"can_create_purchase_order_payments\";N;s:32:\"can_edit_purchase_order_payments\";N;s:34:\"can_delete_purchase_order_payments\";N;s:19:\"can_access_contacts\";N;s:19:\"can_create_contacts\";N;s:17:\"can_edit_contacts\";N;s:19:\"can_delete_contacts\";N;s:25:\"contact_manage_permission\";N;s:34:\"contact_manage_permission_specific\";s:0:\"\";s:18:\"can_access_clients\";N;s:18:\"can_create_clients\";N;s:16:\"can_edit_clients\";N;s:18:\"can_delete_clients\";N;s:24:\"client_manage_permission\";N;s:33:\"client_manage_permission_specific\";s:0:\"\";s:19:\"can_access_invoices\";N;s:19:\"can_create_invoices\";N;s:17:\"can_edit_invoices\";N;s:19:\"can_delete_invoices\";N;s:25:\"invoice_manage_permission\";N;s:34:\"invoice_manage_permission_specific\";s:0:\"\";s:20:\"can_access_estimates\";N;s:20:\"can_create_estimates\";N;s:18:\"can_edit_estimates\";N;s:20:\"can_delete_estimates\";N;s:26:\"estimate_manage_permission\";N;s:35:\"estimate_manage_permission_specific\";s:0:\"\";s:16:\"estimate_request\";N;s:8:\"discount\";i:0;s:8:\"expenses\";N;s:9:\"estimates\";N;s:8:\"invoices\";N;s:16:\"invoice_payments\";N;s:14:\"delivery_notes\";N;s:15:\"purchase_orders\";N;s:23:\"purchase_order_payments\";N;s:8:\"payrolls\";N;s:21:\"internal_transactions\";N;}',0),(3,'hamzah','a:141:{s:5:\"leave\";s:8:\"specific\";s:14:\"leave_specific\";s:0:\"\";s:10:\"attendance\";N;s:19:\"attendance_specific\";s:0:\"\";s:7:\"invoice\";N;s:8:\"job_info\";s:3:\"all\";s:15:\"account_setting\";s:0:\"\";s:16:\"final_settelment\";s:0:\"\";s:8:\"estimate\";N;s:7:\"expense\";N;s:8:\"expiries\";s:3:\"all\";s:10:\"petty_cash\";N;s:6:\"client\";N;s:4:\"lead\";s:3:\"all\";s:6:\"ticket\";N;s:15:\"ticket_specific\";s:0:\"\";s:12:\"announcement\";s:3:\"all\";s:17:\"approve_budgeting\";N;s:23:\"help_and_knowledge_base\";s:3:\"all\";s:23:\"can_manage_all_projects\";N;s:19:\"can_create_projects\";N;s:17:\"can_edit_projects\";N;s:19:\"can_delete_projects\";N;s:30:\"can_add_remove_project_members\";N;s:16:\"can_create_tasks\";N;s:14:\"can_edit_tasks\";N;s:16:\"can_delete_tasks\";N;s:20:\"can_comment_on_tasks\";N;s:24:\"show_assigned_tasks_only\";N;s:21:\"can_create_milestones\";N;s:19:\"can_edit_milestones\";N;s:21:\"can_delete_milestones\";N;s:16:\"can_delete_files\";N;s:34:\"can_view_team_members_contact_info\";N;s:34:\"can_view_team_members_social_links\";N;s:29:\"team_member_update_permission\";N;s:38:\"team_member_update_permission_specific\";s:0:\"\";s:27:\"timesheet_manage_permission\";N;s:36:\"timesheet_manage_permission_specific\";N;s:21:\"disable_event_sharing\";N;s:22:\"hide_team_members_list\";N;s:28:\"can_delete_leave_application\";s:1:\"1\";s:10:\"accounting\";N;s:7:\"payroll\";N;s:5:\"eroom\";N;s:4:\"logs\";N;s:7:\"reports\";N;s:25:\"can_access_delivery_notes\";s:1:\"1\";s:25:\"can_create_delivery_notes\";s:1:\"1\";s:23:\"can_edit_delivery_notes\";s:1:\"1\";s:25:\"can_delete_delivery_notes\";s:1:\"1\";s:31:\"delivery_note_manage_permission\";s:3:\"all\";s:40:\"delivery_note_manage_permission_specific\";s:0:\"\";s:20:\"can_access_suppliers\";s:1:\"1\";s:20:\"can_create_suppliers\";s:1:\"1\";s:18:\"can_edit_suppliers\";s:1:\"1\";s:20:\"can_delete_suppliers\";s:1:\"1\";s:26:\"supplier_manage_permission\";s:3:\"all\";s:35:\"supplier_manage_permission_specific\";s:0:\"\";s:26:\"can_access_purchase_orders\";s:1:\"1\";s:26:\"can_create_purchase_orders\";s:1:\"1\";s:24:\"can_edit_purchase_orders\";s:1:\"1\";s:26:\"can_delete_purchase_orders\";s:1:\"1\";s:32:\"purchase_order_manage_permission\";s:3:\"all\";s:41:\"purchase_order_manage_permission_specific\";s:0:\"\";s:16:\"can_access_items\";s:1:\"1\";s:16:\"can_create_items\";s:1:\"1\";s:14:\"can_edit_items\";s:1:\"1\";s:16:\"can_delete_items\";s:1:\"1\";s:22:\"item_manage_permission\";s:3:\"all\";s:31:\"item_manage_permission_specific\";s:0:\"\";s:25:\"can_access_items_category\";s:1:\"1\";s:25:\"can_create_items_category\";s:1:\"1\";s:23:\"can_edit_items_category\";s:1:\"1\";s:25:\"can_delete_items_category\";s:1:\"1\";s:31:\"item_category_manage_permission\";s:3:\"all\";s:40:\"item_category_manage_permission_specific\";s:0:\"\";s:19:\"can_access_expiries\";N;s:21:\"can_access_petty_cash\";N;s:19:\"can_access_expenses\";N;s:19:\"can_create_expenses\";N;s:17:\"can_edit_expenses\";N;s:19:\"can_delete_expenses\";N;s:25:\"expense_manage_permission\";N;s:34:\"expense_manage_permission_specific\";s:0:\"\";s:20:\"internal_transaction\";N;s:27:\"can_access_invoice_payments\";N;s:27:\"can_create_invoice_payments\";N;s:25:\"can_edit_invoice_payments\";N;s:27:\"can_delete_invoice_payments\";N;s:34:\"can_access_purchase_order_payments\";N;s:34:\"can_create_purchase_order_payments\";N;s:32:\"can_edit_purchase_order_payments\";N;s:34:\"can_delete_purchase_order_payments\";N;s:19:\"can_access_contacts\";N;s:19:\"can_create_contacts\";N;s:17:\"can_edit_contacts\";N;s:19:\"can_delete_contacts\";N;s:25:\"contact_manage_permission\";N;s:34:\"contact_manage_permission_specific\";N;s:18:\"can_access_clients\";s:1:\"1\";s:18:\"can_create_clients\";s:1:\"1\";s:16:\"can_edit_clients\";s:1:\"1\";s:18:\"can_delete_clients\";s:1:\"1\";s:24:\"client_manage_permission\";s:0:\"\";s:33:\"client_manage_permission_specific\";s:0:\"\";s:16:\"can_access_leads\";s:1:\"1\";s:16:\"can_create_leads\";s:1:\"1\";s:14:\"can_edit_leads\";s:1:\"1\";s:16:\"can_delete_leads\";s:1:\"1\";s:23:\"leads_manage_permission\";s:3:\"all\";s:32:\"leads_manage_permission_specific\";s:0:\"\";s:19:\"can_access_invoices\";s:1:\"1\";s:19:\"can_create_invoices\";s:1:\"1\";s:17:\"can_edit_invoices\";s:1:\"1\";s:19:\"can_delete_invoices\";N;s:25:\"invoice_manage_permission\";N;s:34:\"invoice_manage_permission_specific\";s:0:\"\";s:26:\"can_access_invoices_return\";s:1:\"1\";s:26:\"can_create_invoices_return\";s:1:\"1\";s:24:\"can_edit_invoices_return\";s:1:\"1\";s:26:\"can_delete_invoices_return\";s:1:\"1\";s:32:\"invoice_return_manage_permission\";s:3:\"all\";s:41:\"invoice_return_manage_permission_specific\";s:0:\"\";s:20:\"can_access_estimates\";s:1:\"1\";s:20:\"can_create_estimates\";s:1:\"1\";s:18:\"can_edit_estimates\";s:1:\"1\";s:20:\"can_delete_estimates\";s:1:\"1\";s:26:\"estimate_manage_permission\";s:3:\"all\";s:35:\"estimate_manage_permission_specific\";s:0:\"\";s:16:\"estimate_request\";N;s:8:\"discount\";i:0;s:8:\"expenses\";N;s:9:\"estimates\";N;s:8:\"invoices\";N;s:16:\"invoice_payments\";N;s:14:\"delivery_notes\";N;s:15:\"purchase_orders\";N;s:23:\"purchase_order_payments\";N;s:8:\"payrolls\";N;s:21:\"internal_transactions\";N;}',0);

--
-- Table structure for table `nizwa_packing_productssalary_advance`
--

CREATE TABLE `nizwa_packing_productssalary_advance` (
  `id` int(11) NOT NULL AUTO_INCREMENT,
  `user_id` int(11) DEFAULT NULL,
  `amount` float NOT NULL DEFAULT '0',
  `date` date DEFAULT NULL,
  `deleted` tinyint(1) DEFAULT '0',
  PRIMARY KEY (`id`)
) ENGINE=InnoDB DEFAULT CHARSET=utf8 COLLATE=utf8_unicode_ci;

--
-- Dumping data for table `nizwa_packing_productssalary_advance`
--


--
-- Table structure for table `nizwa_packing_productssale_return_items`
--

CREATE TABLE `nizwa_packing_productssale_return_items` (
  `id` int(11) NOT NULL AUTO_INCREMENT,
  `sale_return_id` int(11) NOT NULL,
  `item_id` int(11) NOT NULL,
  `invoice_item_id` int(11) NOT NULL,
  `quantity` double NOT NULL DEFAULT '0',
  `deleted` int(1) NOT NULL DEFAULT '0',
  `sort` int(11) NOT NULL DEFAULT '0',
  PRIMARY KEY (`id`)
) ENGINE=InnoDB DEFAULT CHARSET=utf8 COLLATE=utf8_unicode_ci;

--
-- Dumping data for table `nizwa_packing_productssale_return_items`
--


--
-- Table structure for table `nizwa_packing_productssale_returns`
--

CREATE TABLE `nizwa_packing_productssale_returns` (
  `id` int(11) NOT NULL AUTO_INCREMENT,
  `invoice_id` int(11) NOT NULL,
  `client_id` int(11) NOT NULL DEFAULT '0',
  `payment_method_id` int(11) DEFAULT '0',
  `transaction_id` int(11) DEFAULT '0',
  `date` date NOT NULL,
  `status` enum('draft','approved') COLLATE utf8_unicode_ci DEFAULT 'draft',
  `note` text COLLATE utf8_unicode_ci,
  `deleted` int(1) NOT NULL DEFAULT '0',
  PRIMARY KEY (`id`)
) ENGINE=InnoDB DEFAULT CHARSET=utf8 COLLATE=utf8_unicode_ci;

--
-- Dumping data for table `nizwa_packing_productssale_returns`
--


--
-- Table structure for table `nizwa_packing_productssaleorder_status`
--

CREATE TABLE `nizwa_packing_productssaleorder_status` (
  `id` int(11) NOT NULL AUTO_INCREMENT,
  `title` varchar(100) COLLATE utf8_unicode_ci NOT NULL,
  `key_name` varchar(100) COLLATE utf8_unicode_ci NOT NULL,
  `color` varchar(7) COLLATE utf8_unicode_ci NOT NULL,
  `sort` int(11) NOT NULL,
  `deleted` tinyint(1) NOT NULL DEFAULT '0',
  PRIMARY KEY (`id`)
) ENGINE=InnoDB AUTO_INCREMENT=5 DEFAULT CHARSET=utf8 COLLATE=utf8_unicode_ci;

--
-- Dumping data for table `nizwa_packing_productssaleorder_status`
--

INSERT INTO `nizwa_packing_productssaleorder_status` VALUES (1,'Pending','pending','#F9A52D',0,0),(2,'Ready','ready','#1672B9',1,0),(3,'In Progress','in_progress','#00B393',2,0),(4,'Finished','finished','#aab7b7',3,0);

--
-- Table structure for table `nizwa_packing_productssales_items`
--

CREATE TABLE `nizwa_packing_productssales_items` (
  `id` int(11) NOT NULL AUTO_INCREMENT,
  `title` text COLLATE utf8_unicode_ci NOT NULL,
  `sale_account_id` int(11) NOT NULL,
  `sale_cost_account_id` int(11) NOT NULL,
  `deleted` tinyint(1) NOT NULL DEFAULT '0',
  PRIMARY KEY (`id`) USING BTREE
) ENGINE=InnoDB AUTO_INCREMENT=2 DEFAULT CHARSET=utf8 COLLATE=utf8_unicode_ci ROW_FORMAT=DYNAMIC;

--
-- Dumping data for table `nizwa_packing_productssales_items`
--

INSERT INTO `nizwa_packing_productssales_items` VALUES (1,'Default Sales',70,62,0);

--
-- Table structure for table `nizwa_packing_productssettings`
--

CREATE TABLE `nizwa_packing_productssettings` (
  `setting_name` varchar(100) COLLATE utf8_unicode_ci NOT NULL,
  `setting_value` mediumtext COLLATE utf8_unicode_ci NOT NULL,
  `type` varchar(20) COLLATE utf8_unicode_ci NOT NULL DEFAULT 'app',
  `deleted` tinyint(1) NOT NULL DEFAULT '0',
  UNIQUE KEY `setting_name` (`setting_name`)
) ENGINE=InnoDB DEFAULT CHARSET=utf8 COLLATE=utf8_unicode_ci;

--
-- Dumping data for table `nizwa_packing_productssettings`
--

INSERT INTO `nizwa_packing_productssettings` VALUES ('accepted_file_formats','jpg,jpeg,doc,pdf,csv,pptx,xlsx,docx,png,rar','app',0),('allow_partial_invoice_payment_from_clients','','app',0),('allowed_ip_addresses','','app',0),('app_title','Teamway','app',0),('attendance_password','94269935','app',0),('banks_accounts_parent','25','app',0),('cash_on_hand_accounts_parent','24','app',0),('client_can_add_project_files','1','app',0),('client_can_comment_on_files','1','app',0),('client_can_comment_on_tasks','1','app',0),('client_can_create_projects','1','app',0),('client_can_create_tasks','1','app',0),('client_can_edit_tasks','1','app',0),('client_can_view_activity','1','app',0),('client_can_view_gantt','1','app',0),('client_can_view_milestones','1','app',0),('client_can_view_overview','1','app',0),('client_can_view_project_files','1','app',0),('client_can_view_tasks','1','app',0),('client_default_dashboard','','app',0),('client_message_own_contacts','1','app',0),('client_message_users','5','app',0),('clients_accounts_parent','19','app',0),('clients_parent','','app',0),('company_address','Alkhoudh, Muscat ','app',0),('company_email','nppoman@gmail.ocm','app',0),('company_name','NPP ','app',0),('company_phone','','app',0),('company_vat_number','','app',0),('company_website','teamway.om','app',0),('cost_of_goods_sold','62','app',0),('currency_position','right','app',0),('currency_symbol',' /OMR','app',0),('date_format','d-m-Y','app',0),('decimal_separator','.','app',0),('default_bank','61','app',0),('default_cash_on_hand','12','app',0),('default_currency','OMR','app',0),('default_due_date_after_billing_date','30','app',0),('default_git','75','app',0),('default_inventory','18','app',0),('default_sales','70','app',0),('disable_client_login','1','app',0),('disable_client_signup','1','app',0),('discount','60','app',0),('email_protocol','','app',0),('email_sent_from_address','info@teamway.om','app',0),('email_sent_from_name','Teamway','app',0),('email_smtp_host','','app',0),('email_smtp_pass','','app',0),('email_smtp_port','','app',0),('email_smtp_security_type','none','app',0),('email_smtp_user','','app',0),('enable_attendance','','app',0),('enable_email_piping','','app',0),('enable_google_calendar_api','1','app',0),('enable_push_notification','','app',0),('enable_recurring_option_for_tasks','1','app',0),('enable_rich_text_editor','0','app',0),('estimate_color','#054d7f ','app',0),('estimate_logo','','app',0),('expenses_accounts_parent','56','app',0),('favicon','a:1:{s:9:\"file_name\";s:30:\"_file63cf75a6c1ad6-favicon.png\";}','app',0),('financial_year_end','2022-01-01','app',0),('first_day_of_week','0','app',0),('hidden_client_menus','','app',0),('imap_email','info@teamway.om','app',0),('imap_host','','app',0),('imap_password','00000','app',0),('imap_port','','app',0),('imap_ssl_enabled','1','app',0),('initial_number_of_the_estimate','1','app',0),('initial_number_of_the_invoice','27','app',0),('invoice_color','#054d7f ','app',0),('invoice_footer','<p><br></p>','app',0),('invoice_prefix','AMI/','app',0),('item_purchase_code','53434654','app',0),('language','english','app',0),('leave_salary_expenses','4','app',0),('module_announcement','1','app',0),('module_attendance','','app',0),('module_chat','1','app',0),('module_estimate','1','app',0),('module_estimate_request','','app',0),('module_event','1','app',0),('module_expense','1','app',0),('module_help','','app',0),('module_invoice','1','app',0),('module_knowledge_base','1','app',0),('module_lead','1','app',0),('module_leave','1','app',0),('module_message','1','app',0),('module_note','1','app',0),('module_project_timesheet','','app',0),('module_ticket','','app',0),('module_timeline','1','app',0),('module_todo','1','app',0),('no_of_decimals','6','app',0),('payable_cheques','43','app',0),('payable_EOS_benefits','15','app',0),('payable_job_security','9','app',0),('payable_leave_salaries','15','app',0),('payable_PASI','53','app',0),('payable_salaries','46','app',0),('petty_cash_parent','16','app',0),('project_reference_in_tickets','1','app',0),('project_task_deadline_overdue_reminder','','app',0),('project_task_deadline_pre_reminder','1','app',0),('project_task_reminder_on_the_day_of_deadline','1','app',0),('pusher_app_id','929038','app',0),('pusher_cluster','eu','app',0),('pusher_key','2cbc86a72bfa9a85b0e5','app',0),('pusher_secret','53077cbb420c5e79c8f6','app',0),('receivable_cheques','21','app',0),('rows_per_page','100','app',0),('salary_advances','66','app',0),('salary_expenses','65','app',0),('scrollbar','native','app',0),('send_bcc_to','nppoman@gmail.com','app',0),('send_estimate_bcc_to','info@teamway.om','app',0),('show_background_image_in_signin_page','yes','app',0),('show_logo_in_signin_page','yes','app',0),('show_recent_ticket_comments_at_the_top','1','app',0),('signin_page_background','a:4:{s:9:\"file_name\";s:70:\"system_file63cf75a6c5df4-WhatsApp-Image-2023-01-24-at-10.03.08-AM.jpeg\";s:9:\"file_size\";s:5:\"31447\";s:7:\"file_id\";N;s:12:\"service_type\";N;}','app',0),('site_logo','a:1:{s:9:\"file_name\";s:32:\"_file63cf751a84646-site-logo.png\";}','app',0),('suppliers_accounts_parent','37','app',0),('ticket_prefix','','app',0),('time_format','24_hours','app',0),('timezone','Asia/Muscat','app',0),('treasury_accounts_parent','12','app',0),('user_1_allowed_distance','100000','user',0),('user_1_dashboard','','user',0),('user_1_disable_push_notification','0','user',0),('user_1_hidden_topbar_menus','','user',0),('user_1_location','23.620058326708097,58.24233084570313','user',0),('user_1_notification_sound_volume','4','user',0),('user_1_personal_language','english','user',0),('user_10_dashboard','','user',0),('user_10_personal_language','english','user',0),('user_11_dashboard','','user',0),('user_2_dashboard','','user',0),('user_21_dashboard','','user',0),('user_21_personal_language','english','user',0),('user_23_dashboard','','user',0),('user_24_dashboard','','user',0),('user_24_personal_language','arabic','user',0),('user_25_dashboard','','user',0),('user_25_personal_language','english','user',0),('user_3_dashboard','','user',0),('user_39_dashboard','','user',0),('user_39_personal_language','english','user',0),('user_4_dashboard','','user',0),('user_43_dashboard','','user',0),('user_44_dashboard','','user',0),('user_45_dashboard','','user',0),('user_46_dashboard','','user',0),('user_47_dashboard','','user',0),('user_48_dashboard','','user',0),('user_48_personal_language','english','user',0),('user_49_dashboard','','user',0),('user_5_allowed_distance','100000000','user',0),('user_5_dashboard','','user',0),('user_5_disable_push_notification','1','user',0),('user_5_hidden_topbar_menus','','user',0),('user_5_location','23.673522614041882,57.680654820312505','user',0),('user_5_notification_sound_volume','7','user',0),('user_5_personal_language','english','user',0),('user_53_dashboard','','user',0),('user_54_dashboard','','user',0),('user_54_personal_language','english','user',0),('user_58_dashboard','','user',0),('user_6_dashboard','','user',0),('user_6_personal_language','english','user',0),('user_64_dashboard','','user',0),('user_65_dashboard','','user',0),('user_66_dashboard','','user',0),('user_69_dashboard','','user',0),('user_70_dashboard','','user',0),('user_72_dashboard','','user',0),('VAT_expense','21','app',0),('VAT_in','35','app',0),('VAT_out','27','app',0),('weekend','5,6','app',0);

--
-- Table structure for table `nizwa_packing_productsshipment_items`
--

CREATE TABLE `nizwa_packing_productsshipment_items` (
  `id` int(11) NOT NULL AUTO_INCREMENT,
  `item_id` int(11) NOT NULL,
  `po_item_id` int(11) NOT NULL,
  `quantity` double NOT NULL DEFAULT '0',
  `deleted` int(1) NOT NULL DEFAULT '0',
  `shipment_id` int(11) NOT NULL,
  `sort` int(11) NOT NULL DEFAULT '0',
  PRIMARY KEY (`id`)
) ENGINE=InnoDB AUTO_INCREMENT=9 DEFAULT CHARSET=utf8 COLLATE=utf8_unicode_ci;

--
-- Dumping data for table `nizwa_packing_productsshipment_items`
--

INSERT INTO `nizwa_packing_productsshipment_items` VALUES (2,1,1,200,0,2,0),(3,9,2,3,0,3,0),(4,6,3,2,0,3,0),(5,5,4,1,0,3,0),(6,5,5,100,0,4,0),(7,23,6,300000,0,5,0),(8,34,7,10,0,6,0);

--
-- Table structure for table `nizwa_packing_productsshipments`
--

CREATE TABLE `nizwa_packing_productsshipments` (
  `id` int(11) NOT NULL AUTO_INCREMENT,
  `purchase_order_id` int(11) NOT NULL,
  `supplier_id` int(11) NOT NULL DEFAULT '0',
  `date` date NOT NULL,
  `invoice_number` varchar(255) COLLATE utf8_unicode_ci DEFAULT NULL,
  `invoice_date` date DEFAULT NULL,
  `delivery_note_number` varchar(255) COLLATE utf8_unicode_ci DEFAULT NULL,
  `delivery_note_date` date DEFAULT NULL,
  `status` enum('draft','approved') COLLATE utf8_unicode_ci DEFAULT NULL,
  `note` text COLLATE utf8_unicode_ci,
  `deleted` int(1) NOT NULL DEFAULT '0',
  PRIMARY KEY (`id`)
) ENGINE=InnoDB AUTO_INCREMENT=7 DEFAULT CHARSET=utf8 COLLATE=utf8_unicode_ci;

--
-- Dumping data for table `nizwa_packing_productsshipments`
--

INSERT INTO `nizwa_packing_productsshipments` VALUES (2,1,2,'2023-01-02','1000','2023-01-02','212312','2023-01-02','approved','',0),(3,3,2,'2023-01-17','123','2023-01-17','345','2023-01-17','approved','',0),(4,4,2,'2023-01-17','123','2023-01-17','123','2023-01-17','approved','123123123',0),(5,5,3,'2023-01-29','','0000-00-00','','2023-01-29','approved','',0),(6,6,3,'2023-03-05','','2023-03-05','','2023-03-05','approved','',0);

--
-- Table structure for table `nizwa_packing_productssocial_links`
--

CREATE TABLE `nizwa_packing_productssocial_links` (
  `id` int(11) NOT NULL,
  `user_id` int(11) NOT NULL,
  `facebook` text COLLATE utf8_unicode_ci,
  `twitter` text COLLATE utf8_unicode_ci,
  `linkedin` text COLLATE utf8_unicode_ci,
  `googleplus` text COLLATE utf8_unicode_ci,
  `digg` text COLLATE utf8_unicode_ci,
  `youtube` text COLLATE utf8_unicode_ci,
  `pinterest` text COLLATE utf8_unicode_ci,
  `instagram` text COLLATE utf8_unicode_ci,
  `github` text COLLATE utf8_unicode_ci,
  `tumblr` text COLLATE utf8_unicode_ci,
  `vine` text COLLATE utf8_unicode_ci,
  `deleted` tinyint(1) NOT NULL DEFAULT '0',
  PRIMARY KEY (`id`)
) ENGINE=InnoDB DEFAULT CHARSET=utf8 COLLATE=utf8_unicode_ci;

--
-- Dumping data for table `nizwa_packing_productssocial_links`
--

INSERT INTO `nizwa_packing_productssocial_links` VALUES (44,44,'','','','','','','','','','','',0);

--
-- Table structure for table `nizwa_packing_productsstock_adjustments`
--

CREATE TABLE `nizwa_packing_productsstock_adjustments` (
  `id` int(11) NOT NULL AUTO_INCREMENT,
  `item_id` int(11) NOT NULL,
  `quantity` double NOT NULL DEFAULT '0',
  `note` text COLLATE utf8_unicode_ci,
  `deleted` int(11) NOT NULL DEFAULT '0',
  PRIMARY KEY (`id`)
) ENGINE=InnoDB AUTO_INCREMENT=15 DEFAULT CHARSET=utf8 COLLATE=utf8_unicode_ci;

--
-- Dumping data for table `nizwa_packing_productsstock_adjustments`
--

INSERT INTO `nizwa_packing_productsstock_adjustments` VALUES (1,4,120,'',0),(2,6,100,'',0),(3,5,100,'',0),(4,9,-3,'',0),(5,11,50,'',0),(6,12,2,'',0),(7,26,3,'',0),(8,25,100,'',0),(9,28,1000,'',0),(10,27,20,'',0),(11,33,100,'',0),(12,32,100,'',0),(13,31,100,'',0),(14,30,100,'',0);

--
-- Table structure for table `nizwa_packing_productssuppliers`
--

CREATE TABLE `nizwa_packing_productssuppliers` (
  `id` int(11) NOT NULL AUTO_INCREMENT,
  `company_name` varchar(150) COLLATE utf8_unicode_ci NOT NULL,
  `contact_name` varchar(150) COLLATE utf8_unicode_ci DEFAULT NULL,
  `email` varchar(150) COLLATE utf8_unicode_ci DEFAULT NULL,
  `address` text COLLATE utf8_unicode_ci,
  `city` varchar(50) COLLATE utf8_unicode_ci DEFAULT NULL,
  `state` varchar(50) COLLATE utf8_unicode_ci DEFAULT NULL,
  `zip` varchar(50) COLLATE utf8_unicode_ci DEFAULT NULL,
  `country` varchar(20) COLLATE utf8_unicode_ci DEFAULT NULL,
  `created_date` date DEFAULT NULL,
  `website` text COLLATE utf8_unicode_ci,
  `phone` varchar(20) COLLATE utf8_unicode_ci DEFAULT NULL,
  `alternative_phone` varchar(20) COLLATE utf8_unicode_ci DEFAULT NULL,
  `currency_symbol` varchar(20) COLLATE utf8_unicode_ci DEFAULT NULL,
  `currency` varchar(3) COLLATE utf8_unicode_ci DEFAULT NULL,
  `vat_number` text COLLATE utf8_unicode_ci,
  `note` mediumtext COLLATE utf8_unicode_ci NOT NULL,
  `account_id` int(11) NOT NULL DEFAULT '0',
  `advance_account_id` int(11) NOT NULL DEFAULT '0',
  `deleted` tinyint(4) NOT NULL DEFAULT '0',
  PRIMARY KEY (`id`)
) ENGINE=MyISAM AUTO_INCREMENT=4 DEFAULT CHARSET=utf8 COLLATE=utf8_unicode_ci;

--
-- Dumping data for table `nizwa_packing_productssuppliers`
--

INSERT INTO `nizwa_packing_productssuppliers` VALUES (2,'TetraObject','TetraObject','info@tetraobject.com','Gulberg 2','','','','','2023-01-02','','+923164946810','','','','','',78,0,0),(3,'naning','china','','','','','','','2023-01-29','','986','','','','','',88,0,0);

--
-- Table structure for table `nizwa_packing_productstask_status`
--

CREATE TABLE `nizwa_packing_productstask_status` (
  `id` int(11) NOT NULL AUTO_INCREMENT,
  `title` varchar(100) COLLATE utf8_unicode_ci NOT NULL,
  `key_name` varchar(100) COLLATE utf8_unicode_ci NOT NULL,
  `color` varchar(7) COLLATE utf8_unicode_ci NOT NULL,
  `sort` int(11) NOT NULL,
  `deleted` tinyint(1) NOT NULL DEFAULT '0',
  PRIMARY KEY (`id`)
) ENGINE=InnoDB AUTO_INCREMENT=5 DEFAULT CHARSET=utf8 COLLATE=utf8_unicode_ci;

--
-- Dumping data for table `nizwa_packing_productstask_status`
--

INSERT INTO `nizwa_packing_productstask_status` VALUES (1,'To Do','to_do','#F9A52D',0,0),(2,'In progress','in_progress','#1672B9',1,0),(3,'Done','done','#00B393',2,0),(4,'holding','','#aab7b7',3,0);

--
-- Table structure for table `nizwa_packing_productstasks`
--

CREATE TABLE `nizwa_packing_productstasks` (
  `id` int(11) NOT NULL AUTO_INCREMENT,
  `title` text COLLATE utf8_unicode_ci NOT NULL,
  `description` mediumtext COLLATE utf8_unicode_ci,
  `project_id` int(11) NOT NULL DEFAULT '0',
  `milestone_id` int(11) NOT NULL DEFAULT '0',
  `assigned_to` int(11) NOT NULL,
  `deadline` date DEFAULT NULL,
  `labels` text COLLATE utf8_unicode_ci,
  `points` tinyint(4) NOT NULL DEFAULT '1',
  `status` enum('to_do','in_progress','done') COLLATE utf8_unicode_ci NOT NULL DEFAULT 'to_do',
  `status_id` int(11) NOT NULL,
  `start_date` date DEFAULT NULL,
  `collaborators` text COLLATE utf8_unicode_ci NOT NULL,
  `sort` int(11) NOT NULL DEFAULT '0',
  `recurring` tinyint(1) NOT NULL DEFAULT '0',
  `repeat_every` int(11) NOT NULL DEFAULT '0',
  `repeat_type` enum('days','weeks','months','years') COLLATE utf8_unicode_ci DEFAULT NULL,
  `no_of_cycles` int(11) NOT NULL DEFAULT '0',
  `recurring_task_id` int(11) NOT NULL DEFAULT '0',
  `no_of_cycles_completed` int(11) NOT NULL DEFAULT '0',
  `created_date` date NOT NULL,
  `next_recurring_date` date DEFAULT NULL,
  `reminder_date` date NOT NULL,
  `ticket_id` int(11) NOT NULL,
  `deleted` tinyint(11) NOT NULL DEFAULT '0',
  PRIMARY KEY (`id`)
) ENGINE=InnoDB AUTO_INCREMENT=3 DEFAULT CHARSET=utf8 COLLATE=utf8_unicode_ci;

--
-- Dumping data for table `nizwa_packing_productstasks`
--

INSERT INTO `nizwa_packing_productstasks` VALUES (1,'erter','ert',2,0,0,NULL,'',1,'to_do',0,NULL,'',100002,0,0,'',0,0,0,'2023-01-02',NULL,'0000-00-00',0,1),(2,'asdasdas','asdasdasdas',2,0,1,'2023-01-26','',1,'to_do',3,'2023-01-02','1',10000000,0,0,'',0,0,0,'2023-01-02',NULL,'0000-00-00',0,1);

--
-- Table structure for table `nizwa_packing_productstaxes`
--

CREATE TABLE `nizwa_packing_productstaxes` (
  `id` int(11) NOT NULL AUTO_INCREMENT,
  `title` tinytext CHARACTER SET utf8 COLLATE utf8_unicode_ci NOT NULL,
  `percentage` double NOT NULL,
  `deleted` tinyint(1) NOT NULL DEFAULT '0',
  PRIMARY KEY (`id`)
) ENGINE=InnoDB AUTO_INCREMENT=4 DEFAULT CHARSET=latin1;

--
-- Dumping data for table `nizwa_packing_productstaxes`
--

INSERT INTO `nizwa_packing_productstaxes` VALUES (1,'VAT (5%)',5,0),(2,'SPD- vat (3%)',3,1),(3,'SPD-Vat ( Nill) new agreement (0%)',0,1);

--
-- Table structure for table `nizwa_packing_productsteam`
--

CREATE TABLE `nizwa_packing_productsteam` (
  `id` int(11) NOT NULL AUTO_INCREMENT,
  `title` text COLLATE utf8_unicode_ci NOT NULL,
  `members` mediumtext COLLATE utf8_unicode_ci NOT NULL,
  `deleted` int(1) NOT NULL DEFAULT '0',
  PRIMARY KEY (`id`)
) ENGINE=InnoDB AUTO_INCREMENT=3 DEFAULT CHARSET=utf8 COLLATE=utf8_unicode_ci;

--
-- Dumping data for table `nizwa_packing_productsteam`
--

INSERT INTO `nizwa_packing_productsteam` VALUES (1,'team 12','1,2',0),(2,'admin','1',0);

--
-- Table structure for table `nizwa_packing_productsteam_member_job_info`
--

CREATE TABLE `nizwa_packing_productsteam_member_job_info` (
  `id` int(11) NOT NULL AUTO_INCREMENT,
  `user_id` int(11) NOT NULL,
  `date_of_hire` date DEFAULT NULL,
  `deleted` int(1) NOT NULL DEFAULT '0',
  `salary` double NOT NULL DEFAULT '0',
  `salary_term` varchar(20) COLLATE utf8_unicode_ci DEFAULT NULL,
  `working_hours` int(11) DEFAULT NULL,
  `yearly_leaves` int(11) DEFAULT NULL,
  `housing` float DEFAULT '0',
  `transportation` float DEFAULT '0',
  `telephone` float DEFAULT '0',
  `utility` float DEFAULT '0',
  `national` tinyint(4) DEFAULT '0',
  `pasi` tinyint(4) DEFAULT '1',
  `bank_title` text COLLATE utf8_unicode_ci,
  `account_title` text COLLATE utf8_unicode_ci,
  `account_no` text COLLATE utf8_unicode_ci,
  PRIMARY KEY (`id`),
  KEY `user_id` (`user_id`)
) ENGINE=InnoDB AUTO_INCREMENT=5 DEFAULT CHARSET=utf8 COLLATE=utf8_unicode_ci;

--
-- Dumping data for table `nizwa_packing_productsteam_member_job_info`
--

INSERT INTO `nizwa_packing_productsteam_member_job_info` VALUES (1,2,'2023-01-17',0,400,NULL,40,30,20,10,10,5,0,0,'bank_muscat','',''),(2,3,'0000-00-00',0,0,NULL,0,0,0,0,0,0,0,1,NULL,NULL,NULL),(3,4,'0000-00-00',0,0,NULL,0,0,0,0,0,0,0,1,NULL,NULL,NULL),(4,5,'0000-00-00',0,0,NULL,0,0,0,0,0,0,0,1,NULL,NULL,NULL);

--
-- Table structure for table `nizwa_packing_productsticket_comments`
--

CREATE TABLE `nizwa_packing_productsticket_comments` (
  `id` int(11) NOT NULL AUTO_INCREMENT,
  `created_by` int(11) NOT NULL,
  `created_at` datetime NOT NULL,
  `description` mediumtext COLLATE utf8_unicode_ci NOT NULL,
  `ticket_id` int(11) NOT NULL,
  `files` longtext COLLATE utf8_unicode_ci,
  `deleted` tinyint(1) NOT NULL DEFAULT '0',
  PRIMARY KEY (`id`)
) ENGINE=InnoDB DEFAULT CHARSET=utf8 COLLATE=utf8_unicode_ci;

--
-- Dumping data for table `nizwa_packing_productsticket_comments`
--


--
-- Table structure for table `nizwa_packing_productsticket_types`
--

CREATE TABLE `nizwa_packing_productsticket_types` (
  `id` int(11) NOT NULL AUTO_INCREMENT,
  `title` text COLLATE utf8_unicode_ci NOT NULL,
  `deleted` tinyint(1) NOT NULL DEFAULT '0',
  PRIMARY KEY (`id`)
) ENGINE=InnoDB AUTO_INCREMENT=4 DEFAULT CHARSET=utf8 COLLATE=utf8_unicode_ci;

--
-- Dumping data for table `nizwa_packing_productsticket_types`
--

INSERT INTO `nizwa_packing_productsticket_types` VALUES (1,'General Support',0),(2,'One way',0),(3,'Two way',0);

--
-- Table structure for table `nizwa_packing_productstickets`
--

CREATE TABLE `nizwa_packing_productstickets` (
  `id` int(11) NOT NULL AUTO_INCREMENT,
  `client_id` int(11) NOT NULL,
  `project_id` int(11) NOT NULL DEFAULT '0',
  `ticket_type_id` int(11) NOT NULL,
  `title` text COLLATE utf8_unicode_ci NOT NULL,
  `created_by` int(11) NOT NULL,
  `created_at` datetime NOT NULL,
  `status` enum('new','client_replied','open','closed') COLLATE utf8_unicode_ci NOT NULL DEFAULT 'new',
  `last_activity_at` datetime DEFAULT NULL,
  `assigned_to` int(11) NOT NULL DEFAULT '0',
  `creator_name` varchar(100) COLLATE utf8_unicode_ci NOT NULL,
  `creator_email` varchar(255) COLLATE utf8_unicode_ci NOT NULL,
  `labels` text COLLATE utf8_unicode_ci,
  `task_id` int(11) NOT NULL,
  `closed_at` datetime NOT NULL,
  `deleted` tinyint(1) NOT NULL DEFAULT '0',
  PRIMARY KEY (`id`)
) ENGINE=InnoDB DEFAULT CHARSET=utf8 COLLATE=utf8_unicode_ci;

--
-- Dumping data for table `nizwa_packing_productstickets`
--


--
-- Table structure for table `nizwa_packing_productsto_do`
--

CREATE TABLE `nizwa_packing_productsto_do` (
  `id` int(11) NOT NULL AUTO_INCREMENT,
  `created_by` int(11) NOT NULL,
  `created_at` datetime NOT NULL,
  `title` text COLLATE utf8_unicode_ci NOT NULL,
  `description` mediumtext COLLATE utf8_unicode_ci,
  `labels` text COLLATE utf8_unicode_ci,
  `status` enum('to_do','done') COLLATE utf8_unicode_ci NOT NULL DEFAULT 'to_do',
  `start_date` date DEFAULT NULL,
  `deleted` tinyint(1) NOT NULL DEFAULT '0',
  PRIMARY KEY (`id`)
) ENGINE=InnoDB DEFAULT CHARSET=utf8 COLLATE=utf8_unicode_ci;

--
-- Dumping data for table `nizwa_packing_productsto_do`
--


--
-- Table structure for table `nizwa_packing_productstransactions`
--

CREATE TABLE `nizwa_packing_productstransactions` (
  `id` int(11) NOT NULL AUTO_INCREMENT,
  `date` date NOT NULL,
  `type` text NOT NULL,
  `is_manual` tinyint(1) NOT NULL DEFAULT '0',
  `reference` text,
  `bank_cash` int(11) DEFAULT '0',
  `deleted` tinyint(1) NOT NULL DEFAULT '0',
  PRIMARY KEY (`id`)
) ENGINE=InnoDB AUTO_INCREMENT=70 DEFAULT CHARSET=utf8;

--
-- Dumping data for table `nizwa_packing_productstransactions`
--

INSERT INTO `nizwa_packing_productstransactions` VALUES (3,'2022-12-27','Invoice: AMI/3',0,NULL,0,0),(4,'2022-12-27','Invoice: AMI/4',0,NULL,0,0),(5,'2022-12-28','Invoice: AMI/5',0,NULL,0,0),(6,'2022-12-28','Invoice: AMI/6',0,NULL,0,0),(7,'2022-12-28','Invoice: AMI/7',0,NULL,0,0),(8,'2022-12-28','Invoice: AMI/8',0,NULL,0,0),(9,'2023-01-02','Purchase Order: PURCHASE ORDER #1',0,NULL,0,0),(10,'2023-01-02','Automatic Purchase Payment: PURCHASE ORDER #1',0,NULL,0,0),(11,'2023-01-02','Invoice Shipment : AMI/1',0,NULL,0,0),(12,'2023-01-02','Automatic Purchase Payment: PURCHASE ORDER #1',0,NULL,0,0),(13,'2023-01-02','Automatic Purchase Payment: PURCHASE ORDER #1',0,NULL,0,0),(14,'2023-01-02','Automatic Purchase Payment: PURCHASE ORDER #1',0,NULL,0,0),(15,'2023-01-02','Invoice: AMI/9',0,NULL,0,0),(16,'2023-01-09','Invoice: AMI/13',0,NULL,0,0),(17,'2023-01-17','Invoice: AMI/14',0,NULL,0,0),(18,'2023-01-17','Invoice: AMI/15',0,NULL,0,0),(19,'2023-01-17','Invoice: AMI/16',0,NULL,0,0),(20,'2023-01-17','Invoice Payment Received: AMI/16',0,NULL,0,0),(21,'2023-01-17','Invoice: AMI/17',0,NULL,0,0),(22,'2023-01-17','Invoice Payment Received: AMI/17',0,NULL,0,0),(23,'2023-01-17','Invoice Inventory: AMI/17',0,NULL,0,0),(24,'2023-01-17','Invoice: AMI/18',0,NULL,0,0),(25,'2023-01-17','Automatic General Expense: Bank',0,NULL,0,0),(26,'2023-01-17','Purchase Order: PURCHASE ORDER #3',0,NULL,0,0),(27,'2023-01-17','Automatic Purchase Payment: PURCHASE ORDER #3',0,NULL,0,0),(28,'2023-01-17','Invoice Shipment : AMI/3',0,NULL,0,0),(29,'2023-01-17','Approved Employees Salaries - January-2023',0,NULL,0,0),(30,'2023-01-17','Invoice: AMI/19',0,NULL,0,0),(31,'2023-01-17','Invoice Payment Received: AMI/19',0,NULL,0,0),(32,'2023-01-17','Invoice Inventory: AMI/19',0,NULL,0,0),(33,'2023-01-17','Invoice: AMI/20',0,NULL,0,0),(34,'2023-01-17','Invoice: AMI/21',0,NULL,0,0),(35,'2023-01-17','Invoice: AMI/22',0,NULL,0,0),(36,'2023-01-17','Invoice Payment Received: AMI/22',0,NULL,0,0),(37,'2023-01-17','Invoice Inventory: AMI/22',0,NULL,0,0),(38,'2023-01-17','Invoice: AMI/23',0,NULL,0,0),(39,'2023-01-17','Purchase Order: PURCHASE ORDER #4',0,NULL,0,0),(40,'2023-01-17','Invoice Shipment : AMI/4',0,NULL,0,0),(41,'2023-01-17','Invoice: AMI/24',0,NULL,0,0),(42,'2023-01-19','Invoice: AMI/26',0,NULL,0,0),(43,'2023-01-19','Invoice: AMI/29',0,NULL,0,0),(44,'2023-01-19','Invoice Payment Received: AMI/29',0,NULL,0,0),(45,'2023-01-29','Purchase Order: PURCHASE ORDER #5',0,NULL,0,0),(46,'2023-01-29','Invoice Shipment : AMI/5',0,NULL,0,0),(47,'2023-01-29','Invoice: AMI/30',0,NULL,0,0),(48,'2023-01-29','Invoice: AMI/32',0,NULL,0,0),(49,'2023-01-31','Invoice: AMI/33',0,NULL,0,0),(50,'2023-01-31','Invoice: AMI/34',0,NULL,0,0),(51,'2023-01-31','Invoice: AMI/35',0,NULL,0,0),(52,'2023-02-09','Invoice: AMI/36',0,NULL,0,0),(53,'2023-02-12','Invoice: AMI/37',0,NULL,0,0),(54,'2023-02-16','Invoice: AMI/38',0,NULL,0,0),(55,'2023-02-16','Invoice: AMI/39',0,NULL,0,0),(56,'2023-02-16','Invoice: AMI/40',0,NULL,0,0),(57,'2023-02-16','Invoice: AMI/41',0,NULL,0,0),(58,'2023-02-21','Invoice: AMI/44',0,NULL,0,0),(59,'2023-03-01','Invoice: AMI/45',0,NULL,0,0),(60,'2023-03-01','Invoice Payment Received: AMI/45',0,NULL,0,0),(61,'2023-03-01','Invoice Inventory: AMI/45',0,NULL,0,0),(62,'2023-03-01','Invoice: AMI/46',0,NULL,0,0),(63,'2023-03-01','Invoice Payment Received: AMI/46',0,NULL,0,0),(64,'2023-03-01','Invoice: AMI/47',0,NULL,0,0),(65,'2023-03-05','Invoice: AMI/48',0,NULL,0,0),(66,'2023-03-05','Purchase Order: PURCHASE ORDER #6',0,NULL,0,0),(67,'2023-03-05','Invoice Shipment : AMI/6',0,NULL,0,0),(68,'2023-03-05','Invoice: AMI/49',0,NULL,0,0),(69,'2023-03-05','Invoice Inventory: AMI/49',0,NULL,0,0);


