-- Table structure for table `item_categories`
--

CREATE TABLE `item_categories` (
  `id` int(11) NOT NULL AUTO_INCREMENT,
  `title` varchar(255) COLLATE utf8_unicode_ci NOT NULL,
  `deleted` tinyint(1) NOT NULL DEFAULT '0',
  PRIMARY KEY (`id`)
) ENGINE=MyISAM AUTO_INCREMENT=2 DEFAULT CHARSET=utf8 COLLATE=utf8_unicode_ci;

--
-- Dumping data for table `item_categories`
--

INSERT INTO `item_categories` VALUES (1,'Default',0);

--
-- Table structure for table `item_uom`
--

CREATE TABLE `item_uom` (
  `id` int(11) NOT NULL AUTO_INCREMENT,
  `title` varchar(255) COLLATE utf8_unicode_ci NOT NULL,
  `deleted` tinyint(1) NOT NULL DEFAULT '0',
  PRIMARY KEY (`id`) USING BTREE
) ENGINE=MyISAM AUTO_INCREMENT=4 DEFAULT CHARSET=utf8 COLLATE=utf8_unicode_ci ROW_FORMAT=DYNAMIC;

--
-- Dumping data for table `item_uom`
--

INSERT INTO `item_uom` VALUES (1,'PCS',0),(2,'KG',0),(3,'LTR',0);

--
-- Table structure for table `items`
--

CREATE TABLE `items` (
  `id` int(11) NOT NULL AUTO_INCREMENT,
  `title` text COLLATE utf8_unicode_ci NOT NULL,
  `description` text COLLATE utf8_unicode_ci,
  `unit_type` int(11) NOT NULL DEFAULT '0',
  `cost` double NOT NULL,
  `rate` double NOT NULL,
  `category_id` int(11) NOT NULL,
  `item_type` enum('product','service') COLLATE utf8_unicode_ci NOT NULL DEFAULT 'product',
  `raw_material` tinyint(1) NOT NULL DEFAULT '0',
  `deleted` tinyint(1) NOT NULL DEFAULT '0',
  PRIMARY KEY (`id`)
) ENGINE=InnoDB AUTO_INCREMENT=57 DEFAULT CHARSET=utf8 COLLATE=utf8_unicode_ci;

--
-- Dumping data for table `items`
--

INSERT INTO `items` VALUES (1,'##initial balance##','',1,0,0,1,'product',0,0),(2,'250 ML PREFORMS-9 GMS','25200 PCS in Box',1,0.0054,0,1,'product',1,0),(3,'250 ML PREFORMS-8.95 GMS','2496 PCS in Box',1,0.0057,0,1,'product',1,0),(4,'250 ML PREFORMS -9.5 GMS','24500 PCS in Box',1,0.0057,0,1,'product',1,0),(5,'250 ML PREFORMS -7.8 GMS','3072 PCS in Box',1,0.0049,0,1,'product',1,0),(6,'500 ML PREFORMS-11.5 GMS','2016 PCS in Box',1,0.0083,0,1,'product',1,0),(7,'1.5 L PREFORMS-26 GMS','804 PCS in Box',1,0.0186,0,1,'product',1,0),(8,'29/25 CAP CLOSURES - Pink','8000 PCS in Box',1,0.0011,0,1,'product',1,0),(9,'29/25 CAP CLOSURES - Green','8000 PCS in Box',1,0.0011,0,1,'product',1,0),(10,'29/25 CAP CLOSURES - Red','8000 PCS in Box',1,0.0011,0,1,'product',1,0),(11,'29/25 CAP CLOSURES - Blue  ','8000 PCS in Box',1,0.0011,0,1,'product',1,0),(12,'PVC HEAT SHRINKABLE SLEEVES - 250 ML','25000 PCS in Roll',1,0.00089,0,1,'product',1,1),(13,' 500 ML LABEL FAJR','20000 PCS in Roll',1,0.00137,0,1,'product',1,0),(14,'PVC HEAT SHRINKABLE SLEEVES - 1.5 L ','10000 PCS in Roll',1,0.0028,0,1,'product',1,1),(15,'SHRINK FILM ROLLS - 250 ML (24 PCS) - Plain Roll','45 KG in Roll',2,0.64,0,1,'product',1,0),(16,'SHRINK FILM ROLLS - 250 ML (24 PCS) - Barcode 6074000154074','45 KG in Roll',2,0.68,0,1,'product',1,0),(17,'SHRINK FILM ROLLS - 250 ML (30 PCS) - Plain Roll','30 KG in Roll',2,0.64,0,1,'product',1,0),(18,'SHRINK FILM ROLLS - 250 ML (30 PCS) - Barcode 6074000154036','30 KG in Roll',2,0.68,0,1,'product',1,0),(19,'SHRINK FILM ROLLS - 500 ML (24 PCS) - Plain Roll','45 KG in Roll',2,0.64,0,1,'product',1,0),(20,'SHRINK FILM ROLLS - 500 ML (24 PCS) - Barcode 6074000154043','45 KG in Roll',2,0.68,0,1,'product',1,0),(21,'SHRINK FILM ROLLS - 1.5 L (6 PCS) - Plain Roll','45 KG in Roll',2,0.64,0,1,'product',1,0),(22,'SHRINK FILM ROLLS - 1.5 L (6 PCS) - Barcode  6074000154050','45 KG in Roll',2,0.68,0,1,'product',1,0),(23,'WRAPPING ROLLS-16 KG','',1,10.5,0,1,'product',1,0),(24,'WOODDEN PELLETS','',1,1.3,0,1,'product',1,0),(25,'LINX INK','',1,25,0,1,'product',1,0),(26,'LINX SOLVENT','',1,17,0,1,'product',1,0),(27,'LINX CLEANING SOLUTION','',1,15,0,1,'product',1,0),(28,'LEIBINGER INK','',1,38,0,1,'product',1,0),(29,'LEIBINGER SOLVENT','',1,13,0,1,'product',1,0),(30,'LEIBINGER CLEANING SOLUTION','',1,15,0,1,'product',1,0),(31,'3 PLY LAYERPADS 250ML 1040x950','',1,0.13,0,1,'product',1,0),(32,'4 PLY LAYERPADS 500ML 1120x980','',1,0.14,0,1,'product',1,0),(33,'5 PLY LAYERPADS 1.5L 1200x920','',1,0.14,0,1,'product',1,0),(34,'CONVEYER LUBRICANT','',3,1.2,0,1,'product',1,0),(35,'MAGNESIUM SULPHATE','',2,1.2,0,1,'product',1,0),(36,'CALCIUM CHLORIDE','',2,1.6,0,1,'product',1,0),(37,'POTASSIUM BICARBONATE','',2,2.84,0,1,'product',1,0),(38,'RO ANTISCALANT','',3,1.25,0,1,'product',1,0),(39,'3 PLY PRINTED CARTON FOR CUP','',1,0.06,0,1,'product',1,0),(40,'CARTON SEPERATOR','',1,0.013,0,1,'product',1,0),(41,'BOPP 1000 YARDS CLEAR TAPE','',1,2,0,1,'product',1,0),(42,'ALUMINIUM FOIL FOR WATER CUPS','',2,3.15,0,1,'product',1,0),(43,'285*600 MM PETSHEET FOR WATER CUPS','',2,6.03,0,1,'product',1,0),(44,'250 ML (30 PCS Carton)','',1,0.48,0.65,1,'product',0,0),(45,'250 ML (24 PCS Carton)','',1,0.35,0.4,1,'product',0,0),(46,'200 ML CUP WATER (30 PCS Carton)','',1,0.3,0.4,1,'product',0,0),(47,'500 ML (24 PCS Carton)','',1,0.47,0.65,1,'product',0,0),(48,'1.5 LITERS (6 PCS Carton)','',1,0.27,0.325,1,'product',0,0),(49,'FILMTEC MEMBRANE BW30-400 PRO','',2,215.25,0,1,'product',1,0),(50,'DISTILLED WATER','LAB USE',0,5,5,1,'product',0,0),(51,'DISTILLED WATER','',0,5,0,1,'product',0,0),(52,'500 ML LABEL FAJR','',0,0.00137,0,1,'product',0,0),(53,'1.5 L  LABEL FAJR','',1,0.0028,0,1,'product',1,0),(54,'500 ML LABEL ABAQ','',1,0.00137,0,1,'product',1,0),(55,'SERVICE','',0,0,0,1,'product',0,0),(56,'TYRES','',0,92,0,1,'product',0,0);

--
-- Table structure for table `items_levels`
--

CREATE TABLE `items_levels` (
  `id` int(11) NOT NULL AUTO_INCREMENT,
  `level_name` varchar(150) COLLATE utf8_unicode_ci NOT NULL,
  `deleted` tinyint(1) NOT NULL,
  PRIMARY KEY (`id`)
) ENGINE=MyISAM AUTO_INCREMENT=2 DEFAULT CHARSET=utf8 COLLATE=utf8_unicode_ci;

--
-- Dumping data for table `items_levels`
--

INSERT INTO `items_levels` VALUES (1,'Default',0);

--
-- Table structure for table `job_orders`
--

CREATE TABLE `job_orders` (
  `id` int(8) NOT NULL AUTO_INCREMENT,
  `invoice_item_id` int(8) DEFAULT NULL,
  `name` varchar(20) DEFAULT NULL,
  `quantity` int(8) NOT NULL,
  `scheduled_start_date` date DEFAULT NULL,
  `expected_duration` int(8) DEFAULT NULL,
  `actual_duration` date DEFAULT NULL,
  `worksheet` text,
  `priority` enum('1','2','3','4','5') DEFAULT NULL,
  `stages` text,
  `current_stage` varchar(50) DEFAULT NULL,
  `operation_cost` int(8) DEFAULT NULL,
  `total_cost` int(8) DEFAULT NULL,
  `team_member` int(8) DEFAULT NULL,
  `created_at` timestamp NOT NULL DEFAULT CURRENT_TIMESTAMP ON UPDATE CURRENT_TIMESTAMP,
  `created_by` int(8) DEFAULT NULL,
  `deleted` tinyint(1) NOT NULL DEFAULT '0',
  `completed` tinyint(1) NOT NULL DEFAULT '0',
  PRIMARY KEY (`id`)
) ENGINE=InnoDB AUTO_INCREMENT=5 DEFAULT CHARSET=utf8mb4;

--
-- Dumping data for table `job_orders`
--

INSERT INTO `job_orders` VALUES (1,47,'15',5,NULL,NULL,NULL,NULL,NULL,NULL,NULL,NULL,NULL,NULL,'2024-10-06 07:16:23',NULL,0,0),(2,47,'30',4,NULL,NULL,NULL,NULL,NULL,NULL,NULL,NULL,NULL,NULL,'2024-10-06 09:05:15',NULL,0,0),(3,45,'30',20,NULL,NULL,NULL,NULL,NULL,NULL,NULL,NULL,NULL,NULL,'2024-10-06 09:05:15',NULL,0,0),(4,48,'19',125,NULL,NULL,NULL,NULL,NULL,NULL,NULL,NULL,NULL,NULL,'2024-10-06 09:35:10',NULL,0,0);

--
-- Table structure for table `joborder_status`
--

CREATE TABLE `joborder_status` (
  `id` int(11) NOT NULL AUTO_INCREMENT,
  `title` varchar(100) COLLATE utf8_unicode_ci NOT NULL,
  `key_name` varchar(100) COLLATE utf8_unicode_ci NOT NULL,
  `color` varchar(7) COLLATE utf8_unicode_ci NOT NULL,
  `sort` int(11) NOT NULL,
  `deleted` tinyint(1) NOT NULL DEFAULT '0',
  PRIMARY KEY (`id`)
) ENGINE=InnoDB AUTO_INCREMENT=5 DEFAULT CHARSET=utf8 COLLATE=utf8_unicode_ci;

--
-- Dumping data for table `joborder_status`
--

INSERT INTO `joborder_status` VALUES (1,'In Progress','in_progress','#F9A52D',0,0),(2,'Waiting For A Step','stepa','#1672B9',1,0),(3,'Ready','ready','#00B393',2,0),(4,'Finished','finished','#aab7b7',3,0);

--
-- Table structure for table `lead_source`
--

CREATE TABLE `lead_source` (
  `id` int(11) NOT NULL AUTO_INCREMENT,
  `title` varchar(100) COLLATE utf8_unicode_ci NOT NULL,
  `sort` int(11) NOT NULL,
  `deleted` tinyint(1) NOT NULL DEFAULT '0',
  PRIMARY KEY (`id`)
) ENGINE=InnoDB AUTO_INCREMENT=5 DEFAULT CHARSET=utf8 COLLATE=utf8_unicode_ci;

--
-- Dumping data for table `lead_source`
--

INSERT INTO `lead_source` VALUES (1,'Social media',1,0),(2,'Showroom',2,0),(3,'Exhibitions',3,0),(4,'Friends & Families',4,0);

--
-- Table structure for table `lead_status`
--

CREATE TABLE `lead_status` (
  `id` int(11) NOT NULL AUTO_INCREMENT,
  `title` varchar(100) COLLATE utf8_unicode_ci NOT NULL,
  `color` varchar(7) COLLATE utf8_unicode_ci NOT NULL,
  `sort` int(11) NOT NULL,
  `deleted` tinyint(1) NOT NULL DEFAULT '0',
  PRIMARY KEY (`id`)
) ENGINE=InnoDB AUTO_INCREMENT=3 DEFAULT CHARSET=utf8 COLLATE=utf8_unicode_ci;

--
-- Dumping data for table `lead_status`
--

INSERT INTO `lead_status` VALUES (1,'New','#29c2c2',1,0),(2,'Ready','#83c340',2,0);

--
-- Table structure for table `leads`
--

CREATE TABLE `leads` (
  `id` int(11) NOT NULL AUTO_INCREMENT,
  `company_name` varchar(150) COLLATE utf8_unicode_ci NOT NULL,
  `first_name` varchar(150) COLLATE utf8_unicode_ci NOT NULL,
  `last_name` varchar(150) COLLATE utf8_unicode_ci NOT NULL,
  `email` varchar(150) COLLATE utf8_unicode_ci NOT NULL,
  `address` text COLLATE utf8_unicode_ci,
  `city` varchar(50) COLLATE utf8_unicode_ci DEFAULT NULL,
  `state` varchar(50) COLLATE utf8_unicode_ci DEFAULT NULL,
  `zip` varchar(50) COLLATE utf8_unicode_ci DEFAULT NULL,
  `country` varchar(50) COLLATE utf8_unicode_ci DEFAULT NULL,
  `created_date` date NOT NULL,
  `website` text COLLATE utf8_unicode_ci,
  `phone` varchar(20) COLLATE utf8_unicode_ci DEFAULT NULL,
  `deleted` tinyint(1) NOT NULL DEFAULT '0',
  PRIMARY KEY (`id`)
) ENGINE=InnoDB DEFAULT CHARSET=utf8 COLLATE=utf8_unicode_ci;

--
-- Dumping data for table `leads`
--


--
-- Table structure for table `leave_applications`
--

CREATE TABLE `leave_applications` (
  `id` int(11) NOT NULL AUTO_INCREMENT,
  `leave_type_id` int(11) NOT NULL,
  `start_date` date NOT NULL,
  `end_date` date NOT NULL,
  `total_hours` decimal(7,2) NOT NULL,
  `total_days` decimal(5,2) NOT NULL,
  `applicant_id` int(11) NOT NULL,
  `reason` mediumtext COLLATE utf8_unicode_ci NOT NULL,
  `status` enum('pending','approved','rejected','canceled') COLLATE utf8_unicode_ci NOT NULL DEFAULT 'pending',
  `created_at` datetime NOT NULL,
  `created_by` int(11) NOT NULL,
  `checked_at` datetime DEFAULT NULL,
  `checked_by` int(11) NOT NULL DEFAULT '0',
  `paid_unpaid` tinyint(1) DEFAULT '1',
  `deleted` int(1) NOT NULL DEFAULT '0',
  PRIMARY KEY (`id`),
  KEY `leave_type_id` (`leave_type_id`),
  KEY `user_id` (`applicant_id`),
  KEY `checked_by` (`checked_by`)
) ENGINE=InnoDB AUTO_INCREMENT=4 DEFAULT CHARSET=utf8 COLLATE=utf8_unicode_ci;

--
-- Dumping data for table `leave_applications`
--

INSERT INTO `leave_applications` VALUES (1,1,'2024-10-05','2024-10-10',48.00,6.00,5,'رحلة','','2024-10-03 08:15:28',3,'2024-10-03 08:15:28',3,1,1),(2,3,'2024-10-27','2024-10-29',24.00,3.00,15,'VACATION','','2024-10-29 05:55:16',3,'2024-10-29 05:55:16',3,0,0),(3,3,'2024-08-10','2024-11-10',744.00,93.00,28,'VACATION','','2024-10-29 08:25:47',3,'2024-10-29 08:25:47',3,0,0);

--
-- Table structure for table `leave_types`
--

CREATE TABLE `leave_types` (
  `id` int(11) NOT NULL AUTO_INCREMENT,
  `title` varchar(100) COLLATE utf8_unicode_ci NOT NULL,
  `status` enum('active','inactive') COLLATE utf8_unicode_ci NOT NULL DEFAULT 'active',
  `color` varchar(7) COLLATE utf8_unicode_ci NOT NULL,
  `description` text COLLATE utf8_unicode_ci,
  `max_allowed` int(11) DEFAULT '1',
  `deleted` int(1) NOT NULL DEFAULT '0',
  PRIMARY KEY (`id`)
) ENGINE=InnoDB AUTO_INCREMENT=5 DEFAULT CHARSET=utf8 COLLATE=utf8_unicode_ci;

--
-- Dumping data for table `leave_types`
--

INSERT INTO `leave_types` VALUES (1,'annual leave - Omani','active','#83c340','',30,0),(2,'Sick Leave','active','#e74c3c','',14,0),(3,'Annual Leave - Non Omani','active','#83c340','',200,0),(4,'إجازة الأمومة','active','#dbadff','',90,0);

--
-- Table structure for table `loans`
--

CREATE TABLE `loans` (
  `id` int(11) NOT NULL AUTO_INCREMENT,
  `user_id` int(11) DEFAULT NULL,
  `amount` double DEFAULT NULL,
  `date` date DEFAULT NULL,
  `deleted` tinyint(1) NOT NULL DEFAULT '0',
  PRIMARY KEY (`id`)
) ENGINE=InnoDB DEFAULT CHARSET=utf8 COLLATE=utf8_unicode_ci;

--
-- Dumping data for table `loans`
--


--
-- Table structure for table `material_request`
--

CREATE TABLE `material_request` (
  `id` int(11) NOT NULL AUTO_INCREMENT,
  `supplier_id` int(11) DEFAULT '0',
  `material_request_date` date NOT NULL,
  `project_id` int(11) NOT NULL DEFAULT '0',
  `labels` text COLLATE utf8_unicode_ci NOT NULL,
  `note` mediumtext COLLATE utf8_unicode_ci,
  `status` enum('draft','not_paid') COLLATE utf8_unicode_ci NOT NULL DEFAULT 'draft',
  `approval_status` enum('not_approved','request_approval','approved') COLLATE utf8_unicode_ci NOT NULL DEFAULT 'not_approved',
  `deleted` tinyint(1) NOT NULL DEFAULT '0',
  PRIMARY KEY (`id`)
) ENGINE=InnoDB DEFAULT CHARSET=utf8 COLLATE=utf8_unicode_ci;

--
-- Dumping data for table `material_request`
--


--
-- Table structure for table `material_request_items`
--

CREATE TABLE `material_request_items` (
  `id` int(11) NOT NULL AUTO_INCREMENT,
  `item_id` int(11) NOT NULL DEFAULT '0',
  `title` text COLLATE utf8_unicode_ci NOT NULL,
  `description` text COLLATE utf8_unicode_ci,
  `quantity` double NOT NULL,
  `unit_type` varchar(20) COLLATE utf8_unicode_ci NOT NULL DEFAULT '',
  `rate` double DEFAULT NULL,
  `total` double DEFAULT NULL,
  `sort` int(11) NOT NULL DEFAULT '0',
  `material_request_id` int(11) DEFAULT NULL,
  `tax_id` int(11) DEFAULT '0',
  `tax_id2` int(11) DEFAULT '0',
  `deleted` tinyint(1) NOT NULL DEFAULT '0',
  PRIMARY KEY (`id`)
) ENGINE=InnoDB DEFAULT CHARSET=utf8 COLLATE=utf8_unicode_ci;

--
-- Dumping data for table `material_request_items`
--


--
-- Table structure for table `material_request_payments`
--

CREATE TABLE `material_request_payments` (
  `id` int(11) NOT NULL AUTO_INCREMENT,
  `amount` double NOT NULL,
  `payment_date` date NOT NULL,
  `payment_method_id` int(11) NOT NULL,
  `cheque_due_date` date DEFAULT NULL,
  `cheque_description` varchar(255) COLLATE utf8_unicode_ci DEFAULT NULL,
  `cheque_account` varchar(150) COLLATE utf8_unicode_ci DEFAULT NULL,
  `cheque_number` varchar(150) COLLATE utf8_unicode_ci DEFAULT NULL,
  `cheque_transaction_id` int(11) NOT NULL DEFAULT '0',
  `note` text COLLATE utf8_unicode_ci,
  `material_request_id` int(11) NOT NULL,
  `status` enum('draft','request_approval','approved') COLLATE utf8_unicode_ci NOT NULL DEFAULT 'draft',
  `deleted` tinyint(1) NOT NULL DEFAULT '0',
  `transaction_id` int(11) DEFAULT '0',
  `prepayment_transaction_id` int(11) NOT NULL DEFAULT '0',
  `created_by` int(11) DEFAULT '1',
  `created_at` datetime DEFAULT NULL,
  PRIMARY KEY (`id`),
  KEY `id` (`id`),
  KEY `id_2` (`id`)
) ENGINE=InnoDB DEFAULT CHARSET=utf8 COLLATE=utf8_unicode_ci;

--
-- Dumping data for table `material_request_payments`
--


--
-- Table structure for table `materials_bill`
--

CREATE TABLE `materials_bill` (
  `id` int(8) NOT NULL AUTO_INCREMENT,
  `item_id` int(8) NOT NULL,
  `quantity` int(8) NOT NULL,
  `cost` int(8) NOT NULL,
  `current_stock` float DEFAULT NULL,
  `job_id` int(8) NOT NULL,
  `is_used` tinyint(1) NOT NULL DEFAULT '0',
  `created_at` timestamp NOT NULL DEFAULT CURRENT_TIMESTAMP,
  PRIMARY KEY (`id`)
) ENGINE=InnoDB DEFAULT CHARSET=utf8mb4;

--
-- Dumping data for table `materials_bill`
--


--
-- Table structure for table `messages`
--

CREATE TABLE `messages` (
  `id` int(11) NOT NULL AUTO_INCREMENT,
  `subject` varchar(255) COLLATE utf8_unicode_ci NOT NULL DEFAULT 'Untitled',
  `message` mediumtext COLLATE utf8_unicode_ci NOT NULL,
  `created_at` datetime NOT NULL,
  `from_user_id` int(11) NOT NULL,
  `to_user_id` int(11) NOT NULL,
  `status` enum('unread','read') COLLATE utf8_unicode_ci NOT NULL DEFAULT 'unread',
  `message_id` int(11) NOT NULL DEFAULT '0',
  `deleted` int(1) NOT NULL DEFAULT '0',
  `files` longtext COLLATE utf8_unicode_ci NOT NULL,
  `deleted_by_users` text COLLATE utf8_unicode_ci NOT NULL,
  PRIMARY KEY (`id`),
  KEY `message_from` (`from_user_id`),
  KEY `message_to` (`to_user_id`)
) ENGINE=InnoDB AUTO_INCREMENT=3 DEFAULT CHARSET=utf8 COLLATE=utf8_unicode_ci;

--
-- Dumping data for table `messages`
--

INSERT INTO `messages` VALUES (1,'HI','HI','2024-10-06 09:06:12',1,3,'unread',0,0,'a:0:{}',''),(2,'hghg','gggggg','2024-10-28 05:57:02',5,2,'unread',0,0,'a:0:{}','');

--
-- Table structure for table `milestones`
--

CREATE TABLE `milestones` (
  `id` int(11) NOT NULL AUTO_INCREMENT,
  `title` text COLLATE utf8_unicode_ci NOT NULL,
  `project_id` int(11) NOT NULL,
  `due_date` date NOT NULL,
  `description` text COLLATE utf8_unicode_ci NOT NULL,
  `deleted` tinyint(11) NOT NULL DEFAULT '0',
  PRIMARY KEY (`id`)
) ENGINE=InnoDB DEFAULT CHARSET=utf8 COLLATE=utf8_unicode_ci;

--
-- Dumping data for table `milestones`
--


--
-- Table structure for table `nationality`
--

CREATE TABLE `nationality` (
  `id` int(11) NOT NULL AUTO_INCREMENT,
  `title` varchar(255) COLLATE utf8_unicode_ci NOT NULL,
  `deleted` tinyint(1) NOT NULL DEFAULT '0',
  PRIMARY KEY (`id`) USING BTREE
) ENGINE=MyISAM AUTO_INCREMENT=8 DEFAULT CHARSET=utf8 COLLATE=utf8_unicode_ci ROW_FORMAT=DYNAMIC;

--
-- Dumping data for table `nationality`
--

INSERT INTO `nationality` VALUES (1,'Oman',1),(2,'Omani',0),(3,'Sudani',1),(4,'Indian',0),(5,'Bengali',0),(6,'Nigeria',0),(7,'Pakistani',0);

--
-- Table structure for table `notes`
--

CREATE TABLE `notes` (
  `id` int(11) NOT NULL AUTO_INCREMENT,
  `created_by` int(11) NOT NULL,
  `created_at` datetime NOT NULL,
  `title` text COLLATE utf8_unicode_ci NOT NULL,
  `description` mediumtext COLLATE utf8_unicode_ci,
  `project_id` int(11) NOT NULL DEFAULT '0',
  `client_id` int(11) NOT NULL DEFAULT '0',
  `user_id` int(11) NOT NULL DEFAULT '0',
  `labels` text COLLATE utf8_unicode_ci,
  `files` mediumtext COLLATE utf8_unicode_ci NOT NULL,
  `is_public` tinyint(1) NOT NULL DEFAULT '0',
  `deleted` tinyint(1) NOT NULL DEFAULT '0',
  PRIMARY KEY (`id`)
) ENGINE=InnoDB DEFAULT CHARSET=utf8 COLLATE=utf8_unicode_ci;

--
-- Dumping data for table `notes`
--


--
-- Table structure for table `notification_settings`
--

CREATE TABLE `notification_settings` (
  `id` int(11) NOT NULL AUTO_INCREMENT,
  `event` varchar(250) NOT NULL,
  `category` varchar(50) NOT NULL,
  `enable_email` int(1) NOT NULL DEFAULT '0',
  `enable_web` int(1) NOT NULL DEFAULT '0',
  `notify_to_team` text NOT NULL,
  `notify_to_team_members` text NOT NULL,
  `notify_to_terms` text NOT NULL,
  `sort` int(11) NOT NULL,
  `deleted` int(1) NOT NULL DEFAULT '0',
  PRIMARY KEY (`id`),
  KEY `event` (`event`)
) ENGINE=InnoDB AUTO_INCREMENT=53 DEFAULT CHARSET=latin1;

--
-- Dumping data for table `notification_settings`
--

INSERT INTO `notification_settings` VALUES (1,'project_created','project',0,1,'1','','client_primary_contact,client_all_contacts',1,0),(2,'project_deleted','project',0,1,'1','','project_members,client_primary_contact,client_all_contacts',2,0),(3,'project_task_created','project',0,1,'','5','project_members,task_assignee',3,0),(4,'project_task_updated','project',0,1,'1','','task_assignee',4,0),(5,'project_task_assigned','project',0,1,'','','task_assignee',5,0),(7,'project_task_started','project',0,1,'','5','project_members,client_primary_contact,client_all_contacts',7,0),(8,'project_task_finished','project',0,1,'1','','',8,0),(9,'project_task_reopened','project',0,1,'1','','',9,0),(10,'project_task_deleted','project',0,1,'1','','task_assignee',10,0),(11,'project_task_commented','project',0,1,'1','','task_assignee',11,0),(12,'project_member_added','project',0,1,'1','','project_members',12,0),(13,'project_member_deleted','project',0,1,'1','','project_members',13,0),(14,'project_file_added','project',0,1,'1','','project_members',14,0),(15,'project_file_deleted','project',0,1,'1','','project_members',15,0),(16,'project_file_commented','project',0,1,'1','','project_members',16,0),(17,'project_comment_added','project',0,1,'1','','project_members',17,0),(18,'project_comment_replied','project',0,1,'1','','project_members,comment_creator',18,0),(19,'project_customer_feedback_added','project',0,1,'1','','project_members',19,0),(20,'project_customer_feedback_replied','project',0,1,'1','','project_members,comment_creator',20,0),(21,'client_signup','client',0,0,'','','',21,0),(22,'invoice_online_payment_received','invoice',0,0,'','','',22,0),(23,'leave_application_submitted','leave',0,0,'','','',23,0),(24,'leave_approved','leave',0,1,'','','leave_applicant',24,0),(25,'leave_assigned','leave',0,1,'','','leave_applicant',25,0),(26,'leave_rejected','leave',0,1,'','','leave_applicant',26,0),(27,'leave_canceled','leave',0,0,'','','',27,0),(28,'ticket_created','ticket',0,1,'','6,7,5,11,12,1','client_all_contacts',28,0),(29,'ticket_commented','ticket',0,1,'','','client_primary_contact,ticket_creator',29,0),(30,'ticket_closed','ticket',0,1,'','','client_primary_contact,ticket_creator',30,0),(31,'ticket_reopened','ticket',0,1,'','','client_primary_contact,ticket_creator',31,0),(32,'estimate_request_received','estimate',0,0,'','','',32,0),(33,'estimate_sent','estimate',0,0,'','','',33,0),(34,'estimate_accepted','estimate',0,0,'','','',34,0),(35,'estimate_rejected','estimate',0,0,'','','',35,0),(36,'new_message_sent','message',0,0,'','','',36,0),(37,'message_reply_sent','message',0,0,'','','',37,0),(38,'invoice_payment_confirmation','invoice',0,0,'','','',22,0),(39,'new_event_added_in_calendar','event',0,0,'','','',39,0),(40,'recurring_invoice_created_vai_cron_job','invoice',0,0,'','','',22,0),(41,'new_announcement_created','announcement',1,1,'','','recipient',41,0),(42,'invoice_due_reminder_before_due_date','invoice',0,0,'','','',22,0),(43,'invoice_overdue_reminder','invoice',0,0,'','','',22,0),(44,'recurring_invoice_creation_reminder','invoice',0,0,'','','',22,0),(45,'project_completed','project',0,1,'1','','',2,0),(46,'lead_created','lead',0,0,'','','',21,0),(47,'client_created_from_lead','lead',0,0,'','','',21,0),(48,'project_task_deadline_pre_reminder','project',0,1,'1','','task_assignee',20,0),(49,'project_task_reminder_on_the_day_of_deadline','project',0,1,'1','','task_assignee',20,0),(50,'project_task_deadline_overdue_reminder','project',0,1,'1','','task_assignee',20,0),(51,'recurring_task_created_via_cron_job','project',0,1,'1','','project_members,task_assignee',20,0),(52,'calendar_event_modified','event',0,0,'','','',39,0);

--
-- Table structure for table `notifications`
--

CREATE TABLE `notifications` (
  `id` int(11) NOT NULL AUTO_INCREMENT,
  `user_id` int(11) NOT NULL,
  `description` longtext COLLATE utf8_unicode_ci NOT NULL,
  `created_at` datetime NOT NULL,
  `notify_to` mediumtext COLLATE utf8_unicode_ci NOT NULL,
  `read_by` mediumtext COLLATE utf8_unicode_ci NOT NULL,
  `event` varchar(250) COLLATE utf8_unicode_ci NOT NULL,
  `project_id` int(11) NOT NULL,
  `task_id` int(11) NOT NULL,
  `project_comment_id` int(11) NOT NULL,
  `ticket_id` int(11) NOT NULL,
  `ticket_comment_id` int(11) NOT NULL,
  `project_file_id` int(11) NOT NULL,
  `leave_id` int(11) NOT NULL,
  `post_id` int(11) NOT NULL,
  `to_user_id` int(11) NOT NULL,
  `activity_log_id` int(11) NOT NULL,
  `client_id` int(11) NOT NULL,
  `lead_id` int(11) NOT NULL,
  `invoice_payment_id` int(11) NOT NULL,
  `invoice_id` int(11) NOT NULL,
  `estimate_id` int(11) NOT NULL,
  `estimate_request_id` int(11) NOT NULL,
  `actual_message_id` int(11) NOT NULL,
  `parent_message_id` int(11) NOT NULL,
  `event_id` int(11) NOT NULL,
  `announcement_id` int(11) NOT NULL,
  `deleted` int(1) NOT NULL DEFAULT '0',
  PRIMARY KEY (`id`),
  KEY `user_id` (`user_id`)
) ENGINE=InnoDB DEFAULT CHARSET=utf8 COLLATE=utf8_unicode_ci;

--
-- Dumping data for table `notifications`
--


--
-- Table structure for table `payment_methods`
--

CREATE TABLE `payment_methods` (
  `id` int(11) NOT NULL AUTO_INCREMENT,
  `title` text COLLATE utf8_unicode_ci NOT NULL,
  `type` varchar(100) COLLATE utf8_unicode_ci NOT NULL DEFAULT 'custom',
  `description` text COLLATE utf8_unicode_ci NOT NULL,
  `online_payable` tinyint(1) NOT NULL DEFAULT '0',
  `available_on_invoice` tinyint(1) NOT NULL DEFAULT '0',
  `minimum_payment_amount` double NOT NULL DEFAULT '0',
  `settings` longtext COLLATE utf8_unicode_ci NOT NULL,
  `deleted` tinyint(1) NOT NULL DEFAULT '0',
  PRIMARY KEY (`id`)
) ENGINE=InnoDB AUTO_INCREMENT=6 DEFAULT CHARSET=utf8 COLLATE=utf8_unicode_ci;

--
-- Dumping data for table `payment_methods`
--

INSERT INTO `payment_methods` VALUES (1,'Cash','custom','',0,0,0,'a:0:{}',0),(4,'Bank transfer / Card','custom','',0,0,0,'a:0:{}',0),(5,'Cheque','custom','',0,0,0,'a:0:{}',0);

--
-- Table structure for table `paypal_ipn`
--

CREATE TABLE `paypal_ipn` (
  `id` int(11) NOT NULL AUTO_INCREMENT,
  `transaction_id` tinytext COLLATE utf8_unicode_ci,
  `ipn_hash` longtext COLLATE utf8_unicode_ci NOT NULL,
  `ipn_data` longtext COLLATE utf8_unicode_ci NOT NULL,
  `deleted` tinyint(1) NOT NULL DEFAULT '0',
  PRIMARY KEY (`id`)
) ENGINE=InnoDB DEFAULT CHARSET=utf8 COLLATE=utf8_unicode_ci;

--
-- Dumping data for table `paypal_ipn`
--


--
-- Table structure for table `payroll`
--

CREATE TABLE `payroll` (
  `id` int(11) NOT NULL AUTO_INCREMENT,
  `month` date NOT NULL,
  `status` varchar(255) COLLATE utf8_unicode_ci NOT NULL DEFAULT 'draft',
  `deleted` int(11) NOT NULL DEFAULT '0',
  `payment_item_id` int(11) NOT NULL DEFAULT '0',
  PRIMARY KEY (`id`)
) ENGINE=MyISAM AUTO_INCREMENT=13 DEFAULT CHARSET=utf8 COLLATE=utf8_unicode_ci;

--
-- Dumping data for table `payroll`
--

INSERT INTO `payroll` VALUES (10,'2024-08-01','approved',0,0),(11,'2024-09-01','pending',0,0),(12,'2024-09-01','draft',1,0);

--
-- Table structure for table `payroll_detail`
--

CREATE TABLE `payroll_detail` (
  `id` int(11) NOT NULL AUTO_INCREMENT,
  `payroll_id` int(11) NOT NULL,
  `employee_id` int(11) NOT NULL,
  `salary` float(8,3) NOT NULL,
  `manual_deduction` float(8,3) NOT NULL,
  `manual_deduction_reason` text COLLATE utf8_unicode_ci,
  `manual_bounce` float(8,3) NOT NULL,
  `manual_bonus_reason` text COLLATE utf8_unicode_ci,
  `advance` float(10,3) NOT NULL,
  `loan` float(10,3) NOT NULL,
  `pasi_company` double DEFAULT '0',
  `pasi_employee` double DEFAULT '0',
  `job_s_company` double DEFAULT '0',
  `job_s_employee` double DEFAULT '0',
  `deleted` int(11) NOT NULL DEFAULT '0',
  PRIMARY KEY (`id`)
) ENGINE=MyISAM AUTO_INCREMENT=283 DEFAULT CHARSET=utf8 COLLATE=utf8_unicode_ci;

--
-- Dumping data for table `payroll_detail`
--

INSERT INTO `payroll_detail` VALUES (218,10,5,300.000,0.000,NULL,0.000,NULL,0.000,0.000,0,0,0,0,0),(219,10,1,0.000,0.000,NULL,0.000,NULL,0.000,0.000,0,0,0,0,0),(220,10,2,0.000,0.000,NULL,0.000,NULL,0.000,0.000,0,0,0,0,0),(221,10,4,0.000,0.000,NULL,0.000,NULL,0.000,0.000,0,0,0,0,0),(222,10,3,0.000,0.000,NULL,0.000,NULL,0.000,0.000,0,0,0,0,0),(223,11,1,0.000,0.000,NULL,0.000,NULL,0.000,0.000,0,0,0,0,0),(224,11,3,0.000,0.000,NULL,0.000,NULL,0.000,0.000,0,0,0,0,0),(225,11,2,0.000,0.000,NULL,0.000,NULL,0.000,0.000,0,0,0,0,0),(226,11,6,400.000,0.000,NULL,0.000,NULL,0.000,0.000,0,0,0,0,1),(227,11,5,400.000,0.000,NULL,0.000,NULL,0.000,0.000,0,0,0,0,0),(228,11,4,400.000,0.000,NULL,0.000,NULL,0.000,0.000,0,0,0,0,0),(229,12,4,350.000,0.000,NULL,0.000,NULL,0.000,0.000,0,0,0,0,0),(230,12,52,350.000,0.000,NULL,0.000,NULL,0.000,0.000,0,0,0,0,0),(231,12,1,0.000,0.000,NULL,0.000,NULL,0.000,0.000,0,0,0,0,0),(232,12,23,120.000,0.000,NULL,0.000,NULL,0.000,0.000,0,0,0,0,0),(233,12,8,120.000,0.000,NULL,0.000,NULL,0.000,0.000,0,0,0,0,0),(234,12,39,120.000,0.000,NULL,0.000,NULL,0.000,0.000,0,0,0,0,0),(235,12,41,120.000,0.000,NULL,0.000,NULL,0.000,0.000,0,0,0,0,0),(236,12,49,400.000,0.000,NULL,0.000,NULL,0.000,0.000,0,0,0,0,0),(237,12,3,0.000,0.000,NULL,0.000,NULL,0.000,0.000,0,0,0,0,0),(238,12,9,120.000,0.000,NULL,0.000,NULL,0.000,0.000,0,0,0,0,0),(239,12,33,120.000,0.000,NULL,0.000,NULL,0.000,0.000,0,0,0,0,0),(240,12,50,400.000,0.000,NULL,0.000,NULL,0.000,0.000,0,0,0,0,0),(241,12,42,120.000,0.000,NULL,0.000,NULL,0.000,0.000,0,0,0,0,0),(242,12,28,120.000,0.000,NULL,0.000,NULL,0.000,0.000,0,0,0,0,0),(243,12,36,120.000,0.000,NULL,0.000,NULL,0.000,0.000,0,0,0,0,0),(244,12,48,120.000,0.000,NULL,0.000,NULL,0.000,0.000,0,0,0,0,0),(245,12,10,300.000,0.000,NULL,0.000,NULL,0.000,0.000,0,0,0,0,0),(246,12,2,0.000,0.000,NULL,0.000,NULL,0.000,0.000,0,0,0,0,0),(247,12,45,120.000,0.000,NULL,0.000,NULL,0.000,0.000,0,0,0,0,0),(248,12,47,120.000,0.000,NULL,0.000,NULL,0.000,0.000,0,0,0,0,0),(249,12,31,120.000,0.000,NULL,0.000,NULL,0.000,0.000,0,0,0,0,0),(250,12,29,120.000,0.000,NULL,0.000,NULL,0.000,0.000,0,0,0,0,0),(251,12,54,400.000,0.000,NULL,0.000,NULL,0.000,0.000,0,0,0,0,0),(252,12,55,400.000,0.000,NULL,0.000,NULL,0.000,0.000,0,0,0,0,0),(253,12,7,150.000,0.000,NULL,0.000,NULL,0.000,0.000,0,0,0,0,0),(254,12,22,120.000,0.000,NULL,0.000,NULL,0.000,0.000,0,0,0,0,0),(255,12,27,120.000,0.000,NULL,0.000,NULL,0.000,0.000,0,0,0,0,0),(256,12,34,120.000,0.000,NULL,0.000,NULL,0.000,0.000,0,0,0,0,0),(257,12,35,120.000,0.000,NULL,0.000,NULL,0.000,0.000,0,0,0,0,0),(258,12,24,120.000,0.000,NULL,0.000,NULL,0.000,0.000,0,0,0,0,0),(259,12,11,120.000,0.000,NULL,0.000,NULL,0.000,0.000,0,0,0,0,0),(260,12,12,120.000,0.000,NULL,0.000,NULL,0.000,0.000,0,0,0,0,0),(261,12,13,120.000,0.000,NULL,0.000,NULL,0.000,0.000,0,0,0,0,0),(262,12,43,120.000,0.000,NULL,0.000,NULL,0.000,0.000,0,0,0,0,0),(263,12,30,120.000,0.000,NULL,0.000,NULL,0.000,0.000,0,0,0,0,0),(264,12,32,120.000,0.000,NULL,0.000,NULL,0.000,0.000,0,0,0,0,0),(265,12,14,120.000,0.000,NULL,0.000,NULL,0.000,0.000,0,0,0,0,0),(266,12,15,300.000,0.000,NULL,0.000,NULL,0.000,0.000,0,0,0,0,0),(267,12,26,120.000,0.000,NULL,0.000,NULL,0.000,0.000,0,0,0,0,0),(268,12,40,120.000,0.000,NULL,0.000,NULL,0.000,0.000,0,0,0,0,0),(269,12,16,200.000,0.000,NULL,0.000,NULL,0.000,0.000,0,0,0,0,0),(270,12,17,120.000,0.000,NULL,0.000,NULL,0.000,0.000,0,0,0,0,0),(271,12,25,120.000,0.000,NULL,0.000,NULL,0.000,0.000,0,0,0,0,0),(272,12,18,120.000,0.000,NULL,0.000,NULL,0.000,0.000,0,0,0,0,0),(273,12,5,350.000,0.000,NULL,0.000,NULL,0.000,0.000,0,0,0,0,0),(274,12,53,400.000,0.000,NULL,0.000,NULL,0.000,0.000,0,0,0,0,0),(275,12,46,120.000,0.000,NULL,0.000,NULL,0.000,0.000,0,0,0,0,0),(276,12,37,350.000,0.000,NULL,0.000,NULL,0.000,0.000,0,0,0,0,0),(277,12,19,300.000,0.000,NULL,0.000,NULL,0.000,0.000,0,0,0,0,0),(278,12,44,120.000,0.000,NULL,0.000,NULL,0.000,0.000,0,0,0,0,0),(279,12,20,120.000,0.000,NULL,0.000,NULL,0.000,0.000,0,0,0,0,0),(280,12,21,400.000,0.000,NULL,0.000,NULL,0.000,0.000,0,0,0,0,0),(281,12,51,400.000,0.000,NULL,0.000,NULL,0.000,0.000,0,0,0,0,0),(282,12,38,120.000,0.000,NULL,0.000,NULL,0.000,0.000,0,0,0,0,0);

--
-- Table structure for table `posts`
--

CREATE TABLE `posts` (
  `id` int(11) NOT NULL AUTO_INCREMENT,
  `created_by` int(11) NOT NULL,
  `created_at` datetime NOT NULL,
  `description` mediumtext COLLATE utf8_unicode_ci NOT NULL,
  `post_id` int(11) NOT NULL,
  `share_with` text COLLATE utf8_unicode_ci,
  `files` longtext COLLATE utf8_unicode_ci,
  `deleted` tinyint(1) NOT NULL DEFAULT '0',
  PRIMARY KEY (`id`)
) ENGINE=InnoDB DEFAULT CHARSET=utf8 COLLATE=utf8_unicode_ci;

--
-- Dumping data for table `posts`
--


--
-- Table structure for table `product_settings`
--

CREATE TABLE `product_settings` (
  `id` int(11) NOT NULL AUTO_INCREMENT,
  `item_id` int(11) NOT NULL,
  `raw_material` int(11) NOT NULL,
  `uom_id` int(11) NOT NULL,
  `qty` int(11) NOT NULL,
  `cost` double NOT NULL,
  `single` tinyint(4) NOT NULL,
  `deleted` tinyint(4) NOT NULL DEFAULT '0',
  PRIMARY KEY (`id`)
) ENGINE=InnoDB AUTO_INCREMENT=3 DEFAULT CHARSET=latin1;

--
-- Dumping data for table `product_settings`
--

INSERT INTO `product_settings` VALUES (1,1,2,1,2,5,0,0),(2,1,3,1,3,2,0,0);

--
-- Table structure for table `proforma_invoice_items`
--

CREATE TABLE `proforma_invoice_items` (
  `id` int(11) NOT NULL AUTO_INCREMENT,
  `item_id` int(11) NOT NULL DEFAULT '0',
  `title` text COLLATE utf8_unicode_ci NOT NULL,
  `cost` double NOT NULL,
  `description` text COLLATE utf8_unicode_ci,
  `quantity` double NOT NULL,
  `unit_type` varchar(20) COLLATE utf8_unicode_ci NOT NULL DEFAULT '',
  `rate` double NOT NULL,
  `total` double NOT NULL,
  `sort` int(11) NOT NULL DEFAULT '0',
  `invoice_id` int(11) NOT NULL,
  `deleted` tinyint(1) NOT NULL DEFAULT '0',
  `old_id` int(11) DEFAULT '0',
  `tax_id` int(11) DEFAULT '0',
  `tax_id2` int(11) DEFAULT '0',
  PRIMARY KEY (`id`)
) ENGINE=InnoDB DEFAULT CHARSET=utf8 COLLATE=utf8_unicode_ci;

--
-- Dumping data for table `proforma_invoice_items`
--


--
-- Table structure for table `proforma_invoice_payments`
--

CREATE TABLE `proforma_invoice_payments` (
  `id` int(11) NOT NULL AUTO_INCREMENT,
  `amount` double NOT NULL,
  `payment_date` date NOT NULL,
  `payment_method_id` int(11) NOT NULL,
  `cheque_due_date` date DEFAULT NULL,
  `cheque_description` varchar(150) COLLATE utf8_unicode_ci DEFAULT NULL,
  `cheque_account` varchar(150) COLLATE utf8_unicode_ci DEFAULT NULL,
  `cheque_number` varchar(150) COLLATE utf8_unicode_ci DEFAULT NULL,
  `cheque_transaction_id` int(11) NOT NULL DEFAULT '0',
  `note` text COLLATE utf8_unicode_ci,
  `invoice_id` int(11) NOT NULL,
  `status` enum('draft','request_approval','approved','bounce','deposited','refunded','cancelled','delayed','on_hold') COLLATE utf8_unicode_ci NOT NULL DEFAULT 'draft',
  `deleted` tinyint(1) NOT NULL DEFAULT '0',
  `transaction_id` tinytext COLLATE utf8_unicode_ci,
  `account_transaction_id` int(11) NOT NULL DEFAULT '0',
  `advance_transaction_id` int(11) NOT NULL DEFAULT '0',
  `created_by` int(11) DEFAULT '1',
  `created_at` datetime DEFAULT NULL,
  `files` varchar(255) COLLATE utf8_unicode_ci DEFAULT NULL,
  `bank` int(11) DEFAULT NULL,
  PRIMARY KEY (`id`),
  KEY `id` (`id`),
  KEY `id_2` (`id`)
) ENGINE=InnoDB DEFAULT CHARSET=utf8 COLLATE=utf8_unicode_ci;

--
-- Dumping data for table `proforma_invoice_payments`
--


--
-- Table structure for table `proforma_invoices`
--

CREATE TABLE `proforma_invoices` (
  `id` int(11) NOT NULL AUTO_INCREMENT,
  `quotation_id` int(11) NOT NULL,
  `client_id` int(11) NOT NULL,
  `project_id` int(11) NOT NULL DEFAULT '0',
  `bill_date` date NOT NULL,
  `due_date` date NOT NULL,
  `note` mediumtext COLLATE utf8_unicode_ci,
  `labels` text COLLATE utf8_unicode_ci,
  `last_email_sent_date` date DEFAULT NULL,
  `status` enum('draft','not_paid','cancelled') COLLATE utf8_unicode_ci NOT NULL DEFAULT 'draft',
  `delivery_status` enum('delivered','not_delivered') COLLATE utf8_unicode_ci NOT NULL DEFAULT 'not_delivered',
  `approval_status` enum('not_approved','request_approval','approved') COLLATE utf8_unicode_ci NOT NULL DEFAULT 'not_approved',
  `tax_id` int(11) NOT NULL DEFAULT '0',
  `tax_id2` int(11) NOT NULL DEFAULT '0',
  `recurring` tinyint(4) NOT NULL DEFAULT '0',
  `recurring_invoice_id` int(11) NOT NULL DEFAULT '0',
  `repeat_every` int(11) NOT NULL DEFAULT '0',
  `repeat_type` enum('days','weeks','months','years') COLLATE utf8_unicode_ci DEFAULT NULL,
  `no_of_cycles` int(11) NOT NULL DEFAULT '0',
  `next_recurring_date` date DEFAULT NULL,
  `no_of_cycles_completed` int(11) NOT NULL DEFAULT '0',
  `due_reminder_date` date DEFAULT NULL,
  `recurring_reminder_date` date DEFAULT NULL,
  `discount_amount` double NOT NULL,
  `discount_amount_type` enum('percentage','fixed_amount') COLLATE utf8_unicode_ci NOT NULL,
  `discount_type` enum('before_tax','after_tax') COLLATE utf8_unicode_ci DEFAULT NULL,
  `cancelled_at` datetime DEFAULT NULL,
  `cancelled_by` int(11) NOT NULL,
  `owner` int(11) NOT NULL,
  `revised` int(11) NOT NULL,
  `deleted` tinyint(1) NOT NULL DEFAULT '0',
  `old_project` int(11) DEFAULT '0',
  `old_invoice_no` varchar(255) COLLATE utf8_unicode_ci DEFAULT NULL,
  `old_quotation_id` int(11) DEFAULT '0',
  `department` int(11) NOT NULL DEFAULT '0',
  PRIMARY KEY (`id`)
) ENGINE=InnoDB DEFAULT CHARSET=utf8 COLLATE=utf8_unicode_ci;

--
-- Dumping data for table `proforma_invoices`
--


--
-- Table structure for table `project_comments`
--

CREATE TABLE `project_comments` (
  `id` int(11) NOT NULL AUTO_INCREMENT,
  `created_by` int(11) NOT NULL,
  `created_at` datetime NOT NULL,
  `description` mediumtext COLLATE utf8_unicode_ci NOT NULL,
  `project_id` int(11) NOT NULL DEFAULT '0',
  `comment_id` int(11) NOT NULL DEFAULT '0',
  `task_id` int(11) NOT NULL DEFAULT '0',
  `file_id` int(11) NOT NULL DEFAULT '0',
  `customer_feedback_id` int(11) NOT NULL DEFAULT '0',
  `files` longtext COLLATE utf8_unicode_ci,
  `deleted` tinyint(1) NOT NULL DEFAULT '0',
  PRIMARY KEY (`id`)
) ENGINE=InnoDB DEFAULT CHARSET=utf8 COLLATE=utf8_unicode_ci;

--
-- Dumping data for table `project_comments`
--


--
-- Table structure for table `project_files`
--

CREATE TABLE `project_files` (
  `id` int(11) NOT NULL AUTO_INCREMENT,
  `file_name` text COLLATE utf8_unicode_ci NOT NULL,
  `file_id` text COLLATE utf8_unicode_ci,
  `service_type` varchar(20) COLLATE utf8_unicode_ci DEFAULT NULL,
  `description` mediumtext COLLATE utf8_unicode_ci,
  `file_size` double NOT NULL,
  `created_at` datetime NOT NULL,
  `project_id` int(11) NOT NULL,
  `uploaded_by` int(11) NOT NULL,
  `deleted` tinyint(1) NOT NULL DEFAULT '0',
  PRIMARY KEY (`id`)
) ENGINE=InnoDB DEFAULT CHARSET=utf8 COLLATE=utf8_unicode_ci;

--
-- Dumping data for table `project_files`
--


--
-- Table structure for table `project_members`
--

CREATE TABLE `project_members` (
  `id` int(11) NOT NULL AUTO_INCREMENT,
  `user_id` int(11) NOT NULL,
  `project_id` int(11) NOT NULL,
  `is_leader` tinyint(1) DEFAULT '0',
  `deleted` tinyint(1) NOT NULL DEFAULT '0',
  PRIMARY KEY (`id`)
) ENGINE=InnoDB AUTO_INCREMENT=2 DEFAULT CHARSET=utf8 COLLATE=utf8_unicode_ci;

--
-- Dumping data for table `project_members`
--

INSERT INTO `project_members` VALUES (1,1,1,1,0);

--
-- Table structure for table `project_settings`
--

CREATE TABLE `project_settings` (
  `project_id` int(11) NOT NULL,
  `setting_name` varchar(100) COLLATE utf8_unicode_ci NOT NULL,
  `setting_value` mediumtext COLLATE utf8_unicode_ci NOT NULL,
  `deleted` tinyint(1) NOT NULL DEFAULT '0',
  UNIQUE KEY `unique_index` (`project_id`,`setting_name`)
) ENGINE=InnoDB DEFAULT CHARSET=utf8 COLLATE=utf8_unicode_ci;

--
-- Dumping data for table `project_settings`
--


--
-- Table structure for table `project_time`
--

CREATE TABLE `project_time` (
  `id` int(11) NOT NULL AUTO_INCREMENT,
  `project_id` int(11) NOT NULL,
  `user_id` int(11) NOT NULL,
  `start_time` datetime NOT NULL,
  `end_time` datetime DEFAULT NULL,
  `status` enum('open','logged','approved') COLLATE utf8_unicode_ci NOT NULL DEFAULT 'logged',
  `note` text COLLATE utf8_unicode_ci,
  `task_id` int(11) NOT NULL DEFAULT '0',
  `deleted` tinyint(1) NOT NULL DEFAULT '0',
  PRIMARY KEY (`id`)
) ENGINE=InnoDB DEFAULT CHARSET=utf8 COLLATE=utf8_unicode_ci;

--
-- Dumping data for table `project_time`
--


--
-- Table structure for table `projects`
--

CREATE TABLE `projects` (
  `id` int(11) NOT NULL AUTO_INCREMENT,
  `title` text COLLATE utf8_unicode_ci NOT NULL,
  `description` mediumtext COLLATE utf8_unicode_ci,
  `start_date` date DEFAULT NULL,
  `deadline` date DEFAULT NULL,
  `client_id` int(11) NOT NULL,
  `created_date` date DEFAULT NULL,
  `created_by` int(11) NOT NULL DEFAULT '0',
  `status` enum('open','completed','hold','canceled','pending','') COLLATE utf8_unicode_ci NOT NULL DEFAULT 'pending',
  `labels` text COLLATE utf8_unicode_ci,
  `price` double NOT NULL DEFAULT '0',
  `starred_by` mediumtext COLLATE utf8_unicode_ci NOT NULL,
  `estimate_id` int(11) NOT NULL,
  `geo_location` varchar(255) COLLATE utf8_unicode_ci DEFAULT NULL,
  `deleted` tinyint(1) NOT NULL DEFAULT '0',
  PRIMARY KEY (`id`)
) ENGINE=InnoDB AUTO_INCREMENT=2 DEFAULT CHARSET=utf8 COLLATE=utf8_unicode_ci;

--
-- Dumping data for table `projects`
--

INSERT INTO `projects` VALUES (1,'Material','Seed','2024-02-04','2024-02-06',112,'2024-02-04',1,'open','',100,'',0,NULL,1);

--
-- Table structure for table `purchase_order_items`
--

CREATE TABLE `purchase_order_items` (
  `id` int(11) NOT NULL AUTO_INCREMENT,
  `item_id` int(11) NOT NULL DEFAULT '0',
  `title` text COLLATE utf8_unicode_ci NOT NULL,
  `description` text COLLATE utf8_unicode_ci,
  `quantity` double NOT NULL,
  `unit_type` varchar(20) COLLATE utf8_unicode_ci NOT NULL DEFAULT '',
  `rate` double NOT NULL,
  `total` double NOT NULL,
  `sort` int(11) NOT NULL DEFAULT '0',
  `purchase_order_id` int(11) NOT NULL,
  `tax_id` int(11) DEFAULT '0',
  `tax_id2` int(11) DEFAULT '0',
  `deleted` tinyint(1) NOT NULL DEFAULT '0',
  PRIMARY KEY (`id`)
) ENGINE=InnoDB AUTO_INCREMENT=103 DEFAULT CHARSET=utf8 COLLATE=utf8_unicode_ci;

--
-- Dumping data for table `purchase_order_items`
--

INSERT INTO `purchase_order_items` VALUES (1,1,'##initial balance##','',1,'Piece',0,0,0,1,1,0,0),(2,1,'##initial balance##','',1,'Piece',0,0,0,2,1,0,0),(3,1,'##initial balance##','',1,'Piece',0,0,0,3,1,0,0),(4,1,'##initial balance##','',1,'Piece',0,0,0,4,1,0,0),(5,1,'##initial balance##','',1,'Piece',0,0,0,5,1,0,1),(6,1,'##initial balance##','',1,'Piece',0,0,0,6,1,0,0),(7,1,'##initial balance##','',1,'Piece',0,0,0,7,1,0,0),(8,1,'##initial balance##','',1,'Piece',0,0,0,8,1,0,0),(9,2,'250 ML PREFORMS-9 GMS','25200 PCS in Box',1411200,'PCS',0.0054,7620.48,0,10,1,0,0),(10,36,'CALCIUM CHLORIDE','',1,'KG',8001.504,8001.504,0,11,0,0,0),(11,49,'FILMTEC MEMBRANE BW30-400 PRO','',15,'KG',215.25,3228.75,0,12,1,0,0),(12,8,'29/25 CAP CLOSURES - Pink','8000 PCS in Box',5200000,'PCS',0.0011,5720,0,13,1,0,0),(13,7,'1.5 L PREFORMS-26 GMS','804 PCS in Box',414720,'PCS',0.0185,7672.32,0,14,1,0,0),(14,38,'RO ANTISCALANT','GENESYS LSG',5,'LTR',32,160,0,15,1,0,1),(15,0,'DISTILLED WATER','LAB USE',1,'',5,5,0,15,1,0,1),(16,2,'250 ML PREFORMS-9 GMS','25200 PCS in Box',1411200,'PCS',0.0054,7620.48,0,17,1,0,0),(17,38,'RO ANTISCALANT',' NEW RO',5,'LTR',32,160,0,18,1,0,0),(18,0,'DISTILLED WATER','',1,'',5,5,0,18,1,0,0),(19,16,'SHRINK FILM ROLLS - 250 ML (24 PCS) - Barcode','30KG in Roll',5000,'KG',0.68,3400,0,19,1,0,0),(20,15,'SHRINK FILM ROLLS - 250 ML (24 PCS) - Plain Roll','30 KG in Roll',5000,'KG',0.64,3200,0,19,1,0,0),(21,22,'SHRINK FILM ROLLS - 1.5 L (6 PCS) - Barcode','45 KG in Roll',5000,'KG',0.68,3400,0,19,1,0,0),(22,2,'250 ML PREFORMS-9 GMS','25200 PCS in Box',705600,'PCS',0.0054,3810.24,0,20,1,0,0),(23,20,'SHRINK FILM ROLLS - 500 ML (24 PCS) - Barcode','45 KG in Roll',5005,'KG',0.68,3403.4,0,21,1,0,0),(24,24,'WOODDEN PELLETS','',1043,'PCS',1.3,1355.9,0,22,0,0,0),(25,36,'CALCIUM CHLORIDE','',207,'KG',1.6,331.2,0,23,1,0,0),(26,26,'LINX SOLVENT','',20,'PCS',17,340,0,24,1,0,0),(27,25,'LINX INK','',10,'PCS',25,250,0,24,1,0,0),(28,27,'LINX CLEANING SOLUTION','',7,'PCS',15,105,0,24,0,0,0),(29,6,'500 ML PREFORMS-11.5 GMS','2016 PCS in Box',967680,'PCS',0.0083,8031.744,0,25,1,0,0),(30,32,'4 PLY LAYERPADS 500ML 1120x980','',1800,'PCS',0.14,252,0,26,1,0,0),(31,33,'5 PLY LAYERPADS 1.5L 1200x920','',3600,'PCS',0.14,504,0,26,1,0,0),(32,31,'3 PLY LAYERPADS 250ML 1040x950','',1800,'PCS',0.13,234,0,26,1,0,0),(33,32,'4 PLY LAYERPADS 500ML 1120x980','',2400,'PCS',0.14,336,0,27,1,0,0),(34,33,'5 PLY LAYERPADS 1.5L 1200x920','',2400,'PCS',0.14,336,0,27,1,0,0),(35,31,'3 PLY LAYERPADS 250ML 1040x950','',2400,'PCS',0.13,312,0,27,1,0,0),(36,4,'250 ML PREFORMS -9.5 GMS','24500 PCS in Box',1372000,'PCS',0.0057,7820.4,0,5,1,0,0),(37,4,'250 ML PREFORMS -9.5 GMS','24500 PCS in Box',1372000,'PCS',0.0057,7820.4,0,28,1,0,0),(38,0,'500 ML LABEL FAJR','',1000000,'',0.00137,1370,0,29,1,0,0),(39,2,'250 ML PREFORMS-9 GMS','25200 PCS in Box',1411200,'PCS',0.0054,7620.48,0,30,1,0,0),(40,7,'1.5 L PREFORMS-26 GMS','804 PCS in Box',435456,'PCS',0.0185,8055.936,0,32,1,0,0),(41,5,'250 ML PREFORMS -7.8 GMS','3072 PCS in Box',12288,'PCS',0.0049,60.2112,0,33,1,0,0),(42,2,'250 ML PREFORMS-9 GMS','25200 PCS in Box',1411200,'PCS',0.0054,7620.48,0,34,1,0,0),(43,16,'SHRINK FILM ROLLS - 250 ML (24 PCS) - Barcode','45 KG in Roll',5000,'KG',0.67,3350,0,35,1,0,0),(44,3,'250 ML PREFORMS-8.95 GMS','2496 PCS in Box',1497600,'PCS',0.0054,8087.04,0,36,1,0,0),(45,8,'29/25 CAP CLOSURES - Pink','8000 PCS in Box',5200000,'PCS',0.0011,5720,0,37,1,0,0),(46,4,'250 ML PREFORMS -9.5 GMS','24500 PCS in Box',1200500,'PCS',0.0054,6482.7,0,38,1,0,0),(47,6,'500 ML PREFORMS-11.5 GMS','2016 PCS in Box',967680,'PCS',0.0083,8031.744,0,39,1,0,0),(48,12,'PVC HEAT SHRINKABLE SLEEVES - 250 ML','25000 PCS in Roll',30000000,'PCS',0.00089,26700,0,40,0,0,0),(49,13,'PVC HEAT SHRINKABLE SLEEVES - 500 ML','20000 PCS in Roll',5000000,'PCS',0.00137,6850,0,40,0,0,0),(50,54,'500 ML LABEL ABAQ','',500000,'PCS',0.00137,685,0,41,1,0,0),(51,13,' 500 ML LABEL FAJR','20000 PCS in Roll',1000000,'PCS',0.00137,1370,0,41,1,0,0),(52,53,'1.5 L  LABEL FAJR','',1000000,'PCS',0.0028,2800,0,41,1,0,0),(53,22,'SHRINK FILM ROLLS - 1.5 L (6 PCS) - Barcode  6074000154050','45 KG in Roll',3000,'KG',0.68,2040,0,42,1,0,0),(54,16,'SHRINK FILM ROLLS - 250 ML (24 PCS) - Barcode 6074000154074','45 KG in Roll',3000,'KG',0.68,2040,0,42,1,0,0),(55,34,'CONVEYER LUBRICANT','',800,'LTR',1.2,960,0,43,1,0,0),(56,2,'250 ML PREFORMS-9 GMS','25200 PCS in Box',302400,'PCS',0.0054,1632.96,0,44,1,0,0),(57,11,'29/25 CAP CLOSURES - Blue  ','8000 PCS in Box',4000000,'PCS',0.0011,4400,0,44,1,0,0),(58,2,'250 ML PREFORMS-9 GMS','25200 PCS in Box',1108800,'PCS',0.0054,5987.52,0,45,1,0,0),(59,11,'29/25 CAP CLOSURES - Blue  ','8000 PCS in Box',1200000,'PCS',0.0011,1320,0,45,1,0,0),(60,4,'250 ML PREFORMS -9.5 GMS','24500 PCS in Box',1176000,'PCS',0.0054,6350.4,0,46,1,0,0),(61,7,'1.5 L PREFORMS-26 GMS','804 PCS in Box',414720,'PCS',0.0185,7672.32,0,47,1,0,0),(62,4,'250 ML PREFORMS -9.5 GMS','24500 PCS in Box',1274000,'PCS',0.0054,6879.6,0,48,1,0,0),(63,2,'250 ML PREFORMS-9 GMS','25200 PCS in Box',655200,'PCS',0.0054,3538.08,0,49,1,0,0),(64,11,'29/25 CAP CLOSURES - Blue  ','8000 PCS in Box',2600000,'PCS',1.1,2860000,0,49,1,0,0),(65,4,'250 ML PREFORMS -9.5 GMS','24500 PCS in Box',1274000,'PCS',0.0054,6879.6,0,50,1,0,0),(66,6,'500 ML PREFORMS-11.5 GMS','2016 PCS in Box',967680,'PCS',0.0083,8031.744,0,51,1,0,0),(67,2,'250 ML PREFORMS-9 GMS','25200 PCS in Box',1411200,'PCS',0.0054,7620.48,0,52,1,0,0),(68,2,'250 ML PREFORMS-9 GMS','25200 PCS in Box',705600,'PCS',5.4,3810240,0,53,1,0,0),(69,11,'29/25 CAP CLOSURES - Blue  ','8000 PCS in Box',2600000,'PCS',1.1,2860000,0,53,1,0,0),(70,9,'29/25 CAP CLOSURES - Green','8000 PCS in Box',2200000,'PCS',0.0011,2420,0,54,1,0,0),(71,11,'29/25 CAP CLOSURES - Blue  ','8000 PCS in Box',2600000,'PCS',0.0011,2860,0,54,1,0,0),(72,7,'1.5 L PREFORMS-26 GMS','804 PCS in Box',414720,'PCS',0.0185,7672.32,0,55,1,0,0),(73,24,'WOODDEN PELLETS','',658,'PCS',1.3,855.4,0,56,0,0,0),(74,26,'LINX SOLVENT','',36,'PCS',17,612,0,57,1,0,0),(75,35,'MAGNESIUM SULPHATE','',48,'KG',30,1440,0,58,1,0,0),(76,22,'SHRINK FILM ROLLS - 1.5 L (6 PCS) - Barcode  6074000154050','45 KG in Roll',3000,'KG',0.68,2040,0,59,1,0,0),(77,16,'SHRINK FILM ROLLS - 250 ML (24 PCS) - Barcode 6074000154074','45 KG in Roll',3000,'KG',0.68,2040,0,59,1,0,0),(78,49,'FILMTEC MEMBRANE BW30-400 PRO','',225,'KG',10.5,2362.5,0,60,1,0,0),(79,39,'3 PLY PRINTED CARTON FOR CUP','',61000,'PCS',0.06,3660,0,61,1,0,0),(80,0,'SERVICE','',356,'',1,356,0,62,1,0,0),(81,5,'250 ML PREFORMS -7.8 GMS','3072 PCS in Box',1843.2,'PCS',4.8,8847.36,0,63,1,0,0),(82,3,'250 ML PREFORMS-8.95 GMS','2496 PCS in Box',1497.6,'PCS',5.4,8087.04,0,64,1,0,0),(83,39,'3 PLY PRINTED CARTON FOR CUP','',10105,'PCS',0.06,606.3,0,65,1,0,0),(84,32,'4 PLY LAYERPADS 500ML 1120x980','',10105,'PCS',0.013,131.365,0,65,1,0,0),(85,4,'250 ML PREFORMS -9.5 GMS','24500 PCS in Box',1470000,'PCS',0.0054,7938,0,66,1,0,0),(86,16,'SHRINK FILM ROLLS - 250 ML (24 PCS) - Barcode 6074000154074','45 KG in Roll',1494,'KG',0.67,1000.98,0,67,1,0,0),(87,20,'SHRINK FILM ROLLS - 500 ML (24 PCS) - Barcode 6074000154043','45 KG in Roll',17977,'KG',0.06,1078.62,0,68,1,0,0),(88,35,'MAGNESIUM SULPHATE','',48,'KG',30,1440,0,69,1,0,0),(89,36,'CALCIUM CHLORIDE','',20,'KG',40,800,0,69,1,0,0),(90,34,'CONVEYER LUBRICANT','',4,'LTR',240,960,0,70,1,0,0),(91,15,'SHRINK FILM ROLLS - 250 ML (24 PCS) - Plain Roll','45 KG in Roll',75,'KG',10.5,787.5,0,71,1,0,0),(92,24,'WOODDEN PELLETS','',240,'PCS',1.3,312,0,72,1,0,0),(93,31,'3 PLY LAYERPADS 250ML 1040x950','',4715,'PCS',0.13,612.95,0,73,1,0,0),(94,31,'3 PLY LAYERPADS 250ML 1040x950','',2050,'PCS',1.4,2870,0,74,1,0,0),(95,0,'TYRES','',9,'',92,828,0,75,1,0,0),(96,7,'1.5 L PREFORMS-26 GMS','804 PCS in Box',414720,'PCS',0.0185,7672.32,0,76,1,0,0),(97,2,'250 ML PREFORMS-9 GMS','25200 PCS in Box',1108800,'PCS',0.0054,5987.52,0,77,1,0,0),(98,11,'29/25 CAP CLOSURES - Blue  ','8000 PCS in Box',1200000,'PCS',0.0011,1320,0,77,1,0,0),(99,11,'29/25 CAP CLOSURES - Blue  ','8000 PCS in Box',5200000,'PCS',1.1,5720000,0,78,1,0,0),(100,2,'250 ML PREFORMS-9 GMS','25200 PCS in Box',1411200,'PCS',0.0054,7620.48,0,79,1,0,0),(101,7,'1.5 L PREFORMS-26 GMS','804 PCS in Box',414720,'PCS',0.0185,7672.32,0,80,1,0,0),(102,2,'250 ML PREFORMS-9 GMS','25200 PCS in Box',1411200,'PCS',0.0054,7620.48,0,81,1,0,0);

--
-- Table structure for table `purchase_order_payments`
--

CREATE TABLE `purchase_order_payments` (
  `id` int(11) NOT NULL AUTO_INCREMENT,
  `files` varchar(255) COLLATE utf8_unicode_ci DEFAULT NULL,
  `amount` double NOT NULL,
  `payment_date` date NOT NULL,
  `payment_method_id` int(11) NOT NULL,
  `cheque_due_date` date DEFAULT NULL,
  `cheque_description` varchar(255) COLLATE utf8_unicode_ci DEFAULT NULL,
  `cheque_account` varchar(150) COLLATE utf8_unicode_ci DEFAULT NULL,
  `cheque_number` varchar(150) COLLATE utf8_unicode_ci DEFAULT NULL,
  `cheque_transaction_id` int(11) NOT NULL DEFAULT '0',
  `note` text COLLATE utf8_unicode_ci,
  `purchase_order_id` int(11) NOT NULL,
  `status` enum('draft','request_approval','approved') COLLATE utf8_unicode_ci NOT NULL DEFAULT 'draft',
  `deleted` tinyint(1) NOT NULL DEFAULT '0',
  `transaction_id` int(11) DEFAULT '0',
  `prepayment_transaction_id` int(11) NOT NULL DEFAULT '0',
  `created_by` int(11) DEFAULT '1',
  `bank` int(11) NOT NULL DEFAULT '0',
  `treasury` int(11) NOT NULL DEFAULT '0',
  `created_at` datetime DEFAULT NULL,
  PRIMARY KEY (`id`),
  KEY `id` (`id`),
  KEY `id_2` (`id`)
) ENGINE=InnoDB AUTO_INCREMENT=127 DEFAULT CHARSET=utf8 COLLATE=utf8_unicode_ci;

--
-- Dumping data for table `purchase_order_payments`
--

INSERT INTO `purchase_order_payments` VALUES (1,'a:0:{}',7713.09,'2024-10-01',5,'2024-11-24','','bank sohar','00147221',8234,'',1,'approved',0,1,0,1,111,0,'2024-10-02 10:39:18'),(2,'a:0:{}',5931.6,'2024-10-01',5,'2024-11-29','','Sohar Bank','00147222',10187,'',1,'approved',0,2,0,1,111,0,'2024-10-02 10:43:05'),(3,'a:0:{}',1379.564,'2024-10-01',5,'2024-10-02','','Sohar Bank','00128235',0,'',2,'draft',1,0,0,1,111,0,'2024-10-02 11:05:37'),(4,'a:0:{}',8149.68,'2024-10-01',5,'2024-12-05','','Sohar Bank','00147227',10186,'',1,'approved',0,3,0,1,111,0,'2024-10-02 11:36:18'),(5,'a:0:{}',6006,'2024-10-01',5,'2024-11-14','','Sohar Bank','00102825',7501,'',1,'approved',0,5,0,1,111,0,'2024-10-02 11:39:19'),(6,'a:0:{}',8034.78,'2024-10-01',5,'2024-11-19','','Sohar Bank','00102827',7753,'',1,'approved',0,4,0,1,111,0,'2024-10-02 11:40:28'),(7,'a:0:{}',5733,'2024-10-01',5,'2024-10-07','','Sohar Bank','00102800',2926,'',1,'approved',0,6,0,1,111,0,'2024-10-02 11:41:48'),(8,'a:0:{}',8149.68,'2024-10-01',5,'2024-12-05','','Sohar Bank','00147227',10188,'',1,'approved',0,7,0,1,111,0,'2024-10-02 11:43:20'),(9,'a:0:{}',1379.564,'2024-10-01',5,'2024-10-12','','Sohar Bank','00128235',3518,'',2,'approved',0,8,0,1,111,0,'2024-10-02 11:46:59'),(10,'a:0:{}',1519.56,'2024-10-01',5,'2024-10-19','','Sohar Bank','00102797',3525,'',2,'approved',0,9,0,1,111,0,'2024-10-02 11:47:56'),(11,'a:0:{}',6546.713,'2024-10-01',5,'2024-10-25','','Sohar Bank','00102796',3726,'',2,'approved',0,10,0,1,111,0,'2024-10-02 11:48:47'),(12,'a:0:{}',4545.314,'2024-10-01',5,'2024-11-05','','Sohar Bank','00102806',5470,'',2,'approved',0,11,0,1,111,0,'2024-10-02 11:49:46'),(13,'a:0:{}',8055.936,'2024-10-01',5,'2024-11-22','','Sohar Bank','00147224',11603,'',3,'approved',0,12,0,1,111,0,'2024-10-02 12:06:18'),(14,'a:0:{}',8099.481,'2024-10-01',5,'2024-09-29','','Sohar Bank','00128216',625,'',3,'approved',0,13,0,1,111,0,'2024-10-02 12:07:14'),(15,'a:0:{}',8534.938,'2024-10-01',5,'2024-10-13','','Sohar Bank','00128217',2348,'',3,'approved',0,14,0,1,111,0,'2024-10-02 12:08:06'),(16,'a:0:{}',8099.482,'2024-10-01',5,'2024-10-22','','Sohar Bank','00102814',3524,'',3,'approved',0,15,0,1,111,0,'2024-10-02 12:08:57'),(17,'a:0:{}',8433.331,'2024-10-01',5,'2024-12-13','','Sohar Bank','00147225',14623,'',3,'approved',0,16,0,1,111,0,'2024-10-02 12:09:47'),(18,'a:0:{}',2646,'2024-10-01',5,'2024-12-30','','Sohar Bank','00147226',14624,'',3,'approved',0,17,0,1,111,0,'2024-10-02 12:10:40'),(19,'a:0:{}',8433.331,'2024-10-01',5,'2024-11-06','','Sohar Bank','00102812',14625,'',3,'approved',0,18,0,1,111,0,'2024-10-02 12:11:30'),(20,'a:0:{}',3250,'2024-10-01',5,'2024-12-03','','Sohar Bank','00128209',11601,'',4,'approved',0,19,0,1,111,0,'2024-10-02 12:14:14'),(21,'a:0:{}',3250,'2024-10-01',5,'2024-11-03','','Sohar Bank','00128208',5466,'',4,'approved',0,20,0,1,111,0,'2024-10-02 12:15:36'),(22,'a:0:{}',3250,'2024-10-01',5,'2024-10-03','','Sohar Bank','00128207',1575,'',4,'approved',0,21,0,1,111,0,'2024-10-02 12:16:33'),(23,'a:0:{}',3250,'2024-10-01',5,'2025-01-03','','Sohar Bank','00128210',16089,'',4,'approved',0,22,0,1,111,0,'2024-10-02 12:17:50'),(24,'a:0:{}',3250,'2024-10-01',5,'2025-02-03','','Sohar Bank','00128211',0,'',4,'approved',0,23,0,1,111,0,'2024-10-02 12:19:03'),(25,'a:0:{}',3250,'2024-10-01',5,'2025-03-03','','Sohar Bank','00128212',0,'',4,'approved',0,24,0,1,111,0,'2024-10-02 12:20:00'),(26,'a:0:{}',3250,'2024-10-01',5,'2025-04-03','','Sohar Bank','00128213',0,'',4,'approved',0,25,0,1,111,0,'2024-10-02 12:20:55'),(27,'a:0:{}',3250,'2024-10-01',5,'2025-05-03','','Sohar Bank','00128214',0,'',4,'approved',0,26,0,1,111,0,'2024-10-02 12:21:38'),(28,'a:0:{}',3250,'2024-10-01',5,'2025-06-03','','Sohar Bank','00102802',0,'',4,'approved',1,0,0,1,111,0,'2024-10-02 12:22:31'),(29,'a:0:{}',3250,'2024-10-01',5,'2025-07-03','','Sohar Bank','00102803',0,'',4,'draft',1,0,0,1,111,0,'2024-10-02 12:24:02'),(30,'a:0:{}',3010,'2024-10-01',5,'2025-06-03','','Sohar Bank','00102802',0,'',4,'approved',0,27,0,1,111,0,'2024-10-02 12:28:03'),(31,'a:0:{}',3010,'2024-10-01',5,'2025-07-03','','Sohar Bank','00102803',0,'',4,'approved',0,28,0,1,111,0,'2024-10-02 12:28:54'),(32,'a:0:{}',3010,'2024-10-01',5,'2025-08-03','','Sohar Bank','00102804',0,'',4,'approved',0,29,0,1,111,0,'2024-10-02 12:29:43'),(33,'a:0:{}',3250,'2024-10-01',5,'2025-09-03','','Sohar Bank','00128206',0,'',4,'approved',0,30,0,1,111,0,'2024-10-02 12:30:49'),(34,'a:0:{}',8211.42,'2024-10-01',5,'2024-10-16','','Sohar Bank','',0,'',5,'draft',1,0,0,1,111,0,'2024-10-02 12:33:41'),(35,'a:0:{}',7469.28,'2024-10-01',5,'2024-10-10','','Sohar Bank','00152611',1572,'',6,'approved',0,32,0,1,111,0,'2024-10-02 12:35:31'),(36,'a:0:{}',7983.36,'2024-10-01',5,'2024-11-10','','Sohar Bank','00152462',6556,'',6,'approved',0,33,0,1,111,0,'2024-10-02 12:36:40'),(37,'a:0:{}',1564.92,'2024-10-01',5,'2024-10-04','','Sohar Bank','00128232',1574,'',7,'approved',0,34,0,1,111,0,'2024-10-02 12:38:31'),(38,'a:0:{}',618.765,'2024-10-01',5,'2024-10-17','','Sohar Bank','00128233',2925,'',7,'approved',0,35,0,1,111,0,'2024-10-02 12:39:21'),(39,'a:0:{}',1033.2,'2024-10-01',5,'2024-10-15','','Sohar Bank','00147228',2924,'',8,'approved',0,36,0,1,111,0,'2024-10-02 12:40:53'),(40,'a:1:{i:0;a:4:{s:9:\"file_name\";s:47:\"invoice_file67037e3850b1b-Barka-plastic-Ltd.pdf\";s:9:\"file_size\";s:7:\"6471259\";s:7:\"file_id\";N;s:12:\"service_type\";N;}}',8001.5,'2024-12-11',5,'2024-10-07','','024020008051','00102829',0,'',10,'draft',1,0,0,2,111,0,'2024-10-07 06:22:48'),(41,'a:0:{}',1.605,'2024-10-07',5,'2024-10-07','123','123','123',0,'',11,'draft',1,0,0,2,111,0,'2024-10-07 06:32:18'),(42,'a:1:{i:0;a:4:{s:9:\"file_name\";s:55:\"invoice_file67038c0ee7e39-PHOTO-2024-09-30-13-50-16.jpg\";s:9:\"file_size\";s:6:\"176211\";s:7:\"file_id\";N;s:12:\"service_type\";N;}}',1697.425,'2024-09-30',4,'2024-10-07','','','',0,'تحويل لشركة الصرافه لولو',12,'approved',0,337,0,2,140,0,'2024-10-07 07:21:50'),(43,'a:0:{}',8001.5,'2024-12-11',5,'2024-12-11','','024020008051','00102829',14616,'',10,'approved',0,626,0,2,111,0,'2024-10-07 12:07:47'),(44,'a:0:{}',6006,'2024-12-20',5,'2024-12-20','','024020008051','00102830',14617,'HE DEPOSIT ONLY 5938/900 RO ONLY THIS WRIT IN CHEQ',13,'approved',0,889,0,2,111,0,'2024-10-08 10:57:23'),(45,'a:0:{}',8055.936,'2025-01-03',5,'2024-10-08','','024020008051','00102831',0,'',14,'approved',0,1009,0,2,111,0,'2024-10-08 11:17:05'),(46,'a:0:{}',8001.5,'2024-12-26',5,'2024-12-26','','024020008051','001020008051',0,'',17,'draft',1,0,0,2,111,0,'2024-10-17 09:09:47'),(47,'a:0:{}',8001.5,'2024-12-26',5,'2024-10-17','','024020008051','00102834',14618,'',17,'approved',0,3522,0,2,111,0,'2024-10-17 09:24:12'),(48,'a:0:{}',4000.75,'2024-12-31',5,'2024-10-17','','024020008051','00102835',0,'',20,'approved',0,3523,0,2,111,0,'2024-10-17 09:59:01'),(49,'a:0:{}',1569.5,'2024-12-15',5,'2024-10-17','','024020008051','00102836',14619,'',19,'approved',0,2354,0,2,111,0,'2024-10-17 10:11:54'),(50,'a:0:{}',4280.1,'2025-01-05',5,'2025-01-05','','024020008051','00102837',16092,'',19,'approved',0,2355,0,2,111,0,'2024-10-17 10:16:47'),(51,'a:0:{}',6229.65,'2024-12-28',5,'2024-12-28','','024020008051','00102838',14620,'',19,'approved',0,2356,0,2,111,0,'2024-10-17 10:28:02'),(52,'a:0:{}',2016.9,'2024-11-28',5,'2024-11-27','','024020008051','00102839',14621,'',19,'approved',0,2357,0,2,111,0,'2024-10-17 10:29:18'),(53,'a:0:{}',4000.75,'2024-12-31',5,'2024-12-31','','024020008051','00102835',0,'',20,'draft',1,0,0,2,111,0,'2024-10-17 10:35:30'),(54,'a:0:{}',3573.57,'2025-01-16',5,'2025-01-16','','024020008051','00102840',0,'',21,'approved',0,2534,0,2,111,0,'2024-10-20 04:33:55'),(55,'a:0:{}',1354.2,'2024-10-23',5,'2024-10-23','','02420008051','00102841',0,'',22,'draft',1,0,0,2,111,0,'2024-10-20 05:06:43'),(56,'a:0:{}',1355.9,'2024-10-23',5,'2024-10-23','','','00102841',5469,'',22,'approved',0,2562,0,2,111,0,'2024-10-20 05:08:22'),(57,'a:0:{}',347.76,'2024-11-01',5,'2024-11-01','','','00102842',5462,'',23,'approved',0,2599,0,2,111,0,'2024-10-20 05:48:02'),(58,'a:0:{}',724.5,'2024-11-14',5,'2024-11-14','','024020008051','00102843',7754,'',24,'approved',0,2617,0,2,111,0,'2024-10-20 06:07:22'),(59,'a:0:{}',8433.33,'2025-01-10',5,'2025-01-10','','02402000','00119800',0,'',25,'approved',0,2739,0,2,111,0,'2024-10-20 08:43:09'),(60,'a:0:{}',1039.5,'2024-12-16',5,'2024-12-16','','02402000','00102844',14622,'',26,'approved',0,2742,0,2,111,0,'2024-10-20 09:03:07'),(61,'a:0:{}',1033.2,'2024-12-08',5,'2024-12-08','','02402000','00102845',11600,'',27,'approved',0,2745,0,2,111,0,'2024-10-20 09:14:33'),(62,'a:0:{}',8211.42,'2024-10-28',5,'2024-10-28','','02402000','00147132',5465,'',5,'approved',0,2920,0,2,111,0,'2024-10-21 09:52:54'),(63,'a:0:{}',8211.42,'2024-11-15',5,'2024-11-15','','02402000','00147133',11602,'',28,'approved',0,2923,0,2,111,0,'2024-10-21 10:01:41'),(64,'a:0:{}',8.25,'2024-10-23',4,'2024-10-23','','','',0,'',18,'draft',1,0,0,2,111,0,'2024-10-23 07:25:16'),(65,'a:0:{}',8001.5,'2024-12-31',5,'2024-10-23','','02402000','00147134',0,'TOTAL = 7918.100',30,'draft',1,0,0,1,111,0,'2024-10-23 10:43:16'),(66,'a:0:{}',8001.5,'2024-12-31',5,'2024-12-31','','02402000','00147134',15535,'7918.100 CHEQ',30,'approved',0,3325,0,1,111,0,'2024-10-23 10:45:19'),(67,'a:0:{}',8458.73,'2025-01-27',5,'2024-10-28','','024020008051','00147135',0,'',32,'approved',0,3966,0,2,111,0,'2024-10-28 07:42:58'),(68,'a:0:{}',63.22,'2024-10-29',4,'2024-10-29','','','',0,'',33,'draft',1,0,0,2,111,0,'2024-10-29 10:18:25'),(69,'a:0:{}',8001.5,'2025-01-09',5,'2024-10-30','','0240200008051','00147137',0,'7944 in cheq',34,'approved',0,4373,0,2,111,0,'2024-10-30 09:16:00'),(70,'a:0:{}',1692.76,'2024-10-31',4,'2024-10-31','','','',0,'',12,'approved',0,4449,0,2,111,0,'2024-10-31 13:16:26'),(71,'a:0:{}',8491.39,'2025-03-10',5,'2024-11-05','','024020008051','00152648',0,'',36,'draft',1,0,0,2,111,0,'2024-11-05 09:16:22'),(72,'a:0:{}',173.25,'2024-11-01',5,'2024-11-01','','02402000','00102842',6554,'CHEQ 2 BILL TOTAL 348.800',18,'approved',0,5510,0,1,111,0,'2024-11-06 10:09:42'),(73,'a:0:{}',6806.84,'2025-01-30',5,'2024-11-07','','024020008051','00147141',0,'',38,'draft',1,0,0,2,111,0,'2024-11-07 11:40:43'),(74,'a:0:{}',6806.84,'2025-01-30',5,'2024-11-07','','02402000','00147141',0,'6825.420 ONLY DEPOSIT',38,'approved',0,5850,0,2,111,0,'2024-11-07 11:42:27'),(75,'a:0:{}',8433.33,'2025-02-13',5,'2024-11-10','','02402000','00147143',0,'',39,'approved',0,6173,0,2,111,0,'2024-11-10 07:52:01'),(76,'a:0:{}',3000,'2024-11-27',5,'2024-11-11','','024020000','00147144',9216,'',40,'approved',0,6655,0,2,111,0,'2024-11-11 10:58:38'),(77,'a:0:{}',3000,'2024-12-16',5,'2024-11-11','','0240200','00147145',9217,'',40,'approved',0,6656,0,2,111,0,'2024-11-11 10:59:24'),(78,'a:0:{}',3000,'2025-01-16',5,'2024-11-11','','02402000','0014716',0,'',40,'approved',0,6657,0,2,111,0,'2024-11-11 11:00:09'),(79,'a:0:{}',4000,'2025-02-20',5,'2024-11-11','','02402000','00147147',0,'',40,'approved',0,6658,0,2,111,0,'2024-11-11 11:00:50'),(80,'a:0:{}',5000,'2025-03-20',5,'2024-11-11','','02402000','00147148',0,'',40,'approved',0,6659,0,2,111,0,'2024-11-11 11:01:34'),(81,'a:0:{}',5000,'2025-04-20',5,'2024-11-11','','02402000','00147149',0,'',40,'approved',0,6660,0,2,111,0,'2024-11-11 11:02:15'),(82,'a:0:{}',5000,'2025-05-20',5,'2024-11-11','','02402000','00147150',0,'',40,'approved',0,6661,0,2,111,0,'2024-11-11 11:03:01'),(83,'a:0:{}',5550,'2025-06-20',5,'2024-11-11','','02402','00147151',0,'5719 RO HE DEPOSIT',40,'approved',0,6662,0,2,111,0,'2024-11-11 11:04:07'),(84,'a:0:{}',1438.5,'2024-08-01',4,'2024-11-12','','','',0,'',29,'draft',1,0,0,2,111,0,'2024-11-12 06:51:27'),(85,'a:0:{}',6006,'2025-01-12',5,'2024-11-12','','02402','00147153',0,'',37,'approved',0,6878,0,2,111,0,'2024-11-12 08:43:51'),(86,'a:0:{}',63.22,'2024-10-28',4,'2024-11-19','','','',0,'',33,'approved',0,7744,0,2,111,0,'2024-11-19 06:31:26'),(87,'a:0:{}',8055.936,'2025-02-24',5,'2024-11-19','','024020000','00147155',0,'',47,'approved',0,7747,0,2,111,0,'2024-11-19 06:47:39'),(88,'a:0:{}',8433.33,'2025-03-10',5,'2024-12-01','','024','00147160',0,'',51,'approved',0,9200,0,2,111,0,'2024-12-01 06:36:29'),(89,'a:0:{}',667.92,'2025-02-15',5,'2024-12-01','','02','00147161',0,'he debosit 6259.260 ro',46,'draft',1,0,0,2,111,0,'2024-12-01 06:50:50'),(90,'a:0:{}',6667.92,'2025-02-15',5,'2024-12-01','','02','00147',0,'he debosit 6259.260',46,'approved',0,9211,0,2,111,0,'2024-12-01 06:52:41'),(91,'a:0:{}',7223.58,'2025-03-01',5,'2024-12-01','','0240','00147162',0,'deposet 7936.740',50,'approved',0,9265,0,2,111,0,'2024-12-01 08:02:40'),(92,'a:0:{}',7672.9,'2025-02-10',5,'2024-12-01','','02','00147157',0,'7556.696',45,'approved',0,9276,0,2,111,0,'2024-12-01 08:17:21'),(93,'a:0:{}',6334.61,'2025-02-18',5,'2024-12-01','','0','00147158',0,'6717.984',44,'approved',0,9281,0,2,111,0,'2024-12-01 08:23:17'),(94,'a:0:{}',8001.5,'2025-03-13',5,'2024-12-09','','0240','00147172',0,'',52,'approved',0,10949,0,2,111,0,'2024-12-09 06:25:56'),(95,'a:0:{}',7003.752,'2025-03-16',5,'2024-12-18','','0240','00147174',0,'diposit 6935.752',53,'approved',0,12628,0,2,111,0,'2024-12-18 07:40:45'),(96,'a:0:{}',5544,'2025-03-05',5,'2024-12-18','','0','0014',0,'5501.800',54,'approved',0,12636,0,2,111,0,'2024-12-18 07:49:22'),(97,'a:0:{}',8055.94,'2025-03-19',5,'2024-12-22','','02','00147176',0,'',55,'approved',0,13046,0,2,111,0,'2024-12-22 06:17:43'),(98,'a:0:{}',855.4,'2025-01-01',5,'2024-12-22','','202','00147177',0,'',56,'approved',0,13055,0,2,111,0,'2024-12-22 06:28:00'),(99,'a:0:{}',642.6,'2025-02-05',5,'2024-12-22','','02','00147178',0,'645.225',57,'approved',0,13064,0,2,111,0,'2024-12-22 06:38:25'),(100,'a:0:{}',1512,'2025-01-10',5,'2024-12-29','','0240','00147179',0,'',58,'approved',0,14517,0,2,111,0,'2024-12-29 06:54:53'),(101,'a:0:{}',4284,'2025-04-05',5,'2024-12-29','','02','00147083',0,'4288.284 ro',59,'approved',0,14534,0,2,111,0,'2024-12-29 07:15:43'),(102,'a:0:{}',2480.63,'2025-04-01',5,'2024-12-29','','024','00147082',0,'',60,'approved',0,14542,0,2,111,0,'2024-12-29 07:25:12'),(103,'a:0:{}',3843,'2025-04-10',5,'2024-12-29','','02','00147081',0,'',61,'approved',0,14554,0,2,111,0,'2024-12-29 07:36:42'),(104,'a:0:{}',373.8,'2025-01-27',5,'2024-12-29','','024','00147180',0,'',62,'approved',0,14560,0,2,111,0,'2024-12-29 07:44:14'),(105,'a:0:{}',9289.73,'2025-03-17',5,'2024-12-30','','024','00152651',0,'',63,'approved',0,15078,0,2,111,0,'2024-12-30 11:12:54'),(106,'a:0:{}',8491.39,'2025-03-10',5,'2024-12-30','','024','00152650',0,'',64,'approved',0,15085,0,2,111,0,'2024-12-30 11:15:57'),(107,'a:0:{}',774.55,'2025-04-13',5,'2025-01-05','','0240','00147086',0,'',65,'approved',0,15977,0,2,111,0,'2025-01-05 07:09:24'),(108,'a:0:{}',8334.9,'2025-04-07',5,'2025-01-05','','0240','00147087',0,'',66,'approved',0,15983,0,2,111,0,'2025-01-05 07:16:29'),(109,'a:0:{}',1051.03,'2025-04-03',5,'2025-04-03','','0240','00147088',0,'',67,'approved',0,15994,0,2,111,0,'2025-01-05 07:28:12'),(110,'a:0:{}',1132.55,'2025-03-25',5,'2025-01-05','','0240','00147089',0,'',68,'approved',0,16003,0,2,111,0,'2025-01-05 07:41:02'),(111,'a:0:{}',2352,'2025-02-26',5,'2025-01-05','','0240','00147090',0,'',69,'approved',0,16023,0,2,111,0,'2025-01-05 08:08:50'),(112,'a:0:{}',1008,'2025-02-28',5,'2025-01-05','','240','0014709',16090,'',70,'approved',0,16036,0,2,111,0,'2025-01-05 08:24:19'),(113,'a:0:{}',826.88,'2025-03-23',5,'2025-01-05','','0240','00147092',0,'',71,'approved',0,16044,0,2,111,0,'2025-01-05 08:38:20'),(114,'a:0:{}',327.6,'2025-01-29',5,'2025-01-05','','0240','00147093',0,'',72,'approved',0,16048,0,2,111,0,'2025-01-05 08:43:12'),(115,'a:0:{}',643.6,'2025-02-28',5,'2025-01-05','','0240','00147094',0,'',73,'approved',0,16053,0,2,111,0,'2025-01-05 08:51:18'),(116,'a:0:{}',3013.5,'2025-01-14',5,'2025-01-05','','0240','00147095',0,'',74,'approved',0,16061,0,2,111,0,'2025-01-05 08:59:44'),(117,'a:0:{}',869.4,'2025-01-19',5,'2025-01-05','','0240','00147096',0,'828.400',75,'approved',0,16072,0,2,111,0,'2025-01-05 09:11:29'),(118,'a:0:{}',8055.94,'2025-04-09',5,'2025-01-06','','024','00147097',0,'',76,'approved',0,16240,0,2,111,0,'2025-01-06 06:41:05'),(119,'a:0:{}',7672.9,'2025-04-23',5,'2025-01-22','','024','00147123',0,'7624.196',77,'approved',0,18980,0,2,111,0,'2025-01-22 08:09:28'),(120,'a:0:{}',6006,'2025-04-27',5,'2025-01-22','','024','00147124',0,'',78,'draft',1,0,0,2,111,0,'2025-01-22 08:12:03'),(121,'a:0:{}',6006,'2025-04-27',5,'2025-01-22','','024','00147124',0,'',78,'approved',0,18991,0,1,111,0,'2025-01-22 08:41:55'),(122,'a:0:{}',8001.5,'2025-04-30',5,'2025-01-26','','024','0241',0,'',79,'draft',1,0,0,2,111,0,'2025-02-02 07:58:27'),(123,'a:0:{}',8001.5,'2025-04-30',5,'2025-01-26','','02','02',0,'',79,'draft',1,0,0,2,111,0,'2025-02-02 07:59:56'),(124,'a:0:{}',8001.5,'2025-04-30',5,'2025-01-26','','02','02',0,'',79,'approved',0,20237,0,2,111,0,'2025-02-02 08:00:41'),(125,'a:0:{}',8055.94,'2025-05-05',5,'2025-02-02','','024','00153070',0,'',80,'approved',0,20245,0,2,111,0,'2025-02-02 08:16:05'),(126,'a:0:{}',8001.5,'2025-05-02',5,'2025-02-02','','024','00153069',0,'7897.704',81,'approved',0,20252,0,2,111,0,'2025-02-02 08:25:24');

--
-- Table structure for table `purchase_orders`
--

CREATE TABLE `purchase_orders` (
  `id` int(11) NOT NULL AUTO_INCREMENT,
  `supplier_id` int(11) NOT NULL,
  `purchase_order_date` date NOT NULL,
  `project_id` int(11) NOT NULL DEFAULT '0',
  `labels` text COLLATE utf8_unicode_ci NOT NULL,
  `note` mediumtext COLLATE utf8_unicode_ci,
  `status` enum('draft','not_paid') COLLATE utf8_unicode_ci NOT NULL DEFAULT 'draft',
  `approval_status` enum('not_approved','request_approval','approved') COLLATE utf8_unicode_ci NOT NULL DEFAULT 'not_approved',
  `deleted` tinyint(1) NOT NULL DEFAULT '0',
  PRIMARY KEY (`id`)
) ENGINE=InnoDB AUTO_INCREMENT=82 DEFAULT CHARSET=utf8 COLLATE=utf8_unicode_ci;

--
-- Dumping data for table `purchase_orders`
--

INSERT INTO `purchase_orders` VALUES (1,3,'2020-01-01',0,'','##initial balance## not cleared cheques ','not_paid','not_approved',0),(2,9,'2020-01-01',0,'','##initial balance## not cleared cheques ','not_paid','not_approved',0),(3,10,'2020-01-01',0,'','##initial balance## not cleared cheques ','not_paid','not_approved',0),(4,13,'2020-01-01',0,'','##initial balance## not cleared cheques ','not_paid','not_approved',0),(5,14,'2020-01-01',0,'','##initial balance## not cleared cheques ','not_paid','approved',0),(6,15,'2020-01-01',0,'','##initial balance## not cleared cheques ','not_paid','not_approved',0),(7,16,'2020-01-01',0,'','##initial balance## not cleared cheques ','not_paid','not_approved',0),(8,19,'2020-01-01',0,'','##initial balance## not cleared cheques ','not_paid','not_approved',0),(9,10,'2024-10-03',0,'','','draft','not_approved',1),(10,3,'2024-09-30',0,'','PRIFUM 9.0 G\n000364','not_paid','approved',0),(11,2,'2024-10-07',0,'','','not_paid','not_approved',1),(12,21,'2024-10-05',0,'','','not_paid','approved',0),(13,3,'2024-10-08',0,'','','not_paid','approved',0),(14,10,'2024-10-01',0,'','PET PREFORM 26 G','not_paid','approved',0),(15,23,'2024-10-10',0,'','','draft','not_approved',1),(16,24,'2024-10-03',0,'','1820','draft','not_approved',1),(17,3,'2024-10-10',0,'','','not_paid','approved',0),(18,6,'2024-10-10',0,'','','not_paid','approved',0),(19,9,'2024-10-05',0,'','','not_paid','approved',0),(20,3,'2024-10-17',0,'','','not_paid','approved',0),(21,9,'2024-10-14',0,'','','not_paid','approved',0),(22,4,'2024-10-20',0,'','','not_paid','approved',0),(23,23,'2024-10-20',0,'','','not_paid','approved',0),(24,17,'2024-10-20',0,'','','not_paid','approved',0),(25,10,'2024-10-10',0,'','','not_paid','approved',0),(26,19,'2024-10-12',0,'','','not_paid','approved',0),(27,19,'2024-10-02',0,'','','not_paid','approved',0),(28,14,'2024-08-28',0,'','','not_paid','approved',0),(29,1,'2024-10-23',0,'','','not_paid','approved',0),(30,3,'2024-10-23',0,'','','not_paid','approved',0),(31,26,'2024-10-23',0,'','ELCTRCITY','draft','not_approved',1),(32,10,'2024-10-26',0,'','','not_paid','approved',0),(33,15,'2024-10-28',0,'','','not_paid','approved',0),(34,3,'2024-10-30',0,'','','not_paid','approved',0),(35,9,'2024-10-30',0,'','','not_paid','approved',0),(36,15,'2024-11-05',0,'','','not_paid','approved',0),(37,3,'2024-11-05',0,'','','not_paid','approved',0),(38,14,'2024-11-06',0,'','','not_paid','approved',0),(39,10,'2024-11-08',0,'','','not_paid','approved',0),(40,1,'2024-09-01',0,'','','not_paid','approved',0),(41,1,'2024-11-12',0,'','','draft','approved',0),(42,9,'2024-11-12',0,'','','draft','approved',0),(43,23,'2024-11-12',0,'','','draft','approved',0),(44,3,'2024-11-13',0,'','','not_paid','approved',0),(45,3,'2024-11-13',0,'','','not_paid','approved',0),(46,14,'2024-11-18',0,'','','not_paid','approved',0),(47,10,'2024-11-18',0,'','','not_paid','approved',0),(48,3,'2024-11-24',0,'','','not_paid','approved',0),(49,3,'2024-11-24',0,'','','draft','not_approved',1),(50,14,'2024-11-24',0,'','','not_paid','approved',0),(51,10,'2024-12-01',0,'','','not_paid','approved',0),(52,3,'2024-12-08',0,'','','not_paid','approved',0),(53,3,'2024-12-16',0,'','','not_paid','approved',0),(54,3,'2024-12-12',0,'','','not_paid','approved',0),(55,10,'2024-12-14',0,'','','not_paid','approved',0),(56,4,'2024-11-02',0,'','bill 0490 / 0413/0437','not_paid','approved',0),(57,17,'2024-12-22',0,'','bill 00933 / 00989 /1009','not_paid','approved',0),(58,2,'2024-10-05',0,'','','not_paid','approved',0),(59,9,'2024-11-12',0,'','','not_paid','approved',0),(60,18,'2024-12-04',0,'','','not_paid','approved',0),(61,16,'2024-12-29',0,'','','not_paid','approved',0),(62,7,'2024-11-27',0,'','','not_paid','approved',0),(63,15,'2024-12-23',0,'','','not_paid','approved',0),(64,15,'2024-12-23',0,'','','not_paid','approved',0),(65,16,'2025-01-01',0,'','','not_paid','approved',0),(66,14,'2024-12-30',0,'','','not_paid','approved',0),(67,27,'2024-12-31',0,'','','not_paid','approved',0),(68,16,'2024-12-13',0,'','','not_paid','approved',0),(69,2,'2024-12-18',0,'','','not_paid','approved',0),(70,23,'2024-12-12',0,'','','not_paid','approved',0),(71,18,'2024-12-19',0,'','','not_paid','approved',0),(72,4,'2025-01-05',0,'','','not_paid','approved',0),(73,19,'2024-12-30',0,'','','not_paid','approved',0),(74,19,'2024-11-10',0,'','','not_paid','approved',0),(75,28,'2024-12-30',0,'','','not_paid','approved',0),(76,10,'2025-01-05',0,'','','not_paid','approved',0),(77,3,'2025-01-15',0,'','','not_paid','approved',0),(78,3,'2025-01-22',0,'','','not_paid','approved',0),(79,3,'2025-01-26',0,'','','not_paid','approved',0),(80,10,'2025-01-30',0,'','','not_paid','approved',0),(81,3,'2025-02-02',0,'','','not_paid','approved',0);

--
-- Table structure for table `purchase_return_items`
--

CREATE TABLE `purchase_return_items` (
  `id` int(11) NOT NULL AUTO_INCREMENT,
  `item_id` int(11) NOT NULL,
  `po_item_id` int(11) NOT NULL,
  `quantity` double NOT NULL DEFAULT '0',
  `deleted` int(1) NOT NULL DEFAULT '0',
  `purchase_return_id` int(11) NOT NULL,
  `sort` int(11) NOT NULL DEFAULT '0',
  PRIMARY KEY (`id`)
) ENGINE=InnoDB AUTO_INCREMENT=2 DEFAULT CHARSET=utf8 COLLATE=utf8_unicode_ci;

--
-- Dumping data for table `purchase_return_items`
--

INSERT INTO `purchase_return_items` VALUES (1,4,62,1274000,0,1,0);

--
-- Table structure for table `purchase_returns`
--

CREATE TABLE `purchase_returns` (
  `id` int(11) NOT NULL AUTO_INCREMENT,
  `purchase_order_id` int(11) NOT NULL,
  `shipment_id` int(11) DEFAULT NULL,
  `supplier_id` int(11) NOT NULL DEFAULT '0',
  `payment_method_id` int(11) DEFAULT '0',
  `transaction_id` int(11) DEFAULT '0',
  `date` date NOT NULL,
  `status` enum('draft','approved') COLLATE utf8_unicode_ci DEFAULT 'draft',
  `note` text COLLATE utf8_unicode_ci,
  `deleted` int(1) NOT NULL DEFAULT '0',
  PRIMARY KEY (`id`)
) ENGINE=InnoDB AUTO_INCREMENT=2 DEFAULT CHARSET=utf8 COLLATE=utf8_unicode_ci;

--
-- Dumping data for table `purchase_returns`
--

INSERT INTO `purchase_returns` VALUES (1,48,NULL,3,1,0,'2024-11-24','approved','',0);

--
-- Table structure for table `roles`
--

CREATE TABLE `roles` (
  `id` int(11) NOT NULL AUTO_INCREMENT,
  `title` varchar(100) COLLATE utf8_unicode_ci NOT NULL,
  `permissions` mediumtext COLLATE utf8_unicode_ci,
  `deleted` tinyint(1) NOT NULL DEFAULT '0',
  PRIMARY KEY (`id`)
) ENGINE=InnoDB AUTO_INCREMENT=17 DEFAULT CHARSET=utf8 COLLATE=utf8_unicode_ci;

--
-- Dumping data for table `roles`
--

INSERT INTO `roles` VALUES (1,'test BOM','a:147:{s:5:\"leave\";N;s:14:\"leave_specific\";s:0:\"\";s:10:\"attendance\";N;s:19:\"attendance_specific\";s:0:\"\";s:7:\"invoice\";N;s:8:\"job_info\";N;s:15:\"account_setting\";N;s:16:\"final_settelment\";N;s:8:\"estimate\";N;s:7:\"expense\";N;s:8:\"expiries\";N;s:10:\"petty_cash\";N;s:6:\"client\";N;s:4:\"lead\";N;s:6:\"ticket\";N;s:15:\"ticket_specific\";s:0:\"\";s:12:\"announcement\";N;s:17:\"approve_budgeting\";N;s:23:\"help_and_knowledge_base\";N;s:23:\"can_manage_all_projects\";N;s:19:\"can_create_projects\";N;s:17:\"can_edit_projects\";N;s:19:\"can_delete_projects\";N;s:30:\"can_add_remove_project_members\";N;s:16:\"can_create_tasks\";N;s:14:\"can_edit_tasks\";N;s:16:\"can_delete_tasks\";N;s:20:\"can_comment_on_tasks\";N;s:24:\"show_assigned_tasks_only\";N;s:21:\"can_create_milestones\";N;s:19:\"can_edit_milestones\";N;s:21:\"can_delete_milestones\";N;s:16:\"can_delete_files\";N;s:34:\"can_view_team_members_contact_info\";N;s:34:\"can_view_team_members_social_links\";N;s:29:\"team_member_update_permission\";N;s:38:\"team_member_update_permission_specific\";s:0:\"\";s:27:\"timesheet_manage_permission\";N;s:36:\"timesheet_manage_permission_specific\";N;s:21:\"disable_event_sharing\";N;s:22:\"hide_team_members_list\";N;s:28:\"can_delete_leave_application\";N;s:10:\"accounting\";N;s:7:\"payroll\";N;s:5:\"eroom\";N;s:4:\"logs\";N;s:7:\"reports\";N;s:25:\"can_access_delivery_notes\";N;s:25:\"can_create_delivery_notes\";N;s:23:\"can_edit_delivery_notes\";N;s:25:\"can_delete_delivery_notes\";N;s:31:\"delivery_note_manage_permission\";N;s:40:\"delivery_note_manage_permission_specific\";s:0:\"\";s:20:\"can_access_suppliers\";N;s:20:\"can_create_suppliers\";N;s:18:\"can_edit_suppliers\";N;s:20:\"can_delete_suppliers\";N;s:26:\"supplier_manage_permission\";N;s:35:\"supplier_manage_permission_specific\";s:0:\"\";s:26:\"can_access_purchase_orders\";N;s:26:\"can_create_purchase_orders\";N;s:24:\"can_edit_purchase_orders\";N;s:26:\"can_delete_purchase_orders\";N;s:32:\"purchase_order_manage_permission\";N;s:41:\"purchase_order_manage_permission_specific\";s:0:\"\";s:16:\"can_access_items\";N;s:16:\"can_create_items\";N;s:14:\"can_edit_items\";N;s:16:\"can_delete_items\";N;s:22:\"item_manage_permission\";N;s:31:\"item_manage_permission_specific\";s:0:\"\";s:25:\"can_access_items_category\";N;s:25:\"can_create_items_category\";N;s:23:\"can_edit_items_category\";N;s:25:\"can_delete_items_category\";N;s:31:\"item_category_manage_permission\";N;s:40:\"item_category_manage_permission_specific\";s:0:\"\";s:19:\"can_access_expiries\";N;s:21:\"can_access_petty_cash\";N;s:19:\"can_access_expenses\";N;s:19:\"can_create_expenses\";N;s:17:\"can_edit_expenses\";N;s:19:\"can_delete_expenses\";N;s:25:\"expense_manage_permission\";N;s:34:\"expense_manage_permission_specific\";s:0:\"\";s:20:\"internal_transaction\";N;s:27:\"can_access_invoice_payments\";N;s:27:\"can_create_invoice_payments\";N;s:25:\"can_edit_invoice_payments\";N;s:27:\"can_delete_invoice_payments\";N;s:34:\"can_access_purchase_order_payments\";N;s:34:\"can_create_purchase_order_payments\";N;s:32:\"can_edit_purchase_order_payments\";N;s:34:\"can_delete_purchase_order_payments\";N;s:19:\"can_access_contacts\";N;s:19:\"can_create_contacts\";N;s:17:\"can_edit_contacts\";N;s:19:\"can_delete_contacts\";N;s:25:\"contact_manage_permission\";N;s:34:\"contact_manage_permission_specific\";N;s:18:\"can_access_clients\";N;s:18:\"can_create_clients\";N;s:16:\"can_edit_clients\";N;s:18:\"can_delete_clients\";N;s:24:\"client_manage_permission\";N;s:33:\"client_manage_permission_specific\";s:0:\"\";s:16:\"can_access_leads\";N;s:16:\"can_create_leads\";N;s:14:\"can_edit_leads\";N;s:16:\"can_delete_leads\";N;s:23:\"leads_manage_permission\";N;s:32:\"leads_manage_permission_specific\";s:0:\"\";s:19:\"can_access_invoices\";N;s:19:\"can_create_invoices\";N;s:17:\"can_edit_invoices\";N;s:19:\"can_delete_invoices\";N;s:25:\"invoice_manage_permission\";N;s:34:\"invoice_manage_permission_specific\";s:0:\"\";s:21:\"can_access_job_orders\";s:1:\"1\";s:21:\"can_create_job_orders\";s:1:\"1\";s:19:\"can_edit_job_orders\";N;s:21:\"can_delete_job_orders\";s:1:\"1\";s:28:\"job_orders_manage_permission\";s:0:\"\";s:37:\"job_orders_manage_permission_specific\";s:8:\"member:5\";s:26:\"can_access_invoices_return\";N;s:26:\"can_create_invoices_return\";N;s:24:\"can_edit_invoices_return\";N;s:26:\"can_delete_invoices_return\";N;s:32:\"invoice_return_manage_permission\";N;s:41:\"invoice_return_manage_permission_specific\";s:0:\"\";s:20:\"can_access_estimates\";N;s:20:\"can_create_estimates\";N;s:18:\"can_edit_estimates\";N;s:20:\"can_delete_estimates\";N;s:26:\"estimate_manage_permission\";N;s:35:\"estimate_manage_permission_specific\";s:0:\"\";s:16:\"estimate_request\";N;s:8:\"discount\";i:0;s:8:\"expenses\";N;s:9:\"estimates\";N;s:8:\"invoices\";N;s:16:\"invoice_payments\";N;s:14:\"delivery_notes\";N;s:15:\"purchase_orders\";N;s:23:\"purchase_order_payments\";N;s:8:\"payrolls\";N;s:21:\"internal_transactions\";N;}',1),(2,'Management','a:148:{s:5:\"leave\";s:3:\"all\";s:14:\"leave_specific\";s:0:\"\";s:10:\"attendance\";N;s:19:\"attendance_specific\";s:0:\"\";s:7:\"invoice\";N;s:8:\"job_info\";s:3:\"all\";s:15:\"account_setting\";s:3:\"all\";s:16:\"final_settelment\";s:3:\"all\";s:8:\"estimate\";N;s:7:\"expense\";N;s:8:\"expiries\";s:3:\"all\";s:10:\"petty_cash\";N;s:6:\"client\";N;s:4:\"lead\";s:3:\"all\";s:6:\"ticket\";N;s:15:\"ticket_specific\";s:0:\"\";s:12:\"announcement\";s:3:\"all\";s:17:\"approve_budgeting\";N;s:23:\"help_and_knowledge_base\";s:3:\"all\";s:23:\"can_manage_all_projects\";s:1:\"1\";s:19:\"can_create_projects\";s:1:\"1\";s:17:\"can_edit_projects\";s:1:\"1\";s:19:\"can_delete_projects\";N;s:30:\"can_add_remove_project_members\";s:1:\"1\";s:16:\"can_create_tasks\";s:1:\"1\";s:14:\"can_edit_tasks\";s:1:\"1\";s:16:\"can_delete_tasks\";N;s:20:\"can_comment_on_tasks\";s:1:\"1\";s:24:\"show_assigned_tasks_only\";N;s:21:\"can_create_milestones\";s:1:\"1\";s:19:\"can_edit_milestones\";s:1:\"1\";s:21:\"can_delete_milestones\";N;s:16:\"can_delete_files\";N;s:34:\"can_view_team_members_contact_info\";s:1:\"1\";s:34:\"can_view_team_members_social_links\";N;s:29:\"team_member_update_permission\";s:3:\"all\";s:38:\"team_member_update_permission_specific\";s:0:\"\";s:27:\"timesheet_manage_permission\";N;s:36:\"timesheet_manage_permission_specific\";N;s:21:\"disable_event_sharing\";s:1:\"1\";s:22:\"hide_team_members_list\";N;s:28:\"can_delete_leave_application\";N;s:10:\"accounting\";s:3:\"all\";s:7:\"payroll\";s:3:\"all\";s:5:\"eroom\";N;s:4:\"logs\";s:3:\"all\";s:7:\"reports\";s:3:\"all\";s:25:\"can_access_delivery_notes\";s:1:\"1\";s:25:\"can_create_delivery_notes\";s:1:\"1\";s:23:\"can_edit_delivery_notes\";s:1:\"1\";s:25:\"can_delete_delivery_notes\";s:1:\"1\";s:31:\"delivery_note_manage_permission\";s:3:\"all\";s:40:\"delivery_note_manage_permission_specific\";s:0:\"\";s:20:\"can_access_suppliers\";s:1:\"1\";s:20:\"can_create_suppliers\";s:1:\"1\";s:18:\"can_edit_suppliers\";s:1:\"1\";s:20:\"can_delete_suppliers\";s:1:\"1\";s:26:\"supplier_manage_permission\";s:3:\"all\";s:35:\"supplier_manage_permission_specific\";s:0:\"\";s:26:\"can_access_purchase_orders\";s:1:\"1\";s:26:\"can_create_purchase_orders\";s:1:\"1\";s:24:\"can_edit_purchase_orders\";s:1:\"1\";s:26:\"can_delete_purchase_orders\";s:1:\"1\";s:32:\"purchase_order_manage_permission\";s:3:\"all\";s:41:\"purchase_order_manage_permission_specific\";s:0:\"\";s:16:\"can_access_items\";s:1:\"1\";s:16:\"can_create_items\";s:1:\"1\";s:14:\"can_edit_items\";s:1:\"1\";s:16:\"can_delete_items\";s:1:\"1\";s:22:\"item_manage_permission\";s:3:\"all\";s:31:\"item_manage_permission_specific\";s:0:\"\";s:25:\"can_access_items_category\";s:1:\"1\";s:25:\"can_create_items_category\";s:1:\"1\";s:23:\"can_edit_items_category\";s:1:\"1\";s:25:\"can_delete_items_category\";s:1:\"1\";s:31:\"item_category_manage_permission\";s:3:\"all\";s:40:\"item_category_manage_permission_specific\";s:0:\"\";s:19:\"can_access_expiries\";N;s:21:\"can_access_petty_cash\";N;s:19:\"can_access_expenses\";s:1:\"1\";s:19:\"can_create_expenses\";s:1:\"1\";s:17:\"can_edit_expenses\";s:1:\"1\";s:19:\"can_delete_expenses\";s:1:\"1\";s:25:\"expense_manage_permission\";s:3:\"all\";s:34:\"expense_manage_permission_specific\";s:0:\"\";s:20:\"internal_transaction\";N;s:27:\"can_access_invoice_payments\";s:1:\"1\";s:27:\"can_create_invoice_payments\";s:1:\"1\";s:25:\"can_edit_invoice_payments\";s:1:\"1\";s:27:\"can_delete_invoice_payments\";s:1:\"1\";s:34:\"can_access_purchase_order_payments\";s:1:\"1\";s:34:\"can_create_purchase_order_payments\";s:1:\"1\";s:32:\"can_edit_purchase_order_payments\";s:1:\"1\";s:34:\"can_delete_purchase_order_payments\";s:1:\"1\";s:19:\"can_access_contacts\";N;s:19:\"can_create_contacts\";N;s:17:\"can_edit_contacts\";N;s:19:\"can_delete_contacts\";N;s:25:\"contact_manage_permission\";N;s:34:\"contact_manage_permission_specific\";N;s:18:\"can_access_clients\";s:1:\"1\";s:18:\"can_create_clients\";s:1:\"1\";s:16:\"can_edit_clients\";s:1:\"1\";s:18:\"can_delete_clients\";s:1:\"1\";s:24:\"client_manage_permission\";s:3:\"all\";s:33:\"client_manage_permission_specific\";s:0:\"\";s:16:\"can_access_leads\";s:1:\"1\";s:16:\"can_create_leads\";s:1:\"1\";s:14:\"can_edit_leads\";s:1:\"1\";s:16:\"can_delete_leads\";s:1:\"1\";s:23:\"leads_manage_permission\";s:3:\"all\";s:32:\"leads_manage_permission_specific\";s:0:\"\";s:19:\"can_access_invoices\";s:1:\"1\";s:19:\"can_create_invoices\";s:1:\"1\";s:17:\"can_edit_invoices\";s:1:\"1\";s:19:\"can_delete_invoices\";s:1:\"1\";s:25:\"invoice_manage_permission\";s:3:\"all\";s:34:\"invoice_manage_permission_specific\";s:0:\"\";s:21:\"can_access_job_orders\";s:1:\"1\";s:21:\"can_create_job_orders\";s:1:\"1\";s:19:\"can_edit_job_orders\";s:1:\"1\";s:21:\"can_delete_job_orders\";s:1:\"1\";s:28:\"job_orders_manage_permission\";s:3:\"all\";s:37:\"job_orders_manage_permission_specific\";s:0:\"\";s:26:\"can_access_invoices_return\";s:1:\"1\";s:26:\"can_create_invoices_return\";s:1:\"1\";s:24:\"can_edit_invoices_return\";s:1:\"1\";s:26:\"can_delete_invoices_return\";s:1:\"1\";s:32:\"invoice_return_manage_permission\";s:3:\"all\";s:41:\"invoice_return_manage_permission_specific\";s:0:\"\";s:20:\"can_access_estimates\";s:1:\"1\";s:19:\"can_add_team_member\";s:1:\"1\";s:20:\"can_create_estimates\";s:1:\"1\";s:18:\"can_edit_estimates\";s:1:\"1\";s:20:\"can_delete_estimates\";s:1:\"1\";s:26:\"estimate_manage_permission\";s:3:\"all\";s:35:\"estimate_manage_permission_specific\";s:0:\"\";s:16:\"estimate_request\";N;s:8:\"discount\";i:0;s:8:\"expenses\";s:3:\"all\";s:9:\"estimates\";s:3:\"all\";s:8:\"invoices\";s:3:\"all\";s:16:\"invoice_payments\";s:3:\"all\";s:14:\"delivery_notes\";s:3:\"all\";s:15:\"purchase_orders\";s:3:\"all\";s:23:\"purchase_order_payments\";s:3:\"all\";s:8:\"payrolls\";N;s:21:\"internal_transactions\";s:3:\"all\";}',0),(3,'Accountant','a:148:{s:5:\"leave\";s:0:\"\";s:14:\"leave_specific\";s:0:\"\";s:10:\"attendance\";N;s:19:\"attendance_specific\";s:0:\"\";s:7:\"invoice\";N;s:8:\"job_info\";s:0:\"\";s:15:\"account_setting\";s:3:\"all\";s:16:\"final_settelment\";s:0:\"\";s:8:\"estimate\";N;s:7:\"expense\";N;s:8:\"expiries\";s:3:\"all\";s:10:\"petty_cash\";N;s:6:\"client\";N;s:4:\"lead\";s:3:\"all\";s:6:\"ticket\";N;s:15:\"ticket_specific\";s:0:\"\";s:12:\"announcement\";s:0:\"\";s:17:\"approve_budgeting\";N;s:23:\"help_and_knowledge_base\";s:0:\"\";s:23:\"can_manage_all_projects\";N;s:19:\"can_create_projects\";N;s:17:\"can_edit_projects\";s:1:\"1\";s:19:\"can_delete_projects\";N;s:30:\"can_add_remove_project_members\";N;s:16:\"can_create_tasks\";s:1:\"1\";s:14:\"can_edit_tasks\";s:1:\"1\";s:16:\"can_delete_tasks\";N;s:20:\"can_comment_on_tasks\";s:1:\"1\";s:24:\"show_assigned_tasks_only\";N;s:21:\"can_create_milestones\";s:1:\"1\";s:19:\"can_edit_milestones\";s:1:\"1\";s:21:\"can_delete_milestones\";N;s:16:\"can_delete_files\";N;s:34:\"can_view_team_members_contact_info\";N;s:34:\"can_view_team_members_social_links\";N;s:29:\"team_member_update_permission\";s:0:\"\";s:38:\"team_member_update_permission_specific\";s:0:\"\";s:27:\"timesheet_manage_permission\";N;s:36:\"timesheet_manage_permission_specific\";N;s:21:\"disable_event_sharing\";s:1:\"0\";s:22:\"hide_team_members_list\";N;s:28:\"can_delete_leave_application\";N;s:10:\"accounting\";s:3:\"all\";s:7:\"payroll\";s:0:\"\";s:5:\"eroom\";N;s:4:\"logs\";s:0:\"\";s:7:\"reports\";s:0:\"\";s:25:\"can_access_delivery_notes\";s:1:\"1\";s:25:\"can_create_delivery_notes\";s:1:\"1\";s:23:\"can_edit_delivery_notes\";s:1:\"1\";s:25:\"can_delete_delivery_notes\";N;s:31:\"delivery_note_manage_permission\";s:0:\"\";s:40:\"delivery_note_manage_permission_specific\";s:0:\"\";s:20:\"can_access_suppliers\";s:1:\"1\";s:20:\"can_create_suppliers\";s:1:\"1\";s:18:\"can_edit_suppliers\";s:1:\"1\";s:20:\"can_delete_suppliers\";N;s:26:\"supplier_manage_permission\";s:3:\"all\";s:35:\"supplier_manage_permission_specific\";s:0:\"\";s:26:\"can_access_purchase_orders\";s:1:\"1\";s:26:\"can_create_purchase_orders\";s:1:\"1\";s:24:\"can_edit_purchase_orders\";s:1:\"1\";s:26:\"can_delete_purchase_orders\";N;s:32:\"purchase_order_manage_permission\";s:3:\"all\";s:41:\"purchase_order_manage_permission_specific\";s:0:\"\";s:16:\"can_access_items\";s:1:\"1\";s:16:\"can_create_items\";s:1:\"1\";s:14:\"can_edit_items\";s:1:\"1\";s:16:\"can_delete_items\";N;s:22:\"item_manage_permission\";s:3:\"all\";s:31:\"item_manage_permission_specific\";s:0:\"\";s:25:\"can_access_items_category\";s:1:\"1\";s:25:\"can_create_items_category\";s:1:\"1\";s:23:\"can_edit_items_category\";s:1:\"1\";s:25:\"can_delete_items_category\";N;s:31:\"item_category_manage_permission\";s:3:\"all\";s:40:\"item_category_manage_permission_specific\";s:0:\"\";s:19:\"can_access_expiries\";N;s:21:\"can_access_petty_cash\";N;s:19:\"can_access_expenses\";s:1:\"1\";s:19:\"can_create_expenses\";s:1:\"1\";s:17:\"can_edit_expenses\";s:1:\"1\";s:19:\"can_delete_expenses\";N;s:25:\"expense_manage_permission\";s:3:\"all\";s:34:\"expense_manage_permission_specific\";s:0:\"\";s:20:\"internal_transaction\";N;s:27:\"can_access_invoice_payments\";s:1:\"1\";s:27:\"can_create_invoice_payments\";s:1:\"1\";s:25:\"can_edit_invoice_payments\";s:1:\"1\";s:27:\"can_delete_invoice_payments\";N;s:34:\"can_access_purchase_order_payments\";s:1:\"1\";s:34:\"can_create_purchase_order_payments\";s:1:\"1\";s:32:\"can_edit_purchase_order_payments\";s:1:\"1\";s:34:\"can_delete_purchase_order_payments\";N;s:19:\"can_access_contacts\";N;s:19:\"can_create_contacts\";N;s:17:\"can_edit_contacts\";N;s:19:\"can_delete_contacts\";N;s:25:\"contact_manage_permission\";N;s:34:\"contact_manage_permission_specific\";N;s:18:\"can_access_clients\";s:1:\"1\";s:18:\"can_create_clients\";s:1:\"1\";s:16:\"can_edit_clients\";s:1:\"1\";s:18:\"can_delete_clients\";N;s:24:\"client_manage_permission\";s:3:\"all\";s:33:\"client_manage_permission_specific\";s:9:\"member:10\";s:16:\"can_access_leads\";s:1:\"1\";s:16:\"can_create_leads\";s:1:\"1\";s:14:\"can_edit_leads\";s:1:\"1\";s:16:\"can_delete_leads\";N;s:23:\"leads_manage_permission\";s:3:\"all\";s:32:\"leads_manage_permission_specific\";s:0:\"\";s:19:\"can_access_invoices\";s:1:\"1\";s:19:\"can_create_invoices\";s:1:\"1\";s:17:\"can_edit_invoices\";s:1:\"1\";s:19:\"can_delete_invoices\";N;s:25:\"invoice_manage_permission\";s:3:\"all\";s:34:\"invoice_manage_permission_specific\";s:9:\"member:10\";s:21:\"can_access_job_orders\";s:1:\"1\";s:21:\"can_create_job_orders\";s:1:\"1\";s:19:\"can_edit_job_orders\";s:1:\"1\";s:21:\"can_delete_job_orders\";N;s:28:\"job_orders_manage_permission\";s:3:\"all\";s:37:\"job_orders_manage_permission_specific\";s:0:\"\";s:26:\"can_access_invoices_return\";s:1:\"1\";s:26:\"can_create_invoices_return\";s:1:\"1\";s:24:\"can_edit_invoices_return\";s:1:\"1\";s:26:\"can_delete_invoices_return\";N;s:32:\"invoice_return_manage_permission\";s:3:\"all\";s:41:\"invoice_return_manage_permission_specific\";s:0:\"\";s:20:\"can_access_estimates\";s:1:\"1\";s:19:\"can_add_team_member\";N;s:20:\"can_create_estimates\";s:1:\"1\";s:18:\"can_edit_estimates\";s:1:\"1\";s:20:\"can_delete_estimates\";N;s:26:\"estimate_manage_permission\";s:3:\"all\";s:35:\"estimate_manage_permission_specific\";s:9:\"member:10\";s:16:\"estimate_request\";N;s:8:\"discount\";i:0;s:8:\"expenses\";s:3:\"all\";s:9:\"estimates\";s:3:\"all\";s:8:\"invoices\";s:3:\"all\";s:16:\"invoice_payments\";s:3:\"all\";s:14:\"delivery_notes\";s:3:\"all\";s:15:\"purchase_orders\";s:3:\"all\";s:23:\"purchase_order_payments\";s:0:\"\";s:8:\"payrolls\";N;s:21:\"internal_transactions\";N;}',0),(4,'Sales','a:148:{s:5:\"leave\";s:0:\"\";s:14:\"leave_specific\";s:0:\"\";s:10:\"attendance\";N;s:19:\"attendance_specific\";s:0:\"\";s:7:\"invoice\";N;s:8:\"job_info\";s:0:\"\";s:15:\"account_setting\";s:0:\"\";s:16:\"final_settelment\";s:0:\"\";s:8:\"estimate\";N;s:7:\"expense\";N;s:8:\"expiries\";s:0:\"\";s:10:\"petty_cash\";N;s:6:\"client\";N;s:4:\"lead\";s:3:\"all\";s:6:\"ticket\";N;s:15:\"ticket_specific\";s:0:\"\";s:12:\"announcement\";s:0:\"\";s:17:\"approve_budgeting\";N;s:23:\"help_and_knowledge_base\";s:0:\"\";s:23:\"can_manage_all_projects\";s:1:\"1\";s:19:\"can_create_projects\";s:1:\"1\";s:17:\"can_edit_projects\";s:1:\"1\";s:19:\"can_delete_projects\";N;s:30:\"can_add_remove_project_members\";s:1:\"1\";s:16:\"can_create_tasks\";s:1:\"1\";s:14:\"can_edit_tasks\";s:1:\"1\";s:16:\"can_delete_tasks\";N;s:20:\"can_comment_on_tasks\";s:1:\"1\";s:24:\"show_assigned_tasks_only\";N;s:21:\"can_create_milestones\";s:1:\"1\";s:19:\"can_edit_milestones\";s:1:\"1\";s:21:\"can_delete_milestones\";N;s:16:\"can_delete_files\";N;s:34:\"can_view_team_members_contact_info\";s:1:\"1\";s:34:\"can_view_team_members_social_links\";N;s:29:\"team_member_update_permission\";s:3:\"all\";s:38:\"team_member_update_permission_specific\";s:0:\"\";s:27:\"timesheet_manage_permission\";N;s:36:\"timesheet_manage_permission_specific\";N;s:21:\"disable_event_sharing\";s:1:\"0\";s:22:\"hide_team_members_list\";N;s:28:\"can_delete_leave_application\";N;s:10:\"accounting\";s:0:\"\";s:7:\"payroll\";s:0:\"\";s:5:\"eroom\";N;s:4:\"logs\";s:0:\"\";s:7:\"reports\";s:0:\"\";s:25:\"can_access_delivery_notes\";s:1:\"1\";s:25:\"can_create_delivery_notes\";N;s:23:\"can_edit_delivery_notes\";N;s:25:\"can_delete_delivery_notes\";N;s:31:\"delivery_note_manage_permission\";N;s:40:\"delivery_note_manage_permission_specific\";s:0:\"\";s:20:\"can_access_suppliers\";N;s:20:\"can_create_suppliers\";N;s:18:\"can_edit_suppliers\";N;s:20:\"can_delete_suppliers\";N;s:26:\"supplier_manage_permission\";N;s:35:\"supplier_manage_permission_specific\";s:0:\"\";s:26:\"can_access_purchase_orders\";N;s:26:\"can_create_purchase_orders\";N;s:24:\"can_edit_purchase_orders\";N;s:26:\"can_delete_purchase_orders\";N;s:32:\"purchase_order_manage_permission\";N;s:41:\"purchase_order_manage_permission_specific\";s:0:\"\";s:16:\"can_access_items\";s:1:\"1\";s:16:\"can_create_items\";N;s:14:\"can_edit_items\";N;s:16:\"can_delete_items\";N;s:22:\"item_manage_permission\";N;s:31:\"item_manage_permission_specific\";s:0:\"\";s:25:\"can_access_items_category\";s:1:\"1\";s:25:\"can_create_items_category\";N;s:23:\"can_edit_items_category\";N;s:25:\"can_delete_items_category\";N;s:31:\"item_category_manage_permission\";N;s:40:\"item_category_manage_permission_specific\";s:0:\"\";s:19:\"can_access_expiries\";N;s:21:\"can_access_petty_cash\";N;s:19:\"can_access_expenses\";N;s:19:\"can_create_expenses\";N;s:17:\"can_edit_expenses\";N;s:19:\"can_delete_expenses\";N;s:25:\"expense_manage_permission\";N;s:34:\"expense_manage_permission_specific\";s:0:\"\";s:20:\"internal_transaction\";N;s:27:\"can_access_invoice_payments\";s:1:\"1\";s:27:\"can_create_invoice_payments\";s:1:\"1\";s:25:\"can_edit_invoice_payments\";s:1:\"1\";s:27:\"can_delete_invoice_payments\";N;s:34:\"can_access_purchase_order_payments\";N;s:34:\"can_create_purchase_order_payments\";N;s:32:\"can_edit_purchase_order_payments\";N;s:34:\"can_delete_purchase_order_payments\";N;s:19:\"can_access_contacts\";N;s:19:\"can_create_contacts\";N;s:17:\"can_edit_contacts\";N;s:19:\"can_delete_contacts\";N;s:25:\"contact_manage_permission\";N;s:34:\"contact_manage_permission_specific\";N;s:18:\"can_access_clients\";s:1:\"1\";s:18:\"can_create_clients\";s:1:\"1\";s:16:\"can_edit_clients\";s:1:\"1\";s:18:\"can_delete_clients\";N;s:24:\"client_manage_permission\";s:3:\"all\";s:33:\"client_manage_permission_specific\";s:0:\"\";s:16:\"can_access_leads\";s:1:\"1\";s:16:\"can_create_leads\";s:1:\"1\";s:14:\"can_edit_leads\";s:1:\"1\";s:16:\"can_delete_leads\";N;s:23:\"leads_manage_permission\";s:3:\"all\";s:32:\"leads_manage_permission_specific\";s:0:\"\";s:19:\"can_access_invoices\";s:1:\"1\";s:19:\"can_create_invoices\";s:1:\"1\";s:17:\"can_edit_invoices\";s:1:\"1\";s:19:\"can_delete_invoices\";N;s:25:\"invoice_manage_permission\";s:3:\"all\";s:34:\"invoice_manage_permission_specific\";s:0:\"\";s:21:\"can_access_job_orders\";N;s:21:\"can_create_job_orders\";N;s:19:\"can_edit_job_orders\";N;s:21:\"can_delete_job_orders\";N;s:28:\"job_orders_manage_permission\";N;s:37:\"job_orders_manage_permission_specific\";s:0:\"\";s:26:\"can_access_invoices_return\";s:1:\"1\";s:26:\"can_create_invoices_return\";s:1:\"1\";s:24:\"can_edit_invoices_return\";s:1:\"1\";s:26:\"can_delete_invoices_return\";N;s:32:\"invoice_return_manage_permission\";s:3:\"all\";s:41:\"invoice_return_manage_permission_specific\";s:0:\"\";s:20:\"can_access_estimates\";s:1:\"1\";s:19:\"can_add_team_member\";N;s:20:\"can_create_estimates\";s:1:\"1\";s:18:\"can_edit_estimates\";s:1:\"1\";s:20:\"can_delete_estimates\";N;s:26:\"estimate_manage_permission\";s:3:\"all\";s:35:\"estimate_manage_permission_specific\";s:0:\"\";s:16:\"estimate_request\";N;s:8:\"discount\";s:1:\"5\";s:8:\"expenses\";s:0:\"\";s:9:\"estimates\";s:3:\"all\";s:8:\"invoices\";s:3:\"all\";s:16:\"invoice_payments\";s:3:\"all\";s:14:\"delivery_notes\";s:0:\"\";s:15:\"purchase_orders\";s:0:\"\";s:23:\"purchase_order_payments\";s:0:\"\";s:8:\"payrolls\";N;s:21:\"internal_transactions\";s:0:\"\";}',1),(5,'Design','a:148:{s:5:\"leave\";N;s:14:\"leave_specific\";s:0:\"\";s:10:\"attendance\";N;s:19:\"attendance_specific\";s:0:\"\";s:7:\"invoice\";N;s:8:\"job_info\";N;s:15:\"account_setting\";N;s:16:\"final_settelment\";N;s:8:\"estimate\";N;s:7:\"expense\";N;s:8:\"expiries\";N;s:10:\"petty_cash\";N;s:6:\"client\";N;s:4:\"lead\";N;s:6:\"ticket\";N;s:15:\"ticket_specific\";s:0:\"\";s:12:\"announcement\";N;s:17:\"approve_budgeting\";N;s:23:\"help_and_knowledge_base\";N;s:23:\"can_manage_all_projects\";s:1:\"0\";s:19:\"can_create_projects\";N;s:17:\"can_edit_projects\";N;s:19:\"can_delete_projects\";N;s:30:\"can_add_remove_project_members\";N;s:16:\"can_create_tasks\";s:1:\"1\";s:14:\"can_edit_tasks\";s:1:\"1\";s:16:\"can_delete_tasks\";N;s:20:\"can_comment_on_tasks\";s:1:\"1\";s:24:\"show_assigned_tasks_only\";N;s:21:\"can_create_milestones\";s:1:\"1\";s:19:\"can_edit_milestones\";s:1:\"1\";s:21:\"can_delete_milestones\";N;s:16:\"can_delete_files\";N;s:34:\"can_view_team_members_contact_info\";N;s:34:\"can_view_team_members_social_links\";N;s:29:\"team_member_update_permission\";N;s:38:\"team_member_update_permission_specific\";s:0:\"\";s:27:\"timesheet_manage_permission\";N;s:36:\"timesheet_manage_permission_specific\";N;s:21:\"disable_event_sharing\";N;s:22:\"hide_team_members_list\";N;s:28:\"can_delete_leave_application\";N;s:10:\"accounting\";s:0:\"\";s:7:\"payroll\";s:0:\"\";s:5:\"eroom\";N;s:4:\"logs\";s:0:\"\";s:7:\"reports\";s:0:\"\";s:25:\"can_access_delivery_notes\";N;s:25:\"can_create_delivery_notes\";N;s:23:\"can_edit_delivery_notes\";N;s:25:\"can_delete_delivery_notes\";N;s:31:\"delivery_note_manage_permission\";N;s:40:\"delivery_note_manage_permission_specific\";s:0:\"\";s:20:\"can_access_suppliers\";N;s:20:\"can_create_suppliers\";N;s:18:\"can_edit_suppliers\";N;s:20:\"can_delete_suppliers\";N;s:26:\"supplier_manage_permission\";N;s:35:\"supplier_manage_permission_specific\";s:0:\"\";s:26:\"can_access_purchase_orders\";N;s:26:\"can_create_purchase_orders\";N;s:24:\"can_edit_purchase_orders\";N;s:26:\"can_delete_purchase_orders\";N;s:32:\"purchase_order_manage_permission\";N;s:41:\"purchase_order_manage_permission_specific\";s:0:\"\";s:16:\"can_access_items\";s:1:\"1\";s:16:\"can_create_items\";N;s:14:\"can_edit_items\";N;s:16:\"can_delete_items\";N;s:22:\"item_manage_permission\";N;s:31:\"item_manage_permission_specific\";s:0:\"\";s:25:\"can_access_items_category\";s:1:\"1\";s:25:\"can_create_items_category\";N;s:23:\"can_edit_items_category\";N;s:25:\"can_delete_items_category\";N;s:31:\"item_category_manage_permission\";N;s:40:\"item_category_manage_permission_specific\";s:0:\"\";s:19:\"can_access_expiries\";N;s:21:\"can_access_petty_cash\";N;s:19:\"can_access_expenses\";N;s:19:\"can_create_expenses\";N;s:17:\"can_edit_expenses\";N;s:19:\"can_delete_expenses\";N;s:25:\"expense_manage_permission\";N;s:34:\"expense_manage_permission_specific\";s:0:\"\";s:20:\"internal_transaction\";N;s:27:\"can_access_invoice_payments\";N;s:27:\"can_create_invoice_payments\";N;s:25:\"can_edit_invoice_payments\";N;s:27:\"can_delete_invoice_payments\";N;s:34:\"can_access_purchase_order_payments\";N;s:34:\"can_create_purchase_order_payments\";N;s:32:\"can_edit_purchase_order_payments\";N;s:34:\"can_delete_purchase_order_payments\";N;s:19:\"can_access_contacts\";N;s:19:\"can_create_contacts\";N;s:17:\"can_edit_contacts\";N;s:19:\"can_delete_contacts\";N;s:25:\"contact_manage_permission\";N;s:34:\"contact_manage_permission_specific\";N;s:18:\"can_access_clients\";s:1:\"1\";s:18:\"can_create_clients\";N;s:16:\"can_edit_clients\";N;s:18:\"can_delete_clients\";N;s:24:\"client_manage_permission\";N;s:33:\"client_manage_permission_specific\";s:0:\"\";s:16:\"can_access_leads\";s:1:\"1\";s:16:\"can_create_leads\";N;s:14:\"can_edit_leads\";N;s:16:\"can_delete_leads\";N;s:23:\"leads_manage_permission\";N;s:32:\"leads_manage_permission_specific\";s:0:\"\";s:19:\"can_access_invoices\";N;s:19:\"can_create_invoices\";N;s:17:\"can_edit_invoices\";N;s:19:\"can_delete_invoices\";N;s:25:\"invoice_manage_permission\";N;s:34:\"invoice_manage_permission_specific\";s:0:\"\";s:21:\"can_access_job_orders\";s:1:\"1\";s:21:\"can_create_job_orders\";N;s:19:\"can_edit_job_orders\";N;s:21:\"can_delete_job_orders\";N;s:28:\"job_orders_manage_permission\";N;s:37:\"job_orders_manage_permission_specific\";s:0:\"\";s:26:\"can_access_invoices_return\";N;s:26:\"can_create_invoices_return\";N;s:24:\"can_edit_invoices_return\";N;s:26:\"can_delete_invoices_return\";N;s:32:\"invoice_return_manage_permission\";N;s:41:\"invoice_return_manage_permission_specific\";s:0:\"\";s:20:\"can_access_estimates\";N;s:19:\"can_add_team_member\";N;s:20:\"can_create_estimates\";N;s:18:\"can_edit_estimates\";N;s:20:\"can_delete_estimates\";N;s:26:\"estimate_manage_permission\";N;s:35:\"estimate_manage_permission_specific\";s:0:\"\";s:16:\"estimate_request\";N;s:8:\"discount\";i:0;s:8:\"expenses\";s:0:\"\";s:9:\"estimates\";s:0:\"\";s:8:\"invoices\";s:0:\"\";s:16:\"invoice_payments\";s:0:\"\";s:14:\"delivery_notes\";s:0:\"\";s:15:\"purchase_orders\";s:0:\"\";s:23:\"purchase_order_payments\";s:0:\"\";s:8:\"payrolls\";N;s:21:\"internal_transactions\";N;}',1),(6,'HR','a:148:{s:5:\"leave\";s:3:\"all\";s:14:\"leave_specific\";s:0:\"\";s:10:\"attendance\";N;s:19:\"attendance_specific\";s:0:\"\";s:7:\"invoice\";N;s:8:\"job_info\";s:3:\"all\";s:15:\"account_setting\";s:3:\"all\";s:16:\"final_settelment\";s:3:\"all\";s:8:\"estimate\";N;s:7:\"expense\";N;s:8:\"expiries\";s:3:\"all\";s:10:\"petty_cash\";N;s:6:\"client\";N;s:4:\"lead\";s:3:\"all\";s:6:\"ticket\";N;s:15:\"ticket_specific\";s:0:\"\";s:12:\"announcement\";s:3:\"all\";s:17:\"approve_budgeting\";N;s:23:\"help_and_knowledge_base\";s:3:\"all\";s:23:\"can_manage_all_projects\";N;s:19:\"can_create_projects\";N;s:17:\"can_edit_projects\";N;s:19:\"can_delete_projects\";N;s:30:\"can_add_remove_project_members\";N;s:16:\"can_create_tasks\";N;s:14:\"can_edit_tasks\";N;s:16:\"can_delete_tasks\";N;s:20:\"can_comment_on_tasks\";s:1:\"1\";s:24:\"show_assigned_tasks_only\";N;s:21:\"can_create_milestones\";N;s:19:\"can_edit_milestones\";N;s:21:\"can_delete_milestones\";N;s:16:\"can_delete_files\";N;s:34:\"can_view_team_members_contact_info\";s:1:\"1\";s:34:\"can_view_team_members_social_links\";N;s:29:\"team_member_update_permission\";s:3:\"all\";s:38:\"team_member_update_permission_specific\";s:0:\"\";s:27:\"timesheet_manage_permission\";N;s:36:\"timesheet_manage_permission_specific\";N;s:21:\"disable_event_sharing\";s:1:\"1\";s:22:\"hide_team_members_list\";N;s:28:\"can_delete_leave_application\";s:1:\"1\";s:10:\"accounting\";s:3:\"all\";s:7:\"payroll\";s:3:\"all\";s:5:\"eroom\";N;s:4:\"logs\";s:0:\"\";s:7:\"reports\";s:0:\"\";s:25:\"can_access_delivery_notes\";s:1:\"1\";s:25:\"can_create_delivery_notes\";s:1:\"1\";s:23:\"can_edit_delivery_notes\";s:1:\"1\";s:25:\"can_delete_delivery_notes\";N;s:31:\"delivery_note_manage_permission\";s:3:\"all\";s:40:\"delivery_note_manage_permission_specific\";s:0:\"\";s:20:\"can_access_suppliers\";s:1:\"1\";s:20:\"can_create_suppliers\";s:1:\"1\";s:18:\"can_edit_suppliers\";s:1:\"1\";s:20:\"can_delete_suppliers\";N;s:26:\"supplier_manage_permission\";s:3:\"all\";s:35:\"supplier_manage_permission_specific\";s:0:\"\";s:26:\"can_access_purchase_orders\";s:1:\"1\";s:26:\"can_create_purchase_orders\";s:1:\"1\";s:24:\"can_edit_purchase_orders\";s:1:\"1\";s:26:\"can_delete_purchase_orders\";N;s:32:\"purchase_order_manage_permission\";s:3:\"all\";s:41:\"purchase_order_manage_permission_specific\";s:0:\"\";s:16:\"can_access_items\";s:1:\"1\";s:16:\"can_create_items\";s:1:\"1\";s:14:\"can_edit_items\";s:1:\"1\";s:16:\"can_delete_items\";N;s:22:\"item_manage_permission\";s:3:\"all\";s:31:\"item_manage_permission_specific\";s:0:\"\";s:25:\"can_access_items_category\";s:1:\"1\";s:25:\"can_create_items_category\";s:1:\"1\";s:23:\"can_edit_items_category\";s:1:\"1\";s:25:\"can_delete_items_category\";N;s:31:\"item_category_manage_permission\";s:3:\"all\";s:40:\"item_category_manage_permission_specific\";s:0:\"\";s:19:\"can_access_expiries\";N;s:21:\"can_access_petty_cash\";N;s:19:\"can_access_expenses\";s:1:\"1\";s:19:\"can_create_expenses\";s:1:\"1\";s:17:\"can_edit_expenses\";s:1:\"1\";s:19:\"can_delete_expenses\";N;s:25:\"expense_manage_permission\";s:3:\"all\";s:34:\"expense_manage_permission_specific\";s:0:\"\";s:20:\"internal_transaction\";N;s:27:\"can_access_invoice_payments\";s:1:\"1\";s:27:\"can_create_invoice_payments\";s:1:\"1\";s:25:\"can_edit_invoice_payments\";s:1:\"1\";s:27:\"can_delete_invoice_payments\";N;s:34:\"can_access_purchase_order_payments\";s:1:\"1\";s:34:\"can_create_purchase_order_payments\";s:1:\"1\";s:32:\"can_edit_purchase_order_payments\";s:1:\"1\";s:34:\"can_delete_purchase_order_payments\";N;s:19:\"can_access_contacts\";N;s:19:\"can_create_contacts\";N;s:17:\"can_edit_contacts\";N;s:19:\"can_delete_contacts\";N;s:25:\"contact_manage_permission\";N;s:34:\"contact_manage_permission_specific\";N;s:18:\"can_access_clients\";s:1:\"1\";s:18:\"can_create_clients\";s:1:\"1\";s:16:\"can_edit_clients\";s:1:\"1\";s:18:\"can_delete_clients\";N;s:24:\"client_manage_permission\";s:3:\"all\";s:33:\"client_manage_permission_specific\";s:0:\"\";s:16:\"can_access_leads\";s:1:\"1\";s:16:\"can_create_leads\";s:1:\"1\";s:14:\"can_edit_leads\";s:1:\"1\";s:16:\"can_delete_leads\";N;s:23:\"leads_manage_permission\";s:3:\"all\";s:32:\"leads_manage_permission_specific\";s:0:\"\";s:19:\"can_access_invoices\";s:1:\"1\";s:19:\"can_create_invoices\";s:1:\"1\";s:17:\"can_edit_invoices\";s:1:\"1\";s:19:\"can_delete_invoices\";N;s:25:\"invoice_manage_permission\";s:3:\"all\";s:34:\"invoice_manage_permission_specific\";s:0:\"\";s:21:\"can_access_job_orders\";s:1:\"1\";s:21:\"can_create_job_orders\";s:1:\"1\";s:19:\"can_edit_job_orders\";s:1:\"1\";s:21:\"can_delete_job_orders\";N;s:28:\"job_orders_manage_permission\";s:3:\"all\";s:37:\"job_orders_manage_permission_specific\";s:0:\"\";s:26:\"can_access_invoices_return\";s:1:\"1\";s:26:\"can_create_invoices_return\";s:1:\"1\";s:24:\"can_edit_invoices_return\";s:1:\"1\";s:26:\"can_delete_invoices_return\";N;s:32:\"invoice_return_manage_permission\";s:3:\"all\";s:41:\"invoice_return_manage_permission_specific\";s:0:\"\";s:20:\"can_access_estimates\";s:1:\"1\";s:19:\"can_add_team_member\";s:1:\"1\";s:20:\"can_create_estimates\";s:1:\"1\";s:18:\"can_edit_estimates\";s:1:\"1\";s:20:\"can_delete_estimates\";N;s:26:\"estimate_manage_permission\";s:3:\"all\";s:35:\"estimate_manage_permission_specific\";s:0:\"\";s:16:\"estimate_request\";N;s:8:\"discount\";i:0;s:8:\"expenses\";s:3:\"all\";s:9:\"estimates\";s:3:\"all\";s:8:\"invoices\";s:3:\"all\";s:16:\"invoice_payments\";s:0:\"\";s:14:\"delivery_notes\";s:3:\"all\";s:15:\"purchase_orders\";s:3:\"all\";s:23:\"purchase_order_payments\";s:0:\"\";s:8:\"payrolls\";N;s:21:\"internal_transactions\";N;}',0),(7,'Client','a:141:{s:5:\"leave\";N;s:14:\"leave_specific\";s:0:\"\";s:10:\"attendance\";N;s:19:\"attendance_specific\";s:0:\"\";s:7:\"invoice\";N;s:8:\"job_info\";N;s:15:\"account_setting\";N;s:16:\"final_settelment\";N;s:8:\"estimate\";N;s:7:\"expense\";N;s:8:\"expiries\";N;s:10:\"petty_cash\";N;s:6:\"client\";N;s:4:\"lead\";N;s:6:\"ticket\";N;s:15:\"ticket_specific\";s:0:\"\";s:12:\"announcement\";N;s:17:\"approve_budgeting\";N;s:23:\"help_and_knowledge_base\";N;s:23:\"can_manage_all_projects\";s:1:\"0\";s:19:\"can_create_projects\";N;s:17:\"can_edit_projects\";N;s:19:\"can_delete_projects\";N;s:30:\"can_add_remove_project_members\";N;s:16:\"can_create_tasks\";N;s:14:\"can_edit_tasks\";N;s:16:\"can_delete_tasks\";N;s:20:\"can_comment_on_tasks\";N;s:24:\"show_assigned_tasks_only\";N;s:21:\"can_create_milestones\";N;s:19:\"can_edit_milestones\";N;s:21:\"can_delete_milestones\";N;s:16:\"can_delete_files\";N;s:34:\"can_view_team_members_contact_info\";N;s:34:\"can_view_team_members_social_links\";N;s:29:\"team_member_update_permission\";N;s:38:\"team_member_update_permission_specific\";s:0:\"\";s:27:\"timesheet_manage_permission\";N;s:36:\"timesheet_manage_permission_specific\";N;s:21:\"disable_event_sharing\";N;s:22:\"hide_team_members_list\";N;s:28:\"can_delete_leave_application\";N;s:10:\"accounting\";N;s:7:\"payroll\";N;s:5:\"eroom\";N;s:4:\"logs\";N;s:7:\"reports\";N;s:25:\"can_access_delivery_notes\";N;s:25:\"can_create_delivery_notes\";N;s:23:\"can_edit_delivery_notes\";N;s:25:\"can_delete_delivery_notes\";N;s:31:\"delivery_note_manage_permission\";N;s:40:\"delivery_note_manage_permission_specific\";s:0:\"\";s:20:\"can_access_suppliers\";N;s:20:\"can_create_suppliers\";N;s:18:\"can_edit_suppliers\";N;s:20:\"can_delete_suppliers\";N;s:26:\"supplier_manage_permission\";N;s:35:\"supplier_manage_permission_specific\";s:0:\"\";s:26:\"can_access_purchase_orders\";N;s:26:\"can_create_purchase_orders\";N;s:24:\"can_edit_purchase_orders\";N;s:26:\"can_delete_purchase_orders\";N;s:32:\"purchase_order_manage_permission\";N;s:41:\"purchase_order_manage_permission_specific\";s:0:\"\";s:16:\"can_access_items\";N;s:16:\"can_create_items\";N;s:14:\"can_edit_items\";N;s:16:\"can_delete_items\";N;s:22:\"item_manage_permission\";N;s:31:\"item_manage_permission_specific\";s:0:\"\";s:25:\"can_access_items_category\";N;s:25:\"can_create_items_category\";N;s:23:\"can_edit_items_category\";N;s:25:\"can_delete_items_category\";N;s:31:\"item_category_manage_permission\";N;s:40:\"item_category_manage_permission_specific\";s:0:\"\";s:19:\"can_access_expiries\";N;s:21:\"can_access_petty_cash\";N;s:19:\"can_access_expenses\";N;s:19:\"can_create_expenses\";N;s:17:\"can_edit_expenses\";N;s:19:\"can_delete_expenses\";N;s:25:\"expense_manage_permission\";N;s:34:\"expense_manage_permission_specific\";s:0:\"\";s:20:\"internal_transaction\";N;s:27:\"can_access_invoice_payments\";N;s:27:\"can_create_invoice_payments\";N;s:25:\"can_edit_invoice_payments\";N;s:27:\"can_delete_invoice_payments\";N;s:34:\"can_access_purchase_order_payments\";N;s:34:\"can_create_purchase_order_payments\";N;s:32:\"can_edit_purchase_order_payments\";N;s:34:\"can_delete_purchase_order_payments\";N;s:19:\"can_access_contacts\";N;s:19:\"can_create_contacts\";N;s:17:\"can_edit_contacts\";N;s:19:\"can_delete_contacts\";N;s:25:\"contact_manage_permission\";N;s:34:\"contact_manage_permission_specific\";N;s:18:\"can_access_clients\";N;s:18:\"can_create_clients\";N;s:16:\"can_edit_clients\";N;s:18:\"can_delete_clients\";N;s:24:\"client_manage_permission\";N;s:33:\"client_manage_permission_specific\";s:0:\"\";s:16:\"can_access_leads\";N;s:16:\"can_create_leads\";N;s:14:\"can_edit_leads\";N;s:16:\"can_delete_leads\";N;s:23:\"leads_manage_permission\";N;s:32:\"leads_manage_permission_specific\";s:0:\"\";s:19:\"can_access_invoices\";N;s:19:\"can_create_invoices\";N;s:17:\"can_edit_invoices\";N;s:19:\"can_delete_invoices\";N;s:25:\"invoice_manage_permission\";N;s:34:\"invoice_manage_permission_specific\";s:0:\"\";s:26:\"can_access_invoices_return\";N;s:26:\"can_create_invoices_return\";N;s:24:\"can_edit_invoices_return\";N;s:26:\"can_delete_invoices_return\";N;s:32:\"invoice_return_manage_permission\";N;s:41:\"invoice_return_manage_permission_specific\";s:0:\"\";s:20:\"can_access_estimates\";N;s:20:\"can_create_estimates\";N;s:18:\"can_edit_estimates\";N;s:20:\"can_delete_estimates\";N;s:26:\"estimate_manage_permission\";N;s:35:\"estimate_manage_permission_specific\";s:0:\"\";s:16:\"estimate_request\";N;s:8:\"discount\";i:0;s:8:\"expenses\";N;s:9:\"estimates\";N;s:8:\"invoices\";N;s:16:\"invoice_payments\";N;s:14:\"delivery_notes\";N;s:15:\"purchase_orders\";N;s:23:\"purchase_order_payments\";N;s:8:\"payrolls\";N;s:21:\"internal_transactions\";N;}',1),(8,'Production Manager','a:148:{s:5:\"leave\";N;s:14:\"leave_specific\";s:0:\"\";s:10:\"attendance\";N;s:19:\"attendance_specific\";s:0:\"\";s:7:\"invoice\";N;s:8:\"job_info\";N;s:15:\"account_setting\";N;s:16:\"final_settelment\";N;s:8:\"estimate\";N;s:7:\"expense\";N;s:8:\"expiries\";N;s:10:\"petty_cash\";N;s:6:\"client\";N;s:4:\"lead\";N;s:6:\"ticket\";N;s:15:\"ticket_specific\";s:0:\"\";s:12:\"announcement\";N;s:17:\"approve_budgeting\";N;s:23:\"help_and_knowledge_base\";N;s:23:\"can_manage_all_projects\";N;s:19:\"can_create_projects\";N;s:17:\"can_edit_projects\";N;s:19:\"can_delete_projects\";N;s:30:\"can_add_remove_project_members\";N;s:16:\"can_create_tasks\";N;s:14:\"can_edit_tasks\";N;s:16:\"can_delete_tasks\";N;s:20:\"can_comment_on_tasks\";N;s:24:\"show_assigned_tasks_only\";N;s:21:\"can_create_milestones\";N;s:19:\"can_edit_milestones\";N;s:21:\"can_delete_milestones\";N;s:16:\"can_delete_files\";N;s:34:\"can_view_team_members_contact_info\";N;s:34:\"can_view_team_members_social_links\";N;s:29:\"team_member_update_permission\";s:0:\"\";s:38:\"team_member_update_permission_specific\";s:0:\"\";s:27:\"timesheet_manage_permission\";N;s:36:\"timesheet_manage_permission_specific\";N;s:21:\"disable_event_sharing\";N;s:22:\"hide_team_members_list\";N;s:28:\"can_delete_leave_application\";N;s:10:\"accounting\";N;s:7:\"payroll\";N;s:5:\"eroom\";N;s:4:\"logs\";N;s:7:\"reports\";N;s:25:\"can_access_delivery_notes\";s:1:\"1\";s:25:\"can_create_delivery_notes\";s:1:\"1\";s:23:\"can_edit_delivery_notes\";s:1:\"1\";s:25:\"can_delete_delivery_notes\";N;s:31:\"delivery_note_manage_permission\";s:3:\"all\";s:40:\"delivery_note_manage_permission_specific\";s:0:\"\";s:20:\"can_access_suppliers\";N;s:20:\"can_create_suppliers\";N;s:18:\"can_edit_suppliers\";N;s:20:\"can_delete_suppliers\";N;s:26:\"supplier_manage_permission\";N;s:35:\"supplier_manage_permission_specific\";s:0:\"\";s:26:\"can_access_purchase_orders\";s:1:\"1\";s:26:\"can_create_purchase_orders\";s:1:\"1\";s:24:\"can_edit_purchase_orders\";s:1:\"1\";s:26:\"can_delete_purchase_orders\";N;s:32:\"purchase_order_manage_permission\";s:3:\"all\";s:41:\"purchase_order_manage_permission_specific\";s:0:\"\";s:16:\"can_access_items\";s:1:\"1\";s:16:\"can_create_items\";s:1:\"1\";s:14:\"can_edit_items\";s:1:\"1\";s:16:\"can_delete_items\";N;s:22:\"item_manage_permission\";s:3:\"all\";s:31:\"item_manage_permission_specific\";s:0:\"\";s:25:\"can_access_items_category\";N;s:25:\"can_create_items_category\";N;s:23:\"can_edit_items_category\";N;s:25:\"can_delete_items_category\";N;s:31:\"item_category_manage_permission\";N;s:40:\"item_category_manage_permission_specific\";s:0:\"\";s:19:\"can_access_expiries\";N;s:21:\"can_access_petty_cash\";N;s:19:\"can_access_expenses\";N;s:19:\"can_create_expenses\";N;s:17:\"can_edit_expenses\";N;s:19:\"can_delete_expenses\";N;s:25:\"expense_manage_permission\";N;s:34:\"expense_manage_permission_specific\";s:0:\"\";s:20:\"internal_transaction\";N;s:27:\"can_access_invoice_payments\";N;s:27:\"can_create_invoice_payments\";N;s:25:\"can_edit_invoice_payments\";N;s:27:\"can_delete_invoice_payments\";N;s:34:\"can_access_purchase_order_payments\";N;s:34:\"can_create_purchase_order_payments\";N;s:32:\"can_edit_purchase_order_payments\";N;s:34:\"can_delete_purchase_order_payments\";N;s:19:\"can_access_contacts\";N;s:19:\"can_create_contacts\";N;s:17:\"can_edit_contacts\";N;s:19:\"can_delete_contacts\";N;s:25:\"contact_manage_permission\";N;s:34:\"contact_manage_permission_specific\";N;s:18:\"can_access_clients\";N;s:18:\"can_create_clients\";N;s:16:\"can_edit_clients\";N;s:18:\"can_delete_clients\";N;s:24:\"client_manage_permission\";N;s:33:\"client_manage_permission_specific\";s:0:\"\";s:16:\"can_access_leads\";N;s:16:\"can_create_leads\";N;s:14:\"can_edit_leads\";N;s:16:\"can_delete_leads\";N;s:23:\"leads_manage_permission\";N;s:32:\"leads_manage_permission_specific\";s:0:\"\";s:19:\"can_access_invoices\";N;s:19:\"can_create_invoices\";N;s:17:\"can_edit_invoices\";N;s:19:\"can_delete_invoices\";N;s:25:\"invoice_manage_permission\";N;s:34:\"invoice_manage_permission_specific\";s:0:\"\";s:21:\"can_access_job_orders\";s:1:\"1\";s:21:\"can_create_job_orders\";s:1:\"1\";s:19:\"can_edit_job_orders\";s:1:\"1\";s:21:\"can_delete_job_orders\";N;s:28:\"job_orders_manage_permission\";s:3:\"all\";s:37:\"job_orders_manage_permission_specific\";s:0:\"\";s:26:\"can_access_invoices_return\";N;s:26:\"can_create_invoices_return\";N;s:24:\"can_edit_invoices_return\";N;s:26:\"can_delete_invoices_return\";N;s:32:\"invoice_return_manage_permission\";N;s:41:\"invoice_return_manage_permission_specific\";s:0:\"\";s:20:\"can_access_estimates\";N;s:19:\"can_add_team_member\";N;s:20:\"can_create_estimates\";N;s:18:\"can_edit_estimates\";N;s:20:\"can_delete_estimates\";N;s:26:\"estimate_manage_permission\";N;s:35:\"estimate_manage_permission_specific\";s:0:\"\";s:16:\"estimate_request\";N;s:8:\"discount\";i:0;s:8:\"expenses\";N;s:9:\"estimates\";N;s:8:\"invoices\";N;s:16:\"invoice_payments\";N;s:14:\"delivery_notes\";s:3:\"all\";s:15:\"purchase_orders\";N;s:23:\"purchase_order_payments\";N;s:8:\"payrolls\";N;s:21:\"internal_transactions\";N;}',0),(9,'tushar','a:148:{s:5:\"leave\";s:3:\"all\";s:14:\"leave_specific\";s:0:\"\";s:10:\"attendance\";N;s:19:\"attendance_specific\";s:0:\"\";s:7:\"invoice\";N;s:8:\"job_info\";s:3:\"all\";s:15:\"account_setting\";s:3:\"all\";s:16:\"final_settelment\";s:3:\"all\";s:8:\"estimate\";N;s:7:\"expense\";N;s:8:\"expiries\";s:3:\"all\";s:10:\"petty_cash\";N;s:6:\"client\";N;s:4:\"lead\";s:3:\"all\";s:6:\"ticket\";N;s:15:\"ticket_specific\";s:0:\"\";s:12:\"announcement\";s:3:\"all\";s:17:\"approve_budgeting\";N;s:23:\"help_and_knowledge_base\";s:3:\"all\";s:23:\"can_manage_all_projects\";N;s:19:\"can_create_projects\";N;s:17:\"can_edit_projects\";s:1:\"1\";s:19:\"can_delete_projects\";N;s:30:\"can_add_remove_project_members\";N;s:16:\"can_create_tasks\";s:1:\"1\";s:14:\"can_edit_tasks\";s:1:\"1\";s:16:\"can_delete_tasks\";N;s:20:\"can_comment_on_tasks\";s:1:\"1\";s:24:\"show_assigned_tasks_only\";N;s:21:\"can_create_milestones\";s:1:\"1\";s:19:\"can_edit_milestones\";s:1:\"1\";s:21:\"can_delete_milestones\";N;s:16:\"can_delete_files\";N;s:34:\"can_view_team_members_contact_info\";s:1:\"1\";s:34:\"can_view_team_members_social_links\";N;s:29:\"team_member_update_permission\";s:3:\"all\";s:38:\"team_member_update_permission_specific\";s:0:\"\";s:27:\"timesheet_manage_permission\";N;s:36:\"timesheet_manage_permission_specific\";N;s:21:\"disable_event_sharing\";s:1:\"1\";s:22:\"hide_team_members_list\";N;s:28:\"can_delete_leave_application\";N;s:10:\"accounting\";s:3:\"all\";s:7:\"payroll\";s:3:\"all\";s:5:\"eroom\";N;s:4:\"logs\";s:0:\"\";s:7:\"reports\";s:0:\"\";s:25:\"can_access_delivery_notes\";s:1:\"1\";s:25:\"can_create_delivery_notes\";s:1:\"1\";s:23:\"can_edit_delivery_notes\";s:1:\"1\";s:25:\"can_delete_delivery_notes\";N;s:31:\"delivery_note_manage_permission\";s:0:\"\";s:40:\"delivery_note_manage_permission_specific\";s:0:\"\";s:20:\"can_access_suppliers\";s:1:\"1\";s:20:\"can_create_suppliers\";s:1:\"1\";s:18:\"can_edit_suppliers\";s:1:\"1\";s:20:\"can_delete_suppliers\";N;s:26:\"supplier_manage_permission\";s:3:\"all\";s:35:\"supplier_manage_permission_specific\";s:0:\"\";s:26:\"can_access_purchase_orders\";s:1:\"1\";s:26:\"can_create_purchase_orders\";s:1:\"1\";s:24:\"can_edit_purchase_orders\";s:1:\"1\";s:26:\"can_delete_purchase_orders\";N;s:32:\"purchase_order_manage_permission\";s:3:\"all\";s:41:\"purchase_order_manage_permission_specific\";s:0:\"\";s:16:\"can_access_items\";s:1:\"1\";s:16:\"can_create_items\";s:1:\"1\";s:14:\"can_edit_items\";s:1:\"1\";s:16:\"can_delete_items\";N;s:22:\"item_manage_permission\";s:3:\"all\";s:31:\"item_manage_permission_specific\";s:0:\"\";s:25:\"can_access_items_category\";s:1:\"1\";s:25:\"can_create_items_category\";s:1:\"1\";s:23:\"can_edit_items_category\";s:1:\"1\";s:25:\"can_delete_items_category\";N;s:31:\"item_category_manage_permission\";s:3:\"all\";s:40:\"item_category_manage_permission_specific\";s:0:\"\";s:19:\"can_access_expiries\";N;s:21:\"can_access_petty_cash\";N;s:19:\"can_access_expenses\";s:1:\"1\";s:19:\"can_create_expenses\";s:1:\"1\";s:17:\"can_edit_expenses\";s:1:\"1\";s:19:\"can_delete_expenses\";N;s:25:\"expense_manage_permission\";s:3:\"all\";s:34:\"expense_manage_permission_specific\";s:0:\"\";s:20:\"internal_transaction\";N;s:27:\"can_access_invoice_payments\";s:1:\"1\";s:27:\"can_create_invoice_payments\";s:1:\"1\";s:25:\"can_edit_invoice_payments\";s:1:\"1\";s:27:\"can_delete_invoice_payments\";N;s:34:\"can_access_purchase_order_payments\";s:1:\"1\";s:34:\"can_create_purchase_order_payments\";s:1:\"1\";s:32:\"can_edit_purchase_order_payments\";s:1:\"1\";s:34:\"can_delete_purchase_order_payments\";N;s:19:\"can_access_contacts\";N;s:19:\"can_create_contacts\";N;s:17:\"can_edit_contacts\";N;s:19:\"can_delete_contacts\";N;s:25:\"contact_manage_permission\";N;s:34:\"contact_manage_permission_specific\";N;s:18:\"can_access_clients\";s:1:\"1\";s:18:\"can_create_clients\";s:1:\"1\";s:16:\"can_edit_clients\";s:1:\"1\";s:18:\"can_delete_clients\";N;s:24:\"client_manage_permission\";s:8:\"specific\";s:33:\"client_manage_permission_specific\";s:9:\"member:10\";s:16:\"can_access_leads\";s:1:\"1\";s:16:\"can_create_leads\";s:1:\"1\";s:14:\"can_edit_leads\";s:1:\"1\";s:16:\"can_delete_leads\";N;s:23:\"leads_manage_permission\";s:8:\"specific\";s:32:\"leads_manage_permission_specific\";s:9:\"member:10\";s:19:\"can_access_invoices\";s:1:\"1\";s:19:\"can_create_invoices\";s:1:\"1\";s:17:\"can_edit_invoices\";s:1:\"1\";s:19:\"can_delete_invoices\";N;s:25:\"invoice_manage_permission\";s:8:\"specific\";s:34:\"invoice_manage_permission_specific\";s:9:\"member:10\";s:21:\"can_access_job_orders\";s:1:\"1\";s:21:\"can_create_job_orders\";s:1:\"1\";s:19:\"can_edit_job_orders\";s:1:\"1\";s:21:\"can_delete_job_orders\";N;s:28:\"job_orders_manage_permission\";N;s:37:\"job_orders_manage_permission_specific\";s:0:\"\";s:26:\"can_access_invoices_return\";s:1:\"1\";s:26:\"can_create_invoices_return\";N;s:24:\"can_edit_invoices_return\";N;s:26:\"can_delete_invoices_return\";N;s:32:\"invoice_return_manage_permission\";s:3:\"all\";s:41:\"invoice_return_manage_permission_specific\";s:0:\"\";s:20:\"can_access_estimates\";s:1:\"1\";s:19:\"can_add_team_member\";s:1:\"1\";s:20:\"can_create_estimates\";s:1:\"1\";s:18:\"can_edit_estimates\";s:1:\"1\";s:20:\"can_delete_estimates\";N;s:26:\"estimate_manage_permission\";s:8:\"specific\";s:35:\"estimate_manage_permission_specific\";s:9:\"member:10\";s:16:\"estimate_request\";N;s:8:\"discount\";s:1:\"5\";s:8:\"expenses\";s:0:\"\";s:9:\"estimates\";s:0:\"\";s:8:\"invoices\";s:0:\"\";s:16:\"invoice_payments\";s:0:\"\";s:14:\"delivery_notes\";s:3:\"all\";s:15:\"purchase_orders\";s:3:\"all\";s:23:\"purchase_order_payments\";s:3:\"all\";s:8:\"payrolls\";N;s:21:\"internal_transactions\";N;}',1),(10,'Expenses','a:148:{s:5:\"leave\";N;s:14:\"leave_specific\";s:0:\"\";s:10:\"attendance\";N;s:19:\"attendance_specific\";s:0:\"\";s:7:\"invoice\";N;s:8:\"job_info\";N;s:15:\"account_setting\";N;s:16:\"final_settelment\";N;s:8:\"estimate\";N;s:7:\"expense\";N;s:8:\"expiries\";N;s:10:\"petty_cash\";N;s:6:\"client\";N;s:4:\"lead\";N;s:6:\"ticket\";N;s:15:\"ticket_specific\";s:0:\"\";s:12:\"announcement\";N;s:17:\"approve_budgeting\";N;s:23:\"help_and_knowledge_base\";N;s:23:\"can_manage_all_projects\";s:1:\"0\";s:19:\"can_create_projects\";N;s:17:\"can_edit_projects\";N;s:19:\"can_delete_projects\";N;s:30:\"can_add_remove_project_members\";N;s:16:\"can_create_tasks\";N;s:14:\"can_edit_tasks\";N;s:16:\"can_delete_tasks\";N;s:20:\"can_comment_on_tasks\";N;s:24:\"show_assigned_tasks_only\";N;s:21:\"can_create_milestones\";N;s:19:\"can_edit_milestones\";N;s:21:\"can_delete_milestones\";N;s:16:\"can_delete_files\";N;s:34:\"can_view_team_members_contact_info\";N;s:34:\"can_view_team_members_social_links\";N;s:29:\"team_member_update_permission\";N;s:38:\"team_member_update_permission_specific\";s:0:\"\";s:27:\"timesheet_manage_permission\";N;s:36:\"timesheet_manage_permission_specific\";N;s:21:\"disable_event_sharing\";N;s:22:\"hide_team_members_list\";N;s:28:\"can_delete_leave_application\";N;s:10:\"accounting\";s:0:\"\";s:7:\"payroll\";N;s:5:\"eroom\";N;s:4:\"logs\";N;s:7:\"reports\";N;s:25:\"can_access_delivery_notes\";N;s:25:\"can_create_delivery_notes\";N;s:23:\"can_edit_delivery_notes\";N;s:25:\"can_delete_delivery_notes\";N;s:31:\"delivery_note_manage_permission\";N;s:40:\"delivery_note_manage_permission_specific\";s:0:\"\";s:20:\"can_access_suppliers\";N;s:20:\"can_create_suppliers\";N;s:18:\"can_edit_suppliers\";N;s:20:\"can_delete_suppliers\";N;s:26:\"supplier_manage_permission\";N;s:35:\"supplier_manage_permission_specific\";s:0:\"\";s:26:\"can_access_purchase_orders\";N;s:26:\"can_create_purchase_orders\";N;s:24:\"can_edit_purchase_orders\";N;s:26:\"can_delete_purchase_orders\";N;s:32:\"purchase_order_manage_permission\";N;s:41:\"purchase_order_manage_permission_specific\";s:0:\"\";s:16:\"can_access_items\";N;s:16:\"can_create_items\";N;s:14:\"can_edit_items\";N;s:16:\"can_delete_items\";N;s:22:\"item_manage_permission\";N;s:31:\"item_manage_permission_specific\";s:0:\"\";s:25:\"can_access_items_category\";N;s:25:\"can_create_items_category\";N;s:23:\"can_edit_items_category\";N;s:25:\"can_delete_items_category\";N;s:31:\"item_category_manage_permission\";N;s:40:\"item_category_manage_permission_specific\";s:0:\"\";s:19:\"can_access_expiries\";N;s:21:\"can_access_petty_cash\";N;s:19:\"can_access_expenses\";N;s:19:\"can_create_expenses\";N;s:17:\"can_edit_expenses\";N;s:19:\"can_delete_expenses\";N;s:25:\"expense_manage_permission\";N;s:34:\"expense_manage_permission_specific\";s:0:\"\";s:20:\"internal_transaction\";N;s:27:\"can_access_invoice_payments\";N;s:27:\"can_create_invoice_payments\";N;s:25:\"can_edit_invoice_payments\";N;s:27:\"can_delete_invoice_payments\";N;s:34:\"can_access_purchase_order_payments\";N;s:34:\"can_create_purchase_order_payments\";N;s:32:\"can_edit_purchase_order_payments\";N;s:34:\"can_delete_purchase_order_payments\";N;s:19:\"can_access_contacts\";N;s:19:\"can_create_contacts\";N;s:17:\"can_edit_contacts\";N;s:19:\"can_delete_contacts\";N;s:25:\"contact_manage_permission\";N;s:34:\"contact_manage_permission_specific\";N;s:18:\"can_access_clients\";N;s:18:\"can_create_clients\";N;s:16:\"can_edit_clients\";N;s:18:\"can_delete_clients\";N;s:24:\"client_manage_permission\";N;s:33:\"client_manage_permission_specific\";s:0:\"\";s:16:\"can_access_leads\";N;s:16:\"can_create_leads\";N;s:14:\"can_edit_leads\";N;s:16:\"can_delete_leads\";N;s:23:\"leads_manage_permission\";N;s:32:\"leads_manage_permission_specific\";s:0:\"\";s:19:\"can_access_invoices\";N;s:19:\"can_create_invoices\";N;s:17:\"can_edit_invoices\";N;s:19:\"can_delete_invoices\";N;s:25:\"invoice_manage_permission\";N;s:34:\"invoice_manage_permission_specific\";s:0:\"\";s:21:\"can_access_job_orders\";N;s:21:\"can_create_job_orders\";N;s:19:\"can_edit_job_orders\";N;s:21:\"can_delete_job_orders\";N;s:28:\"job_orders_manage_permission\";N;s:37:\"job_orders_manage_permission_specific\";s:0:\"\";s:26:\"can_access_invoices_return\";N;s:26:\"can_create_invoices_return\";N;s:24:\"can_edit_invoices_return\";N;s:26:\"can_delete_invoices_return\";N;s:32:\"invoice_return_manage_permission\";N;s:41:\"invoice_return_manage_permission_specific\";s:0:\"\";s:20:\"can_access_estimates\";N;s:19:\"can_add_team_member\";N;s:20:\"can_create_estimates\";N;s:18:\"can_edit_estimates\";N;s:20:\"can_delete_estimates\";N;s:26:\"estimate_manage_permission\";N;s:35:\"estimate_manage_permission_specific\";s:0:\"\";s:16:\"estimate_request\";N;s:8:\"discount\";i:0;s:8:\"expenses\";N;s:9:\"estimates\";N;s:8:\"invoices\";N;s:16:\"invoice_payments\";N;s:14:\"delivery_notes\";N;s:15:\"purchase_orders\";N;s:23:\"purchase_order_payments\";N;s:8:\"payrolls\";N;s:21:\"internal_transactions\";N;}',1),(11,'Tushar Hegde','a:148:{s:5:\"leave\";s:3:\"all\";s:14:\"leave_specific\";s:0:\"\";s:10:\"attendance\";N;s:19:\"attendance_specific\";s:0:\"\";s:7:\"invoice\";N;s:8:\"job_info\";s:3:\"all\";s:15:\"account_setting\";s:0:\"\";s:16:\"final_settelment\";s:3:\"all\";s:8:\"estimate\";N;s:7:\"expense\";N;s:8:\"expiries\";s:0:\"\";s:10:\"petty_cash\";N;s:6:\"client\";N;s:4:\"lead\";s:3:\"all\";s:6:\"ticket\";N;s:15:\"ticket_specific\";s:0:\"\";s:12:\"announcement\";s:3:\"all\";s:17:\"approve_budgeting\";N;s:23:\"help_and_knowledge_base\";s:3:\"all\";s:23:\"can_manage_all_projects\";N;s:19:\"can_create_projects\";N;s:17:\"can_edit_projects\";s:1:\"1\";s:19:\"can_delete_projects\";N;s:30:\"can_add_remove_project_members\";N;s:16:\"can_create_tasks\";s:1:\"1\";s:14:\"can_edit_tasks\";s:1:\"1\";s:16:\"can_delete_tasks\";N;s:20:\"can_comment_on_tasks\";s:1:\"1\";s:24:\"show_assigned_tasks_only\";N;s:21:\"can_create_milestones\";s:1:\"1\";s:19:\"can_edit_milestones\";s:1:\"1\";s:21:\"can_delete_milestones\";N;s:16:\"can_delete_files\";N;s:34:\"can_view_team_members_contact_info\";s:1:\"1\";s:34:\"can_view_team_members_social_links\";N;s:29:\"team_member_update_permission\";s:3:\"all\";s:38:\"team_member_update_permission_specific\";s:0:\"\";s:27:\"timesheet_manage_permission\";N;s:36:\"timesheet_manage_permission_specific\";N;s:21:\"disable_event_sharing\";s:1:\"1\";s:22:\"hide_team_members_list\";N;s:28:\"can_delete_leave_application\";N;s:10:\"accounting\";s:3:\"all\";s:7:\"payroll\";s:0:\"\";s:5:\"eroom\";N;s:4:\"logs\";s:0:\"\";s:7:\"reports\";s:0:\"\";s:25:\"can_access_delivery_notes\";N;s:25:\"can_create_delivery_notes\";N;s:23:\"can_edit_delivery_notes\";N;s:25:\"can_delete_delivery_notes\";N;s:31:\"delivery_note_manage_permission\";s:0:\"\";s:40:\"delivery_note_manage_permission_specific\";s:0:\"\";s:20:\"can_access_suppliers\";N;s:20:\"can_create_suppliers\";N;s:18:\"can_edit_suppliers\";N;s:20:\"can_delete_suppliers\";N;s:26:\"supplier_manage_permission\";s:3:\"all\";s:35:\"supplier_manage_permission_specific\";s:0:\"\";s:26:\"can_access_purchase_orders\";N;s:26:\"can_create_purchase_orders\";N;s:24:\"can_edit_purchase_orders\";N;s:26:\"can_delete_purchase_orders\";N;s:32:\"purchase_order_manage_permission\";s:3:\"all\";s:41:\"purchase_order_manage_permission_specific\";s:0:\"\";s:16:\"can_access_items\";N;s:16:\"can_create_items\";N;s:14:\"can_edit_items\";N;s:16:\"can_delete_items\";N;s:22:\"item_manage_permission\";s:3:\"all\";s:31:\"item_manage_permission_specific\";s:0:\"\";s:25:\"can_access_items_category\";N;s:25:\"can_create_items_category\";N;s:23:\"can_edit_items_category\";N;s:25:\"can_delete_items_category\";N;s:31:\"item_category_manage_permission\";s:3:\"all\";s:40:\"item_category_manage_permission_specific\";s:0:\"\";s:19:\"can_access_expiries\";N;s:21:\"can_access_petty_cash\";N;s:19:\"can_access_expenses\";s:1:\"1\";s:19:\"can_create_expenses\";s:1:\"1\";s:17:\"can_edit_expenses\";s:1:\"1\";s:19:\"can_delete_expenses\";N;s:25:\"expense_manage_permission\";s:3:\"all\";s:34:\"expense_manage_permission_specific\";s:0:\"\";s:20:\"internal_transaction\";N;s:27:\"can_access_invoice_payments\";s:1:\"1\";s:27:\"can_create_invoice_payments\";s:1:\"1\";s:25:\"can_edit_invoice_payments\";s:1:\"1\";s:27:\"can_delete_invoice_payments\";N;s:34:\"can_access_purchase_order_payments\";s:1:\"1\";s:34:\"can_create_purchase_order_payments\";s:1:\"1\";s:32:\"can_edit_purchase_order_payments\";s:1:\"1\";s:34:\"can_delete_purchase_order_payments\";N;s:19:\"can_access_contacts\";N;s:19:\"can_create_contacts\";N;s:17:\"can_edit_contacts\";N;s:19:\"can_delete_contacts\";N;s:25:\"contact_manage_permission\";N;s:34:\"contact_manage_permission_specific\";N;s:18:\"can_access_clients\";s:1:\"1\";s:18:\"can_create_clients\";s:1:\"1\";s:16:\"can_edit_clients\";s:1:\"1\";s:18:\"can_delete_clients\";N;s:24:\"client_manage_permission\";s:8:\"specific\";s:33:\"client_manage_permission_specific\";s:9:\"member:10\";s:16:\"can_access_leads\";s:1:\"1\";s:16:\"can_create_leads\";s:1:\"1\";s:14:\"can_edit_leads\";s:1:\"1\";s:16:\"can_delete_leads\";N;s:23:\"leads_manage_permission\";s:8:\"specific\";s:32:\"leads_manage_permission_specific\";s:9:\"member:10\";s:19:\"can_access_invoices\";s:1:\"1\";s:19:\"can_create_invoices\";s:1:\"1\";s:17:\"can_edit_invoices\";s:1:\"1\";s:19:\"can_delete_invoices\";N;s:25:\"invoice_manage_permission\";s:8:\"specific\";s:34:\"invoice_manage_permission_specific\";s:9:\"member:10\";s:21:\"can_access_job_orders\";s:1:\"1\";s:21:\"can_create_job_orders\";s:1:\"1\";s:19:\"can_edit_job_orders\";s:1:\"1\";s:21:\"can_delete_job_orders\";N;s:28:\"job_orders_manage_permission\";N;s:37:\"job_orders_manage_permission_specific\";s:0:\"\";s:26:\"can_access_invoices_return\";s:1:\"1\";s:26:\"can_create_invoices_return\";N;s:24:\"can_edit_invoices_return\";N;s:26:\"can_delete_invoices_return\";N;s:32:\"invoice_return_manage_permission\";s:3:\"all\";s:41:\"invoice_return_manage_permission_specific\";s:0:\"\";s:20:\"can_access_estimates\";s:1:\"1\";s:19:\"can_add_team_member\";s:1:\"1\";s:20:\"can_create_estimates\";s:1:\"1\";s:18:\"can_edit_estimates\";s:1:\"1\";s:20:\"can_delete_estimates\";N;s:26:\"estimate_manage_permission\";s:8:\"specific\";s:35:\"estimate_manage_permission_specific\";s:9:\"member:10\";s:16:\"estimate_request\";N;s:8:\"discount\";s:1:\"5\";s:8:\"expenses\";s:0:\"\";s:9:\"estimates\";s:0:\"\";s:8:\"invoices\";s:0:\"\";s:16:\"invoice_payments\";s:0:\"\";s:14:\"delivery_notes\";s:3:\"all\";s:15:\"purchase_orders\";s:3:\"all\";s:23:\"purchase_order_payments\";s:3:\"all\";s:8:\"payrolls\";N;s:21:\"internal_transactions\";N;}',1),(12,'admin',NULL,1),(13,'tushar',NULL,1),(14,'expenses-1','a:148:{s:5:\"leave\";N;s:14:\"leave_specific\";s:0:\"\";s:10:\"attendance\";N;s:19:\"attendance_specific\";s:0:\"\";s:7:\"invoice\";N;s:8:\"job_info\";N;s:15:\"account_setting\";N;s:16:\"final_settelment\";N;s:8:\"estimate\";N;s:7:\"expense\";N;s:8:\"expiries\";N;s:10:\"petty_cash\";N;s:6:\"client\";N;s:4:\"lead\";N;s:6:\"ticket\";N;s:15:\"ticket_specific\";s:0:\"\";s:12:\"announcement\";N;s:17:\"approve_budgeting\";N;s:23:\"help_and_knowledge_base\";N;s:23:\"can_manage_all_projects\";N;s:19:\"can_create_projects\";N;s:17:\"can_edit_projects\";N;s:19:\"can_delete_projects\";N;s:30:\"can_add_remove_project_members\";N;s:16:\"can_create_tasks\";N;s:14:\"can_edit_tasks\";N;s:16:\"can_delete_tasks\";N;s:20:\"can_comment_on_tasks\";N;s:24:\"show_assigned_tasks_only\";N;s:21:\"can_create_milestones\";N;s:19:\"can_edit_milestones\";N;s:21:\"can_delete_milestones\";N;s:16:\"can_delete_files\";N;s:34:\"can_view_team_members_contact_info\";N;s:34:\"can_view_team_members_social_links\";N;s:29:\"team_member_update_permission\";N;s:38:\"team_member_update_permission_specific\";s:0:\"\";s:27:\"timesheet_manage_permission\";N;s:36:\"timesheet_manage_permission_specific\";N;s:21:\"disable_event_sharing\";N;s:22:\"hide_team_members_list\";N;s:28:\"can_delete_leave_application\";N;s:10:\"accounting\";s:0:\"\";s:7:\"payroll\";N;s:5:\"eroom\";N;s:4:\"logs\";N;s:7:\"reports\";N;s:25:\"can_access_delivery_notes\";N;s:25:\"can_create_delivery_notes\";N;s:23:\"can_edit_delivery_notes\";N;s:25:\"can_delete_delivery_notes\";N;s:31:\"delivery_note_manage_permission\";N;s:40:\"delivery_note_manage_permission_specific\";s:0:\"\";s:20:\"can_access_suppliers\";N;s:20:\"can_create_suppliers\";N;s:18:\"can_edit_suppliers\";N;s:20:\"can_delete_suppliers\";N;s:26:\"supplier_manage_permission\";N;s:35:\"supplier_manage_permission_specific\";s:0:\"\";s:26:\"can_access_purchase_orders\";N;s:26:\"can_create_purchase_orders\";N;s:24:\"can_edit_purchase_orders\";N;s:26:\"can_delete_purchase_orders\";N;s:32:\"purchase_order_manage_permission\";N;s:41:\"purchase_order_manage_permission_specific\";s:0:\"\";s:16:\"can_access_items\";N;s:16:\"can_create_items\";N;s:14:\"can_edit_items\";N;s:16:\"can_delete_items\";N;s:22:\"item_manage_permission\";N;s:31:\"item_manage_permission_specific\";s:0:\"\";s:25:\"can_access_items_category\";N;s:25:\"can_create_items_category\";N;s:23:\"can_edit_items_category\";N;s:25:\"can_delete_items_category\";N;s:31:\"item_category_manage_permission\";N;s:40:\"item_category_manage_permission_specific\";s:0:\"\";s:19:\"can_access_expiries\";N;s:21:\"can_access_petty_cash\";N;s:19:\"can_access_expenses\";N;s:19:\"can_create_expenses\";N;s:17:\"can_edit_expenses\";N;s:19:\"can_delete_expenses\";N;s:25:\"expense_manage_permission\";N;s:34:\"expense_manage_permission_specific\";s:0:\"\";s:20:\"internal_transaction\";N;s:27:\"can_access_invoice_payments\";N;s:27:\"can_create_invoice_payments\";N;s:25:\"can_edit_invoice_payments\";N;s:27:\"can_delete_invoice_payments\";N;s:34:\"can_access_purchase_order_payments\";N;s:34:\"can_create_purchase_order_payments\";N;s:32:\"can_edit_purchase_order_payments\";N;s:34:\"can_delete_purchase_order_payments\";N;s:19:\"can_access_contacts\";N;s:19:\"can_create_contacts\";N;s:17:\"can_edit_contacts\";N;s:19:\"can_delete_contacts\";N;s:25:\"contact_manage_permission\";N;s:34:\"contact_manage_permission_specific\";N;s:18:\"can_access_clients\";N;s:18:\"can_create_clients\";N;s:16:\"can_edit_clients\";N;s:18:\"can_delete_clients\";N;s:24:\"client_manage_permission\";N;s:33:\"client_manage_permission_specific\";s:0:\"\";s:16:\"can_access_leads\";N;s:16:\"can_create_leads\";N;s:14:\"can_edit_leads\";N;s:16:\"can_delete_leads\";N;s:23:\"leads_manage_permission\";N;s:32:\"leads_manage_permission_specific\";s:0:\"\";s:19:\"can_access_invoices\";N;s:19:\"can_create_invoices\";N;s:17:\"can_edit_invoices\";N;s:19:\"can_delete_invoices\";N;s:25:\"invoice_manage_permission\";N;s:34:\"invoice_manage_permission_specific\";s:0:\"\";s:21:\"can_access_job_orders\";N;s:21:\"can_create_job_orders\";N;s:19:\"can_edit_job_orders\";N;s:21:\"can_delete_job_orders\";N;s:28:\"job_orders_manage_permission\";N;s:37:\"job_orders_manage_permission_specific\";s:0:\"\";s:26:\"can_access_invoices_return\";N;s:26:\"can_create_invoices_return\";N;s:24:\"can_edit_invoices_return\";N;s:26:\"can_delete_invoices_return\";N;s:32:\"invoice_return_manage_permission\";N;s:41:\"invoice_return_manage_permission_specific\";s:0:\"\";s:20:\"can_access_estimates\";N;s:19:\"can_add_team_member\";N;s:20:\"can_create_estimates\";N;s:18:\"can_edit_estimates\";N;s:20:\"can_delete_estimates\";N;s:26:\"estimate_manage_permission\";N;s:35:\"estimate_manage_permission_specific\";s:0:\"\";s:16:\"estimate_request\";N;s:8:\"discount\";i:0;s:8:\"expenses\";N;s:9:\"estimates\";N;s:8:\"invoices\";N;s:16:\"invoice_payments\";N;s:14:\"delivery_notes\";N;s:15:\"purchase_orders\";N;s:23:\"purchase_order_payments\";N;s:8:\"payrolls\";N;s:21:\"internal_transactions\";N;}',1),(15,'cash','a:148:{s:5:\"leave\";N;s:14:\"leave_specific\";s:0:\"\";s:10:\"attendance\";N;s:19:\"attendance_specific\";s:0:\"\";s:7:\"invoice\";N;s:8:\"job_info\";N;s:15:\"account_setting\";N;s:16:\"final_settelment\";N;s:8:\"estimate\";N;s:7:\"expense\";N;s:8:\"expiries\";N;s:10:\"petty_cash\";N;s:6:\"client\";N;s:4:\"lead\";N;s:6:\"ticket\";N;s:15:\"ticket_specific\";s:0:\"\";s:12:\"announcement\";N;s:17:\"approve_budgeting\";N;s:23:\"help_and_knowledge_base\";N;s:23:\"can_manage_all_projects\";s:1:\"0\";s:19:\"can_create_projects\";N;s:17:\"can_edit_projects\";N;s:19:\"can_delete_projects\";N;s:30:\"can_add_remove_project_members\";N;s:16:\"can_create_tasks\";N;s:14:\"can_edit_tasks\";N;s:16:\"can_delete_tasks\";N;s:20:\"can_comment_on_tasks\";N;s:24:\"show_assigned_tasks_only\";N;s:21:\"can_create_milestones\";N;s:19:\"can_edit_milestones\";N;s:21:\"can_delete_milestones\";N;s:16:\"can_delete_files\";N;s:34:\"can_view_team_members_contact_info\";N;s:34:\"can_view_team_members_social_links\";N;s:29:\"team_member_update_permission\";N;s:38:\"team_member_update_permission_specific\";s:0:\"\";s:27:\"timesheet_manage_permission\";N;s:36:\"timesheet_manage_permission_specific\";N;s:21:\"disable_event_sharing\";N;s:22:\"hide_team_members_list\";N;s:28:\"can_delete_leave_application\";N;s:10:\"accounting\";s:0:\"\";s:7:\"payroll\";N;s:5:\"eroom\";N;s:4:\"logs\";N;s:7:\"reports\";N;s:25:\"can_access_delivery_notes\";N;s:25:\"can_create_delivery_notes\";N;s:23:\"can_edit_delivery_notes\";N;s:25:\"can_delete_delivery_notes\";N;s:31:\"delivery_note_manage_permission\";N;s:40:\"delivery_note_manage_permission_specific\";s:0:\"\";s:20:\"can_access_suppliers\";N;s:20:\"can_create_suppliers\";N;s:18:\"can_edit_suppliers\";N;s:20:\"can_delete_suppliers\";N;s:26:\"supplier_manage_permission\";N;s:35:\"supplier_manage_permission_specific\";s:0:\"\";s:26:\"can_access_purchase_orders\";N;s:26:\"can_create_purchase_orders\";N;s:24:\"can_edit_purchase_orders\";N;s:26:\"can_delete_purchase_orders\";N;s:32:\"purchase_order_manage_permission\";N;s:41:\"purchase_order_manage_permission_specific\";s:0:\"\";s:16:\"can_access_items\";N;s:16:\"can_create_items\";N;s:14:\"can_edit_items\";N;s:16:\"can_delete_items\";N;s:22:\"item_manage_permission\";N;s:31:\"item_manage_permission_specific\";s:0:\"\";s:25:\"can_access_items_category\";N;s:25:\"can_create_items_category\";N;s:23:\"can_edit_items_category\";N;s:25:\"can_delete_items_category\";N;s:31:\"item_category_manage_permission\";N;s:40:\"item_category_manage_permission_specific\";s:0:\"\";s:19:\"can_access_expiries\";N;s:21:\"can_access_petty_cash\";N;s:19:\"can_access_expenses\";N;s:19:\"can_create_expenses\";N;s:17:\"can_edit_expenses\";N;s:19:\"can_delete_expenses\";N;s:25:\"expense_manage_permission\";N;s:34:\"expense_manage_permission_specific\";s:0:\"\";s:20:\"internal_transaction\";N;s:27:\"can_access_invoice_payments\";N;s:27:\"can_create_invoice_payments\";N;s:25:\"can_edit_invoice_payments\";N;s:27:\"can_delete_invoice_payments\";N;s:34:\"can_access_purchase_order_payments\";N;s:34:\"can_create_purchase_order_payments\";N;s:32:\"can_edit_purchase_order_payments\";N;s:34:\"can_delete_purchase_order_payments\";N;s:19:\"can_access_contacts\";N;s:19:\"can_create_contacts\";N;s:17:\"can_edit_contacts\";N;s:19:\"can_delete_contacts\";N;s:25:\"contact_manage_permission\";N;s:34:\"contact_manage_permission_specific\";N;s:18:\"can_access_clients\";N;s:18:\"can_create_clients\";N;s:16:\"can_edit_clients\";N;s:18:\"can_delete_clients\";N;s:24:\"client_manage_permission\";N;s:33:\"client_manage_permission_specific\";s:0:\"\";s:16:\"can_access_leads\";N;s:16:\"can_create_leads\";N;s:14:\"can_edit_leads\";N;s:16:\"can_delete_leads\";N;s:23:\"leads_manage_permission\";N;s:32:\"leads_manage_permission_specific\";s:0:\"\";s:19:\"can_access_invoices\";N;s:19:\"can_create_invoices\";N;s:17:\"can_edit_invoices\";N;s:19:\"can_delete_invoices\";N;s:25:\"invoice_manage_permission\";N;s:34:\"invoice_manage_permission_specific\";s:0:\"\";s:21:\"can_access_job_orders\";N;s:21:\"can_create_job_orders\";N;s:19:\"can_edit_job_orders\";N;s:21:\"can_delete_job_orders\";N;s:28:\"job_orders_manage_permission\";N;s:37:\"job_orders_manage_permission_specific\";s:0:\"\";s:26:\"can_access_invoices_return\";N;s:26:\"can_create_invoices_return\";N;s:24:\"can_edit_invoices_return\";N;s:26:\"can_delete_invoices_return\";N;s:32:\"invoice_return_manage_permission\";N;s:41:\"invoice_return_manage_permission_specific\";s:0:\"\";s:20:\"can_access_estimates\";N;s:19:\"can_add_team_member\";N;s:20:\"can_create_estimates\";N;s:18:\"can_edit_estimates\";N;s:20:\"can_delete_estimates\";N;s:26:\"estimate_manage_permission\";N;s:35:\"estimate_manage_permission_specific\";s:0:\"\";s:16:\"estimate_request\";N;s:8:\"discount\";i:0;s:8:\"expenses\";N;s:9:\"estimates\";N;s:8:\"invoices\";N;s:16:\"invoice_payments\";N;s:14:\"delivery_notes\";N;s:15:\"purchase_orders\";N;s:23:\"purchase_order_payments\";N;s:8:\"payrolls\";N;s:21:\"internal_transactions\";N;}',1),(16,'Account Khabora','a:148:{s:5:\"leave\";s:0:\"\";s:14:\"leave_specific\";s:0:\"\";s:10:\"attendance\";N;s:19:\"attendance_specific\";s:0:\"\";s:7:\"invoice\";N;s:8:\"job_info\";s:0:\"\";s:15:\"account_setting\";s:3:\"all\";s:16:\"final_settelment\";s:0:\"\";s:8:\"estimate\";N;s:7:\"expense\";N;s:8:\"expiries\";s:3:\"all\";s:10:\"petty_cash\";N;s:6:\"client\";N;s:4:\"lead\";s:3:\"all\";s:6:\"ticket\";N;s:15:\"ticket_specific\";s:0:\"\";s:12:\"announcement\";s:0:\"\";s:17:\"approve_budgeting\";N;s:23:\"help_and_knowledge_base\";s:0:\"\";s:23:\"can_manage_all_projects\";N;s:19:\"can_create_projects\";N;s:17:\"can_edit_projects\";N;s:19:\"can_delete_projects\";N;s:30:\"can_add_remove_project_members\";N;s:16:\"can_create_tasks\";N;s:14:\"can_edit_tasks\";N;s:16:\"can_delete_tasks\";N;s:20:\"can_comment_on_tasks\";s:1:\"1\";s:24:\"show_assigned_tasks_only\";N;s:21:\"can_create_milestones\";N;s:19:\"can_edit_milestones\";N;s:21:\"can_delete_milestones\";N;s:16:\"can_delete_files\";N;s:34:\"can_view_team_members_contact_info\";N;s:34:\"can_view_team_members_social_links\";N;s:29:\"team_member_update_permission\";s:0:\"\";s:38:\"team_member_update_permission_specific\";s:0:\"\";s:27:\"timesheet_manage_permission\";N;s:36:\"timesheet_manage_permission_specific\";N;s:21:\"disable_event_sharing\";s:1:\"0\";s:22:\"hide_team_members_list\";N;s:28:\"can_delete_leave_application\";N;s:10:\"accounting\";s:3:\"all\";s:7:\"payroll\";s:0:\"\";s:5:\"eroom\";N;s:4:\"logs\";s:0:\"\";s:7:\"reports\";s:0:\"\";s:25:\"can_access_delivery_notes\";s:1:\"1\";s:25:\"can_create_delivery_notes\";s:1:\"1\";s:23:\"can_edit_delivery_notes\";s:1:\"1\";s:25:\"can_delete_delivery_notes\";N;s:31:\"delivery_note_manage_permission\";s:0:\"\";s:40:\"delivery_note_manage_permission_specific\";s:0:\"\";s:20:\"can_access_suppliers\";s:1:\"1\";s:20:\"can_create_suppliers\";s:1:\"1\";s:18:\"can_edit_suppliers\";s:1:\"1\";s:20:\"can_delete_suppliers\";N;s:26:\"supplier_manage_permission\";s:3:\"all\";s:35:\"supplier_manage_permission_specific\";s:0:\"\";s:26:\"can_access_purchase_orders\";s:1:\"1\";s:26:\"can_create_purchase_orders\";s:1:\"1\";s:24:\"can_edit_purchase_orders\";s:1:\"1\";s:26:\"can_delete_purchase_orders\";N;s:32:\"purchase_order_manage_permission\";s:3:\"all\";s:41:\"purchase_order_manage_permission_specific\";s:0:\"\";s:16:\"can_access_items\";s:1:\"1\";s:16:\"can_create_items\";s:1:\"1\";s:14:\"can_edit_items\";s:1:\"1\";s:16:\"can_delete_items\";N;s:22:\"item_manage_permission\";s:3:\"all\";s:31:\"item_manage_permission_specific\";s:0:\"\";s:25:\"can_access_items_category\";s:1:\"1\";s:25:\"can_create_items_category\";s:1:\"1\";s:23:\"can_edit_items_category\";s:1:\"1\";s:25:\"can_delete_items_category\";N;s:31:\"item_category_manage_permission\";s:3:\"all\";s:40:\"item_category_manage_permission_specific\";s:0:\"\";s:19:\"can_access_expiries\";N;s:21:\"can_access_petty_cash\";N;s:19:\"can_access_expenses\";s:1:\"1\";s:19:\"can_create_expenses\";s:1:\"1\";s:17:\"can_edit_expenses\";s:1:\"1\";s:19:\"can_delete_expenses\";N;s:25:\"expense_manage_permission\";s:3:\"all\";s:34:\"expense_manage_permission_specific\";s:0:\"\";s:20:\"internal_transaction\";N;s:27:\"can_access_invoice_payments\";s:1:\"1\";s:27:\"can_create_invoice_payments\";s:1:\"1\";s:25:\"can_edit_invoice_payments\";s:1:\"1\";s:27:\"can_delete_invoice_payments\";N;s:34:\"can_access_purchase_order_payments\";s:1:\"1\";s:34:\"can_create_purchase_order_payments\";s:1:\"1\";s:32:\"can_edit_purchase_order_payments\";s:1:\"1\";s:34:\"can_delete_purchase_order_payments\";N;s:19:\"can_access_contacts\";N;s:19:\"can_create_contacts\";N;s:17:\"can_edit_contacts\";N;s:19:\"can_delete_contacts\";N;s:25:\"contact_manage_permission\";N;s:34:\"contact_manage_permission_specific\";N;s:18:\"can_access_clients\";s:1:\"1\";s:18:\"can_create_clients\";s:1:\"1\";s:16:\"can_edit_clients\";s:1:\"1\";s:18:\"can_delete_clients\";N;s:24:\"client_manage_permission\";s:3:\"all\";s:33:\"client_manage_permission_specific\";s:9:\"member:10\";s:16:\"can_access_leads\";s:1:\"1\";s:16:\"can_create_leads\";s:1:\"1\";s:14:\"can_edit_leads\";s:1:\"1\";s:16:\"can_delete_leads\";N;s:23:\"leads_manage_permission\";s:3:\"all\";s:32:\"leads_manage_permission_specific\";s:0:\"\";s:19:\"can_access_invoices\";s:1:\"1\";s:19:\"can_create_invoices\";s:1:\"1\";s:17:\"can_edit_invoices\";s:1:\"1\";s:19:\"can_delete_invoices\";N;s:25:\"invoice_manage_permission\";s:3:\"all\";s:34:\"invoice_manage_permission_specific\";s:9:\"member:10\";s:21:\"can_access_job_orders\";s:1:\"1\";s:21:\"can_create_job_orders\";s:1:\"1\";s:19:\"can_edit_job_orders\";s:1:\"1\";s:21:\"can_delete_job_orders\";N;s:28:\"job_orders_manage_permission\";s:3:\"all\";s:37:\"job_orders_manage_permission_specific\";s:0:\"\";s:26:\"can_access_invoices_return\";N;s:26:\"can_create_invoices_return\";N;s:24:\"can_edit_invoices_return\";N;s:26:\"can_delete_invoices_return\";N;s:32:\"invoice_return_manage_permission\";s:0:\"\";s:41:\"invoice_return_manage_permission_specific\";s:0:\"\";s:20:\"can_access_estimates\";N;s:19:\"can_add_team_member\";N;s:20:\"can_create_estimates\";N;s:18:\"can_edit_estimates\";N;s:20:\"can_delete_estimates\";N;s:26:\"estimate_manage_permission\";s:0:\"\";s:35:\"estimate_manage_permission_specific\";s:9:\"member:10\";s:16:\"estimate_request\";N;s:8:\"discount\";i:0;s:8:\"expenses\";s:0:\"\";s:9:\"estimates\";s:0:\"\";s:8:\"invoices\";s:3:\"all\";s:16:\"invoice_payments\";s:0:\"\";s:14:\"delivery_notes\";s:3:\"all\";s:15:\"purchase_orders\";s:3:\"all\";s:23:\"purchase_order_payments\";s:0:\"\";s:8:\"payrolls\";N;s:21:\"internal_transactions\";N;}',0);

--
-- Table structure for table `salary_advance`
--

CREATE TABLE `salary_advance` (
  `id` int(11) NOT NULL AUTO_INCREMENT,
  `user_id` int(11) DEFAULT NULL,
  `amount` float NOT NULL DEFAULT '0',
  `date` date DEFAULT NULL,
  `deleted` tinyint(1) DEFAULT '0',
  PRIMARY KEY (`id`)
) ENGINE=InnoDB DEFAULT CHARSET=utf8 COLLATE=utf8_unicode_ci;

--
-- Dumping data for table `salary_advance`
--


--
-- Table structure for table `sale_return_items`
--

CREATE TABLE `sale_return_items` (
  `id` int(11) NOT NULL AUTO_INCREMENT,
  `sale_return_id` int(11) NOT NULL,
  `item_id` int(11) NOT NULL,
  `invoice_item_id` int(11) NOT NULL,
  `quantity` double NOT NULL DEFAULT '0',
  `deleted` int(1) NOT NULL DEFAULT '0',
  `sort` int(11) NOT NULL DEFAULT '0',
  PRIMARY KEY (`id`)
) ENGINE=InnoDB AUTO_INCREMENT=8 DEFAULT CHARSET=utf8 COLLATE=utf8_unicode_ci;

--
-- Dumping data for table `sale_return_items`
--

INSERT INTO `sale_return_items` VALUES (1,1,782,64,1000,0,0),(2,1,786,65,1,0,0),(3,2,48,15,1625,0,0),(4,2,47,16,1248,0,0),(5,2,44,17,576,0,0),(6,3,47,78,96,0,0),(7,4,47,78,96,0,0);

--
-- Table structure for table `sale_returns`
--

CREATE TABLE `sale_returns` (
  `id` int(11) NOT NULL AUTO_INCREMENT,
  `invoice_id` int(11) NOT NULL,
  `client_id` int(11) NOT NULL DEFAULT '0',
  `payment_method_id` int(11) DEFAULT '0',
  `transaction_id` int(11) DEFAULT '0',
  `date` date NOT NULL,
  `status` enum('draft','approved') COLLATE utf8_unicode_ci DEFAULT 'draft',
  `note` text COLLATE utf8_unicode_ci,
  `deleted` int(1) NOT NULL DEFAULT '0',
  PRIMARY KEY (`id`)
) ENGINE=InnoDB AUTO_INCREMENT=5 DEFAULT CHARSET=utf8 COLLATE=utf8_unicode_ci;

--
-- Dumping data for table `sale_returns`
--

INSERT INTO `sale_returns` VALUES (1,7,113,4,0,'2024-09-17','draft','',1),(2,13,27,4,0,'2024-10-06','draft','test',1),(3,62,59,4,0,'2024-10-07','approved','فاتورة خاطئة',0),(4,62,59,4,0,'2024-10-07','approved','',0);

--
-- Table structure for table `saleorder_status`
--

CREATE TABLE `saleorder_status` (
  `id` int(11) NOT NULL AUTO_INCREMENT,
  `title` varchar(100) COLLATE utf8_unicode_ci NOT NULL,
  `key_name` varchar(100) COLLATE utf8_unicode_ci NOT NULL,
  `color` varchar(7) COLLATE utf8_unicode_ci NOT NULL,
  `sort` int(11) NOT NULL,
  `deleted` tinyint(1) NOT NULL DEFAULT '0',
  PRIMARY KEY (`id`)
) ENGINE=InnoDB AUTO_INCREMENT=5 DEFAULT CHARSET=utf8 COLLATE=utf8_unicode_ci;

--
-- Dumping data for table `saleorder_status`
--

INSERT INTO `saleorder_status` VALUES (1,'Pending','pending','#F9A52D',0,0),(2,'Ready','ready','#1672B9',1,0),(3,'In Progress','in_progress','#00B393',2,0),(4,'Finished','finished','#aab7b7',3,0);

--
-- Table structure for table `sales_items`
--

CREATE TABLE `sales_items` (
  `id` int(11) NOT NULL AUTO_INCREMENT,
  `title` text COLLATE utf8_unicode_ci NOT NULL,
  `sale_account_id` int(11) NOT NULL,
  `sale_cost_account_id` int(11) NOT NULL,
  `deleted` tinyint(1) NOT NULL DEFAULT '0',
  PRIMARY KEY (`id`) USING BTREE
) ENGINE=InnoDB AUTO_INCREMENT=11 DEFAULT CHARSET=utf8 COLLATE=utf8_unicode_ci ROW_FORMAT=DYNAMIC;

--
-- Dumping data for table `sales_items`
--

INSERT INTO `sales_items` VALUES (1,'Default Sales',70,62,1),(2,'Sohar Sales - مبيعات صحار',70,62,0),(3,'Alkaboura Sales - مبيعات الخابورة',70,62,0),(4,'Counter Sales Factory - مبيعات داخل المصنع',70,62,0),(5,'Factory Track Sales - مبيعات القاطرات',70,62,0),(6,'KAMAL ( CRIDET KHABORA )',70,62,1),(7,'ROHIT ( CRIDET KHABORA )',70,62,1),(8,'SHKIT ( CRIDET SOHAR )',70,62,1),(9,'FARID ( CRIDET SOHAR )',70,62,1),(10,'RASOL ( CRIDET SOHAR )',70,62,1);

--
-- Table structure for table `settings`
--

CREATE TABLE `settings` (
  `setting_name` varchar(100) COLLATE utf8_unicode_ci NOT NULL,
  `setting_value` mediumtext COLLATE utf8_unicode_ci NOT NULL,
  `type` varchar(20) COLLATE utf8_unicode_ci NOT NULL DEFAULT 'app',
  `deleted` tinyint(1) NOT NULL DEFAULT '0',
  UNIQUE KEY `setting_name` (`setting_name`)
) ENGINE=InnoDB DEFAULT CHARSET=utf8 COLLATE=utf8_unicode_ci;

--
-- Dumping data for table `settings`
--

INSERT INTO `settings` VALUES ('accepted_file_formats','jpg,jpeg,doc,pdf,csv,pptx,xlsx,docx,png,rar,zip,cat','app',0),('allow_partial_invoice_payment_from_clients','','app',0),('allowed_ip_addresses','','app',0),('app_title','Fajr Mineral Water Factory','app',0),('attendance_password','94269935','app',0),('banks_accounts_parent','25','app',0),('cash_on_hand_accounts_parent','24','app',0),('client_can_add_project_files','1','app',0),('client_can_comment_on_files','1','app',0),('client_can_comment_on_tasks','1','app',0),('client_can_create_projects','1','app',0),('client_can_create_tasks','1','app',0),('client_can_edit_tasks','1','app',0),('client_can_view_activity','1','app',0),('client_can_view_gantt','1','app',0),('client_can_view_milestones','1','app',0),('client_can_view_overview','1','app',0),('client_can_view_project_files','1','app',0),('client_can_view_tasks','1','app',0),('client_default_dashboard','','app',0),('client_message_own_contacts','1','app',0),('client_message_users','5','app',0),('clients_accounts_parent','19','app',0),('clients_parent','','app',0),('company_address','Sultanate of Oman, Suhar\nIndustrial Area Face - 7\nEmail: fajr.water@gmail.com','app',0),('company_email','fajr.water@gmail.com','app',0),('company_name','Fajr Mineral Water Factory','app',0),('company_phone','+968 9337 7876','app',0),('company_vat_number','OM1100162369','app',0),('company_website','','app',0),('cost_of_goods_sold','62','app',0),('currency_position','right','app',0),('currency_symbol',' /OMR','app',0),('date_format','d-m-Y','app',0),('decimal_separator','.','app',0),('default_bank','61','app',0),('default_cash_on_hand','12','app',0),('default_currency','OMR','app',0),('default_due_date_after_billing_date','30','app',0),('default_git','75','app',0),('default_inventory','18','app',0),('default_job_order','77','app',0),('default_sales','70','app',0),('disable_client_login','1','app',0),('disable_client_signup','1','app',0),('discount','60','app',0),('email_protocol','','app',0),('email_sent_from_address','info@teamway.om','app',0),('email_sent_from_name','Teamway','app',0),('email_smtp_host','','app',0),('email_smtp_pass','','app',0),('email_smtp_port','','app',0),('email_smtp_security_type','none','app',0),('email_smtp_user','','app',0),('enable_attendance','','app',0),('enable_email_piping','','app',0),('enable_google_calendar_api','','app',0),('enable_push_notification','','app',0),('enable_rich_text_editor','0','app',0),('estimate_color','#46b8e9','app',0),('estimate_logo','','app',0),('expenses_accounts_parent','56','app',0),('favicon','a:1:{s:9:\"file_name\";s:30:\"_file66fbc6c647d49-favicon.png\";}','app',0),('financial_year_end','2022-01-01','app',0),('first_day_of_week','0','app',0),('hidden_client_menus','','app',0),('imap_email','info@teamway.om','app',0),('imap_host','','app',0),('imap_password','00000','app',0),('imap_port','','app',0),('imap_ssl_enabled','1','app',0),('initial_number_of_the_estimate','2','app',0),('initial_number_of_the_invoice','1482','app',0),('invoice_color','#46b8e9','app',0),('invoice_footer','<p style=\"line-height: 1.5;\"><br></p><p style=\"line-height: 1.5;\"><font face=\"Comic Sans MS\"><b><i>Fajr Mineral Water Factory</i></b></font></p><p style=\"line-height: 1.5;\"><font face=\"Comic Sans MS\"><b><i>PURE DRINKING WATER</i></b></font></p><p style=\"line-height: 1.5;\"><font face=\"Comic Sans MS\"><b><i>LOW SOUDIUM</i></b></font></p><p style=\"line-height: 1.5;\"><font face=\"Comic Sans MS\"><b><i><br></i></b></font></p><p style=\"line-height: 1.5;\"><font face=\"Comic Sans MS\"><b><i><br></i></b></font><br><br></p>','app',0),('invoice_logo','a:1:{s:9:\"file_name\";s:35:\"_file670251e3ae8ec-invoice-logo.png\";}','app',0),('invoice_prefix','INV/','app',0),('item_purchase_code','53434654','app',0),('language','english','app',0),('leave_salary_expenses','4','app',0),('module_announcement','1','app',0),('module_attendance','','app',0),('module_chat','1','app',0),('module_estimate','1','app',0),('module_estimate_request','','app',0),('module_event','1','app',0),('module_expense','1','app',0),('module_help','','app',0),('module_invoice','1','app',0),('module_knowledge_base','1','app',0),('module_lead','1','app',0),('module_leave','1','app',0),('module_message','1','app',0),('module_note','1','app',0),('module_project_timesheet','','app',0),('module_ticket','','app',0),('module_timeline','1','app',0),('module_todo','1','app',0),('no_of_decimals','2','app',0),('payable_cheques','43','app',0),('payable_EOS_benefits','15','app',0),('payable_job_security','9','app',0),('payable_leave_salaries','15','app',0),('payable_PASI','53','app',0),('payable_salaries','46','app',0),('petty_cash_parent','16','app',0),('products_account','78','app',0),('project_reference_in_tickets','1','app',0),('pusher_app_id','929038','app',0),('pusher_cluster','eu','app',0),('pusher_key','2cbc86a72bfa9a85b0e5','app',0),('pusher_secret','53077cbb420c5e79c8f6','app',0),('raw_materials_account','76','app',0),('receivable_cheques','21','app',0),('rows_per_page','100','app',0),('salary_advances','66','app',0),('salary_expenses','65','app',0),('scrollbar','native','app',0),('send_bcc_to','','app',0),('send_estimate_bcc_to','','app',0),('show_background_image_in_signin_page','yes','app',0),('show_logo_in_signin_page','yes','app',0),('show_recent_ticket_comments_at_the_top','1','app',0),('signin_page_background','a:4:{s:9:\"file_name\";s:38:\"system_file66fbc6c64ca69-Fajr-logo.png\";s:9:\"file_size\";s:6:\"290155\";s:7:\"file_id\";N;s:12:\"service_type\";N;}','app',0),('site_logo','a:1:{s:9:\"file_name\";s:32:\"_file66fbc6c6472aa-site-logo.png\";}','app',0),('suppliers_accounts_parent','37','app',0),('ticket_prefix','','app',0),('time_format','capital','app',0),('timezone','Asia/Muscat','app',0),('treasury_accounts_parent','12','app',0),('user_1_allowed_distance','100000','user',0),('user_1_dashboard','','user',0),('user_1_disable_push_notification','0','user',0),('user_1_hidden_topbar_menus','','user',0),('user_1_location','23.620058326708097,58.24233084570313','user',0),('user_1_notification_sound_volume','4','user',0),('user_1_personal_language','english','user',0),('user_10_dashboard','','user',0),('user_10_personal_language','english','user',0),('user_11_dashboard','','user',0),('user_2_dashboard','','user',0),('user_2_personal_language','english','user',0),('user_21_dashboard','','user',0),('user_21_personal_language','english','user',0),('user_23_dashboard','','user',0),('user_24_dashboard','','user',0),('user_24_personal_language','arabic','user',0),('user_25_dashboard','','user',0),('user_25_personal_language','english','user',0),('user_3_dashboard','','user',0),('user_39_dashboard','','user',0),('user_39_personal_language','english','user',0),('user_4_dashboard','','user',0),('user_4_personal_language','arabic','user',0),('user_43_dashboard','','user',0),('user_44_dashboard','','user',0),('user_45_dashboard','','user',0),('user_46_dashboard','','user',0),('user_47_dashboard','','user',0),('user_48_dashboard','','user',0),('user_48_personal_language','english','user',0),('user_49_dashboard','','user',0),('user_5_allowed_distance','100000000','user',0),('user_5_dashboard','','user',0),('user_5_disable_push_notification','1','user',0),('user_5_hidden_topbar_menus','','user',0),('user_5_location','23.673522614041882,57.680654820312505','user',0),('user_5_notification_sound_volume','7','user',0),('user_5_personal_language','arabic','user',0),('user_53_dashboard','','user',0),('user_54_dashboard','','user',0),('user_54_personal_language','english','user',0),('user_56_dashboard','','user',0),('user_56_personal_language','english','user',0),('user_58_dashboard','','user',0),('user_6_dashboard','','user',0),('user_6_personal_language','arabic','user',0),('user_64_dashboard','','user',0),('user_65_dashboard','','user',0),('user_66_dashboard','','user',0),('user_69_dashboard','','user',0),('user_7_dashboard','','user',0),('user_70_dashboard','','user',0),('user_72_dashboard','','user',0),('VAT_expense','21','app',0),('VAT_in','35','app',0),('VAT_out','27','app',0),('weekend','5,6','app',0);

--
-- Table structure for table `shipment_items`
--

CREATE TABLE `shipment_items` (
  `id` int(11) NOT NULL AUTO_INCREMENT,
  `item_id` int(11) NOT NULL,
  `po_item_id` int(11) NOT NULL,
  `quantity` double NOT NULL DEFAULT '0',
  `deleted` int(1) NOT NULL DEFAULT '0',
  `shipment_id` int(11) NOT NULL,
  `sort` int(11) NOT NULL DEFAULT '0',
  PRIMARY KEY (`id`)
) ENGINE=InnoDB AUTO_INCREMENT=87 DEFAULT CHARSET=utf8 COLLATE=utf8_unicode_ci;

--
-- Dumping data for table `shipment_items`
--

INSERT INTO `shipment_items` VALUES (1,2,9,1411200,0,1,0),(2,49,11,15,0,2,0),(3,8,12,5200000,0,3,0),(4,7,13,414720,0,4,0),(5,38,17,5,0,5,0),(6,0,18,1,0,5,0),(7,16,19,1976,0,6,0),(8,15,20,1980,0,6,0),(9,22,21,2155,0,6,0),(10,2,16,1411200,0,7,0),(11,2,22,705600,0,8,0),(12,16,19,3024,0,9,0),(13,15,20,3020,0,9,0),(14,22,21,2845,0,9,0),(15,20,23,5005,0,10,0),(16,24,24,1043,0,11,0),(17,36,25,207,0,12,0),(18,26,26,20,0,13,0),(19,25,27,10,0,13,0),(20,27,28,7,0,13,0),(21,6,29,967680,0,14,0),(22,32,30,1800,0,15,0),(23,33,31,3600,0,15,0),(24,31,32,1800,0,15,0),(25,32,33,2400,0,16,0),(26,33,34,2400,0,16,0),(27,31,35,2400,0,16,0),(28,4,36,1372000,0,17,0),(29,4,37,1372000,0,18,0),(30,2,39,1411200,0,19,0),(31,7,40,435456,0,20,0),(32,2,42,1411200,0,21,0),(33,5,41,12288,0,22,0),(34,4,46,1200500,0,23,0),(35,6,47,967680,0,24,0),(36,16,43,5000,0,25,0),(37,12,48,30000000,0,26,0),(38,13,49,5000000,0,26,0),(39,8,45,5200000,0,27,0),(40,0,38,1000000,0,28,0),(41,7,61,414720,0,29,0),(42,4,60,1176000,0,30,0),(43,6,66,967680,0,31,0),(44,4,65,1274000,0,32,0),(45,2,58,1108800,0,33,0),(46,11,59,1200000,0,33,0),(47,2,56,302400,0,34,0),(48,11,57,4000000,0,34,0),(49,2,67,1411200,0,35,0),(50,22,53,3000,0,36,0),(51,16,54,3000,0,36,0),(52,2,68,705600,0,37,0),(53,11,69,2600000,0,37,0),(54,9,70,2200000,0,38,0),(55,11,71,2600000,0,38,0),(56,7,72,414720,0,39,0),(57,24,73,658,0,40,0),(58,26,74,36,0,41,0),(59,35,75,48,0,42,0),(60,22,76,3000,0,43,0),(61,16,77,3000,0,43,0),(62,49,78,225,0,44,0),(63,39,79,61000,0,45,0),(64,0,80,356,0,46,0),(65,5,81,1843.2,0,47,0),(66,3,82,1497.6,0,48,0),(67,39,83,10105,0,49,0),(68,32,84,10105,0,49,0),(69,4,85,1470000,0,50,0),(70,16,86,1494,0,51,0),(71,20,87,17977,0,52,0),(72,35,88,48,0,53,0),(73,36,89,20,0,53,0),(74,34,90,4,0,54,0),(75,15,91,75,0,55,0),(76,24,92,240,0,56,0),(77,31,93,4715,0,57,0),(78,31,94,2050,0,58,0),(79,0,95,9,0,59,0),(80,7,96,414720,0,60,0),(81,2,97,1108800,0,61,0),(82,11,98,1200000,0,61,0),(83,11,99,5200000,0,62,0),(84,2,100,1411200,0,63,0),(85,7,101,414720,0,64,0),(86,2,102,1411200,0,65,0);

--
-- Table structure for table `shipments`
--

CREATE TABLE `shipments` (
  `id` int(11) NOT NULL AUTO_INCREMENT,
  `purchase_order_id` int(11) NOT NULL,
  `supplier_id` int(11) NOT NULL DEFAULT '0',
  `date` date NOT NULL,
  `invoice_number` varchar(255) COLLATE utf8_unicode_ci DEFAULT NULL,
  `invoice_date` date DEFAULT NULL,
  `delivery_note_number` varchar(255) COLLATE utf8_unicode_ci DEFAULT NULL,
  `delivery_note_date` date DEFAULT NULL,
  `status` enum('draft','approved') COLLATE utf8_unicode_ci DEFAULT NULL,
  `note` text COLLATE utf8_unicode_ci,
  `deleted` int(1) NOT NULL DEFAULT '0',
  PRIMARY KEY (`id`)
) ENGINE=InnoDB AUTO_INCREMENT=66 DEFAULT CHARSET=utf8 COLLATE=utf8_unicode_ci;

--
-- Dumping data for table `shipments`
--

INSERT INTO `shipments` VALUES (1,10,3,'2024-09-30','00346','2024-09-30','','2024-09-30','approved','',0),(2,12,21,'2024-10-06','00619','2024-10-05','','0000-00-00','approved','',0),(3,13,3,'2024-10-08','000374','2024-10-08','','2024-10-08','approved','',0),(4,14,10,'2024-10-01','5166','2024-10-01','','2024-10-01','approved','',0),(5,18,6,'2024-10-12','002204','2024-10-12','002204','2024-10-12','approved','',0),(6,19,9,'2024-10-05','15704','2024-10-05','19','2024-10-05','approved','',0),(7,17,3,'2024-10-12','000378','2024-10-12','','0000-00-00','approved','',0),(8,20,3,'2024-10-17','00021','2024-10-17','','2024-10-17','approved','',0),(9,19,9,'2024-10-01','1568','2024-09-12','','2024-10-01','approved','',0),(10,21,9,'2024-10-14','15762','2024-10-14','','0000-00-00','approved','',0),(11,22,4,'2024-10-15','','0000-00-00','','0000-00-00','approved','',0),(12,23,23,'2024-10-01','','0000-00-00','','0000-00-00','approved','',0),(13,24,17,'2024-10-18','','0000-00-00','','0000-00-00','approved','',0),(14,25,10,'2024-10-10','5193','2024-10-10','','0000-00-00','approved','',0),(15,26,19,'2024-10-12','1004','2024-10-12','','0000-00-00','approved','',0),(16,27,19,'2024-10-02','0958','2024-10-02','','0000-00-00','approved','',0),(17,5,14,'2024-08-12','838','2024-08-12','','0000-00-00','approved','',0),(18,28,14,'2024-09-01','844','2024-08-28','','0000-00-00','approved','',0),(19,30,3,'2024-10-23','000390','2024-10-23','','0000-00-00','approved','',0),(20,32,10,'2024-10-26','5230','2024-10-26','','0000-00-00','approved','',0),(21,34,3,'2024-10-30','000407','2024-10-30','','0000-00-00','approved','',0),(22,33,15,'2024-10-31','','0000-00-00','','0000-00-00','approved','',0),(23,38,14,'2024-11-07','897','2024-11-07','897','2024-11-07','approved','',0),(24,39,10,'2024-11-08','327','2024-11-08','','2024-11-08','approved','',0),(25,35,9,'2024-11-09','15902','2024-11-09','','0000-00-00','approved','',0),(26,40,1,'2024-09-01','1','2024-09-01','','0000-00-00','approved','',0),(27,37,3,'2024-11-11','000024','2024-11-11','324','2024-11-11','approved','',0),(28,29,1,'2024-10-31','','0000-00-00','','0000-00-00','approved','',0),(29,47,10,'2024-11-18','5312','2024-11-18','','0000-00-00','approved','',0),(30,46,14,'2024-11-23','','0000-00-00','','0000-00-00','approved','',0),(31,51,10,'2024-11-30','5341','2024-11-30','','0000-00-00','approved','',0),(32,50,14,'2024-11-30','','0000-00-00','','0000-00-00','approved','',0),(33,45,3,'2024-11-14','000429','0000-00-00','','0000-00-00','approved','',0),(34,44,3,'2024-11-20','437','0000-00-00','','0000-00-00','approved','',0),(35,52,3,'2024-12-08','','0000-00-00','','0000-00-00','approved','',0),(36,42,9,'2024-12-07','','0000-00-00','','0000-00-00','approved','',0),(37,53,3,'2024-12-16','','0000-00-00','','0000-00-00','approved','',0),(38,54,3,'2024-12-12','','0000-00-00','','0000-00-00','approved','',0),(39,55,10,'2024-12-14','5399','2024-12-14','','0000-00-00','approved','',0),(40,56,4,'2024-11-30','0','0000-00-00','','0000-00-00','approved','',0),(41,57,17,'2024-11-30','','0000-00-00','','0000-00-00','approved','',0),(42,58,2,'2024-10-05','','0000-00-00','','0000-00-00','approved','',0),(43,59,9,'2024-11-05','','0000-00-00','','0000-00-00','approved','',0),(44,60,18,'2024-12-05','','0000-00-00','','0000-00-00','approved','',0),(45,61,16,'2024-12-29','','0000-00-00','','0000-00-00','approved','',0),(46,62,7,'2024-12-29','','0000-00-00','','0000-00-00','approved','',0),(47,63,15,'2024-12-27','','0000-00-00','','0000-00-00','approved','',0),(48,64,15,'2024-12-27','','0000-00-00','','0000-00-00','approved','',0),(49,65,16,'2025-01-01','','0000-00-00','','0000-00-00','approved','',0),(50,66,14,'2025-01-01','','0000-00-00','','0000-00-00','approved','',0),(51,67,27,'2025-01-01','','0000-00-00','','0000-00-00','approved','',0),(52,68,16,'2024-12-16','','0000-00-00','','0000-00-00','approved','',0),(53,69,2,'2024-12-19','','0000-00-00','','0000-00-00','approved','',0),(54,70,23,'2024-12-26','','0000-00-00','','0000-00-00','approved','',0),(55,71,18,'2024-12-20','','0000-00-00','','0000-00-00','approved','',0),(56,72,4,'2024-12-27','','0000-00-00','','0000-00-00','approved','',0),(57,73,19,'2024-12-30','','0000-00-00','','0000-00-00','approved','',0),(58,74,19,'2024-12-16','','0000-00-00','','0000-00-00','approved','',0),(59,75,28,'2024-12-31','','0000-00-00','','0000-00-00','approved','',0),(60,76,10,'2025-01-05','5478','0000-00-00','','0000-00-00','approved','',0),(61,77,3,'2025-01-15','','0000-00-00','','0000-00-00','approved','',0),(62,78,3,'2025-01-21','','0000-00-00','','0000-00-00','draft','',0),(63,79,3,'2025-01-26','','0000-00-00','','0000-00-00','approved','',0),(64,80,10,'2025-01-31','5560','0000-00-00','','0000-00-00','approved','',0),(65,81,3,'2025-02-02','','0000-00-00','','0000-00-00','approved','',0);

--
-- Table structure for table `social_links`
--

CREATE TABLE `social_links` (
  `id` int(11) NOT NULL,
  `user_id` int(11) NOT NULL,
  `facebook` text COLLATE utf8_unicode_ci,
  `twitter` text COLLATE utf8_unicode_ci,
  `linkedin` text COLLATE utf8_unicode_ci,
  `googleplus` text COLLATE utf8_unicode_ci,
  `digg` text COLLATE utf8_unicode_ci,
  `youtube` text COLLATE utf8_unicode_ci,
  `pinterest` text COLLATE utf8_unicode_ci,
  `instagram` text COLLATE utf8_unicode_ci,
  `github` text COLLATE utf8_unicode_ci,
  `tumblr` text COLLATE utf8_unicode_ci,
  `vine` text COLLATE utf8_unicode_ci,
  `deleted` tinyint(1) NOT NULL DEFAULT '0',
  PRIMARY KEY (`id`)
) ENGINE=InnoDB DEFAULT CHARSET=utf8 COLLATE=utf8_unicode_ci;

--
-- Dumping data for table `social_links`
--


--
-- Table structure for table `stock_adjustments`
--

CREATE TABLE `stock_adjustments` (
  `id` int(11) NOT NULL AUTO_INCREMENT,
  `item_id` int(11) NOT NULL,
  `quantity` double NOT NULL DEFAULT '0',
  `note` text COLLATE utf8_unicode_ci,
  `deleted` int(11) NOT NULL DEFAULT '0',
  PRIMARY KEY (`id`)
) ENGINE=InnoDB AUTO_INCREMENT=3 DEFAULT CHARSET=utf8 COLLATE=utf8_unicode_ci;

--
-- Dumping data for table `stock_adjustments`
--

INSERT INTO `stock_adjustments` VALUES (1,781,1,'',0),(2,46,0,'',0);

--
-- Table structure for table `suppliers`
--

CREATE TABLE `suppliers` (
  `id` int(11) NOT NULL AUTO_INCREMENT,
  `company_name` varchar(150) COLLATE utf8_unicode_ci NOT NULL,
  `contact_name` varchar(150) COLLATE utf8_unicode_ci DEFAULT NULL,
  `email` varchar(150) COLLATE utf8_unicode_ci DEFAULT NULL,
  `address` text COLLATE utf8_unicode_ci,
  `city` varchar(50) COLLATE utf8_unicode_ci DEFAULT NULL,
  `state` varchar(50) COLLATE utf8_unicode_ci DEFAULT NULL,
  `zip` varchar(50) COLLATE utf8_unicode_ci DEFAULT NULL,
  `country` varchar(20) COLLATE utf8_unicode_ci DEFAULT NULL,
  `created_date` date DEFAULT NULL,
  `website` text COLLATE utf8_unicode_ci,
  `phone` varchar(20) COLLATE utf8_unicode_ci DEFAULT NULL,
  `alternative_phone` varchar(20) COLLATE utf8_unicode_ci DEFAULT NULL,
  `currency_symbol` varchar(20) COLLATE utf8_unicode_ci DEFAULT NULL,
  `currency` varchar(3) COLLATE utf8_unicode_ci DEFAULT NULL,
  `vat_number` text COLLATE utf8_unicode_ci,
  `note` mediumtext COLLATE utf8_unicode_ci,
  `account_id` int(11) NOT NULL DEFAULT '0',
  `advance_account_id` int(11) NOT NULL DEFAULT '0',
  `balance` double NOT NULL DEFAULT '0',
  `deleted` tinyint(4) NOT NULL DEFAULT '0',
  PRIMARY KEY (`id`)
) ENGINE=MyISAM AUTO_INCREMENT=29 DEFAULT CHARSET=utf8 COLLATE=utf8_unicode_ci;

--
-- Dumping data for table `suppliers`
--

INSERT INTO `suppliers` VALUES (1,'AL MAHA PRINTING AND PACKAGING','','Sales2@almahaprinters.com','P.O BOX-2735,PC-112,RUWI,SULTANATE OF OMAN','','','','',NULL,'','97042580','',NULL,NULL,'','',91,0,0,0),(2,'AL MATEEN INTERNATIONAL',NULL,'danish@almateeninternational.com','VILLA 51 A,AL IMAR STREET,MABELLA,MUSCAT,SULTANATE OF OMAN',NULL,NULL,NULL,NULL,NULL,NULL,'92061041',NULL,NULL,NULL,'OM1100222982',NULL,92,0,0,0),(3,'BARKA PLASTICS',NULL,'barkaplastic@gmail.com','PB-878,PC-320 WILAYAT BARKA,SULTANATE OF OMAN',NULL,NULL,NULL,NULL,NULL,NULL,'93565592',NULL,NULL,NULL,'OM1100287305',NULL,93,0,0,0),(4,'DURAT AL BAHLA TRADING',NULL,NULL,'PO BOX-2163,PC-111,SOHAR,SULTANATE OF OMAN',NULL,NULL,NULL,NULL,NULL,NULL,'72857071',NULL,NULL,NULL,'OM110014710X',NULL,94,0,0,0),(5,'FUTURE PACK FACTORY LLC',NULL,'futurepack@enpigroup.com','PO BOX-23874,SHARJAH,UAE',NULL,NULL,NULL,NULL,NULL,NULL,'00971 65344411',NULL,NULL,NULL,'UAE',NULL,95,0,0,0),(6,'IMAAD MODERN TECHNOLOGY',NULL,NULL,'SAQSUQ,BARKA INDUSTRIAL AREA,BARKA AL BATHINAH 320,OMAN',NULL,NULL,NULL,NULL,NULL,NULL,'92097855',NULL,NULL,NULL,'OM1100136742',NULL,96,0,0,0),(7,'INNOVATIVE BUSINESS TECHNOLOGIES LLC',NULL,'info@ibtechoman.com','PO BOX-4049,PC-112,RUWI,OMAN',NULL,NULL,NULL,NULL,NULL,NULL,'24810561',NULL,NULL,NULL,'OM1100051167',NULL,97,0,0,0),(8,'INTERNATIONAL PARTS FOR BUSINESS LLC',NULL,'mshabukt786@gmail.com','CR.NO-1397904,GREEHAT,AL MUSANNAH,OMAN',NULL,NULL,NULL,NULL,NULL,NULL,'71566430',NULL,NULL,NULL,'OM1100383735',NULL,98,0,0,0),(9,'KHAIRAT AL JAZEERA AL ARABIA LLC',NULL,'ocean.industry@live.com','1026/515,THANAM INDUSTRIAL AREA,IBRI,OMAN',NULL,NULL,NULL,NULL,NULL,NULL,'95564481',NULL,NULL,NULL,'OM1100043415',NULL,99,0,0,0),(10,'LAITH FARRA ','','sales@fgc-inc.com','PO BOX-2402,PC-11,MABELLA INDUSTRIAL ESTATE,ROAD-5,MUSCAT,OMAN','','','','',NULL,'','72650009','',NULL,NULL,'','',100,0,0,0),(11,'LIWA INDUSTRIES',NULL,'liwapackaging@gmail.com','PO BOX-924,PC-112,RUWI,OMAN',NULL,NULL,NULL,NULL,NULL,NULL,'97852683',NULL,NULL,NULL,'OM1100112679',NULL,101,0,0,0),(12,'MIDDLE EAST POLYMERS',NULL,'sales1@mepcoman.com','PO BOX-425,PC-124,AL RUSSYL,MUSCAT,OMAN',NULL,NULL,NULL,NULL,NULL,NULL,'77557784',NULL,NULL,NULL,'OM1100034594',NULL,102,0,0,0),(13,'MODERN PLASTIC COMPANY LLC',NULL,'dijo.davis@nfpc.net','OPP BMW SHOWROOM,UMM AL NAR,ABU DHABI,UAE',NULL,NULL,NULL,NULL,NULL,NULL,'971 529036558',NULL,NULL,NULL,'UAE',NULL,103,0,0,0),(14,'NADA INDUSTRIAL LLC',NULL,'info@nadaindustrial.com','PO BOX-1077,PC-114,MUTTRAH,OMAN',NULL,NULL,NULL,NULL,NULL,NULL,'99316700',NULL,NULL,NULL,'OM1100049841',NULL,104,0,0,0),(15,'OMAN INDUSTRIAL INVESTMENT CO.LLC, SALALAH',NULL,'info@oiic.com','PO BOX-733,PC-217,SALALAH,OMAN',NULL,NULL,NULL,NULL,NULL,NULL,'23219090',NULL,NULL,NULL,'OM110004782X',NULL,105,0,0,0),(16,'PACKAGING CO LTD',NULL,'packaging@gmail.com','PO BOX-2818,RUWI 112,OMAN',NULL,NULL,NULL,NULL,NULL,NULL,'24493753',NULL,NULL,NULL,'OM1100000538',NULL,106,0,5214.607,0),(17,'RELIABLE ELECTRONIC EQUIPMENT CO',NULL,'info@reliableglobal.com','PO BOX-295,PC-116,BARKA,SOUTH AL BATINAH,OMAN',NULL,NULL,NULL,NULL,NULL,NULL,'98168757',NULL,NULL,NULL,'OM110024089X',NULL,107,0,0,0),(18,'SEASON INTERNATIONAL',NULL,'info-oman@sitco.com.bh','PO BOX-544,AL RUSSYL,PC-118,MUSCAT,OMAN',NULL,NULL,NULL,NULL,NULL,NULL,'22367899',NULL,NULL,NULL,'OM1100001717',NULL,108,0,0,0),(19,'SOHAR PACKAGING FACTORY',NULL,'contact@soharpackaging.com','TATWEER INVESTMENT LC,PO BOX-82,PC-120,SOHAR,OMAN',NULL,NULL,NULL,NULL,NULL,NULL,'99828440',NULL,NULL,NULL,'OM1100288623',NULL,109,0,0,0),(20,'UNIVERSAL PACK FZC',NULL,'universalpackfze@gmail.com','PO BOX-53821,HAMRIYAH FREE ZONE,SHARJAH,UAE',NULL,NULL,NULL,NULL,NULL,NULL,'971 558490804',NULL,NULL,NULL,'UAE',NULL,110,0,24190.975,0),(26,'SAIF SOHAR ','99624409','','OUHI SANAYIA ','','','','','2024-10-23','','99624409','','','','','',607,0,0,1),(23,'AL IMAAAD MODERN TECHNOLOGY','92097855','','BARKA','','','','','2024-10-08','','92097855','',NULL,NULL,'','',314,0,0,0),(21,'GREYWATT DEILVERING ','','INFO@GREYWATT.COM','UAE DUBAI','','','','','2024-10-07','','009714515221','',NULL,NULL,'','',205,0,0,0),(22,'AL AIN SILVER TRAD ','91729787','','FALAJ ALQABAIL','','','','','2024-10-07','','91729787','',NULL,NULL,'','',215,0,0,0),(24,'INTELLIGENT PROJECTS','90985599','','MUSCAT','','','','','2024-10-10','','94456782','',NULL,NULL,'','',437,0,0,0),(25,'NADA INDUSTARIAL','93316700','','SUMAIL INDUSTARIAL','','','','','2024-10-21','','99316700','',NULL,NULL,'','',525,0,0,0),(27,'FUTURE HORIZONZ BARKA','99143933','','BARKA','','','','','2025-01-05','','99143933','',NULL,NULL,'','',1085,0,0,0),(28,'JAWHART SOHAR TYRES','','','SOHAR- OHI SNAYA','','','','','2025-01-05','','97862505','',NULL,NULL,'','',1086,0,0,0);

--
-- Table structure for table `task_status`
--

CREATE TABLE `task_status` (
  `id` int(11) NOT NULL AUTO_INCREMENT,
  `title` varchar(100) COLLATE utf8_unicode_ci NOT NULL,
  `key_name` varchar(100) COLLATE utf8_unicode_ci NOT NULL,
  `color` varchar(7) COLLATE utf8_unicode_ci NOT NULL,
  `sort` int(11) NOT NULL,
  `deleted` tinyint(1) NOT NULL DEFAULT '0',
  PRIMARY KEY (`id`)
) ENGINE=InnoDB AUTO_INCREMENT=5 DEFAULT CHARSET=utf8 COLLATE=utf8_unicode_ci;

--
-- Dumping data for table `task_status`
--

INSERT INTO `task_status` VALUES (1,'To Do','to_do','#F9A52D',0,0),(2,'In progress','in_progress','#1672B9',1,0),(3,'Done','done','#00B393',2,0),(4,'holding','','#aab7b7',3,0);

--
-- Table structure for table `tasks`
--

CREATE TABLE `tasks` (
  `id` int(11) NOT NULL AUTO_INCREMENT,
  `title` text COLLATE utf8_unicode_ci NOT NULL,
  `description` mediumtext COLLATE utf8_unicode_ci,
  `project_id` int(11) NOT NULL DEFAULT '0',
  `milestone_id` int(11) NOT NULL DEFAULT '0',
  `assigned_to` int(11) NOT NULL,
  `deadline` date DEFAULT NULL,
  `labels` text COLLATE utf8_unicode_ci,
  `points` tinyint(4) NOT NULL DEFAULT '1',
  `status` enum('to_do','in_progress','done') COLLATE utf8_unicode_ci NOT NULL DEFAULT 'to_do',
  `status_id` int(11) NOT NULL,
  `start_date` date DEFAULT NULL,
  `collaborators` text COLLATE utf8_unicode_ci NOT NULL,
  `sort` int(11) NOT NULL DEFAULT '0',
  `recurring` tinyint(1) NOT NULL DEFAULT '0',
  `repeat_every` int(11) NOT NULL DEFAULT '0',
  `repeat_type` enum('days','weeks','months','years') COLLATE utf8_unicode_ci DEFAULT NULL,
  `no_of_cycles` int(11) NOT NULL DEFAULT '0',
  `recurring_task_id` int(11) NOT NULL DEFAULT '0',
  `no_of_cycles_completed` int(11) NOT NULL DEFAULT '0',
  `created_date` date NOT NULL,
  `next_recurring_date` date DEFAULT NULL,
  `reminder_date` date NOT NULL,
  `ticket_id` int(11) NOT NULL,
  `deleted` tinyint(11) NOT NULL DEFAULT '0',
  PRIMARY KEY (`id`)
) ENGINE=InnoDB DEFAULT CHARSET=utf8 COLLATE=utf8_unicode_ci;

--
-- Dumping data for table `tasks`
--


--
-- Table structure for table `taxes`
--

CREATE TABLE `taxes` (
  `id` int(11) NOT NULL AUTO_INCREMENT,
  `title` tinytext CHARACTER SET utf8 COLLATE utf8_unicode_ci NOT NULL,
  `percentage` double NOT NULL,
  `deleted` tinyint(1) NOT NULL DEFAULT '0',
  PRIMARY KEY (`id`)
) ENGINE=InnoDB AUTO_INCREMENT=5 DEFAULT CHARSET=latin1;

--
-- Dumping data for table `taxes`
--

INSERT INTO `taxes` VALUES (1,'VAT (5%)',5,0),(2,'SPD- vat (3%)',3,1),(3,'SPD-Vat ( Nill) new agreement (0%)',0,1),(4,'-',0,0);

--
-- Table structure for table `team`
--

CREATE TABLE `team` (
  `id` int(11) NOT NULL AUTO_INCREMENT,
  `title` text COLLATE utf8_unicode_ci NOT NULL,
  `members` mediumtext COLLATE utf8_unicode_ci NOT NULL,
  `deleted` int(1) NOT NULL DEFAULT '0',
  PRIMARY KEY (`id`)
) ENGINE=InnoDB AUTO_INCREMENT=2 DEFAULT CHARSET=utf8 COLLATE=utf8_unicode_ci;

--
-- Dumping data for table `team`
--

INSERT INTO `team` VALUES (1,'\\','5',1);

--
-- Table structure for table `team_member_job_info`
--

CREATE TABLE `team_member_job_info` (
  `id` int(11) NOT NULL AUTO_INCREMENT,
  `user_id` int(11) NOT NULL,
  `date_of_hire` date DEFAULT NULL,
  `deleted` int(1) NOT NULL DEFAULT '0',
  `salary` double NOT NULL DEFAULT '0',
  `salary_term` varchar(20) COLLATE utf8_unicode_ci DEFAULT NULL,
  `working_hours` int(11) DEFAULT NULL,
  `yearly_leaves` int(11) DEFAULT NULL,
  `housing` float DEFAULT '0',
  `transportation` float DEFAULT '0',
  `telephone` float DEFAULT '0',
  `utility` float DEFAULT '0',
  `national` tinyint(4) DEFAULT '0',
  `pasi` tinyint(4) DEFAULT '1',
  `bank_title` text COLLATE utf8_unicode_ci,
  `account_title` text COLLATE utf8_unicode_ci,
  `account_no` text COLLATE utf8_unicode_ci,
  PRIMARY KEY (`id`),
  KEY `user_id` (`user_id`)
) ENGINE=InnoDB AUTO_INCREMENT=56 DEFAULT CHARSET=utf8 COLLATE=utf8_unicode_ci;

--
-- Dumping data for table `team_member_job_info`
--

INSERT INTO `team_member_job_info` VALUES (1,2,'2024-01-01',0,0,NULL,40,30,0,0,0,0,0,1,'bank_muscat','',''),(2,3,'2024-01-01',0,0,NULL,40,30,0,0,0,0,0,1,NULL,NULL,NULL),(3,4,'2024-10-01',0,350,NULL,9,30,0,0,0,0,0,1,'bank_muscat','',''),(4,5,'2024-10-01',0,350,NULL,9,30,0,0,0,0,0,1,'bank_muscat','',''),(5,6,'2024-10-01',0,400,NULL,9,30,0,0,0,0,0,1,NULL,NULL,NULL),(6,7,'2024-06-01',0,150,NULL,9,30,0,0,0,0,0,1,'bank_muscat','',''),(7,8,'2022-06-03',0,120,NULL,9,30,0,0,0,0,0,1,NULL,NULL,NULL),(8,9,'2022-06-14',0,120,NULL,9,30,0,0,0,0,0,1,NULL,NULL,NULL),(9,10,'2020-03-19',0,300,NULL,9,30,0,0,0,0,0,1,NULL,NULL,NULL),(10,11,'2020-12-01',0,120,NULL,9,30,0,0,0,0,0,1,NULL,NULL,NULL),(11,12,'2022-02-11',0,120,NULL,9,30,0,0,0,0,0,1,NULL,NULL,NULL),(12,13,'2021-11-06',0,120,NULL,9,30,0,0,0,0,0,1,NULL,NULL,NULL),(13,14,'2020-04-27',0,120,NULL,9,30,0,0,0,0,0,1,NULL,NULL,NULL),(14,15,'2020-03-15',0,300,NULL,9,30,0,0,0,0,0,1,NULL,NULL,NULL),(15,16,'2020-11-11',0,200,NULL,9,30,0,0,0,0,0,1,NULL,NULL,NULL),(16,17,'2021-03-04',0,120,NULL,9,30,0,0,0,0,0,1,NULL,NULL,NULL),(17,18,'2021-06-04',0,120,NULL,9,30,0,0,0,0,0,1,NULL,NULL,NULL),(18,19,'2021-11-12',0,300,NULL,9,30,0,0,0,0,0,1,NULL,NULL,NULL),(19,20,'2021-07-06',0,120,NULL,9,30,0,0,0,0,0,1,NULL,NULL,NULL),(20,21,'2020-03-01',0,400,NULL,9,30,0,0,0,0,0,1,NULL,NULL,NULL),(21,22,'2023-02-04',0,120,NULL,9,30,0,0,0,0,0,1,NULL,NULL,NULL),(22,23,'2023-02-22',0,120,NULL,9,30,0,0,0,0,0,1,NULL,NULL,NULL),(23,24,'2023-03-23',0,120,NULL,9,30,0,0,0,0,0,1,NULL,NULL,NULL),(24,25,'2023-03-24',0,120,NULL,9,30,0,0,0,0,0,1,NULL,NULL,NULL),(25,26,'2023-04-12',0,120,NULL,9,30,0,0,0,0,0,1,NULL,NULL,NULL),(26,27,'2023-03-26',0,120,NULL,9,30,0,0,0,0,0,1,NULL,NULL,NULL),(27,28,'2023-06-08',0,120,NULL,9,30,0,0,0,0,0,1,NULL,NULL,NULL),(28,29,'2023-07-16',0,120,NULL,9,30,0,0,0,0,0,1,NULL,NULL,NULL),(29,30,'2023-10-06',0,120,NULL,9,30,0,0,0,0,0,1,NULL,NULL,NULL),(30,31,'2023-11-02',0,120,NULL,9,30,0,0,0,0,0,1,NULL,NULL,NULL),(31,32,'2023-11-28',0,120,NULL,9,30,0,0,0,0,0,1,NULL,NULL,NULL),(32,33,'2023-11-28',0,120,NULL,9,30,0,0,0,0,0,1,NULL,NULL,NULL),(33,34,'2023-12-07',0,120,NULL,9,30,0,0,0,0,0,1,NULL,NULL,NULL),(34,35,'2024-01-01',0,120,NULL,9,30,0,0,0,0,0,1,NULL,NULL,NULL),(35,36,'2024-02-18',0,120,NULL,9,30,0,0,0,0,0,1,NULL,NULL,NULL),(36,37,'2024-02-27',0,350,NULL,9,30,0,0,0,0,0,1,NULL,NULL,NULL),(37,38,'2024-02-27',0,120,NULL,9,30,0,0,0,0,0,1,NULL,NULL,NULL),(38,39,'2024-03-27',0,120,NULL,9,30,0,0,0,0,0,1,NULL,NULL,NULL),(39,40,'2024-06-14',0,120,NULL,9,30,0,0,0,0,0,1,NULL,NULL,NULL),(40,41,'2024-06-04',0,120,NULL,9,30,0,0,0,0,0,1,NULL,NULL,NULL),(41,42,'2024-06-06',0,120,NULL,9,30,0,0,0,0,0,1,NULL,NULL,NULL),(42,43,'2024-06-28',0,120,NULL,9,30,0,0,0,0,0,1,NULL,NULL,NULL),(43,44,'2024-08-07',0,120,NULL,9,30,0,0,0,0,0,1,NULL,NULL,NULL),(44,45,'2024-04-11',0,120,NULL,9,30,0,0,0,0,0,1,NULL,NULL,NULL),(45,46,'2024-07-18',0,120,NULL,9,30,0,0,0,0,0,1,NULL,NULL,NULL),(46,47,'2024-04-05',0,120,NULL,9,30,0,0,0,0,0,1,NULL,NULL,NULL),(47,48,'2024-09-21',0,120,NULL,9,30,0,0,0,0,0,1,NULL,NULL,NULL),(48,49,'2021-12-01',0,400,NULL,9,30,0,0,0,0,0,1,NULL,NULL,NULL),(49,50,'2021-04-01',0,400,NULL,9,30,0,0,0,0,0,1,NULL,NULL,NULL),(50,51,'2022-01-01',0,400,NULL,9,30,0,0,0,0,0,1,NULL,NULL,NULL),(51,52,'2022-06-05',0,350,NULL,9,30,0,0,0,0,0,1,NULL,NULL,NULL),(52,53,'2023-04-11',0,400,NULL,9,30,0,0,0,0,0,1,NULL,NULL,NULL),(53,54,'2024-07-08',0,400,NULL,9,30,0,0,0,0,0,1,NULL,NULL,NULL),(54,55,'2024-08-01',0,400,NULL,9,30,0,0,0,0,0,1,NULL,NULL,NULL),(55,56,'2024-12-08',0,350,NULL,9,30,0,0,0,0,0,1,NULL,NULL,NULL);

--
-- Table structure for table `ticket_comments`
--

CREATE TABLE `ticket_comments` (
  `id` int(11) NOT NULL AUTO_INCREMENT,
  `created_by` int(11) NOT NULL,
  `created_at` datetime NOT NULL,
  `description` mediumtext COLLATE utf8_unicode_ci NOT NULL,
  `ticket_id` int(11) NOT NULL,
  `files` longtext COLLATE utf8_unicode_ci,
  `deleted` tinyint(1) NOT NULL DEFAULT '0',
  PRIMARY KEY (`id`)
) ENGINE=InnoDB DEFAULT CHARSET=utf8 COLLATE=utf8_unicode_ci;

--
-- Dumping data for table `ticket_comments`
--


--
-- Table structure for table `ticket_types`
--

CREATE TABLE `ticket_types` (
  `id` int(11) NOT NULL AUTO_INCREMENT,
  `title` text COLLATE utf8_unicode_ci NOT NULL,
  `deleted` tinyint(1) NOT NULL DEFAULT '0',
  PRIMARY KEY (`id`)
) ENGINE=InnoDB AUTO_INCREMENT=4 DEFAULT CHARSET=utf8 COLLATE=utf8_unicode_ci;

--
-- Dumping data for table `ticket_types`
--

INSERT INTO `ticket_types` VALUES (1,'General Support',0),(2,'One way',0),(3,'Two way',0);

--
-- Table structure for table `tickets`
--

CREATE TABLE `tickets` (
  `id` int(11) NOT NULL AUTO_INCREMENT,
  `client_id` int(11) NOT NULL,
  `project_id` int(11) NOT NULL DEFAULT '0',
  `ticket_type_id` int(11) NOT NULL,
  `title` text COLLATE utf8_unicode_ci NOT NULL,
  `created_by` int(11) NOT NULL,
  `created_at` datetime NOT NULL,
  `status` enum('new','client_replied','open','closed') COLLATE utf8_unicode_ci NOT NULL DEFAULT 'new',
  `last_activity_at` datetime DEFAULT NULL,
  `assigned_to` int(11) NOT NULL DEFAULT '0',
  `creator_name` varchar(100) COLLATE utf8_unicode_ci NOT NULL,
  `creator_email` varchar(255) COLLATE utf8_unicode_ci NOT NULL,
  `labels` text COLLATE utf8_unicode_ci,
  `task_id` int(11) NOT NULL,
  `closed_at` datetime NOT NULL,
  `deleted` tinyint(1) NOT NULL DEFAULT '0',
  PRIMARY KEY (`id`)
) ENGINE=InnoDB DEFAULT CHARSET=utf8 COLLATE=utf8_unicode_ci;

--
-- Dumping data for table `tickets`
--


--
-- Table structure for table `to_do`
--

CREATE TABLE `to_do` (
  `id` int(11) NOT NULL AUTO_INCREMENT,
  `created_by` int(11) NOT NULL,
  `created_at` datetime NOT NULL,
  `title` text COLLATE utf8_unicode_ci NOT NULL,
  `description` mediumtext COLLATE utf8_unicode_ci,
  `labels` text COLLATE utf8_unicode_ci,
  `status` enum('to_do','done') COLLATE utf8_unicode_ci NOT NULL DEFAULT 'to_do',
  `start_date` date DEFAULT NULL,
  `deleted` tinyint(1) NOT NULL DEFAULT '0',
  PRIMARY KEY (`id`)
) ENGINE=InnoDB DEFAULT CHARSET=utf8 COLLATE=utf8_unicode_ci;

--
-- Dumping data for table `to_do`
--


--
-- Table structure for table `transactions`
--

CREATE TABLE `transactions` (
  `id` int(11) NOT NULL AUTO_INCREMENT,
  `date` date NOT NULL,
  `type` text NOT NULL,
  `is_manual` tinyint(1) NOT NULL DEFAULT '0',
  `reference` text,
  `bank_cash` int(11) DEFAULT '0',
  `deleted` tinyint(1) NOT NULL DEFAULT '0',
  PRIMARY KEY (`id`)
) ENGINE=InnoDB AUTO_INCREMENT=21738 DEFAULT CHARSET=utf8;

--
-- Dumping data for table `transactions`
--

INSERT INTO `transactions` VALUES (1,'2024-10-01','Automatic Purchase Payment: PURCHASE ORDER #1',0,NULL,0,0),(2,'2024-10-01','Automatic Purchase Payment: PURCHASE ORDER #1',0,NULL,0,0),(3,'2024-10-01','Automatic Purchase Payment: PURCHASE ORDER #1',0,NULL,0,0),(4,'2024-10-01','Automatic Purchase Payment: PURCHASE ORDER #1',0,NULL,0,0),(5,'2024-10-01','Automatic Purchase Payment: PURCHASE ORDER #1',0,NULL,0,0),(6,'2024-10-01','Automatic Purchase Payment: PURCHASE ORDER #1',0,NULL,0,0),(7,'2024-10-01','Automatic Purchase Payment: PURCHASE ORDER #1',0,NULL,0,0),(8,'2024-10-01','Automatic Purchase Payment: PURCHASE ORDER #2',0,NULL,0,0),(9,'2024-10-01','Automatic Purchase Payment: PURCHASE ORDER #2',0,NULL,0,0),(10,'2024-10-01','Automatic Purchase Payment: PURCHASE ORDER #2',0,NULL,0,0),(11,'2024-10-01','Automatic Purchase Payment: PURCHASE ORDER #2',0,NULL,0,0),(12,'2024-10-01','Automatic Purchase Payment: PURCHASE ORDER #3',0,NULL,0,0),(13,'2024-10-01','Automatic Purchase Payment: PURCHASE ORDER #3',0,NULL,0,0),(14,'2024-10-01','Automatic Purchase Payment: PURCHASE ORDER #3',0,NULL,0,0),(15,'2024-10-01','Automatic Purchase Payment: PURCHASE ORDER #3',0,NULL,0,0),(16,'2024-10-01','Automatic Purchase Payment: PURCHASE ORDER #3',0,NULL,0,0),(17,'2024-10-01','Automatic Purchase Payment: PURCHASE ORDER #3',0,NULL,0,0),(18,'2024-10-01','Automatic Purchase Payment: PURCHASE ORDER #3',0,NULL,0,0),(19,'2024-10-01','Automatic Purchase Payment: PURCHASE ORDER #4',0,NULL,0,0),(20,'2024-10-01','Automatic Purchase Payment: PURCHASE ORDER #4',0,NULL,0,0),(21,'2024-10-01','Automatic Purchase Payment: PURCHASE ORDER #4',0,NULL,0,0),(22,'2024-10-01','Automatic Purchase Payment: PURCHASE ORDER #4',0,NULL,0,0),(23,'2024-10-01','Automatic Purchase Payment: PURCHASE ORDER #4',0,NULL,0,0),(24,'2024-10-01','Automatic Purchase Payment: PURCHASE ORDER #4',0,NULL,0,0),(25,'2024-10-01','Automatic Purchase Payment: PURCHASE ORDER #4',0,NULL,0,0),(26,'2024-10-01','Automatic Purchase Payment: PURCHASE ORDER #4',0,NULL,0,0),(27,'2024-10-01','Automatic Purchase Payment: PURCHASE ORDER #4',0,NULL,0,0),(28,'2024-10-01','Automatic Purchase Payment: PURCHASE ORDER #4',0,NULL,0,0),(29,'2024-10-01','Automatic Purchase Payment: PURCHASE ORDER #4',0,NULL,0,0),(30,'2024-10-01','Automatic Purchase Payment: PURCHASE ORDER #4',0,NULL,0,0),(31,'2024-10-01','Automatic Purchase Payment: PURCHASE ORDER #5',0,NULL,0,1),(32,'2024-10-01','Automatic Purchase Payment: PURCHASE ORDER #6',0,NULL,0,0),(33,'2024-10-01','Automatic Purchase Payment: PURCHASE ORDER #6',0,NULL,0,0),(34,'2024-10-01','Automatic Purchase Payment: PURCHASE ORDER #7',0,NULL,0,0),(35,'2024-10-01','Automatic Purchase Payment: PURCHASE ORDER #7',0,NULL,0,0),(36,'2024-10-01','Automatic Purchase Payment: PURCHASE ORDER #8',0,NULL,0,0),(37,'2024-09-30','journal_entry',1,'Opening Blance ',0,1),(38,'2024-09-30','journal_entry',1,'',0,1),(39,'2024-09-30','journal_entry',1,'Opening Balance',0,1),(40,'2024-09-30','journal_entry',1,'Opening Balances from Tali',0,0),(41,'2024-10-01','Invoice Payment Received: INV/1',0,NULL,0,0),(42,'2024-10-01','Invoice Payment Received: INV/1',0,NULL,0,0),(43,'2024-10-01','Invoice Payment Received: INV/1',0,NULL,0,0),(44,'2024-10-01','Invoice Payment Received: INV/1',0,NULL,0,0),(45,'2024-10-01','Invoice Payment Received: INV/1',0,NULL,0,0),(46,'2024-10-01','Invoice Payment Received: INV/1',0,NULL,0,0),(47,'2024-10-01','Invoice Payment Received: INV/1',0,NULL,0,0),(48,'2024-10-01','Invoice Payment Received: INV/2',0,NULL,0,0),(49,'2024-10-01','Invoice Payment Received: INV/2',0,NULL,0,0),(50,'2024-10-01','Invoice Payment Received: INV/2',0,NULL,0,0),(51,'2024-10-01','Invoice Payment Received: INV/3',0,NULL,0,0),(52,'2024-10-01','Invoice Payment Received: INV/3',0,NULL,0,0),(53,'2024-10-01','Invoice Payment Received: INV/4',0,NULL,0,1),(54,'2024-10-01','Invoice Payment Received: INV/4',0,NULL,0,1),(55,'2024-10-01','Invoice Payment Received: INV/5',0,NULL,0,0),(56,'2024-10-01','Invoice Payment Received: INV/5',0,NULL,0,0),(57,'2024-10-01','Invoice Payment Received: INV/6',0,NULL,0,0),(58,'2024-10-01','Invoice Payment Received: INV/6',0,NULL,0,0),(59,'2024-10-01','Invoice Payment Received: INV/6',0,NULL,0,0),(60,'2024-10-01','Invoice Payment Received: INV/6',0,NULL,0,1),(61,'2024-10-01','Invoice Payment Received: INV/7',0,NULL,0,0),(62,'2024-10-01','Invoice Payment Received: INV/8',0,NULL,0,0),(63,'2024-10-01','Invoice Payment Received: INV/8',0,NULL,0,0),(64,'2024-10-01','Invoice Payment Received: INV/9',0,NULL,0,0),(65,'2024-10-01','Invoice Payment Received: INV/10',0,NULL,0,0),(66,'2024-10-01','Invoice Payment Received: INV/10',0,NULL,0,0),(67,'2024-10-01','Invoice Payment Received: INV/10',0,NULL,0,0),(68,'2024-10-01','Invoice Payment Received: INV/10',0,NULL,0,0),(69,'2024-10-01','Invoice Payment Received: INV/10',0,NULL,0,0),(70,'2024-10-01','Invoice Payment Received: INV/10',0,NULL,0,0),(71,'2024-10-01','Invoice Payment Received: INV/10',0,NULL,0,0),(72,'2024-10-01','Invoice Payment Received: INV/10',0,NULL,0,0),(73,'2024-10-01','Invoice Payment Received: INV/10',0,NULL,0,0),(74,'2024-10-01','Invoice Payment Received: INV/10',0,NULL,0,0),(75,'2024-10-01','Invoice Payment Received: INV/11',0,NULL,0,0),(76,'2024-10-01','Invoice Payment Received: INV/11',0,NULL,0,0),(77,'2024-10-01','Invoice Payment Received: INV/11',0,NULL,0,0),(78,'2024-10-01','Invoice Payment Received: INV/11',0,NULL,0,0),(79,'2024-10-01','Invoice Payment Received: INV/11',0,NULL,0,0),(80,'2024-10-01','Invoice Payment Received: INV/11',0,NULL,0,0),(81,'2024-10-01','Invoice Payment Received: INV/11',0,NULL,0,0),(82,'2024-10-01','Invoice Payment Received: INV/11',0,NULL,0,0),(83,'2024-10-04','Invoice: INV/13',0,NULL,0,0),(84,'2024-10-01','Invoice: INV/14',0,NULL,0,0),(86,'2024-10-01','Invoice: INV/15',0,NULL,0,0),(87,'2024-10-01','Invoice Payment Received: INV/15',0,NULL,0,0),(91,'2020-01-01','Invoice: INV/12',0,NULL,0,0),(92,'2024-10-06','Invoice: INV/18',0,NULL,0,0),(94,'2024-10-05','Invoice: INV/19',0,NULL,0,0),(96,'2024-10-05','Invoice Payment Received: INV/19',0,NULL,0,0),(97,'2024-10-05','Invoice: INV/20',0,NULL,0,0),(98,'2024-10-05','Invoice: INV/21',0,NULL,0,0),(102,'2024-10-05','Invoice Payment Received: INV/21',0,NULL,0,0),(103,'2024-10-05','Invoice: INV/23',0,NULL,0,0),(105,'2024-10-05','Invoice: INV/22',0,NULL,0,0),(107,'2024-10-05','Invoice Payment Received: INV/23',0,NULL,0,0),(108,'2024-10-05','Invoice Payment Received: INV/22',0,NULL,0,0),(109,'2024-10-05','Invoice: INV/25',0,NULL,0,0),(110,'2024-10-05','Invoice: INV/24',0,NULL,0,0),(111,'2024-10-05','Invoice Payment Received: INV/24',0,NULL,0,0),(113,'2024-10-02','Invoice: INV/26',0,NULL,0,0),(116,'2024-10-05','Invoice Payment Received: INV/25',0,NULL,0,0),(117,'2024-11-01','Invoice Payment Received: INV/26',0,NULL,0,0),(118,'2024-10-05','Invoice: INV/27',0,NULL,0,0),(119,'2024-10-05','Invoice: INV/28',0,NULL,0,0),(122,'2024-10-05','Invoice Payment Received: INV/27',0,NULL,0,0),(123,'2024-10-05','Invoice Payment Received: INV/28',0,NULL,0,0),(124,'2024-10-05','Invoice: INV/29',0,NULL,0,0),(126,'2024-10-05','Invoice Payment Received: INV/29',0,NULL,0,0),(127,'2024-10-05','Invoice Payment Received: INV/29',0,NULL,0,0),(128,'2024-10-06','Sale Return: SALE RETURN #2',0,NULL,0,1),(129,'2024-10-02','Invoice: INV/30',0,NULL,0,1),(131,'2024-10-02','Invoice Payment Received: INV/30',0,NULL,0,1),(132,'2024-10-05','Invoice: INV/31',0,NULL,0,1),(134,'2024-10-05','Invoice Payment Received: INV/31',0,NULL,0,1),(135,'2024-10-05','Invoice: INV/32',0,NULL,0,0),(137,'2024-10-05','Invoice Payment Received: INV/32',0,NULL,0,0),(138,'2024-10-05','Invoice: INV/34',0,NULL,0,0),(140,'2024-10-05','Invoice Payment Received: INV/34',0,NULL,0,0),(141,'2024-10-05','Invoice: INV/35',0,NULL,0,0),(143,'2024-10-05','Invoice Payment Received: INV/35',0,NULL,0,0),(144,'2024-10-05','Invoice Payment Received: INV/31',0,NULL,0,1),(145,'2024-10-05','Invoice Payment Received: INV/31',0,NULL,0,1),(146,'2024-10-05','Invoice: INV/36',0,NULL,0,0),(148,'2024-10-05','Invoice Payment Received: INV/36',0,NULL,0,0),(149,'2024-10-02','Invoice: INV/38',0,NULL,0,0),(150,'2024-10-05','Invoice: INV/37',0,NULL,0,0),(151,'2024-10-05','Invoice Payment Received: INV/37',0,NULL,0,0),(152,'2024-10-02','Invoice Payment Received: INV/38',0,NULL,0,0),(155,'2024-10-05','Invoice: INV/39',0,NULL,0,0),(157,'2024-10-05','Invoice Payment Received: INV/39',0,NULL,0,0),(158,'2024-10-03','Invoice: INV/41',0,NULL,0,0),(160,'2024-10-03','Invoice Payment Received: INV/41',0,NULL,0,0),(161,'2024-10-03','Invoice: INV/42',0,NULL,0,0),(163,'2024-10-03','Invoice Payment Received: INV/42',0,NULL,0,0),(164,'2024-10-03','Invoice Payment Received: INV/42',0,NULL,0,0),(165,'2024-10-03','Invoice Payment Received: INV/43',0,NULL,0,0),(166,'2024-10-03','Invoice: INV/43',0,NULL,0,0),(168,'2024-10-03','Invoice: INV/44',0,NULL,0,0),(170,'2024-10-03','Invoice Payment Received: INV/44',0,NULL,0,0),(171,'2024-10-03','Invoice Payment Received: INV/45',0,NULL,0,0),(172,'2024-10-03','Invoice: INV/45',0,NULL,0,0),(174,'2024-10-03','Invoice: INV/46',0,NULL,0,0),(176,'2024-10-03','Invoice Payment Received: INV/46',0,NULL,0,0),(177,'2024-10-03','Invoice: INV/47',0,NULL,0,0),(179,'2024-10-03','Invoice Payment Received: INV/47',0,NULL,0,0),(180,'2024-10-03','Invoice: INV/48',0,NULL,0,0),(182,'2024-10-03','Invoice Payment Received: INV/48',0,NULL,0,0),(183,'2024-10-03','Invoice: INV/49',0,NULL,0,0),(185,'2024-10-03','Invoice Payment Received: INV/49',0,NULL,0,0),(186,'2024-10-06','journal_entry',1,'',0,1),(187,'2024-10-03','Invoice: INV/50',0,NULL,0,0),(189,'2024-10-03','Invoice Payment Received: INV/50',0,NULL,0,0),(190,'2024-10-06','journal_entry',1,'',0,1),(191,'2024-10-03','Invoice: INV/51',0,NULL,0,0),(193,'2024-10-03','Invoice Payment Received: INV/51',0,NULL,0,0),(194,'2024-10-03','Invoice: INV/52',0,NULL,0,0),(196,'2024-10-03','Invoice Payment Received: INV/52',0,NULL,0,0),(197,'2024-10-03','Invoice: INV/53',0,NULL,0,0),(199,'2024-10-03','Invoice Payment Received: INV/53',0,NULL,0,0),(200,'2024-10-05','Invoice: INV/54',0,NULL,0,0),(202,'2024-10-05','Invoice Payment Received: INV/54',0,NULL,0,0),(203,'2024-10-05','Invoice: INV/55',0,NULL,0,0),(205,'2024-10-05','Invoice Payment Received: INV/55',0,NULL,0,0),(206,'2024-10-05','Invoice: INV/56',0,NULL,0,0),(208,'2024-10-05','Invoice Payment Received: INV/56',0,NULL,0,0),(209,'2024-10-05','Invoice: INV/57',0,NULL,0,0),(211,'2024-10-05','Invoice Payment Received: INV/57',0,NULL,0,0),(212,'2024-10-05','Invoice: INV/58',0,NULL,0,0),(214,'2024-10-05','Invoice Payment Received: INV/58',0,NULL,0,0),(215,'2024-10-05','Invoice: INV/59',0,NULL,0,0),(217,'2024-10-05','Invoice Payment Received: INV/59',0,NULL,0,0),(218,'2024-10-05','Invoice: INV/60',0,NULL,0,0),(219,'2024-10-05','Invoice Payment Received: INV/60',0,NULL,0,0),(221,'2024-10-03','Invoice: INV/61',0,NULL,0,0),(222,'2024-10-05','Invoice Payment Received: INV/62',0,NULL,0,1),(223,'2024-10-05','Invoice: INV/62',0,NULL,0,1),(225,'2024-10-07','Invoice Payment Received: INV/62',0,NULL,0,1),(226,'2024-10-07','Sale Return: مرتجع بيع #3',0,NULL,0,1),(227,'2024-10-07','Sale Return Refund: SALE RETURN #3',0,NULL,0,1),(228,'2024-10-07','Sale Return Refund: SALE RETURN #3',0,NULL,0,1),(229,'2024-10-07','Sale Return Refund: مرتجع بيع #3',0,NULL,0,1),(230,'2024-10-07','Sale Return Refund: مرتجع بيع #3',0,NULL,0,1),(231,'2024-09-30','Purchase Order: PURCHASE ORDER #10',0,NULL,0,0),(232,'2024-09-30','Invoice Shipment : INV/10',0,NULL,0,0),(233,'2024-10-05','Invoice Payment Received: INV/63',0,NULL,0,0),(234,'2024-10-05','Invoice: INV/63',0,NULL,0,0),(236,'2024-10-07','Sale Return: SALE RETURN #4',0,NULL,0,1),(237,'2024-10-07','Sale Return Refund: SALE RETURN #4',0,NULL,0,1),(238,'2024-10-03','Invoice Payment Received: INV/64',0,NULL,0,0),(239,'2024-10-03','Invoice: INV/64',0,NULL,0,0),(241,'2024-10-03','Invoice Payment Received: INV/65',0,NULL,0,0),(242,'2024-10-03','Invoice: INV/65',0,NULL,0,0),(244,'2024-10-03','Invoice Payment Received: INV/66',0,NULL,0,0),(245,'2024-10-03','Invoice: INV/66',0,NULL,0,0),(247,'2024-10-03','Invoice: INV/69',0,NULL,0,0),(249,'2024-10-05','Invoice Payment Received: INV/69',0,NULL,0,0),(250,'2024-10-03','Invoice Payment Received: INV/68',0,NULL,0,0),(251,'2024-10-03','Invoice: INV/68',0,NULL,0,0),(253,'2024-10-06','Invoice: INV/67',0,NULL,0,0),(254,'2024-10-03','Invoice: INV/70',0,NULL,0,0),(256,'2024-10-03','Invoice Payment Received: INV/70',0,NULL,0,0),(258,'2024-10-03','Invoice Payment Received: INV/71',0,NULL,0,0),(259,'2024-10-03','Invoice: INV/71',0,NULL,0,0),(261,'2024-10-03','Invoice: INV/72',0,NULL,0,0),(263,'2024-10-03','Invoice Payment Received: INV/72',0,NULL,0,0),(264,'2024-10-06','Invoice Payment Received: INV/67',0,NULL,0,0),(265,'2024-10-03','Invoice: INV/73',0,NULL,0,0),(266,'2024-10-03','Invoice: INV/74',0,NULL,0,0),(268,'2024-10-03','Invoice Payment Received: INV/74',0,NULL,0,0),(270,'2024-10-03','Invoice Payment Received: INV/73',0,NULL,0,0),(271,'2024-10-03','Invoice: INV/75',0,NULL,0,0),(273,'2024-10-03','Invoice Payment Received: INV/75',0,NULL,0,0),(274,'2024-10-06','Invoice: INV/77',0,NULL,0,0),(275,'2024-10-03','Invoice: INV/76',0,NULL,0,0),(276,'2024-10-03','Invoice Payment Received: INV/76',0,NULL,0,0),(279,'2024-10-06','Invoice Payment Received: INV/77',0,NULL,0,0),(280,'2024-12-11','Automatic Purchase Payment: PURCHASE ORDER #10',0,NULL,0,1),(281,'2024-10-01','Invoice: INV/79',0,NULL,0,0),(282,'2024-10-01','Invoice Payment Received: INV/79',0,NULL,0,0),(284,'2024-10-01','Invoice: INV/80',0,NULL,0,0),(285,'2024-10-01','Invoice Payment Received: INV/80',0,NULL,0,0),(287,'2024-10-03','Invoice: INV/81',0,NULL,0,0),(289,'2024-10-03','Invoice Payment Received: INV/81',0,NULL,0,0),(290,'2024-10-01','Invoice: INV/82',0,NULL,0,0),(291,'2024-10-01','Invoice Payment Received: INV/82',0,NULL,0,0),(292,'2024-10-03','Invoice: INV/83',0,NULL,0,0),(295,'2024-10-03','Invoice Payment Received: INV/83',0,NULL,0,0),(296,'2024-10-03','Invoice: INV/84',0,NULL,0,0),(298,'2024-10-03','Invoice Payment Received: INV/84',0,NULL,0,0),(299,'2024-10-03','Invoice: INV/85',0,NULL,0,0),(301,'2024-10-03','Invoice Payment Received: INV/85',0,NULL,0,0),(302,'2024-10-01','Invoice: INV/86',0,NULL,0,0),(303,'2024-10-03','Invoice: INV/87',0,NULL,0,0),(304,'2024-10-01','Invoice Payment Received: INV/86',0,NULL,0,0),(307,'2024-10-03','Invoice Payment Received: INV/87',0,NULL,0,0),(308,'2024-10-01','Invoice: INV/89',0,NULL,0,0),(309,'2024-10-03','Invoice: INV/88',0,NULL,0,0),(312,'2024-10-01','Invoice Payment Received: INV/89',0,NULL,0,0),(313,'2024-10-03','Invoice Payment Received: INV/88',0,NULL,0,0),(314,'2024-10-01','Invoice: INV/90',0,NULL,0,0),(315,'2024-10-01','Invoice Payment Received: INV/90',0,NULL,0,0),(316,'2024-10-03','Invoice: INV/91',0,NULL,0,0),(319,'2024-10-03','Invoice Payment Received: INV/91',0,NULL,0,0),(320,'2024-10-03','Invoice: INV/92',0,NULL,0,0),(322,'2024-10-03','Invoice Payment Received: INV/92',0,NULL,0,0),(323,'2024-10-03','Invoice: INV/94',0,NULL,0,0),(325,'2024-10-01','Invoice: INV/93',0,NULL,0,0),(326,'2024-10-01','Invoice Payment Received: INV/93',0,NULL,0,0),(327,'2024-10-03','Invoice Payment Received: INV/94',0,NULL,0,0),(329,'2024-10-01','Invoice: INV/95',0,NULL,0,0),(330,'2024-10-05','Invoice: INV/96',0,NULL,0,0),(332,'2024-10-01','Invoice Payment Received: INV/95',0,NULL,0,0),(333,'2024-10-05','Invoice Payment Received: INV/96',0,NULL,0,0),(335,'2024-10-05','Purchase Order: PURCHASE ORDER #12',0,NULL,0,0),(336,'2024-10-05','Invoice Shipment : INV/12',0,NULL,0,0),(337,'2024-09-30','Automatic Purchase Payment: PURCHASE ORDER #12',0,NULL,0,0),(338,'2024-10-01','Invoice: INV/97',0,NULL,0,0),(339,'2024-10-05','Invoice: INV/98',0,NULL,0,0),(341,'2024-10-01','Invoice: INV/99',0,NULL,0,0),(342,'2024-10-05','Invoice Payment Received: INV/98',0,NULL,0,0),(343,'2024-10-01','Invoice Payment Received: INV/99',0,NULL,0,0),(345,'2024-10-05','Invoice: INV/100',0,NULL,0,0),(347,'2024-10-01','Invoice: INV/101',0,NULL,0,0),(348,'2024-10-05','Invoice Payment Received: INV/100',0,NULL,0,0),(350,'2024-10-01','Invoice Payment Received: INV/101',0,NULL,0,0),(351,'2024-10-05','Invoice: INV/102',0,NULL,0,0),(353,'2024-10-05','Invoice Payment Received: INV/102',0,NULL,0,0),(354,'2024-10-05','Invoice: INV/104',0,NULL,0,0),(356,'2024-10-05','Invoice Payment Received: INV/104',0,NULL,0,0),(357,'2024-10-01','Invoice: INV/103',0,NULL,0,0),(358,'2024-10-04','Automatic General Expense: Bank',0,NULL,0,0),(359,'2024-10-01','Invoice Payment Received: INV/103',0,NULL,0,0),(361,'2024-10-01','Invoice: INV/107',0,NULL,0,0),(362,'2024-10-01','Invoice Payment Received: INV/107',0,NULL,0,0),(364,'2024-10-05','Invoice: INV/108',0,NULL,0,0),(366,'2024-10-05','Invoice Payment Received: INV/108',0,NULL,0,0),(367,'2024-10-01','Invoice: INV/109',0,NULL,0,0),(368,'2024-10-01','Invoice Payment Received: INV/109',0,NULL,0,0),(370,'2024-10-01','Invoice: INV/110',0,NULL,0,0),(371,'2024-10-01','Invoice: INV/111',0,NULL,0,0),(372,'2024-10-01','Invoice Payment Received: INV/111',0,NULL,0,0),(374,'2024-10-01','Invoice: INV/112',0,NULL,0,0),(375,'2024-10-01','Invoice Payment Received: INV/112',0,NULL,0,0),(377,'2024-10-02','Invoice Payment Received: INV/113',0,NULL,0,0),(378,'2024-10-02','Invoice: INV/113',0,NULL,0,0),(380,'2024-10-07','Bank Money Transfer',1,NULL,0,0),(381,'2024-10-02','Invoice Payment Received: INV/114',0,NULL,0,0),(382,'2024-10-02','Invoice: INV/114',0,NULL,0,0),(384,'2024-10-02','Invoice: INV/115',0,NULL,0,0),(385,'2024-10-02','Invoice Payment Received: INV/115',0,NULL,0,0),(387,'2024-10-02','Invoice: INV/117',0,NULL,0,0),(388,'2024-10-05','Invoice: INV/116',0,NULL,0,0),(391,'2024-10-05','Invoice Payment Received: INV/116',0,NULL,0,0),(392,'2024-10-02','Invoice Payment Received: INV/117',0,NULL,0,0),(393,'2024-10-05','Invoice: INV/118',0,NULL,0,0),(395,'2024-10-05','Invoice Payment Received: INV/118',0,NULL,0,0),(396,'2024-10-02','Invoice Payment Received: INV/119',0,NULL,0,0),(397,'2024-10-02','Invoice: INV/119',0,NULL,0,0),(399,'2024-10-05','Invoice: INV/120',0,NULL,0,0),(401,'2024-10-05','Invoice Payment Received: INV/120',0,NULL,0,0),(402,'2024-10-02','Invoice Payment Received: INV/121',0,NULL,0,0),(403,'2024-10-02','Invoice: INV/121',0,NULL,0,0),(405,'2024-10-05','Invoice: INV/122',0,NULL,0,0),(407,'2024-10-05','Invoice Payment Received: INV/122',0,NULL,0,0),(408,'2024-10-02','Invoice Payment Received: INV/123',0,NULL,0,0),(409,'2024-10-02','Invoice: INV/123',0,NULL,0,0),(411,'2024-10-05','Invoice: INV/124',0,NULL,0,0),(413,'2024-10-05','Invoice Payment Received: INV/124',0,NULL,0,0),(414,'2024-10-02','Invoice Payment Received: INV/125',0,NULL,0,0),(415,'2024-10-02','Invoice: INV/125',0,NULL,0,0),(417,'2024-10-05','Invoice: INV/126',0,NULL,0,0),(419,'2024-10-05','Invoice Payment Received: INV/126',0,NULL,0,0),(420,'2024-10-02','Invoice: INV/127',0,NULL,0,0),(421,'2024-10-02','Invoice Payment Received: INV/127',0,NULL,0,0),(423,'2024-10-05','Invoice: INV/128',0,NULL,0,0),(424,'2024-10-02','Invoice: INV/129',0,NULL,0,0),(425,'2024-10-02','Invoice Payment Received: INV/129',0,NULL,0,0),(427,'2024-10-05','Invoice: INV/130',0,NULL,0,0),(429,'2024-10-05','Invoice Payment Received: INV/130',0,NULL,0,0),(430,'2024-10-02','Invoice: INV/131',0,NULL,0,0),(431,'2024-10-02','Invoice: INV/132',0,NULL,0,0),(432,'2024-10-02','Invoice Payment Received: INV/132',0,NULL,0,0),(434,'2024-10-02','Invoice: INV/134',0,NULL,0,0),(435,'2024-10-05','Invoice: INV/133',0,NULL,0,0),(437,'2024-10-02','Invoice Payment Received: INV/134',0,NULL,0,0),(438,'2024-10-05','Invoice Payment Received: INV/133',0,NULL,0,0),(440,'2024-10-02','Invoice: INV/135',0,NULL,0,0),(441,'2024-10-02','Invoice Payment Received: INV/135',0,NULL,0,0),(443,'2024-10-06','Invoice: INV/136',0,NULL,0,0),(445,'2024-10-06','Invoice Payment Received: INV/136',0,NULL,0,0),(446,'2024-10-06','Invoice: INV/137',0,NULL,0,0),(448,'2024-10-06','Invoice Payment Received: INV/137',0,NULL,0,0),(449,'2024-10-07','Invoice: INV/138',0,NULL,0,0),(450,'2024-10-06','Invoice: INV/139',0,NULL,0,0),(452,'2024-10-06','Invoice Payment Received: INV/139',0,NULL,0,0),(455,'2024-10-02','Invoice Payment Received: INV/140',0,NULL,0,0),(456,'2024-10-02','Invoice: INV/140',0,NULL,0,0),(458,'2024-10-02','Invoice: INV/141',0,NULL,0,0),(459,'2024-10-06','Invoice: INV/142',0,NULL,0,0),(461,'2024-10-06','Invoice Payment Received: INV/142',0,NULL,0,0),(463,'2024-10-06','Invoice: INV/143',0,NULL,0,0),(465,'2024-10-06','Invoice Payment Received: INV/143',0,NULL,0,0),(466,'2024-10-06','Invoice Payment Received: INV/18',0,NULL,0,0),(467,'2024-10-02','Invoice: INV/144',0,NULL,0,0),(468,'2024-10-06','Invoice: INV/145',0,NULL,0,0),(470,'2024-10-06','Invoice Payment Received: INV/145',0,NULL,0,0),(471,'2024-10-06','Invoice Payment Received: INV/145',0,NULL,0,0),(472,'2024-10-02','Invoice: INV/146',0,NULL,0,0),(473,'2024-10-02','Invoice Payment Received: INV/146',0,NULL,0,0),(475,'2024-10-06','Invoice: INV/147',0,NULL,0,0),(477,'2024-10-06','Invoice Payment Received: INV/147',0,NULL,0,0),(478,'2024-10-02','Invoice: INV/148',0,NULL,0,0),(479,'2024-10-06','Invoice: INV/149',0,NULL,0,0),(480,'2024-10-02','Invoice Payment Received: INV/148',0,NULL,0,0),(483,'2024-10-06','Invoice Payment Received: INV/149',0,NULL,0,0),(484,'2024-10-06','Invoice: INV/150',0,NULL,0,0),(486,'2024-10-06','Invoice Payment Received: INV/150',0,NULL,0,0),(487,'2024-10-06','Invoice: INV/152',0,NULL,0,0),(489,'2024-10-06','Invoice Payment Received: INV/152',0,NULL,0,0),(490,'2024-10-06','Invoice: INV/153',0,NULL,0,0),(492,'2024-10-06','Invoice Payment Received: INV/153',0,NULL,0,0),(493,'2024-10-02','Invoice: INV/151',0,NULL,0,0),(494,'2024-10-06','Invoice: INV/154',0,NULL,0,0),(496,'2024-10-06','Invoice Payment Received: INV/154',0,NULL,0,0),(498,'2024-10-02','Invoice Payment Received: INV/151',0,NULL,0,0),(499,'2024-10-02','Invoice Payment Received: INV/155',0,NULL,0,0),(500,'2024-10-02','Invoice: INV/155',0,NULL,0,0),(502,'2024-10-06','Invoice: INV/156',0,NULL,0,0),(504,'2024-10-06','Invoice Payment Received: INV/156',0,NULL,0,0),(505,'2024-10-06','Invoice: INV/157',0,NULL,0,0),(507,'2024-10-02','Invoice: INV/158',0,NULL,0,0),(508,'2024-10-06','Invoice Payment Received: INV/157',0,NULL,0,0),(510,'2024-10-02','Invoice Payment Received: INV/158',0,NULL,0,1),(511,'2024-10-06','Invoice: INV/159',0,NULL,0,0),(513,'2024-10-06','Invoice Payment Received: INV/159',0,NULL,0,0),(514,'2024-10-02','Invoice Payment Received: INV/161',0,NULL,0,0),(515,'2024-10-06','Invoice: INV/160',0,NULL,0,0),(517,'2024-10-06','Invoice Payment Received: INV/160',0,NULL,0,1),(518,'2024-10-02','Invoice: INV/161',0,NULL,0,0),(520,'2024-10-02','Invoice: INV/162',0,NULL,0,0),(521,'2024-10-07','Invoice Payment Received: INV/158',0,NULL,0,0),(523,'2024-10-02','Invoice Payment Received: INV/163',0,NULL,0,0),(524,'2024-10-02','Invoice: INV/163',0,NULL,0,0),(526,'2024-10-03','Invoice: INV/165',0,NULL,0,0),(527,'2024-10-02','Invoice Payment Received: INV/166',0,NULL,0,0),(528,'2024-10-02','Invoice: INV/166',0,NULL,0,0),(531,'2024-10-03','Invoice: INV/167',0,NULL,0,0),(533,'2024-10-02','Invoice Payment Received: INV/169',0,NULL,0,0),(534,'2024-10-02','Invoice: INV/169',0,NULL,0,0),(536,'2024-10-03','Invoice: INV/168',0,NULL,0,0),(538,'2024-10-02','Invoice Payment Received: INV/170',0,NULL,0,0),(539,'2024-10-02','Invoice: INV/170',0,NULL,0,0),(540,'2024-10-06','Invoice: INV/164',0,NULL,0,0),(543,'2024-10-06','Invoice Payment Received: INV/164',0,NULL,0,0),(544,'2024-10-05','Invoice: INV/171',0,NULL,0,0),(546,'2024-10-02','Invoice Payment Received: INV/172',0,NULL,0,0),(547,'2024-10-02','Invoice: INV/172',0,NULL,0,0),(549,'2024-10-06','journal_entry',1,'Loan Payment',0,0),(550,'2024-10-05','Invoice: INV/174',0,NULL,0,0),(551,'2024-10-06','Invoice: INV/173',0,NULL,0,0),(553,'2024-10-06','Invoice Payment Received: INV/173',0,NULL,0,0),(554,'2024-10-02','Invoice Payment Received: INV/175',0,NULL,0,0),(555,'2024-10-02','Invoice: INV/175',0,NULL,0,0),(557,'2024-10-02','Invoice Payment Received: INV/176',0,NULL,0,0),(558,'2024-10-02','Invoice: INV/176',0,NULL,0,0),(560,'2024-10-05','Invoice: INV/177',0,NULL,0,0),(562,'2024-10-02','Invoice: INV/178',0,NULL,0,0),(563,'2024-10-02','Invoice Payment Received: INV/178',0,NULL,0,0),(565,'2024-10-06','Invoice: INV/179',0,NULL,0,0),(567,'2024-10-05','Invoice: INV/180',0,NULL,0,0),(569,'2024-10-02','Invoice: INV/181',0,NULL,0,0),(570,'2024-10-02','Invoice Payment Received: INV/181',0,NULL,0,0),(572,'2024-10-06','Invoice Payment Received: INV/179',0,NULL,0,0),(573,'2024-10-05','Invoice: INV/182',0,NULL,0,0),(575,'2024-10-02','Invoice: INV/183',0,NULL,0,0),(576,'2024-10-02','Invoice Payment Received: INV/183',0,NULL,0,0),(578,'2024-10-05','Invoice: INV/184',0,NULL,0,0),(579,'2024-10-06','Invoice: INV/185',0,NULL,0,0),(582,'2024-10-06','Invoice Payment Received: INV/185',0,NULL,0,0),(583,'2024-10-02','Invoice: INV/186',0,NULL,0,0),(585,'2024-10-02','Invoice Payment Received: INV/186',0,NULL,0,0),(586,'2024-10-06','Invoice: INV/187',0,NULL,0,0),(588,'2024-10-06','Invoice Payment Received: INV/187',0,NULL,0,0),(589,'2024-10-05','Invoice: INV/188',0,NULL,0,0),(591,'2024-10-05','Invoice: INV/190',0,NULL,0,0),(593,'2024-10-06','Invoice: INV/189',0,NULL,0,0),(595,'2024-10-06','Invoice Payment Received: INV/189',0,NULL,0,0),(596,'2024-10-02','Invoice: INV/191',0,NULL,0,0),(597,'2024-10-02','Invoice Payment Received: INV/191',0,NULL,0,0),(599,'2024-10-06','Invoice: INV/192',0,NULL,0,0),(601,'2024-10-06','Invoice: INV/193',0,NULL,0,0),(602,'2024-10-06','Invoice Payment Received: INV/192',0,NULL,0,0),(604,'2024-10-06','Invoice: INV/194',0,NULL,0,0),(605,'2024-10-06','Invoice: INV/195',0,NULL,0,0),(608,'2024-10-06','Invoice Payment Received: INV/195',0,NULL,0,0),(609,'2024-10-06','Invoice: INV/196',0,NULL,0,0),(611,'2024-10-06','Invoice: INV/197',0,NULL,0,0),(613,'2024-10-06','Invoice Payment Received: INV/197',0,NULL,0,0),(614,'2024-10-06','Invoice: INV/198',0,NULL,0,0),(615,'2024-10-06','Invoice: INV/199',0,NULL,0,0),(617,'2024-10-06','Invoice Payment Received: INV/199',0,NULL,0,0),(618,'2024-10-06','Invoice: INV/200',0,NULL,0,0),(620,'2024-10-06','Invoice Payment Received: INV/200',0,NULL,0,0),(621,'2024-10-06','Invoice: INV/201',0,NULL,0,0),(623,'2024-10-06','Invoice: INV/202',0,NULL,0,0),(625,'2024-10-01','Cheque release: Received Payments PURCHASE ORDER #3',0,NULL,0,0),(626,'2024-12-11','Automatic Purchase Payment: PURCHASE ORDER #10',0,NULL,0,0),(628,'2024-10-08','Invoice: INV/203',0,NULL,0,1),(630,'2024-10-06','Invoice Payment Received: INV/204',0,NULL,0,0),(632,'2024-10-06','Invoice Payment Received: INV/205',0,NULL,0,0),(633,'2024-10-02','Invoice Payment Received: INV/206',0,NULL,0,0),(635,'2024-10-02','Invoice Payment Received: INV/207',0,NULL,0,0),(637,'2024-10-02','Invoice Payment Received: INV/208',0,NULL,0,0),(639,'2024-10-02','Invoice Payment Received: INV/209',0,NULL,0,0),(641,'2024-10-02','Invoice Payment Received: INV/210',0,NULL,0,1),(645,'2024-10-06','Invoice Payment Received: INV/211',0,NULL,0,0),(646,'2024-10-02','Invoice Payment Received: INV/213',0,NULL,0,0),(648,'2024-10-07','Invoice Payment Received: INV/212',0,NULL,0,0),(649,'2024-10-02','Invoice Payment Received: INV/214',0,NULL,0,0),(652,'2024-10-06','Invoice Payment Received: INV/215',0,NULL,0,0),(653,'2024-10-02','Invoice Payment Received: INV/216',0,NULL,0,0),(656,'2024-10-06','Invoice Payment Received: INV/217',0,NULL,0,0),(657,'2024-10-02','Invoice Payment Received: INV/218',0,NULL,0,0),(660,'2024-10-07','Invoice Payment Received: INV/219',0,NULL,0,0),(662,'2024-10-06','Invoice Payment Received: INV/220',0,NULL,0,0),(663,'2024-10-07','Invoice Payment Received: INV/221',0,NULL,0,0),(667,'2024-10-07','Invoice Payment Received: INV/223',0,NULL,0,0),(669,'2024-10-06','Invoice Payment Received: INV/224',0,NULL,0,0),(670,'2024-10-07','Invoice Payment Received: INV/225',0,NULL,0,0),(672,'2024-10-07','Invoice Payment Received: INV/226',0,NULL,0,1),(674,'2024-10-07','Invoice Payment Received: INV/228',0,NULL,0,0),(677,'2024-10-07','Invoice Payment Received: INV/230',0,NULL,0,0),(678,'2024-10-06','Invoice Payment Received: INV/227',0,NULL,0,0),(679,'2024-10-07','Invoice Payment Received: INV/231',0,NULL,0,0),(681,'2024-10-07','Invoice Payment Received: INV/232',0,NULL,0,0),(684,'2024-10-07','Invoice Payment Received: INV/233',0,NULL,0,0),(685,'2024-10-07','Invoice Payment Received: INV/234',0,NULL,0,0),(688,'2024-10-07','Invoice Payment Received: INV/235',0,NULL,0,0),(689,'2024-10-07','Invoice Payment Received: INV/236',0,NULL,0,0),(692,'2024-10-07','Invoice Payment Received: INV/237',0,NULL,0,0),(693,'2024-10-07','Invoice Payment Received: INV/238',0,NULL,0,0),(697,'2024-10-07','Invoice Payment Received: INV/240',0,NULL,0,0),(698,'2024-10-07','Invoice Payment Received: INV/239',0,NULL,0,1),(700,'2024-10-07','Invoice Payment Received: INV/241',0,NULL,0,0),(702,'2024-10-07','Invoice Payment Received: INV/242',0,NULL,0,0),(704,'2024-10-07','Invoice Payment Received: INV/243',0,NULL,0,1),(706,'2024-10-07','Invoice Payment Received: INV/244',0,NULL,0,0),(708,'2024-10-07','Invoice Payment Received: INV/245',0,NULL,0,1),(711,'2024-10-07','Invoice Payment Received: INV/247',0,NULL,0,1),(712,'2024-10-07','Invoice Payment Received: INV/246',0,NULL,0,0),(714,'2024-10-07','Invoice Payment Received: INV/248',0,NULL,0,1),(716,'2024-10-07','Invoice Payment Received: INV/249',0,NULL,0,0),(717,'2024-10-08','Invoice Payment Received: INV/138',0,NULL,0,0),(719,'2024-10-07','Invoice Payment Received: INV/250',0,NULL,0,0),(721,'2024-10-07','Invoice Payment Received: INV/251',0,NULL,0,0),(723,'2024-10-07','Invoice Payment Received: INV/252',0,NULL,0,0),(725,'2024-10-07','Invoice Payment Received: INV/253',0,NULL,0,0),(727,'2024-10-07','Invoice Payment Received: INV/222',0,NULL,0,1),(728,'2024-10-07','Invoice Payment Received: INV/254',0,NULL,0,0),(730,'2024-10-07','Invoice Payment Received: INV/256',0,NULL,0,0),(732,'2024-10-07','Invoice Payment Received: INV/257',0,NULL,0,0),(734,'2024-10-07','Invoice Payment Received: INV/258',0,NULL,0,0),(736,'2024-10-07','Invoice Payment Received: INV/259',0,NULL,0,0),(738,'2024-10-07','Invoice Payment Received: INV/260',0,NULL,0,1),(740,'2024-10-07','Invoice Payment Received: INV/261',0,NULL,0,0),(741,'2024-10-08','Invoice: INV/262',0,NULL,0,0),(743,'2024-10-01','Invoice Payment Received: INV/264',0,NULL,0,0),(745,'2024-10-01','Invoice Payment Received: INV/265',0,NULL,0,0),(747,'2024-10-01','Invoice Payment Received: INV/266',0,NULL,0,0),(749,'2024-10-01','Invoice Payment Received: INV/267',0,NULL,0,0),(751,'2024-10-07','Invoice Payment Received: INV/248',0,NULL,0,1),(753,'2024-09-30','Invoice Payment Received: INV/268',0,NULL,0,0),(755,'2024-09-30','Invoice Payment Received: INV/269',0,NULL,0,0),(759,'2024-09-29','Invoice Payment Received: INV/270',0,NULL,0,1),(760,'2024-09-30','Invoice Payment Received: INV/271',0,NULL,0,0),(763,'2024-09-30','Invoice Payment Received: INV/272',0,NULL,0,0),(765,'2024-09-30','Invoice Payment Received: INV/273',0,NULL,0,0),(767,'2024-09-30','Invoice Payment Received: INV/275',0,NULL,0,0),(771,'2024-10-08','Invoice: INV/279',0,NULL,0,0),(773,'2024-10-08','Invoice: INV/279',0,NULL,0,1),(774,'2024-10-08','Invoice: INV/279',0,NULL,0,1),(775,'2024-10-08','Invoice Payment Received: INV/279',0,NULL,0,1),(776,'2024-10-08','Invoice: INV/279',0,NULL,0,1),(777,'2024-10-08','Invoice: INV/279',0,NULL,0,1),(778,'2024-10-08','Invoice Payment Received: INV/279',0,NULL,0,0),(779,'2024-10-08','Invoice: INV/279',0,NULL,0,0),(781,'2024-10-02','Invoice Payment Received: INV/210',0,NULL,0,0),(783,'2024-09-28','Invoice Payment Received: INV/280',0,NULL,0,0),(785,'2024-09-28','Invoice Payment Received: INV/281',0,NULL,0,0),(787,'2024-09-28','Invoice Payment Received: INV/282',0,NULL,0,0),(789,'2024-10-01','Invoice Payment Received: INV/283',0,NULL,0,0),(791,'2024-09-28','Invoice Payment Received: INV/284',0,NULL,0,0),(793,'2024-09-28','Invoice Payment Received: INV/285',0,NULL,0,0),(795,'2024-09-28','Invoice Payment Received: INV/286',0,NULL,0,0),(799,'2024-09-28','Invoice Payment Received: INV/287',0,NULL,0,0),(801,'2024-10-01','Invoice Payment Received: INV/289',0,NULL,0,0),(804,'2024-09-28','Invoice Payment Received: INV/288',0,NULL,0,0),(805,'2024-10-01','Invoice Inventory: INV/101',0,NULL,0,0),(806,'2024-09-28','Invoice Inventory: INV/290',0,NULL,0,0),(807,'2024-09-28','Invoice Payment Received: INV/290',0,NULL,0,0),(808,'2024-10-05','Invoice Inventory: INV/100',0,NULL,0,0),(809,'2024-10-01','Invoice Inventory: INV/99',0,NULL,0,0),(810,'2024-10-05','Invoice Inventory: INV/98',0,NULL,0,0),(811,'2024-10-05','Invoice Inventory: INV/96',0,NULL,0,0),(812,'2024-10-01','Invoice Inventory: INV/95',0,NULL,0,0),(813,'2024-10-01','Invoice Inventory: INV/93',0,NULL,0,0),(814,'2024-10-03','Invoice Inventory: INV/94',0,NULL,0,0),(815,'2024-10-03','Invoice Inventory: INV/92',0,NULL,0,0),(816,'2024-10-05','Invoice Inventory: INV/21',0,NULL,0,0),(817,'2024-10-03','Invoice Inventory: INV/91',0,NULL,0,0),(818,'2024-10-01','Invoice Payment Received: INV/291',0,NULL,0,0),(819,'2024-10-01','Invoice Inventory: INV/90',0,NULL,0,0),(820,'2024-10-01','Invoice Inventory: INV/291',0,NULL,0,0),(821,'2024-10-03','Invoice Inventory: INV/88',0,NULL,0,0),(822,'2024-09-28','Invoice Inventory: INV/292',0,NULL,0,0),(823,'2024-10-08','Purchase Order: PURCHASE ORDER #13',0,NULL,0,0),(824,'2024-10-01','Invoice Inventory: INV/89',0,NULL,0,0),(825,'2024-10-01','Invoice Inventory: INV/86',0,NULL,0,0),(826,'2024-10-03','Invoice Inventory: INV/87',0,NULL,0,0),(827,'2024-09-28','Invoice Payment Received: INV/292',0,NULL,0,0),(828,'2024-10-03','Invoice Inventory: INV/85',0,NULL,0,0),(829,'2024-10-03','Invoice Inventory: INV/84',0,NULL,0,0),(830,'2024-10-01','Invoice Inventory: INV/82',0,NULL,0,0),(831,'2024-10-03','Invoice Inventory: INV/83',0,NULL,0,0),(832,'2024-10-05','Invoice Inventory: INV/19',0,NULL,0,0),(833,'2024-10-03','Invoice Inventory: INV/81',0,NULL,0,0),(834,'2024-10-01','Invoice Inventory: INV/80',0,NULL,0,0),(835,'2024-10-01','Invoice Inventory: INV/79',0,NULL,0,0),(836,'2024-10-03','Invoice Inventory: INV/76',0,NULL,0,0),(837,'2024-10-01','Invoice Payment Received: INV/293',0,NULL,0,0),(838,'2024-10-06','Invoice Inventory: INV/77',0,NULL,0,0),(839,'2024-10-03','Invoice Inventory: INV/75',0,NULL,0,0),(840,'2024-10-01','Invoice Inventory: INV/293',0,NULL,0,0),(841,'2024-10-03','Invoice Inventory: INV/73',0,NULL,0,0),(842,'2024-10-03','Invoice Inventory: INV/74',0,NULL,0,0),(843,'2024-10-08','Invoice Shipment : INV/13',0,NULL,0,0),(844,'2024-10-03','Invoice Inventory: INV/72',0,NULL,0,0),(845,'2024-10-06','Invoice Inventory: INV/18',0,NULL,0,0),(846,'2024-10-03','Invoice Inventory: INV/71',0,NULL,0,0),(847,'2024-10-06','Invoice Inventory: INV/67',0,NULL,0,0),(848,'2024-10-03','Invoice Inventory: INV/70',0,NULL,0,0),(849,'2024-10-03','Invoice Inventory: INV/68',0,NULL,0,0),(850,'2024-10-03','Invoice Inventory: INV/69',0,NULL,0,0),(851,'2024-10-03','Invoice Inventory: INV/66',0,NULL,0,0),(852,'2024-10-03','Invoice Inventory: INV/65',0,NULL,0,0),(853,'2024-09-28','Invoice Inventory: INV/294',0,NULL,0,0),(854,'2024-10-03','Invoice Inventory: INV/64',0,NULL,0,0),(855,'2024-09-28','Invoice Payment Received: INV/294',0,NULL,0,0),(856,'2024-10-05','Invoice Inventory: INV/63',0,NULL,0,0),(857,'2024-10-01','Invoice Inventory: INV/15',0,NULL,0,0),(858,'2024-10-05','Invoice Inventory: INV/62',0,NULL,0,0),(859,'2024-10-05','Invoice Inventory: INV/60',0,NULL,0,0),(860,'2024-10-01','Invoice Payment Received: INV/295',0,NULL,0,0),(861,'2024-10-05','Invoice Inventory: INV/59',0,NULL,0,0),(862,'2024-10-01','Invoice Inventory: INV/295',0,NULL,0,0),(863,'2024-10-05','Invoice Inventory: INV/58',0,NULL,0,0),(864,'2024-09-30','Invoice Inventory: INV/278',0,NULL,0,0),(865,'2024-09-30','Invoice Inventory: INV/268',0,NULL,0,0),(866,'2024-09-30','Invoice Inventory: INV/269',0,NULL,0,0),(867,'2024-09-30','Invoice Inventory: INV/271',0,NULL,0,0),(868,'2024-09-30','Invoice Inventory: INV/272',0,NULL,0,0),(869,'2024-09-30','Invoice Inventory: INV/273',0,NULL,0,0),(870,'2024-09-30','Invoice Inventory: INV/275',0,NULL,0,0),(871,'2024-09-30','Invoice Inventory: INV/277',0,NULL,0,0),(872,'2024-09-29','Invoice Inventory: INV/270',0,NULL,0,0),(873,'2024-09-28','Invoice Inventory: INV/263',0,NULL,0,0),(874,'2024-09-28','Invoice Inventory: INV/280',0,NULL,0,0),(875,'2024-09-28','Invoice Inventory: INV/281',0,NULL,0,0),(876,'2024-09-28','Invoice Inventory: INV/282',0,NULL,0,0),(877,'2024-09-28','Invoice Inventory: INV/288',0,NULL,0,0),(878,'2024-09-28','Invoice Inventory: INV/284',0,NULL,0,0),(879,'2024-09-28','Invoice Inventory: INV/285',0,NULL,0,0),(880,'2024-09-28','Invoice Inventory: INV/287',0,NULL,0,0),(881,'2024-09-28','Invoice Inventory: INV/286',0,NULL,0,0),(882,'2020-01-01','Invoice Inventory: INV/5',0,NULL,0,0),(883,'2024-10-01','Invoice Payment Received: INV/297',0,NULL,0,0),(884,'2024-10-08','Invoice Inventory: INV/262',0,NULL,0,0),(885,'2024-09-28','Invoice Inventory: INV/296',0,NULL,0,0),(886,'2024-10-01','Invoice Inventory: INV/297',0,NULL,0,0),(887,'2024-09-28','Invoice Payment Received: INV/296',0,NULL,0,0),(888,'2024-10-07','Invoice Inventory: INV/138',0,NULL,0,0),(889,'2024-12-20','Automatic Purchase Payment: PURCHASE ORDER #13',0,NULL,0,0),(890,'2024-10-07','Invoice Inventory: INV/212',0,NULL,0,0),(891,'2024-10-01','Invoice Payment Received: INV/298',0,NULL,0,0),(892,'2024-10-01','Invoice Inventory: INV/14',0,NULL,0,0),(893,'2024-10-01','Invoice Inventory: INV/298',0,NULL,0,0),(894,'2024-10-01','Invoice Inventory: INV/103',0,NULL,0,0),(895,'2024-10-01','Invoice Inventory: INV/107',0,NULL,0,0),(896,'2024-09-28','Invoice Inventory: INV/299',0,NULL,0,0),(897,'2024-10-01','Invoice Inventory: INV/109',0,NULL,0,0),(898,'2024-10-01','Invoice Inventory: INV/111',0,NULL,0,0),(899,'2024-10-01','Invoice Inventory: INV/112',0,NULL,0,0),(900,'2024-09-28','Invoice Payment Received: INV/299',0,NULL,0,0),(901,'2024-10-01','Invoice Inventory: INV/264',0,NULL,0,0),(902,'2024-10-01','Invoice Inventory: INV/265',0,NULL,0,0),(903,'2024-10-01','Invoice Inventory: INV/266',0,NULL,0,0),(904,'2024-10-01','Invoice Inventory: INV/267',0,NULL,0,0),(905,'2024-10-01','Invoice Inventory: INV/289',0,NULL,0,0),(906,'2024-10-01','Invoice Inventory: INV/283',0,NULL,0,0),(907,'2024-10-02','Invoice Inventory: INV/26',0,NULL,0,0),(908,'2024-10-04','Invoice Inventory: INV/13',0,NULL,0,0),(909,'2024-10-05','Invoice Inventory: INV/20',0,NULL,0,1),(910,'2024-10-05','Invoice Inventory: INV/23',0,NULL,0,0),(911,'2024-10-05','Invoice Inventory: INV/22',0,NULL,0,0),(912,'2024-10-05','Invoice Inventory: INV/24',0,NULL,0,0),(913,'2024-10-05','Invoice Inventory: INV/25',0,NULL,0,0),(914,'2024-10-05','Invoice Inventory: INV/27',0,NULL,0,0),(915,'2024-10-05','Invoice Inventory: INV/28',0,NULL,0,0),(916,'2024-10-05','Invoice Inventory: INV/29',0,NULL,0,0),(917,'2024-10-05','Invoice Inventory: INV/32',0,NULL,0,0),(918,'2024-10-05','Invoice Inventory: INV/34',0,NULL,0,0),(919,'2024-10-05','Invoice Inventory: INV/36',0,NULL,0,0),(920,'2024-10-05','Invoice Inventory: INV/35',0,NULL,0,0),(921,'2024-10-02','Invoice Inventory: INV/38',0,NULL,0,1),(922,'2024-10-05','Invoice Inventory: INV/37',0,NULL,0,0),(923,'2024-10-01','Invoice Payment Received: INV/300',0,NULL,0,0),(924,'2024-10-05','Invoice Inventory: INV/39',0,NULL,0,0),(925,'2024-10-01','Invoice Inventory: INV/300',0,NULL,0,0),(926,'2024-10-03','Invoice Inventory: INV/41',0,NULL,0,1),(927,'2024-10-03','Invoice Inventory: INV/42',0,NULL,0,0),(928,'2024-10-03','Invoice Inventory: INV/43',0,NULL,0,0),(929,'2024-10-03','Invoice Inventory: INV/44',0,NULL,0,0),(930,'2024-10-03','Invoice Inventory: INV/45',0,NULL,0,0),(931,'2024-10-03','Invoice Inventory: INV/46',0,NULL,0,0),(932,'2024-10-03','Invoice Inventory: INV/47',0,NULL,0,0),(933,'2024-10-03','Invoice Inventory: INV/48',0,NULL,0,0),(934,'2024-10-03','Invoice Inventory: INV/49',0,NULL,0,0),(935,'2024-10-03','Invoice Inventory: INV/50',0,NULL,0,0),(936,'2024-10-03','Invoice Inventory: INV/51',0,NULL,0,0),(937,'2024-10-03','Invoice Inventory: INV/52',0,NULL,0,0),(938,'2024-10-03','Invoice Inventory: INV/53',0,NULL,0,0),(939,'2024-10-05','Invoice Inventory: INV/54',0,NULL,0,0),(940,'2024-10-05','Invoice Inventory: INV/55',0,NULL,0,0),(941,'2024-10-05','Invoice Inventory: INV/56',0,NULL,0,0),(942,'2024-10-05','Invoice Inventory: INV/57',0,NULL,0,0),(943,'2024-10-05','Invoice Inventory: INV/102',0,NULL,0,0),(944,'2024-10-05','Invoice Inventory: INV/104',0,NULL,0,0),(945,'2024-10-05','Invoice Inventory: INV/108',0,NULL,0,0),(946,'2024-10-02','Invoice Inventory: INV/113',0,NULL,0,0),(947,'2024-10-02','Invoice Inventory: INV/114',0,NULL,0,0),(948,'2024-10-02','Invoice Inventory: INV/115',0,NULL,0,0),(949,'2024-10-05','Invoice Inventory: INV/116',0,NULL,0,0),(950,'2024-10-02','Invoice Inventory: INV/117',0,NULL,0,0),(951,'2024-10-05','Invoice Inventory: INV/118',0,NULL,0,0),(952,'2024-10-02','Invoice Inventory: INV/119',0,NULL,0,0),(953,'2024-10-05','Invoice Inventory: INV/120',0,NULL,0,0),(954,'2024-10-02','Invoice Inventory: INV/121',0,NULL,0,0),(955,'2024-10-01','Purchase Order: PURCHASE ORDER #14',0,NULL,0,0),(956,'2024-10-05','Invoice Inventory: INV/122',0,NULL,0,0),(957,'2024-10-02','Invoice Inventory: INV/123',0,NULL,0,0),(958,'2024-10-05','Invoice Inventory: INV/124',0,NULL,0,0),(959,'2024-10-02','Invoice Inventory: INV/125',0,NULL,0,0),(960,'2024-10-05','Invoice Inventory: INV/126',0,NULL,0,0),(961,'2024-10-02','Invoice Inventory: INV/127',0,NULL,0,0),(962,'2024-10-02','Invoice Inventory: INV/129',0,NULL,0,0),(963,'2024-10-05','Invoice Inventory: INV/130',0,NULL,0,0),(964,'2024-10-01','Invoice Shipment : INV/14',0,NULL,0,0),(965,'2024-10-02','Invoice Inventory: INV/132',0,NULL,0,0),(966,'2024-10-05','Invoice Inventory: INV/133',0,NULL,0,0),(967,'2024-10-02','Invoice Inventory: INV/134',0,NULL,0,0),(968,'2024-10-02','Invoice Inventory: INV/135',0,NULL,0,0),(969,'2024-10-06','Invoice Inventory: INV/136',0,NULL,0,0),(970,'2024-10-06','Invoice Inventory: INV/137',0,NULL,0,0),(971,'2024-10-06','Invoice Inventory: INV/139',0,NULL,0,0),(972,'2024-10-02','Invoice Inventory: INV/140',0,NULL,0,0),(973,'2024-10-06','Invoice Inventory: INV/142',0,NULL,0,0),(974,'2024-10-02','Invoice Inventory: INV/141',0,NULL,0,1),(975,'2024-10-06','Invoice Inventory: INV/143',0,NULL,0,0),(976,'2024-10-06','Invoice Inventory: INV/145',0,NULL,0,0),(977,'2024-10-02','Invoice Inventory: INV/146',0,NULL,0,1),(978,'2024-10-06','Invoice Inventory: INV/147',0,NULL,0,0),(979,'2024-10-06','Invoice Inventory: INV/149',0,NULL,0,0),(980,'2024-10-02','Invoice Inventory: INV/148',0,NULL,0,0),(981,'2024-10-06','Invoice Inventory: INV/150',0,NULL,0,0),(982,'2024-10-06','Invoice Inventory: INV/152',0,NULL,0,0),(983,'2024-10-06','Invoice Inventory: INV/153',0,NULL,0,0),(984,'2024-10-06','Invoice Inventory: INV/154',0,NULL,0,0),(985,'2024-10-02','Invoice Inventory: INV/151',0,NULL,0,0),(986,'2024-10-02','Invoice Inventory: INV/155',0,NULL,0,0),(987,'2024-10-06','Invoice Inventory: INV/156',0,NULL,0,0),(988,'2024-10-06','Invoice Inventory: INV/157',0,NULL,0,0),(989,'2024-10-02','Invoice Inventory: INV/158',0,NULL,0,0),(990,'2024-10-06','Invoice Inventory: INV/159',0,NULL,0,0),(991,'2024-09-29','Invoice Inventory: INV/301',0,NULL,0,0),(992,'2024-10-06','Invoice Inventory: INV/160',0,NULL,0,0),(993,'2024-10-02','Invoice Inventory: INV/161',0,NULL,0,0),(994,'2024-10-02','Invoice Inventory: INV/162',0,NULL,0,0),(995,'2024-10-02','Invoice Inventory: INV/163',0,NULL,0,0),(996,'2024-09-29','Invoice Payment Received: INV/301',0,NULL,0,1),(997,'2024-10-02','Invoice Inventory: INV/166',0,NULL,0,0),(998,'2024-09-28','Invoice Payment Received: INV/302',0,NULL,0,0),(999,'2024-10-03','Invoice Inventory: INV/165',0,NULL,0,0),(1000,'2024-10-03','Invoice Inventory: INV/167',0,NULL,0,0),(1001,'2024-10-02','Invoice Inventory: INV/169',0,NULL,0,0),(1002,'2024-09-28','Invoice Inventory: INV/302',0,NULL,0,0),(1003,'2024-10-03','Invoice Inventory: INV/168',0,NULL,0,0),(1004,'2024-10-02','Invoice Inventory: INV/170',0,NULL,0,0),(1005,'2024-10-06','Invoice Inventory: INV/164',0,NULL,0,0),(1006,'2024-10-05','Invoice Inventory: INV/171',0,NULL,0,1),(1007,'2024-10-02','Invoice Inventory: INV/172',0,NULL,0,0),(1008,'2024-10-06','Invoice Inventory: INV/173',0,NULL,0,0),(1009,'2025-01-03','Automatic Purchase Payment: PURCHASE ORDER #14',0,NULL,0,0),(1010,'2024-10-05','Invoice Inventory: INV/174',0,NULL,0,1),(1011,'2024-10-02','Invoice Inventory: INV/175',0,NULL,0,0),(1012,'2024-10-02','Invoice Inventory: INV/176',0,NULL,0,0),(1013,'2024-10-05','Invoice Inventory: INV/177',0,NULL,0,1),(1014,'2024-10-02','Invoice Inventory: INV/178',0,NULL,0,0),(1015,'2024-10-06','Invoice Inventory: INV/179',0,NULL,0,0),(1016,'2024-10-05','Invoice Inventory: INV/180',0,NULL,0,1),(1017,'2024-10-02','Invoice Inventory: INV/181',0,NULL,0,0),(1018,'2024-10-05','Invoice Inventory: INV/182',0,NULL,0,1),(1019,'2024-10-02','Invoice Inventory: INV/183',0,NULL,0,0),(1020,'2024-10-05','Invoice Inventory: INV/184',0,NULL,0,1),(1021,'2024-10-05','Invoice Inventory: INV/303',0,NULL,0,0),(1022,'2024-10-05','Invoice Payment Received: INV/303',0,NULL,0,0),(1023,'2024-10-06','Invoice Inventory: INV/185',0,NULL,0,0),(1024,'2024-10-02','Invoice Inventory: INV/186',0,NULL,0,0),(1025,'2024-10-06','Invoice Inventory: INV/187',0,NULL,0,0),(1026,'2024-10-05','Invoice Inventory: INV/188',0,NULL,0,0),(1027,'2024-10-05','Invoice Inventory: INV/190',0,NULL,0,0),(1028,'2024-10-06','Invoice Inventory: INV/189',0,NULL,0,0),(1029,'2024-10-02','Invoice Inventory: INV/191',0,NULL,0,0),(1030,'2024-10-06','Invoice Inventory: INV/192',0,NULL,0,0),(1031,'2024-10-06','Invoice Inventory: INV/193',0,NULL,0,0),(1032,'2024-10-06','Invoice Inventory: INV/194',0,NULL,0,0),(1033,'2024-10-06','Invoice Inventory: INV/195',0,NULL,0,0),(1034,'2024-10-06','Invoice Inventory: INV/196',0,NULL,0,0),(1035,'2024-10-06','Invoice Inventory: INV/197',0,NULL,0,0),(1036,'2024-10-06','Invoice Inventory: INV/198',0,NULL,0,0),(1037,'2024-10-06','Invoice Inventory: INV/199',0,NULL,0,0),(1038,'2024-10-06','Invoice Inventory: INV/200',0,NULL,0,0),(1039,'2024-10-06','Invoice Inventory: INV/201',0,NULL,0,0),(1040,'2024-10-06','Invoice Inventory: INV/202',0,NULL,0,0),(1041,'2024-10-06','Invoice Inventory: INV/204',0,NULL,0,0),(1042,'2024-10-06','Invoice Inventory: INV/205',0,NULL,0,0),(1043,'2024-10-02','Invoice Inventory: INV/206',0,NULL,0,0),(1044,'2024-10-02','Invoice Inventory: INV/207',0,NULL,0,0),(1045,'2024-10-02','Invoice Inventory: INV/208',0,NULL,0,0),(1046,'2024-10-02','Invoice Inventory: INV/209',0,NULL,0,0),(1047,'2024-10-08','Invoice: INV/306',0,NULL,0,1),(1048,'2024-10-02','Invoice Inventory: INV/210',0,NULL,0,0),(1049,'2024-10-08','Invoice: INV/306',0,NULL,0,1),(1050,'2024-10-02','Invoice Payment Received: INV/304',0,NULL,0,0),(1051,'2024-10-06','Invoice Inventory: INV/211',0,NULL,0,0),(1052,'2024-10-02','Invoice Inventory: INV/213',0,NULL,0,0),(1053,'2024-10-02','Invoice Inventory: INV/304',0,NULL,0,0),(1054,'2024-10-02','Invoice Inventory: INV/214',0,NULL,0,0),(1055,'2024-10-06','Invoice Inventory: INV/215',0,NULL,0,0),(1056,'2024-10-05','Invoice Inventory: INV/305',0,NULL,0,0),(1057,'2024-10-02','Invoice Inventory: INV/216',0,NULL,0,0),(1058,'2024-10-06','Invoice Inventory: INV/217',0,NULL,0,0),(1059,'2024-10-02','Invoice Inventory: INV/218',0,NULL,0,0),(1060,'2024-10-07','Invoice Inventory: INV/219',0,NULL,0,0),(1061,'2024-10-06','Invoice Inventory: INV/220',0,NULL,0,0),(1062,'2024-10-07','Invoice Inventory: INV/221',0,NULL,0,0),(1063,'2024-10-07','Invoice Inventory: INV/222',0,NULL,0,0),(1064,'2024-10-07','Invoice Inventory: INV/223',0,NULL,0,0),(1065,'2024-10-06','Invoice Inventory: INV/224',0,NULL,0,0),(1066,'2024-10-07','Invoice Inventory: INV/225',0,NULL,0,0),(1067,'2024-10-07','Invoice Inventory: INV/226',0,NULL,0,0),(1068,'2024-10-06','Invoice Inventory: INV/227',0,NULL,0,0),(1069,'2024-10-07','Invoice Inventory: INV/228',0,NULL,0,0),(1070,'2024-10-07','Invoice Inventory: INV/230',0,NULL,0,0),(1071,'2024-10-07','Invoice Inventory: INV/231',0,NULL,0,0),(1072,'2024-10-07','Invoice Inventory: INV/232',0,NULL,0,0),(1073,'2024-10-07','Invoice Inventory: INV/233',0,NULL,0,0),(1074,'2024-10-07','Invoice Inventory: INV/235',0,NULL,0,1),(1075,'2024-10-05','Invoice Payment Received: INV/305',0,NULL,0,0),(1076,'2024-10-05','Invoice Inventory: INV/307',0,NULL,0,0),(1077,'2024-10-05','Invoice Payment Received: INV/307',0,NULL,0,0),(1078,'2024-10-07','Invoice Inventory: INV/234',0,NULL,0,0),(1079,'2024-10-07','Invoice Inventory: INV/236',0,NULL,0,0),(1080,'2024-10-07','Invoice Inventory: INV/236',0,NULL,0,0),(1081,'2024-10-07','Invoice Inventory: INV/237',0,NULL,0,1),(1082,'2024-10-07','Invoice Inventory: INV/238',0,NULL,0,0),(1083,'2024-10-07','Invoice Inventory: INV/239',0,NULL,0,1),(1084,'2024-10-07','Invoice Inventory: INV/240',0,NULL,0,0),(1085,'2024-10-07','Invoice Inventory: INV/241',0,NULL,0,1),(1086,'2024-10-07','Invoice Inventory: INV/242',0,NULL,0,0),(1087,'2024-10-07','Invoice Inventory: INV/243',0,NULL,0,1),(1088,'2024-10-07','Invoice Inventory: INV/244',0,NULL,0,0),(1089,'2024-10-07','Invoice Inventory: INV/245',0,NULL,0,1),(1090,'2024-10-07','Invoice Inventory: INV/247',0,NULL,0,1),(1091,'2024-10-07','Invoice Inventory: INV/246',0,NULL,0,0),(1092,'2024-10-07','Invoice Inventory: INV/248',0,NULL,0,1),(1093,'2024-10-07','Invoice Inventory: INV/249',0,NULL,0,0),(1094,'2024-10-07','Invoice Inventory: INV/250',0,NULL,0,0),(1095,'2024-10-07','Invoice Inventory: INV/251',0,NULL,0,0),(1096,'2024-10-07','Invoice Inventory: INV/252',0,NULL,0,0),(1097,'2024-10-07','Invoice Inventory: INV/253',0,NULL,0,0),(1098,'2024-10-07','Invoice Inventory: INV/254',0,NULL,0,1),(1099,'2024-10-07','Invoice Inventory: INV/256',0,NULL,0,0),(1100,'2024-10-07','Invoice Inventory: INV/257',0,NULL,0,0),(1101,'2024-10-07','Invoice Inventory: INV/258',0,NULL,0,0),(1102,'2024-10-09','Automatic General Expense: Cheque',0,NULL,0,1),(1103,'2024-10-07','Invoice Inventory: INV/259',0,NULL,0,0),(1104,'2024-10-07','Invoice Inventory: INV/260',0,NULL,0,1),(1105,'2024-10-07','Invoice Inventory: INV/261',0,NULL,0,0),(1106,'2024-10-06','Invoice Inventory: INV/198',0,NULL,0,0),(1107,'2024-10-05','Invoice Inventory: INV/174',0,NULL,0,1),(1108,'2024-09-03','Invoice Inventory: INV/276',0,NULL,0,1),(1109,'2024-10-05','Invoice Inventory: INV/308',0,NULL,0,0),(1110,'2024-10-05','Invoice Payment Received: INV/308',0,NULL,0,1),(1111,'2024-10-05','Invoice Inventory: INV/309',0,NULL,0,0),(1112,'2024-10-05','Invoice Payment Received: INV/309',0,NULL,0,0),(1113,'2024-10-05','Invoice Inventory: INV/310',0,NULL,0,0),(1114,'2024-10-05','Invoice Payment Received: INV/310',0,NULL,0,0),(1115,'2024-10-05','Invoice Payment Received: INV/308',0,NULL,0,0),(1116,'2024-10-05','Invoice Inventory: INV/308',0,NULL,0,0),(1117,'2024-10-05','Invoice Inventory: INV/98',0,NULL,0,0),(1118,'2024-10-01','Invoice Inventory: INV/82',0,NULL,0,0),(1119,'2024-10-03','Invoice Inventory: INV/65',0,NULL,0,0),(1120,'2024-10-08','Invoice: INV/311',0,NULL,0,0),(1121,'2024-10-08','Invoice Inventory: INV/311',0,NULL,0,0),(1122,'2024-10-08','Invoice Payment Received: INV/311',0,NULL,0,0),(1123,'2024-10-08','Invoice: INV/312',0,NULL,0,0),(1124,'2024-10-08','Invoice Inventory: INV/312',0,NULL,0,0),(1125,'2024-10-08','Invoice: INV/313',0,NULL,0,0),(1126,'2024-10-08','Invoice Payment Received: INV/312',0,NULL,0,0),(1127,'2024-10-08','Invoice Inventory: INV/313',0,NULL,0,0),(1128,'2024-10-08','Invoice Payment Received: INV/313',0,NULL,0,0),(1129,'2024-10-08','Invoice: INV/314',0,NULL,0,1),(1130,'2024-10-08','Invoice Inventory: INV/314',0,NULL,0,0),(1131,'2024-10-08','Invoice: INV/316',0,NULL,0,0),(1132,'2024-10-08','Invoice: INV/315',0,NULL,0,0),(1133,'2024-10-08','Invoice Inventory: INV/316',0,NULL,0,0),(1134,'2024-10-08','Invoice Inventory: INV/315',0,NULL,0,0),(1135,'2024-10-08','Invoice Payment Received: INV/316',0,NULL,0,0),(1136,'2024-10-08','Invoice: INV/318',0,NULL,0,0),(1137,'2024-10-08','Invoice: INV/317',0,NULL,0,0),(1138,'2024-10-08','Invoice Inventory: INV/317',0,NULL,0,0),(1139,'2024-10-08','Invoice Payment Received: INV/317',0,NULL,0,0),(1140,'2024-10-08','Invoice Inventory: INV/318',0,NULL,0,0),(1141,'2024-10-08','Invoice: INV/319',0,NULL,0,0),(1142,'2024-10-08','Invoice Inventory: INV/319',0,NULL,0,0),(1143,'2024-10-08','Invoice Payment Received: INV/319',0,NULL,0,0),(1144,'2024-10-08','Invoice: INV/320',0,NULL,0,1),(1145,'2024-10-08','Invoice: INV/321',0,NULL,0,0),(1146,'2024-10-08','Invoice Payment Received: INV/321',0,NULL,0,0),(1147,'2024-10-08','Invoice Inventory: INV/321',0,NULL,0,0),(1148,'2024-10-08','Invoice: INV/322',0,NULL,0,0),(1149,'2024-10-08','Invoice Inventory: INV/322',0,NULL,0,0),(1150,'2024-10-08','Invoice Payment Received: INV/322',0,NULL,0,0),(1151,'2024-10-08','Invoice: INV/323',0,NULL,0,0),(1152,'2024-10-08','Invoice Inventory: INV/323',0,NULL,0,0),(1153,'2024-10-08','Invoice: INV/324',0,NULL,0,0),(1154,'2024-10-08','Invoice Payment Received: INV/323',0,NULL,0,0),(1155,'2024-10-08','Invoice Inventory: INV/324',0,NULL,0,0),(1156,'2024-10-08','Invoice Payment Received: INV/324',0,NULL,0,0),(1157,'2024-10-08','Invoice: INV/325',0,NULL,0,0),(1158,'2024-10-08','Invoice Inventory: INV/325',0,NULL,0,0),(1159,'2024-10-08','Invoice Payment Received: INV/325',0,NULL,0,0),(1160,'2024-10-08','Invoice: INV/326',0,NULL,0,0),(1161,'2024-10-08','Invoice Inventory: INV/326',0,NULL,0,0),(1162,'2024-10-08','Invoice: INV/327',0,NULL,0,0),(1163,'2024-10-08','Invoice Payment Received: INV/326',0,NULL,0,0),(1164,'2024-10-08','Invoice Inventory: INV/327',0,NULL,0,0),(1165,'2024-10-08','Invoice Payment Received: INV/327',0,NULL,0,0),(1166,'2024-10-08','Invoice: INV/328',0,NULL,0,1),(1167,'2024-10-08','Invoice Payment Received: INV/328',0,NULL,0,1),(1168,'2024-10-08','Invoice: INV/330',0,NULL,0,0),(1169,'2024-10-08','Invoice Inventory: INV/330',0,NULL,0,0),(1170,'2024-10-08','Invoice Payment Received: INV/330',0,NULL,0,0),(1171,'2024-10-08','Invoice: INV/329',0,NULL,0,0),(1172,'2024-10-08','Invoice Inventory: INV/329',0,NULL,0,0),(1173,'2024-10-08','Invoice Payment Received: INV/329',0,NULL,0,0),(1174,'2024-10-08','Invoice: INV/331',0,NULL,0,0),(1175,'2024-10-08','Invoice Inventory: INV/331',0,NULL,0,0),(1176,'2024-10-08','Invoice: INV/333',0,NULL,0,0),(1177,'2024-10-08','Invoice Inventory: INV/333',0,NULL,0,0),(1178,'2024-10-08','Invoice Payment Received: INV/333',0,NULL,0,0),(1179,'2024-10-08','Invoice: INV/332',0,NULL,0,0),(1180,'2024-10-08','Invoice Inventory: INV/332',0,NULL,0,0),(1181,'2024-10-08','Invoice: INV/334',0,NULL,0,0),(1182,'2024-10-08','Invoice Inventory: INV/334',0,NULL,0,0),(1183,'2024-10-08','Invoice Payment Received: INV/334',0,NULL,0,0),(1184,'2024-10-08','Invoice: INV/335',0,NULL,0,0),(1185,'2024-10-08','Invoice Inventory: INV/335',0,NULL,0,0),(1186,'2024-10-08','Invoice: INV/336',0,NULL,0,0),(1187,'2024-10-08','Invoice Inventory: INV/336',0,NULL,0,0),(1188,'2024-10-08','Invoice: INV/337',0,NULL,0,0),(1189,'2024-10-08','Invoice Inventory: INV/337',0,NULL,0,0),(1190,'2024-10-08','Invoice: INV/338',0,NULL,0,0),(1191,'2024-10-08','Invoice Inventory: INV/338',0,NULL,0,0),(1192,'2024-10-08','Invoice: INV/339',0,NULL,0,1),(1193,'2024-10-08','Invoice: INV/340',0,NULL,0,0),(1194,'2024-10-08','Invoice Inventory: INV/340',0,NULL,0,0),(1195,'2024-10-02','Invoice Payment Received: INV/341',0,NULL,0,0),(1196,'2024-10-02','Invoice Inventory: INV/341',0,NULL,0,0),(1197,'2024-10-02','Invoice Payment Received: INV/342',0,NULL,0,0),(1198,'2024-10-02','Invoice Inventory: INV/342',0,NULL,0,0),(1199,'2024-10-05','Invoice Inventory: INV/343',0,NULL,0,0),(1200,'2024-10-05','Invoice Payment Received: INV/343',0,NULL,0,0),(1201,'2024-10-08','Invoice: INV/345',0,NULL,0,0),(1202,'2024-10-08','Invoice Inventory: INV/345',0,NULL,0,0),(1203,'2024-10-05','Invoice Inventory: INV/346',0,NULL,0,0),(1204,'2024-10-05','Invoice Payment Received: INV/346',0,NULL,0,0),(1205,'2024-10-02','Invoice Inventory: INV/344',0,NULL,0,0),(1206,'2024-10-05','Invoice Inventory: INV/347',0,NULL,0,0),(1207,'2024-10-02','Invoice Payment Received: INV/344',0,NULL,0,0),(1208,'2024-10-05','Invoice Payment Received: INV/347',0,NULL,0,0),(1209,'2024-10-02','Invoice Payment Received: INV/348',0,NULL,0,0),(1210,'2024-10-02','Invoice Inventory: INV/348',0,NULL,0,0),(1211,'2024-10-05','Invoice Inventory: INV/350',0,NULL,0,0),(1212,'2024-10-05','Invoice Payment Received: INV/350',0,NULL,0,0),(1213,'2024-10-05','Invoice Inventory: INV/351',0,NULL,0,0),(1214,'2024-10-05','Invoice Payment Received: INV/351',0,NULL,0,0),(1215,'2024-10-02','Invoice Inventory: INV/352',0,NULL,0,0),(1216,'2024-10-05','Invoice Inventory: INV/354',0,NULL,0,0),(1217,'2024-10-05','Invoice Payment Received: INV/354',0,NULL,0,0),(1218,'2024-10-03','Invoice Inventory: INV/353',0,NULL,0,0),(1219,'2024-10-03','Invoice Payment Received: INV/353',0,NULL,0,0),(1220,'2024-10-03','Invoice Payment Received: INV/355',0,NULL,0,0),(1221,'2024-10-03','Invoice Inventory: INV/355',0,NULL,0,0),(1222,'2024-10-05','Invoice Inventory: INV/356',0,NULL,0,0),(1223,'2024-10-05','Invoice Payment Received: INV/356',0,NULL,0,0),(1224,'2024-10-05','Invoice Inventory: INV/358',0,NULL,0,0),(1225,'2024-10-03','Invoice Payment Received: INV/357',0,NULL,0,0),(1226,'2024-10-05','Invoice Payment Received: INV/358',0,NULL,0,0),(1227,'2024-10-03','Invoice Inventory: INV/357',0,NULL,0,0),(1228,'2024-10-05','Invoice Inventory: INV/359',0,NULL,0,0),(1229,'2024-10-03','Invoice Inventory: INV/360',0,NULL,0,0),(1230,'2024-10-05','Invoice Payment Received: INV/359',0,NULL,0,0),(1231,'2024-10-03','Invoice Payment Received: INV/361',0,NULL,0,0),(1232,'2024-10-03','Invoice Inventory: INV/361',0,NULL,0,0),(1233,'2024-10-03','Invoice Inventory: INV/363',0,NULL,0,0),(1234,'2024-10-03','Invoice Payment Received: INV/364',0,NULL,0,0),(1235,'2024-10-05','Invoice Inventory: INV/362',0,NULL,0,0),(1236,'2024-10-03','Invoice Inventory: INV/364',0,NULL,0,0),(1237,'2024-10-03','Invoice Inventory: INV/365',0,NULL,0,0),(1238,'2024-10-03','Invoice Payment Received: INV/366',0,NULL,0,0),(1239,'2024-10-03','Invoice Inventory: INV/366',0,NULL,0,0),(1240,'2024-10-05','Invoice Payment Received: INV/362',0,NULL,0,0),(1241,'2024-10-03','Invoice Payment Received: INV/367',0,NULL,0,0),(1242,'2024-10-03','Invoice Inventory: INV/367',0,NULL,0,0),(1243,'2024-10-03','Invoice Payment Received: INV/368',0,NULL,0,0),(1244,'2024-10-03','Invoice Inventory: INV/368',0,NULL,0,0),(1245,'2024-10-05','Invoice Inventory: INV/369',0,NULL,0,0),(1246,'2024-10-05','Invoice Payment Received: INV/369',0,NULL,0,0),(1247,'2024-10-05','Invoice Inventory: INV/370',0,NULL,0,0),(1248,'2024-10-05','Invoice Payment Received: INV/370',0,NULL,0,0),(1249,'2024-09-19','Invoice Inventory: INV/371',0,NULL,0,1),(1250,'2024-10-05','Invoice Inventory: INV/372',0,NULL,0,0),(1251,'2024-10-05','Invoice Payment Received: INV/372',0,NULL,0,0),(1252,'2024-10-05','Invoice Inventory: INV/373',0,NULL,0,0),(1253,'2024-10-05','Invoice Payment Received: INV/373',0,NULL,0,0),(1254,'2024-09-19','Invoice Inventory: INV/374',0,NULL,0,1),(1255,'2024-10-05','Invoice Inventory: INV/375',0,NULL,0,0),(1256,'2024-10-05','Invoice Payment Received: INV/375',0,NULL,0,0),(1257,'2024-09-18','Invoice Inventory: INV/376',0,NULL,0,1),(1258,'2024-09-22','Invoice Inventory: INV/377',0,NULL,0,0),(1259,'2024-10-05','Invoice Inventory: INV/378',0,NULL,0,0),(1260,'2024-10-05','Invoice Payment Received: INV/378',0,NULL,0,0),(1261,'2024-09-09','Invoice Inventory: INV/381',0,NULL,0,1),(1262,'2024-10-05','Invoice Inventory: INV/382',0,NULL,0,0),(1263,'2024-10-05','Invoice Payment Received: INV/382',0,NULL,0,0),(1264,'2024-09-11','Invoice Inventory: INV/383',0,NULL,0,0),(1265,'2024-10-03','Invoice Inventory: INV/384',0,NULL,0,0),(1266,'2024-09-30','Invoice Inventory: INV/385',0,NULL,0,0),(1267,'2024-10-02','Invoice Inventory: INV/387',0,NULL,0,0),(1268,'2024-10-05','Invoice Inventory: INV/386',0,NULL,0,0),(1269,'2024-10-05','Invoice Payment Received: INV/386',0,NULL,0,0),(1270,'2024-09-22','Invoice Inventory: INV/389',0,NULL,0,0),(1271,'2024-10-03','Invoice Payment Received: INV/384',0,NULL,0,0),(1272,'2024-10-05','Invoice Inventory: INV/390',0,NULL,0,0),(1273,'2024-10-05','Invoice Payment Received: INV/390',0,NULL,0,0),(1274,'2024-10-02','Invoice Inventory: INV/391',0,NULL,0,1),(1275,'2024-10-05','Invoice Inventory: INV/392',0,NULL,0,0),(1276,'2024-09-09','Invoice Inventory: INV/393',0,NULL,0,1),(1277,'2024-10-05','Invoice Payment Received: INV/392',0,NULL,0,0),(1278,'2024-09-22','Invoice Inventory: INV/395',0,NULL,0,1),(1279,'2024-10-03','Invoice Inventory: INV/394',0,NULL,0,0),(1280,'2024-10-03','Invoice Payment Received: INV/394',0,NULL,0,0),(1281,'2024-10-05','Invoice Inventory: INV/396',0,NULL,0,0),(1282,'2024-09-26','Invoice Inventory: INV/397',0,NULL,0,1),(1283,'2024-10-05','Invoice Payment Received: INV/396',0,NULL,0,0),(1284,'2024-09-24','Invoice Inventory: INV/398',0,NULL,0,0),(1285,'2024-10-03','Invoice Inventory: INV/399',0,NULL,0,0),(1286,'2024-10-03','Invoice Payment Received: INV/399',0,NULL,0,0),(1287,'2024-09-24','Invoice Inventory: INV/401',0,NULL,0,1),(1288,'2024-09-17','Invoice Inventory: INV/403',0,NULL,0,0),(1289,'2024-10-03','Invoice Inventory: INV/402',0,NULL,0,0),(1290,'2024-10-03','Invoice Payment Received: INV/402',0,NULL,0,0),(1291,'2024-10-02','Invoice Inventory: INV/404',0,NULL,0,1),(1292,'2024-10-03','Invoice Inventory: INV/406',0,NULL,0,0),(1293,'2024-09-26','Invoice Inventory: INV/405',0,NULL,0,0),(1294,'2024-10-03','Invoice Payment Received: INV/406',0,NULL,0,0),(1295,'2024-10-02','Invoice Inventory: INV/407',0,NULL,0,0),(1296,'2024-10-02','Invoice Payment Received: INV/407',0,NULL,0,0),(1297,'2024-10-03','Invoice Inventory: INV/408',0,NULL,0,0),(1298,'2024-10-03','Invoice Payment Received: INV/408',0,NULL,0,0),(1299,'2024-09-21','Invoice Inventory: INV/409',0,NULL,0,0),(1300,'2024-10-02','Invoice Inventory: INV/410',0,NULL,0,0),(1301,'2024-10-02','Invoice Payment Received: INV/410',0,NULL,0,0),(1302,'2024-09-18','Invoice Inventory: INV/411',0,NULL,0,0),(1303,'2024-10-03','Invoice Inventory: INV/412',0,NULL,0,0),(1304,'2024-10-03','Invoice Payment Received: INV/412',0,NULL,0,0),(1305,'2024-09-28','Invoice Inventory: INV/413',0,NULL,0,0),(1306,'2024-09-28','Invoice Inventory: INV/414',0,NULL,0,1),(1307,'2024-10-02','Invoice Inventory: INV/415',0,NULL,0,0),(1308,'2024-09-28','Invoice Inventory: INV/416',0,NULL,0,1),(1309,'2024-10-02','Invoice Payment Received: INV/415',0,NULL,0,0),(1310,'2024-09-28','Invoice Inventory: INV/417',0,NULL,0,1),(1311,'2024-09-28','Invoice Inventory: INV/418',0,NULL,0,1),(1312,'2024-09-22','Invoice Inventory: INV/420',0,NULL,0,1),(1313,'2024-10-02','Invoice Inventory: INV/421',0,NULL,0,0),(1314,'2024-10-03','Invoice Inventory: INV/419',0,NULL,0,0),(1315,'2024-10-02','Invoice Payment Received: INV/421',0,NULL,0,0),(1316,'2024-10-03','Invoice Payment Received: INV/419',0,NULL,0,0),(1317,'2024-09-28','Invoice Inventory: INV/422',0,NULL,0,1),(1318,'2024-10-02','Invoice Inventory: INV/423',0,NULL,0,0),(1319,'2024-09-25','Invoice Inventory: INV/424',0,NULL,0,1),(1320,'2024-10-02','Invoice Payment Received: INV/423',0,NULL,0,0),(1321,'2024-10-03','Invoice Inventory: INV/426',0,NULL,0,0),(1322,'2024-09-17','Invoice Inventory: INV/425',0,NULL,0,0),(1323,'2024-10-03','Invoice Payment Received: INV/426',0,NULL,0,0),(1324,'2024-10-02','Invoice Inventory: INV/428',0,NULL,0,0),(1325,'2024-09-18','Invoice Inventory: INV/427',0,NULL,0,1),(1326,'2024-10-02','Invoice Payment Received: INV/428',0,NULL,0,0),(1327,'2024-09-18','Invoice Inventory: INV/429',0,NULL,0,0),(1328,'2024-10-02','Invoice Inventory: INV/430',0,NULL,0,0),(1329,'2024-10-02','Invoice Payment Received: INV/430',0,NULL,0,0),(1330,'2024-09-27','Invoice Inventory: INV/431',0,NULL,0,0),(1331,'2024-10-03','Invoice Inventory: INV/432',0,NULL,0,0),(1332,'2024-10-03','Invoice Payment Received: INV/432',0,NULL,0,0),(1333,'2024-09-25','Invoice Inventory: INV/433',0,NULL,0,1),(1334,'2024-10-02','Invoice Inventory: INV/434',0,NULL,0,0),(1335,'2024-09-23','Invoice Inventory: INV/435',0,NULL,0,1),(1336,'2024-09-28','Invoice Inventory: INV/436',0,NULL,0,1),(1337,'2024-10-02','Invoice Payment Received: INV/434',0,NULL,0,0),(1338,'2024-10-03','Invoice Payment Received: INV/360',0,NULL,0,0),(1339,'2024-10-02','Invoice Inventory: INV/437',0,NULL,0,0),(1340,'2024-10-02','Invoice Payment Received: INV/437',0,NULL,0,0),(1341,'2024-10-08','Invoice: INV/320',0,NULL,0,0),(1342,'2024-10-08','Invoice Inventory: INV/320',0,NULL,0,0),(1343,'2024-10-02','Invoice Inventory: INV/438',0,NULL,0,0),(1344,'2024-10-02','Invoice Payment Received: INV/438',0,NULL,0,0),(1345,'2024-10-02','Invoice Inventory: INV/439',0,NULL,0,0),(1346,'2024-10-02','Invoice Payment Received: INV/439',0,NULL,0,0),(1347,'2024-09-03','Invoice Payment Received: INV/363',0,NULL,0,0),(1348,'2024-10-03','Invoice Payment Received: INV/365',0,NULL,0,0),(1349,'2024-10-08','Invoice: INV/328',0,NULL,0,1),(1350,'2024-10-08','Invoice Inventory: INV/328',0,NULL,0,0),(1351,'2024-10-08','Invoice: INV/328',0,NULL,0,1),(1352,'2024-10-08','Invoice: INV/339',0,NULL,0,0),(1353,'2024-10-08','Invoice Inventory: INV/339',0,NULL,0,0),(1354,'2024-10-08','Invoice: INV/328',0,NULL,0,1),(1355,'2024-10-08','Invoice: INV/328',0,NULL,0,0),(1356,'2024-10-02','Invoice Payment Received: INV/440',0,NULL,0,0),(1357,'2024-10-02','Invoice Inventory: INV/440',0,NULL,0,0),(1358,'2024-10-06','Invoice Payment Received: INV/160',0,NULL,0,0),(1359,'2024-10-03','Invoice Payment Received: INV/441',0,NULL,0,0),(1360,'2024-10-03','Invoice Inventory: INV/441',0,NULL,0,0),(1361,'2024-10-03','Invoice Inventory: INV/442',0,NULL,0,0),(1362,'2024-10-03','Invoice Payment Received: INV/442',0,NULL,0,0),(1363,'2024-10-03','Invoice Payment Received: INV/443',0,NULL,0,0),(1364,'2024-10-03','Invoice Inventory: INV/443',0,NULL,0,1),(1365,'2024-10-03','Invoice Payment Received: INV/444',0,NULL,0,0),(1366,'2024-10-03','Invoice Inventory: INV/444',0,NULL,0,0),(1367,'2024-10-03','Invoice Inventory: INV/445',0,NULL,0,0),(1368,'2024-10-03','Invoice Payment Received: INV/445',0,NULL,0,0),(1369,'2024-10-06','Invoice Payment Received: INV/446',0,NULL,0,0),(1370,'2024-10-06','Invoice Inventory: INV/446',0,NULL,0,0),(1371,'2024-10-06','Invoice Inventory: INV/447',0,NULL,0,0),(1372,'2024-10-06','Invoice Inventory: INV/448',0,NULL,0,0),(1373,'2024-10-06','Invoice Payment Received: INV/448',0,NULL,0,0),(1374,'2024-10-03','Invoice Payment Received: INV/450',0,NULL,0,0),(1375,'2024-10-03','Invoice Inventory: INV/450',0,NULL,0,0),(1376,'2024-10-06','Invoice Inventory: INV/449',0,NULL,0,0),(1377,'2024-10-06','Invoice Payment Received: INV/449',0,NULL,0,0),(1378,'2024-10-06','Invoice Payment Received: INV/451',0,NULL,0,0),(1379,'2024-10-06','Invoice Inventory: INV/451',0,NULL,0,0),(1380,'2024-10-06','Invoice Inventory: INV/452',0,NULL,0,0),(1381,'2024-10-06','Invoice Payment Received: INV/452',0,NULL,0,0),(1382,'2024-10-06','Invoice Payment Received: INV/453',0,NULL,0,0),(1383,'2024-10-06','Invoice Inventory: INV/453',0,NULL,0,0),(1384,'2024-10-06','Invoice Inventory: INV/454',0,NULL,0,0),(1385,'2024-10-06','Invoice Payment Received: INV/454',0,NULL,0,0),(1386,'2024-10-06','Invoice Inventory: INV/455',0,NULL,0,0),(1387,'2024-10-06','Invoice Payment Received: INV/455',0,NULL,0,1),(1388,'2024-10-06','Invoice Payment Received: INV/455',0,NULL,0,0),(1389,'2024-10-06','Invoice Inventory: INV/455',0,NULL,0,0),(1390,'2024-10-06','Invoice Inventory: INV/456',0,NULL,0,0),(1391,'2024-10-06','Invoice Payment Received: INV/456',0,NULL,0,0),(1392,'2024-10-06','Invoice Inventory: INV/457',0,NULL,0,0),(1393,'2024-10-06','Invoice Payment Received: INV/457',0,NULL,0,0),(1394,'2024-10-06','Invoice Inventory: INV/458',0,NULL,0,0),(1395,'2024-10-06','Invoice Payment Received: INV/458',0,NULL,0,0),(1396,'2024-10-06','Invoice Inventory: INV/459',0,NULL,0,0),(1397,'2024-10-06','Invoice Payment Received: INV/459',0,NULL,0,0),(1398,'2024-10-06','Invoice Inventory: INV/460',0,NULL,0,0),(1399,'2024-10-06','Invoice Payment Received: INV/460',0,NULL,0,0),(1400,'2024-10-06','Invoice Inventory: INV/461',0,NULL,0,0),(1401,'2024-10-06','Invoice Payment Received: INV/461',0,NULL,0,0),(1402,'2024-10-06','Invoice Inventory: INV/462',0,NULL,0,0),(1403,'2024-10-06','Invoice Payment Received: INV/462',0,NULL,0,0),(1404,'2024-10-06','Invoice Inventory: INV/463',0,NULL,0,0),(1405,'2024-10-06','Invoice Payment Received: INV/463',0,NULL,0,0),(1406,'2024-10-06','Invoice Inventory: INV/464',0,NULL,0,0),(1407,'2024-10-06','Invoice Payment Received: INV/464',0,NULL,0,0),(1408,'2024-10-06','Invoice Inventory: INV/465',0,NULL,0,0),(1409,'2024-10-06','Invoice Payment Received: INV/465',0,NULL,0,0),(1410,'2024-10-06','Invoice Inventory: INV/466',0,NULL,0,0),(1411,'2024-10-06','Invoice Inventory: INV/467',0,NULL,0,0),(1412,'2024-10-06','Invoice Payment Received: INV/466',0,NULL,0,0),(1413,'2024-10-06','Invoice Payment Received: INV/467',0,NULL,0,0),(1414,'2024-10-06','Invoice Inventory: INV/468',0,NULL,0,0),(1415,'2024-10-06','Invoice Payment Received: INV/468',0,NULL,0,0),(1416,'2024-10-06','Invoice Inventory: INV/469',0,NULL,0,0),(1417,'2024-10-06','Invoice Payment Received: INV/469',0,NULL,0,0),(1418,'2024-10-06','Invoice Inventory: INV/470',0,NULL,0,0),(1419,'2024-10-06','Invoice Payment Received: INV/470',0,NULL,0,0),(1420,'2024-10-09','Invoice: INV/471',0,NULL,0,0),(1421,'2024-10-09','Invoice Inventory: INV/471',0,NULL,0,0),(1422,'2024-10-09','Invoice Payment Received: INV/471',0,NULL,0,0),(1423,'2024-10-09','Invoice: INV/472',0,NULL,0,0),(1424,'2024-10-09','Invoice Inventory: INV/472',0,NULL,0,0),(1425,'2024-10-09','Invoice Payment Received: INV/472',0,NULL,0,0),(1426,'2024-10-09','Invoice: INV/473',0,NULL,0,0),(1427,'2024-10-09','Invoice Inventory: INV/473',0,NULL,0,0),(1428,'2024-10-09','Invoice Payment Received: INV/473',0,NULL,0,0),(1429,'2024-10-09','Invoice: INV/474',0,NULL,0,0),(1430,'2024-10-09','Invoice Inventory: INV/474',0,NULL,0,0),(1431,'2024-10-09','Invoice Payment Received: INV/474',0,NULL,0,0),(1432,'2024-10-09','Invoice: INV/475',0,NULL,0,0),(1433,'2024-10-09','Invoice Inventory: INV/475',0,NULL,0,0),(1434,'2024-10-09','Invoice Payment Received: INV/475',0,NULL,0,0),(1435,'2024-10-09','Invoice: INV/476',0,NULL,0,0),(1436,'2024-10-09','Invoice Inventory: INV/476',0,NULL,0,0),(1437,'2024-10-09','Invoice Payment Received: INV/476',0,NULL,0,0),(1438,'2024-10-09','Invoice: INV/477',0,NULL,0,0),(1439,'2024-10-09','Invoice Inventory: INV/477',0,NULL,0,0),(1440,'2024-10-09','Invoice Payment Received: INV/477',0,NULL,0,0),(1441,'2024-10-09','Invoice: INV/478',0,NULL,0,0),(1442,'2024-10-09','Invoice Inventory: INV/478',0,NULL,0,0),(1443,'2024-10-09','Invoice Payment Received: INV/478',0,NULL,0,0),(1444,'2024-10-09','Invoice: INV/479',0,NULL,0,0),(1445,'2024-10-09','Invoice Inventory: INV/479',0,NULL,0,0),(1446,'2024-10-09','Invoice Payment Received: INV/479',0,NULL,0,0),(1447,'2024-10-09','Invoice: INV/480',0,NULL,0,0),(1448,'2024-10-09','Invoice Inventory: INV/480',0,NULL,0,0),(1449,'2024-10-09','Invoice Payment Received: INV/480',0,NULL,0,0),(1450,'2024-10-09','Invoice: INV/481',0,NULL,0,0),(1451,'2024-10-09','Invoice Inventory: INV/481',0,NULL,0,0),(1452,'2024-10-09','Invoice Payment Received: INV/481',0,NULL,0,0),(1453,'2024-10-09','Invoice: INV/482',0,NULL,0,0),(1454,'2024-10-09','Invoice Inventory: INV/482',0,NULL,0,0),(1455,'2024-10-09','Invoice Payment Received: INV/482',0,NULL,0,0),(1456,'2024-10-09','Invoice: INV/483',0,NULL,0,0),(1457,'2024-10-09','Invoice Inventory: INV/483',0,NULL,0,0),(1458,'2024-10-09','Invoice Payment Received: INV/483',0,NULL,0,0),(1459,'2024-10-09','Invoice: INV/484',0,NULL,0,0),(1460,'2024-10-09','Invoice Inventory: INV/484',0,NULL,0,0),(1461,'2024-10-09','Invoice Payment Received: INV/484',0,NULL,0,0),(1462,'2024-10-09','Invoice: INV/485',0,NULL,0,0),(1463,'2024-10-09','Invoice Inventory: INV/485',0,NULL,0,0),(1464,'2024-10-09','Invoice Payment Received: INV/485',0,NULL,0,0),(1465,'2024-10-09','Invoice: INV/486',0,NULL,0,0),(1466,'2024-10-09','Invoice Inventory: INV/486',0,NULL,0,0),(1467,'2024-10-09','Invoice Payment Received: INV/486',0,NULL,0,0),(1468,'2024-10-09','Invoice: INV/487',0,NULL,0,0),(1469,'2024-10-09','Invoice Inventory: INV/487',0,NULL,0,0),(1470,'2024-10-09','Invoice Payment Received: INV/487',0,NULL,0,0),(1471,'2024-10-09','Invoice: INV/488',0,NULL,0,1),(1472,'2024-10-09','Invoice Inventory: INV/488',0,NULL,0,0),(1473,'2024-10-09','Invoice Payment Received: INV/488',0,NULL,0,0),(1474,'2024-10-09','Invoice: INV/488',0,NULL,0,0),(1475,'2024-10-09','Invoice: INV/488',0,NULL,0,0),(1476,'2024-10-09','Invoice: INV/490',0,NULL,0,0),(1477,'2024-10-09','Invoice Inventory: INV/490',0,NULL,0,0),(1478,'2024-09-29','Invoice Payment Received: INV/489',0,NULL,0,0),(1479,'2024-09-29','Invoice Inventory: INV/489',0,NULL,0,0),(1480,'2024-10-09','Invoice Payment Received: INV/490',0,NULL,0,0),(1481,'2024-10-09','Invoice: INV/492',0,NULL,0,0),(1482,'2024-10-09','Invoice Inventory: INV/492',0,NULL,0,0),(1483,'2024-09-29','Invoice Inventory: INV/491',0,NULL,0,0),(1484,'2024-10-09','Invoice Payment Received: INV/492',0,NULL,0,0),(1485,'2024-09-29','Invoice Payment Received: INV/491',0,NULL,0,0),(1486,'2024-10-09','Invoice: INV/493',0,NULL,0,0),(1487,'2024-10-09','Invoice Inventory: INV/493',0,NULL,0,0),(1488,'2024-10-09','Invoice Payment Received: INV/493',0,NULL,0,0),(1489,'2024-10-09','Invoice: INV/494',0,NULL,0,1),(1490,'2024-10-09','Invoice Inventory: INV/494',0,NULL,0,0),(1491,'2024-10-09','Invoice Payment Received: INV/494',0,NULL,0,0),(1492,'2024-10-09','Invoice: INV/494',0,NULL,0,0),(1493,'2024-10-09','Invoice: INV/495',0,NULL,0,0),(1494,'2024-10-09','Invoice Inventory: INV/495',0,NULL,0,0),(1495,'2024-10-09','Invoice Payment Received: INV/495',0,NULL,0,0),(1496,'2024-10-09','Invoice: INV/496',0,NULL,0,0),(1497,'2024-10-09','Invoice Inventory: INV/496',0,NULL,0,0),(1498,'2024-10-09','Invoice Payment Received: INV/496',0,NULL,0,0),(1499,'2024-10-09','Invoice: INV/497',0,NULL,0,1),(1500,'2024-10-09','Invoice Inventory: INV/497',0,NULL,0,0),(1501,'2024-08-07','Invoice Inventory: INV/498',0,NULL,0,0),(1502,'2024-10-02','Invoice Inventory: INV/38',0,NULL,0,0),(1503,'2024-10-01','Invoice Inventory: INV/499',0,NULL,0,0),(1504,'2024-10-09','Invoice: INV/500',0,NULL,0,0),(1505,'2024-10-09','Invoice Inventory: INV/500',0,NULL,0,0),(1506,'2024-10-09','Invoice Payment Received: INV/500',0,NULL,0,0),(1507,'2024-10-09','Invoice: INV/501',0,NULL,0,0),(1508,'2024-10-09','Invoice Inventory: INV/501',0,NULL,0,0),(1509,'2024-10-09','Invoice Payment Received: INV/501',0,NULL,0,0),(1510,'2024-10-09','Invoice: INV/502',0,NULL,0,0),(1511,'2024-10-09','Invoice Inventory: INV/502',0,NULL,0,0),(1512,'2024-10-09','Invoice Payment Received: INV/502',0,NULL,0,0),(1513,'2024-10-09','Invoice: INV/503',0,NULL,0,0),(1514,'2024-10-09','Invoice Inventory: INV/503',0,NULL,0,0),(1515,'2024-10-09','Invoice Payment Received: INV/503',0,NULL,0,0),(1516,'2024-10-10','Invoice: INV/504',0,NULL,0,1),(1517,'2024-10-02','Invoice Inventory: INV/380',0,NULL,0,0),(1518,'2024-10-09','Invoice Payment Received: INV/405',0,NULL,0,1),(1519,'2024-10-09','Invoice Payment Received: INV/405',0,NULL,0,0),(1520,'2024-10-09','Invoice: INV/497',0,NULL,0,0),(1521,'2024-10-09','Invoice Payment Received: INV/497',0,NULL,0,0),(1522,'2024-10-09','Invoice: INV/505',0,NULL,0,0),(1523,'2024-10-09','Invoice Inventory: INV/505',0,NULL,0,0),(1524,'2024-10-09','Invoice: INV/506',0,NULL,0,0),(1525,'2024-10-09','Invoice Inventory: INV/506',0,NULL,0,0),(1526,'2024-10-09','Invoice: INV/507',0,NULL,0,0),(1527,'2024-10-09','Invoice Inventory: INV/507',0,NULL,0,0),(1528,'2024-10-09','Invoice: INV/508',0,NULL,0,0),(1529,'2024-10-09','Invoice Inventory: INV/508',0,NULL,0,0),(1530,'2024-10-09','Invoice: INV/509',0,NULL,0,0),(1531,'2024-10-09','Invoice Inventory: INV/509',0,NULL,0,0),(1532,'2024-10-09','Invoice: INV/510',0,NULL,0,0),(1533,'2024-10-09','Invoice Inventory: INV/510',0,NULL,0,0),(1534,'2024-10-09','Invoice: INV/511',0,NULL,0,0),(1535,'2024-10-09','Invoice Inventory: INV/511',0,NULL,0,0),(1536,'2024-10-09','Invoice Payment Received: INV/509',0,NULL,0,0),(1537,'2024-10-09','Invoice: INV/513',0,NULL,0,0),(1538,'2024-10-09','Invoice Inventory: INV/513',0,NULL,0,0),(1539,'2024-10-09','Invoice Payment Received: INV/513',0,NULL,0,0),(1540,'2024-10-09','Invoice: INV/514',0,NULL,0,0),(1541,'2024-10-09','Invoice Inventory: INV/514',0,NULL,0,0),(1542,'2024-10-09','Invoice Payment Received: INV/514',0,NULL,0,0),(1543,'2024-10-01','Automatic General Expense: Bank',0,NULL,0,0),(1544,'2024-10-01','Automatic General Expense: Bank',0,NULL,0,0),(1545,'2024-10-01','Automatic General Expense: Bank',0,NULL,0,0),(1546,'2024-10-09','Invoice: INV/512',0,NULL,0,1),(1547,'2024-10-01','Automatic General Expense: Bank',0,NULL,0,0),(1548,'2024-10-01','Automatic General Expense: Bank',0,NULL,0,0),(1549,'2024-10-01','Automatic General Expense: Bank',0,NULL,0,0),(1550,'2024-10-01','Automatic General Expense: Bank',0,NULL,0,0),(1551,'2024-10-09','Invoice Inventory: INV/512',0,NULL,0,0),(1552,'2024-10-09','Automatic General Expense: Cheque',0,NULL,0,1),(1553,'2024-10-09','Automatic General Expense: Bank',0,NULL,0,0),(1554,'2024-10-09','Automatic General Expense: Bank',0,NULL,0,0),(1555,'2024-10-09','Automatic General Expense: Bank',0,NULL,0,0),(1556,'2024-10-09','Automatic General Expense: Bank',0,NULL,0,0),(1557,'2024-10-09','Automatic General Expense: Bank',0,NULL,0,0),(1558,'2024-10-08','Automatic General Expense: Bank',0,NULL,0,0),(1559,'2024-10-08','Automatic General Expense: Bank',0,NULL,0,0),(1560,'2024-10-08','Automatic General Expense: Bank',0,NULL,0,0),(1561,'2024-10-08','Automatic General Expense: Bank',0,NULL,0,0),(1562,'2024-10-08','Automatic General Expense: Bank',0,NULL,0,0),(1563,'2024-10-07','Automatic General Expense: Bank',0,NULL,0,0),(1564,'2024-10-07','Automatic General Expense: Bank',0,NULL,0,0),(1565,'2024-10-07','Automatic General Expense: Bank',0,NULL,0,0),(1566,'2024-10-07','Automatic General Expense: Bank',0,NULL,0,0),(1567,'2024-10-07','Automatic General Expense: Bank',0,NULL,0,0),(1568,'2024-10-06','Automatic General Expense: Bank',0,NULL,0,0),(1569,'2024-10-09','Invoice: INV/512',0,NULL,0,0),(1570,'2024-10-09','Invoice Payment Received: INV/512',0,NULL,0,0),(1571,'2024-10-10','Purchase Order: PURCHASE ORDER #17',0,NULL,0,0),(1572,'2024-10-01','Cheque release: Received Payments PURCHASE ORDER #6',0,NULL,0,0),(1573,'2024-10-01','Cheque release: Received Payments PURCHASE ORDER #1',0,NULL,0,0),(1574,'2024-10-01','Cheque release: Received Payments PURCHASE ORDER #7',0,NULL,0,0),(1575,'2024-10-01','Cheque release: Received Payments PURCHASE ORDER #4',0,NULL,0,0),(1576,'2024-10-05','Invoice Inventory: INV/515',0,NULL,0,0),(1577,'2024-10-10','Purchase Order: PURCHASE ORDER #18',0,NULL,0,0),(1578,'2024-10-10','Automatic General Expense: Bank',0,NULL,0,0),(1579,'2024-10-07','Invoice Inventory: INV/516',0,NULL,0,0),(1580,'2024-10-07','Invoice Payment Received: INV/516',0,NULL,0,0),(1581,'2024-10-10','Invoice: INV/517',0,NULL,0,0),(1582,'2024-10-10','Invoice Inventory: INV/517',0,NULL,0,0),(1583,'2024-10-10','Invoice Payment Received: INV/517',0,NULL,0,0),(1584,'2024-10-10','Invoice: INV/518',0,NULL,0,0),(1585,'2024-10-10','Invoice Inventory: INV/518',0,NULL,0,0),(1586,'2024-10-10','Invoice Payment Received: INV/518',0,NULL,0,0),(1587,'2024-10-10','Invoice: INV/519',0,NULL,0,0),(1588,'2024-10-10','Invoice Inventory: INV/519',0,NULL,0,0),(1589,'2024-10-10','Invoice Payment Received: INV/519',0,NULL,0,0),(1590,'2024-10-10','Invoice: INV/520',0,NULL,0,0),(1591,'2024-10-10','Invoice Inventory: INV/520',0,NULL,0,0),(1592,'2024-10-10','Invoice Payment Received: INV/520',0,NULL,0,0),(1593,'2024-10-10','Invoice: INV/521',0,NULL,0,0),(1594,'2024-10-10','Invoice Inventory: INV/521',0,NULL,0,0),(1595,'2024-10-10','Invoice Payment Received: INV/521',0,NULL,0,0),(1596,'2024-10-10','Invoice: INV/522',0,NULL,0,0),(1597,'2024-10-10','Invoice Inventory: INV/522',0,NULL,0,0),(1598,'2024-10-10','Invoice Payment Received: INV/522',0,NULL,0,0),(1599,'2024-10-10','Invoice: INV/523',0,NULL,0,0),(1600,'2024-10-10','Invoice Inventory: INV/523',0,NULL,0,0),(1601,'2024-10-10','Invoice Payment Received: INV/523',0,NULL,0,0),(1602,'2024-10-10','Invoice: INV/524',0,NULL,0,0),(1603,'2024-10-10','Invoice Inventory: INV/524',0,NULL,0,0),(1604,'2024-10-10','Invoice Payment Received: INV/524',0,NULL,0,0),(1605,'2024-10-10','Invoice: INV/525',0,NULL,0,0),(1606,'2024-10-10','Invoice Inventory: INV/525',0,NULL,0,0),(1607,'2024-10-10','Invoice Payment Received: INV/525',0,NULL,0,0),(1608,'2024-10-10','Invoice: INV/526',0,NULL,0,0),(1609,'2024-10-10','Invoice Inventory: INV/526',0,NULL,0,0),(1610,'2024-10-10','Invoice Payment Received: INV/526',0,NULL,0,0),(1611,'2024-10-10','Invoice: INV/527',0,NULL,0,0),(1612,'2024-10-10','Invoice Inventory: INV/527',0,NULL,0,0),(1613,'2024-10-10','Invoice Payment Received: INV/527',0,NULL,0,0),(1614,'2024-10-10','Invoice: INV/528',0,NULL,0,0),(1615,'2024-10-10','Invoice Inventory: INV/528',0,NULL,0,0),(1616,'2024-10-10','Invoice Payment Received: INV/528',0,NULL,0,0),(1617,'2024-10-10','Invoice: INV/529',0,NULL,0,0),(1618,'2024-10-10','Invoice Inventory: INV/529',0,NULL,0,0),(1619,'2024-10-10','Invoice Payment Received: INV/529',0,NULL,0,0),(1620,'2024-10-10','Invoice: INV/530',0,NULL,0,0),(1621,'2024-10-10','Invoice Inventory: INV/530',0,NULL,0,0),(1622,'2024-10-10','Invoice: INV/532',0,NULL,0,0),(1623,'2024-10-10','Invoice: INV/531',0,NULL,0,0),(1624,'2024-10-10','Invoice Inventory: INV/531',0,NULL,0,0),(1625,'2024-10-10','Invoice Inventory: INV/532',0,NULL,0,0),(1626,'2024-10-10','Invoice Payment Received: INV/531',0,NULL,0,0),(1627,'2024-10-10','Invoice: INV/533',0,NULL,0,0),(1628,'2024-10-10','Invoice Inventory: INV/533',0,NULL,0,0),(1629,'2024-10-10','Invoice: INV/534',0,NULL,0,0),(1630,'2024-10-12','Invoice: INV/535',0,NULL,0,0),(1631,'2024-10-10','Invoice Inventory: INV/534',0,NULL,0,0),(1632,'2024-10-12','Invoice Inventory: INV/535',0,NULL,0,0),(1633,'2024-10-12','Invoice Payment Received: INV/535',0,NULL,0,0),(1634,'2024-10-07','Invoice Payment Received: INV/226',0,NULL,0,0),(1635,'2024-10-12','Invoice: INV/537',0,NULL,0,0),(1636,'2024-10-12','Invoice Inventory: INV/537',0,NULL,0,0),(1637,'2024-10-12','Invoice: INV/536',0,NULL,0,0),(1638,'2024-10-12','Invoice Inventory: INV/536',0,NULL,0,0),(1639,'2024-10-12','Invoice Payment Received: INV/536',0,NULL,0,0),(1640,'2024-10-12','Invoice: INV/538',0,NULL,0,0),(1641,'2024-10-12','Invoice Inventory: INV/538',0,NULL,0,0),(1642,'2024-10-12','Invoice: INV/539',0,NULL,0,0),(1643,'2024-10-12','Invoice Inventory: INV/539',0,NULL,0,0),(1644,'2024-10-12','Invoice: INV/540',0,NULL,0,0),(1645,'2024-10-12','Invoice Inventory: INV/540',0,NULL,0,0),(1646,'2024-10-12','Invoice Payment Received: INV/540',0,NULL,0,0),(1647,'2024-10-12','Invoice: INV/542',0,NULL,0,0),(1648,'2024-10-12','Invoice Inventory: INV/542',0,NULL,0,0),(1649,'2024-10-12','Invoice Payment Received: INV/542',0,NULL,0,0),(1650,'2024-10-12','Invoice: INV/543',0,NULL,0,0),(1651,'2024-10-12','Invoice: INV/541',0,NULL,0,0),(1652,'2024-10-12','Invoice Inventory: INV/543',0,NULL,0,0),(1653,'2024-10-12','Invoice Payment Received: INV/543',0,NULL,0,0),(1654,'2024-10-12','Invoice Inventory: INV/541',0,NULL,0,0),(1655,'2024-10-12','Invoice Payment Received: INV/541',0,NULL,0,0),(1656,'2024-10-12','Invoice: INV/544',0,NULL,0,0),(1657,'2024-10-12','Invoice Inventory: INV/544',0,NULL,0,0),(1658,'2024-10-12','Invoice Payment Received: INV/544',0,NULL,0,0),(1659,'2024-10-10','Invoice Payment Received: INV/512',0,NULL,0,0),(1660,'2024-10-07','Invoice Inventory: INV/545',0,NULL,0,0),(1661,'2024-10-07','Invoice Payment Received: INV/545',0,NULL,0,0),(1662,'2024-10-12','Invoice: INV/546',0,NULL,0,0),(1663,'2024-10-12','Invoice Inventory: INV/546',0,NULL,0,0),(1664,'2024-10-12','Invoice Payment Received: INV/546',0,NULL,0,0),(1665,'2024-10-07','Invoice Inventory: INV/547',0,NULL,0,0),(1666,'2024-10-07','Invoice Payment Received: INV/547',0,NULL,0,0),(1667,'2024-10-12','Invoice: INV/548',0,NULL,0,0),(1668,'2024-10-12','Invoice Inventory: INV/548',0,NULL,0,0),(1669,'2024-10-12','Invoice Payment Received: INV/548',0,NULL,0,0),(1670,'2024-10-07','Invoice Inventory: INV/549',0,NULL,0,0),(1671,'2024-10-12','Invoice: INV/550',0,NULL,0,0),(1672,'2024-10-07','Invoice Payment Received: INV/549',0,NULL,0,0),(1673,'2024-10-12','Invoice Inventory: INV/550',0,NULL,0,0),(1674,'2024-10-12','Invoice Payment Received: INV/550',0,NULL,0,0),(1675,'2024-10-12','Invoice: INV/551',0,NULL,0,0),(1676,'2024-10-12','Invoice Inventory: INV/551',0,NULL,0,0),(1677,'2024-10-12','Invoice Payment Received: INV/551',0,NULL,0,0),(1678,'2024-10-12','Invoice: INV/552',0,NULL,0,0),(1679,'2024-10-12','Invoice Inventory: INV/552',0,NULL,0,0),(1680,'2024-10-12','Invoice Payment Received: INV/552',0,NULL,0,0),(1681,'2024-10-06','Invoice Payment Received: INV/553',0,NULL,0,1),(1682,'2024-10-06','Invoice Inventory: INV/553',0,NULL,0,0),(1683,'2024-10-12','Invoice: INV/554',0,NULL,0,0),(1684,'2024-10-12','Invoice Inventory: INV/554',0,NULL,0,0),(1685,'2024-10-12','Invoice Payment Received: INV/554',0,NULL,0,0),(1686,'2024-10-06','Invoice Payment Received: INV/553',0,NULL,0,0),(1687,'2024-10-12','Invoice: INV/555',0,NULL,0,0),(1688,'2024-10-12','Invoice Inventory: INV/555',0,NULL,0,0),(1689,'2024-10-12','Invoice Payment Received: INV/555',0,NULL,0,0),(1690,'2024-10-09','Cheque Release: Expense',0,NULL,0,0),(1691,'2024-10-01','Cheque collection: Received Payments INV/4',0,NULL,0,1),(1692,'2024-10-01','Cheque collection: Received Payments INV/10',0,NULL,0,0),(1693,'2024-10-01','Cheque collection: Received Payments INV/1',0,NULL,0,0),(1694,'2024-10-01','Cheque collection: Received Payments INV/11',0,NULL,0,0),(1695,'2024-10-01','Cheque collection: Received Payments INV/11',0,NULL,0,0),(1696,'2024-10-01','Cheque collection: Received Payments INV/10',0,NULL,0,0),(1697,'2024-10-12','Invoice: INV/556',0,NULL,0,0),(1698,'2024-10-12','Invoice Inventory: INV/556',0,NULL,0,0),(1699,'2024-10-12','Invoice Payment Received: INV/556',0,NULL,0,0),(1700,'2024-10-12','Invoice: INV/557',0,NULL,0,0),(1701,'2024-10-12','Invoice Inventory: INV/557',0,NULL,0,0),(1702,'2024-10-12','Invoice Payment Received: INV/557',0,NULL,0,0),(1703,'2024-10-12','Invoice: INV/558',0,NULL,0,0),(1704,'2024-10-12','Invoice Inventory: INV/558',0,NULL,0,0),(1705,'2024-10-12','Invoice Payment Received: INV/558',0,NULL,0,0),(1706,'2024-10-05','Invoice Inventory: INV/560',0,NULL,0,0),(1707,'2024-10-12','Invoice: INV/559',0,NULL,0,0),(1708,'2024-10-12','Invoice Payment Received: INV/560',0,NULL,0,0),(1709,'2024-10-12','Invoice Payment Received: INV/559',0,NULL,0,0),(1710,'2024-10-12','Invoice Inventory: INV/559',0,NULL,0,0),(1711,'2024-10-12','Invoice: INV/561',0,NULL,0,0),(1712,'2024-10-12','Invoice Inventory: INV/561',0,NULL,0,0),(1713,'2024-10-12','Invoice Payment Received: INV/561',0,NULL,0,0),(1714,'2024-10-12','Invoice: INV/562',0,NULL,0,0),(1715,'2024-10-12','Invoice Inventory: INV/562',0,NULL,0,0),(1716,'2024-10-12','Invoice Payment Received: INV/562',0,NULL,0,0),(1717,'2024-10-12','Invoice: INV/563',0,NULL,0,0),(1718,'2024-10-12','Invoice Inventory: INV/563',0,NULL,0,0),(1719,'2024-10-12','Invoice Payment Received: INV/563',0,NULL,0,0),(1720,'2024-10-12','Invoice: INV/564',0,NULL,0,0),(1721,'2024-10-12','Invoice Inventory: INV/564',0,NULL,0,0),(1722,'2024-10-12','Invoice Payment Received: INV/564',0,NULL,0,0),(1723,'2024-10-12','Invoice: INV/565',0,NULL,0,0),(1724,'2024-10-12','Invoice Inventory: INV/565',0,NULL,0,0),(1725,'2024-10-12','Invoice Payment Received: INV/565',0,NULL,0,0),(1726,'2024-10-12','Invoice: INV/566',0,NULL,0,0),(1727,'2024-10-12','Invoice Inventory: INV/566',0,NULL,0,0),(1728,'2024-10-12','Invoice Payment Received: INV/566',0,NULL,0,0),(1729,'2024-10-12','Invoice: INV/567',0,NULL,0,0),(1730,'2024-10-12','Invoice Inventory: INV/567',0,NULL,0,0),(1731,'2024-10-12','Invoice Payment Received: INV/567',0,NULL,0,0),(1732,'2024-10-12','Invoice: INV/568',0,NULL,0,0),(1733,'2024-10-12','Invoice Inventory: INV/568',0,NULL,0,0),(1734,'2024-10-12','Invoice Payment Received: INV/568',0,NULL,0,0),(1735,'2024-10-12','Invoice: INV/569',0,NULL,0,0),(1736,'2024-10-12','Invoice Inventory: INV/569',0,NULL,0,0),(1737,'2024-10-12','Invoice Payment Received: INV/569',0,NULL,0,0),(1738,'2024-10-05','Invoice Inventory: INV/24',0,NULL,0,0),(1739,'2024-10-12','Invoice: INV/571',0,NULL,0,0),(1740,'2024-10-12','Invoice Inventory: INV/571',0,NULL,0,0),(1741,'2024-10-03','Invoice Payment Received: INV/570',0,NULL,0,0),(1742,'2024-10-12','Invoice Payment Received: INV/571',0,NULL,0,0),(1743,'2024-10-03','Invoice Inventory: INV/570',0,NULL,0,0),(1744,'2024-10-12','Invoice: INV/572',0,NULL,0,0),(1745,'2024-10-12','Invoice Inventory: INV/572',0,NULL,0,0),(1746,'2024-10-12','Invoice Payment Received: INV/572',0,NULL,0,0),(1747,'2024-10-12','Invoice: INV/573',0,NULL,0,0),(1748,'2024-10-12','Invoice Inventory: INV/573',0,NULL,0,0),(1749,'2024-10-12','Invoice Payment Received: INV/573',0,NULL,0,0),(1750,'2024-10-12','Invoice: INV/574',0,NULL,0,0),(1751,'2024-10-12','Invoice Inventory: INV/574',0,NULL,0,0),(1752,'2024-10-12','Invoice Payment Received: INV/574',0,NULL,0,0),(1753,'2024-10-10','Invoice: INV/575',0,NULL,0,0),(1754,'2024-10-10','Invoice Inventory: INV/575',0,NULL,0,0),(1755,'2024-10-12','Invoice Payment Received: INV/575',0,NULL,0,0),(1756,'2024-10-10','Invoice: INV/576',0,NULL,0,0),(1757,'2024-10-10','Invoice Inventory: INV/576',0,NULL,0,0),(1758,'2024-10-10','Invoice Payment Received: INV/576',0,NULL,0,0),(1759,'2024-11-08','Invoice Payment Received: INV/538',0,NULL,0,0),(1760,'2024-10-10','Invoice: INV/577',0,NULL,0,0),(1761,'2024-10-10','Invoice Inventory: INV/577',0,NULL,0,0),(1762,'2024-10-10','Invoice Payment Received: INV/577',0,NULL,0,0),(1763,'2024-10-10','Invoice: INV/579',0,NULL,0,0),(1764,'2024-10-10','Invoice Inventory: INV/579',0,NULL,0,0),(1765,'2024-10-10','Invoice Payment Received: INV/579',0,NULL,0,0),(1766,'2024-10-10','Invoice: INV/580',0,NULL,0,0),(1767,'2024-10-10','Invoice Inventory: INV/580',0,NULL,0,0),(1768,'2024-10-10','Invoice Payment Received: INV/580',0,NULL,0,0),(1769,'2024-10-07','Invoice Payment Received: INV/578',0,NULL,0,0),(1770,'2024-10-07','Invoice Inventory: INV/578',0,NULL,0,0),(1771,'2024-11-11','Invoice Payment Received: INV/539',0,NULL,0,0),(1772,'2024-10-10','Invoice: INV/581',0,NULL,0,0),(1773,'2024-11-08','Invoice Payment Received: INV/506',0,NULL,0,0),(1774,'2024-10-10','Invoice Inventory: INV/581',0,NULL,0,0),(1775,'2024-10-10','Invoice Payment Received: INV/581',0,NULL,0,0),(1776,'2024-09-29','Invoice Payment Received: INV/582',0,NULL,0,0),(1777,'2024-09-28','Invoice Inventory: INV/582',0,NULL,0,0),(1778,'2024-10-10','Invoice Payment Received: INV/345',0,NULL,0,0),(1779,'2024-10-10','Invoice: INV/583',0,NULL,0,0),(1780,'2024-10-10','Invoice Inventory: INV/583',0,NULL,0,0),(1781,'2024-10-10','Invoice Payment Received: INV/583',0,NULL,0,0),(1782,'2024-11-12','Invoice Payment Received: INV/537',0,NULL,0,0),(1783,'2024-11-12','Invoice Payment Received: INV/534',0,NULL,0,0),(1784,'2024-09-19','Invoice Inventory: INV/584',0,NULL,0,1),(1785,'2024-11-12','Invoice Payment Received: INV/315',0,NULL,0,0),(1786,'2024-09-23','Invoice Inventory: INV/585',0,NULL,0,1),(1787,'2024-10-10','Invoice: INV/586',0,NULL,0,0),(1788,'2024-10-10','Invoice Inventory: INV/586',0,NULL,0,0),(1789,'2024-10-10','Invoice: INV/587',0,NULL,0,0),(1790,'2024-10-10','Invoice Inventory: INV/587',0,NULL,0,0),(1791,'2024-10-10','Invoice Payment Received: INV/586',0,NULL,0,0),(1792,'2024-09-28','Invoice Inventory: INV/588',0,NULL,0,1),(1793,'2024-10-10','Invoice: INV/589',0,NULL,0,0),(1794,'2024-10-10','Invoice Inventory: INV/589',0,NULL,0,0),(1795,'2024-10-10','Invoice Payment Received: INV/589',0,NULL,0,0),(1796,'2024-09-18','Invoice Inventory: INV/590',0,NULL,0,1),(1797,'2024-10-10','Invoice: INV/592',0,NULL,0,0),(1798,'2024-09-18','Invoice Inventory: INV/591',0,NULL,0,1),(1799,'2024-10-10','Invoice Inventory: INV/592',0,NULL,0,0),(1800,'2024-10-10','Invoice Payment Received: INV/592',0,NULL,0,0),(1801,'2024-11-05','Invoice Payment Received: INV/168',0,NULL,0,0),(1802,'2024-10-10','Invoice: INV/594',0,NULL,0,0),(1803,'2024-10-10','Invoice Inventory: INV/594',0,NULL,0,0),(1804,'2024-09-17','Invoice Inventory: INV/593',0,NULL,0,0),(1805,'2024-10-10','Invoice Payment Received: INV/594',0,NULL,0,0),(1806,'2024-09-25','Invoice Inventory: INV/595',0,NULL,0,1),(1807,'2024-09-28','Invoice Inventory: INV/596',0,NULL,0,0),(1808,'2024-09-22','Invoice Inventory: INV/597',0,NULL,0,0),(1809,'2024-11-05','Invoice Payment Received: INV/188',0,NULL,0,0),(1810,'2024-10-28','Invoice: INV/598',0,NULL,0,1),(1811,'2024-10-28','Invoice Inventory: INV/598',0,NULL,0,0),(1812,'2024-09-28','Invoice Inventory: INV/599',0,NULL,0,0),(1813,'2024-10-10','Invoice: INV/600',0,NULL,0,0),(1814,'2024-10-10','Invoice Inventory: INV/600',0,NULL,0,0),(1815,'2024-09-28','Invoice Inventory: INV/601',0,NULL,0,0),(1816,'2024-10-10','Invoice Payment Received: INV/600',0,NULL,0,0),(1817,'2024-11-02','Invoice Payment Received: INV/167',0,NULL,0,0),(1818,'2024-09-28','Invoice Inventory: INV/602',0,NULL,0,0),(1819,'2024-10-10','Invoice: INV/603',0,NULL,0,0),(1820,'2024-10-10','Invoice Inventory: INV/603',0,NULL,0,0),(1821,'2024-10-10','Invoice Payment Received: INV/603',0,NULL,0,0),(1822,'2024-09-28','Invoice Inventory: INV/604',0,NULL,0,1),(1823,'2024-11-05','Invoice Payment Received: INV/198',0,NULL,0,0),(1824,'2024-09-18','Invoice Inventory: INV/605',0,NULL,0,1),(1825,'2024-10-10','Invoice: INV/607',0,NULL,0,0),(1826,'2024-10-10','Invoice Inventory: INV/607',0,NULL,0,0),(1827,'2024-10-02','Invoice Inventory: INV/606',0,NULL,0,0),(1828,'2024-10-10','Invoice Payment Received: INV/607',0,NULL,0,0),(1829,'2024-09-17','Invoice Inventory: INV/608',0,NULL,0,1),(1830,'2024-10-10','Invoice: INV/609',0,NULL,0,0),(1831,'2024-10-10','Invoice Inventory: INV/609',0,NULL,0,0),(1832,'2024-10-10','Invoice Payment Received: INV/609',0,NULL,0,0),(1833,'2024-09-24','Invoice Inventory: INV/610',0,NULL,0,0),(1834,'2024-10-15','Invoice Payment Received: INV/171',0,NULL,0,1),(1835,'2024-09-24','Invoice Inventory: INV/612',0,NULL,0,0),(1836,'2024-10-02','Invoice Inventory: INV/613',0,NULL,0,0),(1837,'2024-10-10','Invoice: INV/611',0,NULL,0,0),(1838,'2024-10-10','Invoice Inventory: INV/611',0,NULL,0,0),(1839,'2024-09-22','Invoice Inventory: INV/614',0,NULL,0,1),(1840,'2024-10-10','Invoice Payment Received: INV/611',0,NULL,0,0),(1841,'2024-10-10','Invoice: INV/616',0,NULL,0,0),(1842,'2024-09-29','Invoice Inventory: INV/615',0,NULL,0,1),(1843,'2024-10-10','Invoice Inventory: INV/616',0,NULL,0,0),(1844,'2024-10-10','Invoice Payment Received: INV/616',0,NULL,0,0),(1845,'2024-10-02','Invoice Inventory: INV/617',0,NULL,0,1),(1846,'2024-10-10','Invoice: INV/618',0,NULL,0,0),(1847,'2024-10-10','Invoice Inventory: INV/618',0,NULL,0,0),(1848,'2024-10-10','Invoice Payment Received: INV/618',0,NULL,0,0),(1849,'2024-09-11','Invoice Inventory: INV/619',0,NULL,0,0),(1850,'2024-10-10','Invoice: INV/620',0,NULL,0,0),(1851,'2024-10-10','Invoice Inventory: INV/620',0,NULL,0,0),(1852,'2024-10-10','Invoice Payment Received: INV/620',0,NULL,0,0),(1853,'2024-09-09','Invoice Inventory: INV/621',0,NULL,0,1),(1854,'2024-10-02','Invoice Inventory: INV/622',0,NULL,0,0),(1855,'2024-10-10','Invoice: INV/623',0,NULL,0,0),(1856,'2024-10-10','Invoice Inventory: INV/623',0,NULL,0,0),(1857,'2024-10-12','Invoice Payment Received: INV/623',0,NULL,0,0),(1858,'2024-09-17','Invoice Inventory: INV/624',0,NULL,0,0),(1859,'2024-09-22','Invoice Inventory: INV/625',0,NULL,0,1),(1860,'2024-10-12','Invoice: INV/626',0,NULL,0,0),(1861,'2024-10-12','Invoice Inventory: INV/626',0,NULL,0,0),(1862,'2024-10-12','Invoice Payment Received: INV/626',0,NULL,0,0),(1863,'2024-09-18','Invoice Inventory: INV/627',0,NULL,0,0),(1864,'2024-10-12','Invoice: INV/628',0,NULL,0,0),(1865,'2024-10-12','Invoice Inventory: INV/628',0,NULL,0,0),(1866,'2024-10-12','Invoice Payment Received: INV/628',0,NULL,0,0),(1867,'2024-10-12','Invoice: INV/629',0,NULL,0,0),(1868,'2024-10-12','Invoice Inventory: INV/629',0,NULL,0,0),(1869,'2024-10-12','Invoice Payment Received: INV/629',0,NULL,0,0),(1870,'2024-10-12','Invoice: INV/630',0,NULL,0,0),(1871,'2024-10-12','Invoice Inventory: INV/630',0,NULL,0,0),(1872,'2024-10-12','Invoice Payment Received: INV/630',0,NULL,0,0),(1873,'2024-10-12','Invoice: INV/631',0,NULL,0,0),(1874,'2024-10-12','Invoice Inventory: INV/631',0,NULL,0,0),(1875,'2024-10-12','Invoice Payment Received: INV/631',0,NULL,0,0),(1876,'2024-10-12','Invoice: INV/632',0,NULL,0,0),(1877,'2024-10-12','Invoice Inventory: INV/632',0,NULL,0,0),(1878,'2024-10-12','Invoice Payment Received: INV/632',0,NULL,0,0),(1879,'2024-09-01','Invoice Inventory: INV/633',0,NULL,0,1),(1880,'2024-09-02','Invoice Inventory: INV/634',0,NULL,0,1),(1881,'2024-09-02','Invoice Inventory: INV/635',0,NULL,0,1),(1882,'2024-09-15','Invoice Inventory: INV/636',0,NULL,0,0),(1883,'2024-09-15','Invoice Inventory: INV/637',0,NULL,0,1),(1884,'2024-09-15','Invoice Inventory: INV/638',0,NULL,0,1),(1885,'2024-09-01','Invoice Inventory: INV/639',0,NULL,0,1),(1886,'2024-10-02','Invoice Inventory: INV/146',0,NULL,0,0),(1887,'2024-09-07','Invoice Inventory: INV/640',0,NULL,0,0),(1888,'2024-09-07','Invoice Inventory: INV/641',0,NULL,0,0),(1889,'2024-09-01','Invoice Inventory: INV/642',0,NULL,0,1),(1890,'2024-09-07','Invoice Inventory: INV/643',0,NULL,0,1),(1891,'2024-09-07','Invoice Inventory: INV/644',0,NULL,0,1),(1892,'2024-09-10','Invoice Inventory: INV/645',0,NULL,0,0),(1893,'2024-09-02','Invoice Inventory: INV/646',0,NULL,0,1),(1894,'2024-09-02','Invoice Inventory: INV/647',0,NULL,0,1),(1895,'2024-09-01','Invoice Inventory: INV/648',0,NULL,0,1),(1896,'2024-09-07','Invoice Inventory: INV/649',0,NULL,0,0),(1897,'2024-09-07','Invoice Inventory: INV/650',0,NULL,0,0),(1898,'2024-09-10','Invoice Inventory: INV/651',0,NULL,0,1),(1899,'2024-10-13','Invoice: INV/652',0,NULL,0,0),(1900,'2024-10-13','Invoice Inventory: INV/652',0,NULL,0,0),(1901,'2024-10-13','Invoice Payment Received: INV/652',0,NULL,0,0),(1902,'2024-10-13','Invoice: INV/653',0,NULL,0,0),(1903,'2024-10-13','Invoice Inventory: INV/653',0,NULL,0,0),(1904,'2024-10-13','Invoice Payment Received: INV/653',0,NULL,0,0),(1905,'2024-10-13','Invoice: INV/654',0,NULL,0,0),(1906,'2024-10-13','Invoice Inventory: INV/654',0,NULL,0,0),(1907,'2024-10-13','Invoice Payment Received: INV/654',0,NULL,0,0),(1908,'2024-10-13','Invoice: INV/655',0,NULL,0,0),(1909,'2024-10-13','Invoice Inventory: INV/655',0,NULL,0,0),(1910,'2024-10-13','Invoice Payment Received: INV/655',0,NULL,0,0),(1911,'2024-10-13','Invoice: INV/656',0,NULL,0,0),(1912,'2024-10-13','Invoice Inventory: INV/656',0,NULL,0,0),(1913,'2024-10-13','Invoice Payment Received: INV/656',0,NULL,0,0),(1914,'2024-10-13','Invoice: INV/657',0,NULL,0,0),(1915,'2024-10-13','Invoice Inventory: INV/657',0,NULL,0,0),(1916,'2024-10-13','Invoice Payment Received: INV/657',0,NULL,0,0),(1917,'2024-10-13','Invoice: INV/659',0,NULL,0,0),(1918,'2024-10-13','Invoice Inventory: INV/659',0,NULL,0,0),(1919,'2024-10-13','Invoice Payment Received: INV/659',0,NULL,0,0),(1920,'2024-10-13','Invoice: INV/658',0,NULL,0,0),(1921,'2024-10-13','Invoice Inventory: INV/658',0,NULL,0,0),(1922,'2024-10-13','Invoice Payment Received: INV/658',0,NULL,0,0),(1923,'2024-10-13','Invoice: INV/660',0,NULL,0,0),(1924,'2024-10-13','Invoice Inventory: INV/660',0,NULL,0,0),(1925,'2024-10-13','Invoice Payment Received: INV/660',0,NULL,0,0),(1926,'2024-10-13','Invoice: INV/661',0,NULL,0,0),(1927,'2024-10-13','Invoice Inventory: INV/661',0,NULL,0,0),(1928,'2024-10-13','Invoice Payment Received: INV/661',0,NULL,0,0),(1929,'2024-10-13','Invoice: INV/662',0,NULL,0,0),(1930,'2024-10-13','Invoice Payment Received: INV/662',0,NULL,0,0),(1931,'2024-10-13','Invoice Inventory: INV/662',0,NULL,0,0),(1932,'2024-10-13','Invoice Payment Received: INV/663',0,NULL,0,0),(1933,'2024-10-13','Invoice: INV/663',0,NULL,0,0),(1934,'2024-10-13','Invoice Inventory: INV/663',0,NULL,0,0),(1935,'2024-10-13','Invoice: INV/664',0,NULL,0,0),(1936,'2024-10-13','Invoice: INV/665',0,NULL,0,0),(1937,'2024-10-13','Invoice Inventory: INV/664',0,NULL,0,0),(1938,'2024-10-13','Invoice Payment Received: INV/664',0,NULL,0,0),(1939,'2024-10-13','Invoice Payment Received: INV/665',0,NULL,0,0),(1940,'2024-10-13','Invoice Inventory: INV/665',0,NULL,0,0),(1941,'2024-10-13','Invoice: INV/666',0,NULL,0,0),(1942,'2024-10-13','Invoice Payment Received: INV/667',0,NULL,0,0),(1943,'2024-10-13','Invoice: INV/667',0,NULL,0,0),(1944,'2024-10-13','Invoice Inventory: INV/666',0,NULL,0,0),(1945,'2024-10-13','Invoice Payment Received: INV/666',0,NULL,0,0),(1946,'2024-10-13','Invoice Inventory: INV/667',0,NULL,0,0),(1947,'2024-10-13','Invoice: INV/668',0,NULL,0,0),(1948,'2024-10-13','Invoice Inventory: INV/668',0,NULL,0,0),(1949,'2024-10-13','Invoice: INV/669',0,NULL,0,0),(1950,'2024-10-13','Invoice Payment Received: INV/668',0,NULL,0,0),(1951,'2024-10-13','Invoice Payment Received: INV/669',0,NULL,0,0),(1952,'2024-10-13','Invoice: INV/670',0,NULL,0,0),(1953,'2024-10-13','Invoice Inventory: INV/669',0,NULL,0,0),(1954,'2024-10-13','Invoice Inventory: INV/670',0,NULL,0,0),(1955,'2024-10-13','Invoice Payment Received: INV/670',0,NULL,0,0),(1956,'2024-10-13','Invoice: INV/671',0,NULL,0,0),(1957,'2024-10-13','Invoice Inventory: INV/671',0,NULL,0,0),(1958,'2024-10-13','Invoice Payment Received: INV/671',0,NULL,0,0),(1959,'2024-10-13','Invoice: INV/672',0,NULL,0,0),(1960,'2024-10-13','Invoice Inventory: INV/672',0,NULL,0,0),(1961,'2024-10-13','Invoice Payment Received: INV/672',0,NULL,0,0),(1962,'2024-10-13','Invoice: INV/673',0,NULL,0,0),(1963,'2024-10-13','Invoice Inventory: INV/673',0,NULL,0,0),(1964,'2024-10-13','Invoice Payment Received: INV/673',0,NULL,0,0),(1965,'2024-10-13','Invoice: INV/674',0,NULL,0,0),(1966,'2024-10-13','Invoice Inventory: INV/674',0,NULL,0,0),(1967,'2024-10-13','Invoice Payment Received: INV/674',0,NULL,0,0),(1968,'2024-10-13','Invoice: INV/675',0,NULL,0,0),(1969,'2024-10-13','Invoice Payment Received: INV/675',0,NULL,0,0),(1970,'2024-10-13','Invoice Inventory: INV/675',0,NULL,0,0),(1971,'2024-10-13','Invoice: INV/676',0,NULL,0,0),(1972,'2024-10-13','Invoice Inventory: INV/676',0,NULL,0,0),(1973,'2024-10-13','Invoice Payment Received: INV/676',0,NULL,0,0),(1974,'2024-10-13','Invoice: INV/677',0,NULL,0,0),(1975,'2024-10-13','Invoice Inventory: INV/677',0,NULL,0,0),(1976,'2024-10-13','Invoice Payment Received: INV/677',0,NULL,0,0),(1977,'2024-10-13','Invoice: INV/678',0,NULL,0,0),(1978,'2024-10-13','Invoice Inventory: INV/678',0,NULL,0,0),(1979,'2024-10-13','Invoice Payment Received: INV/678',0,NULL,0,0),(1980,'2024-10-13','Invoice: INV/679',0,NULL,0,0),(1981,'2024-10-13','Invoice Payment Received: INV/679',0,NULL,0,0),(1982,'2024-10-13','Invoice Inventory: INV/679',0,NULL,0,0),(1983,'2024-10-13','Invoice: INV/680',0,NULL,0,0),(1984,'2024-10-13','Invoice Inventory: INV/680',0,NULL,0,0),(1985,'2024-10-13','Invoice Payment Received: INV/680',0,NULL,0,0),(1986,'2024-10-13','Invoice: INV/681',0,NULL,0,0),(1987,'2024-10-13','Invoice Inventory: INV/681',0,NULL,0,0),(1988,'2024-10-13','Invoice Payment Received: INV/681',0,NULL,0,0),(1989,'2024-10-13','Invoice: INV/682',0,NULL,0,0),(1990,'2024-10-13','Invoice Inventory: INV/682',0,NULL,0,0),(1991,'2024-10-13','Invoice Payment Received: INV/682',0,NULL,0,0),(1992,'2024-10-13','Invoice: INV/683',0,NULL,0,0),(1993,'2024-10-13','Invoice Inventory: INV/683',0,NULL,0,0),(1994,'2024-10-13','Invoice Payment Received: INV/683',0,NULL,0,0),(1995,'2024-10-13','Invoice: INV/684',0,NULL,0,0),(1996,'2024-10-13','Invoice Inventory: INV/684',0,NULL,0,0),(1997,'2024-10-13','Invoice Payment Received: INV/684',0,NULL,0,0),(1998,'2024-10-13','Invoice: INV/685',0,NULL,0,0),(1999,'2024-10-13','Invoice Inventory: INV/685',0,NULL,0,0),(2000,'2024-10-13','Invoice Payment Received: INV/685',0,NULL,0,0),(2001,'2024-10-13','Invoice: INV/686',0,NULL,0,0),(2002,'2024-10-13','Invoice Inventory: INV/686',0,NULL,0,0),(2003,'2024-10-13','Invoice Payment Received: INV/686',0,NULL,0,0),(2004,'2024-10-13','Invoice: INV/687',0,NULL,0,0),(2005,'2024-10-13','Invoice Inventory: INV/687',0,NULL,0,0),(2006,'2024-10-13','Invoice Payment Received: INV/687',0,NULL,0,0),(2007,'2024-10-13','Invoice: INV/688',0,NULL,0,0),(2008,'2024-10-13','Invoice Inventory: INV/688',0,NULL,0,0),(2009,'2024-10-13','Invoice Payment Received: INV/688',0,NULL,0,0),(2010,'2024-10-13','Invoice: INV/689',0,NULL,0,0),(2011,'2024-10-13','Invoice Inventory: INV/689',0,NULL,0,0),(2012,'2024-10-13','Invoice Payment Received: INV/689',0,NULL,0,0),(2013,'2024-10-13','Invoice: INV/690',0,NULL,0,0),(2014,'2024-10-13','Invoice Inventory: INV/690',0,NULL,0,0),(2015,'2024-10-13','Invoice Payment Received: INV/690',0,NULL,0,0),(2016,'2024-10-14','Invoice Payment Received: INV/13',0,NULL,0,0),(2017,'2024-10-14','Invoice: INV/691',0,NULL,0,0),(2018,'2024-10-14','Invoice Inventory: INV/691',0,NULL,0,0),(2019,'2024-10-15','Invoice: INV/692',0,NULL,0,0),(2020,'2024-10-09','Cheque Release: Expense',0,NULL,0,0),(2021,'2024-10-14','Invoice: INV/693',0,NULL,0,0),(2022,'2024-10-14','Invoice Inventory: INV/693',0,NULL,0,0),(2023,'2024-10-14','Invoice Payment Received: INV/693',0,NULL,0,0),(2024,'2024-10-14','Invoice: INV/694',0,NULL,0,0),(2025,'2024-10-14','Invoice Inventory: INV/694',0,NULL,0,0),(2026,'2024-10-14','Invoice Payment Received: INV/694',0,NULL,0,0),(2027,'2024-10-14','Invoice: INV/695',0,NULL,0,0),(2028,'2024-10-14','Invoice Inventory: INV/695',0,NULL,0,0),(2029,'2024-10-14','Invoice Payment Received: INV/695',0,NULL,0,0),(2030,'2024-10-14','Invoice: INV/696',0,NULL,0,0),(2031,'2024-10-14','Invoice Inventory: INV/696',0,NULL,0,0),(2032,'2024-10-14','Invoice Payment Received: INV/696',0,NULL,0,0),(2033,'2024-10-14','Invoice: INV/697',0,NULL,0,0),(2034,'2024-10-14','Invoice Inventory: INV/697',0,NULL,0,0),(2035,'2024-10-14','Invoice Payment Received: INV/697',0,NULL,0,0),(2036,'2024-10-14','Invoice: INV/698',0,NULL,0,0),(2037,'2024-10-14','Invoice Inventory: INV/698',0,NULL,0,0),(2038,'2024-10-14','Invoice Payment Received: INV/698',0,NULL,0,0),(2039,'2024-10-14','Invoice: INV/699',0,NULL,0,0),(2040,'2024-10-14','Invoice Inventory: INV/699',0,NULL,0,0),(2041,'2024-10-14','Invoice Payment Received: INV/699',0,NULL,0,0),(2042,'2024-10-14','Invoice: INV/700',0,NULL,0,0),(2043,'2024-10-14','Invoice: INV/701',0,NULL,0,0),(2044,'2024-10-14','Invoice Inventory: INV/701',0,NULL,0,0),(2045,'2024-10-14','Invoice Inventory: INV/700',0,NULL,0,0),(2046,'2024-10-14','Invoice Payment Received: INV/700',0,NULL,0,0),(2047,'2024-10-14','Invoice Payment Received: INV/701',0,NULL,0,0),(2048,'2024-10-14','Invoice: INV/702',0,NULL,0,0),(2049,'2024-10-14','Invoice Inventory: INV/702',0,NULL,0,0),(2050,'2024-10-14','Invoice Payment Received: INV/702',0,NULL,0,0),(2051,'2024-10-14','Invoice: INV/703',0,NULL,0,0),(2052,'2024-10-14','Invoice: INV/704',0,NULL,0,0),(2053,'2024-10-14','Invoice Inventory: INV/703',0,NULL,0,0),(2054,'2024-10-14','Invoice Payment Received: INV/703',0,NULL,0,0),(2055,'2024-10-14','Invoice Inventory: INV/704',0,NULL,0,0),(2056,'2024-10-14','Invoice Payment Received: INV/704',0,NULL,0,0),(2057,'2024-10-14','Invoice: INV/705',0,NULL,0,0),(2058,'2024-10-14','Invoice Inventory: INV/705',0,NULL,0,0),(2059,'2024-10-14','Invoice Payment Received: INV/705',0,NULL,0,0),(2060,'2024-10-14','Invoice: INV/706',0,NULL,0,0),(2061,'2024-10-14','Invoice Inventory: INV/706',0,NULL,0,0),(2062,'2024-10-14','Invoice Payment Received: INV/706',0,NULL,0,0),(2063,'2024-10-14','Invoice: INV/707',0,NULL,0,0),(2064,'2024-10-14','Invoice Inventory: INV/707',0,NULL,0,0),(2065,'2024-10-14','Invoice Payment Received: INV/707',0,NULL,0,0),(2066,'2024-10-15','Invoice: INV/709',0,NULL,0,0),(2067,'2024-10-14','Invoice: INV/708',0,NULL,0,0),(2068,'2024-10-14','Invoice Inventory: INV/708',0,NULL,0,0),(2069,'2024-10-15','Invoice Inventory: INV/709',0,NULL,0,0),(2070,'2024-10-14','Invoice Payment Received: INV/708',0,NULL,0,0),(2071,'2024-10-14','Invoice Payment Received: INV/709',0,NULL,0,0),(2072,'2024-10-14','Invoice: INV/710',0,NULL,0,0),(2073,'2024-10-14','Invoice Inventory: INV/710',0,NULL,0,0),(2074,'2024-10-14','Invoice Payment Received: INV/710',0,NULL,0,0),(2075,'2024-10-14','Invoice: INV/711',0,NULL,0,0),(2076,'2024-10-14','Invoice Inventory: INV/711',0,NULL,0,0),(2077,'2024-10-14','Invoice Payment Received: INV/711',0,NULL,0,0),(2078,'2024-10-14','Invoice: INV/712',0,NULL,0,0),(2079,'2024-10-14','Invoice Inventory: INV/712',0,NULL,0,0),(2080,'2024-10-14','Invoice Payment Received: INV/712',0,NULL,0,0),(2081,'2024-10-15','Invoice: INV/713',0,NULL,0,0),(2082,'2024-10-15','Invoice Inventory: INV/713',0,NULL,0,0),(2083,'2024-10-14','Invoice Payment Received: INV/713',0,NULL,0,0),(2084,'2024-10-14','Invoice: INV/714',0,NULL,0,0),(2085,'2024-10-14','Invoice Inventory: INV/714',0,NULL,0,0),(2086,'2024-10-14','Invoice Payment Received: INV/714',0,NULL,0,0),(2087,'2024-10-14','Invoice: INV/715',0,NULL,0,0),(2088,'2024-10-14','Invoice Inventory: INV/715',0,NULL,0,0),(2089,'2024-10-14','Invoice Payment Received: INV/715',0,NULL,0,0),(2090,'2024-10-14','Invoice: INV/716',0,NULL,0,0),(2091,'2024-10-14','Invoice Payment Received: INV/716',0,NULL,0,0),(2092,'2024-10-14','Invoice Inventory: INV/716',0,NULL,0,0),(2093,'2024-10-14','Invoice: INV/717',0,NULL,0,1),(2094,'2024-10-14','Invoice Inventory: INV/717',0,NULL,0,0),(2095,'2024-10-14','Invoice: INV/718',0,NULL,0,0),(2096,'2024-10-14','Invoice Inventory: INV/718',0,NULL,0,0),(2097,'2024-10-14','Invoice Payment Received: INV/718',0,NULL,0,0),(2098,'2024-10-14','Invoice: INV/719',0,NULL,0,0),(2099,'2024-10-14','Invoice Inventory: INV/719',0,NULL,0,0),(2100,'2024-10-14','Invoice: INV/721',0,NULL,0,1),(2101,'2024-10-14','Invoice Inventory: INV/721',0,NULL,0,0),(2102,'2024-10-14','Invoice: INV/720',0,NULL,0,0),(2103,'2024-10-14','Invoice Inventory: INV/720',0,NULL,0,0),(2104,'2024-10-14','Invoice Payment Received: INV/720',0,NULL,0,0),(2105,'2024-10-14','Invoice: INV/723',0,NULL,0,0),(2106,'2024-10-14','Invoice: INV/722',0,NULL,0,0),(2107,'2024-10-14','Invoice Inventory: INV/723',0,NULL,0,0),(2108,'2024-10-14','Invoice Inventory: INV/722',0,NULL,0,0),(2109,'2024-10-15','Invoice Inventory: INV/692',0,NULL,0,0),(2110,'2024-10-14','Invoice: INV/721',0,NULL,0,0),(2111,'2024-10-14','Invoice Payment Received: INV/530',0,NULL,0,0),(2112,'2024-10-09','Automatic General Expense: Bank',0,NULL,0,0),(2113,'2024-10-09','Automatic General Expense: Bank',0,NULL,0,0),(2114,'2024-10-10','Automatic General Expense: Bank',0,NULL,0,0),(2115,'2024-10-15','Automatic General Expense: Bank',0,NULL,0,0),(2116,'2024-10-15','Invoice: INV/598',0,NULL,0,0),(2117,'2024-10-14','Automatic General Expense: Bank',0,NULL,0,0),(2118,'2024-10-14','Automatic General Expense: Bank',0,NULL,0,0),(2119,'2024-10-14','Automatic General Expense: Bank',0,NULL,0,0),(2120,'2024-10-14','Automatic General Expense: Bank',0,NULL,0,0),(2121,'2024-10-13','Automatic General Expense: Bank',0,NULL,0,0),(2122,'2024-10-13','Automatic General Expense: Bank',0,NULL,0,0),(2123,'2024-10-13','Automatic General Expense: Bank',0,NULL,0,0),(2124,'2024-10-13','Automatic General Expense: Bank',0,NULL,0,0),(2125,'2024-10-13','Automatic General Expense: Bank',0,NULL,0,0),(2126,'2024-10-12','Automatic General Expense: Bank',0,NULL,0,0),(2127,'2024-10-12','Automatic General Expense: Bank',0,NULL,0,0),(2128,'2024-10-12','Automatic General Expense: Bank',0,NULL,0,0),(2129,'2024-10-12','Automatic General Expense: Bank',0,NULL,0,0),(2130,'2024-10-10','Automatic General Expense: Bank',0,NULL,0,0),(2131,'2024-10-10','Automatic General Expense: Bank',0,NULL,0,0),(2132,'2024-10-10','Automatic General Expense: Bank',0,NULL,0,0),(2133,'2024-10-10','Automatic General Expense: Bank',0,NULL,0,0),(2134,'2024-10-10','Automatic General Expense: Bank',0,NULL,0,0),(2135,'2024-10-10','Automatic General Expense: Bank',0,NULL,0,0),(2136,'2024-10-06','Automatic General Expense: Bank',0,NULL,0,0),(2137,'2024-10-01','Automatic General Expense: Bank',0,NULL,0,0),(2138,'2024-10-02','Automatic General Expense: Bank',0,NULL,0,0),(2139,'2024-10-02','Automatic General Expense: Bank',0,NULL,0,0),(2140,'2024-10-02','Automatic General Expense: Bank',0,NULL,0,0),(2141,'2024-10-02','Automatic General Expense: Bank',0,NULL,0,0),(2142,'2024-10-03','Invoice Inventory: INV/165',0,NULL,0,0),(2143,'2024-10-15','Invoice Payment Received: INV/692',0,NULL,0,0),(2144,'2024-10-14','Invoice: INV/717',0,NULL,0,0),(2145,'2024-10-14','Invoice: INV/724',0,NULL,0,0),(2146,'2024-10-14','Invoice Inventory: INV/724',0,NULL,0,0),(2147,'2024-10-14','Invoice Payment Received: INV/724',0,NULL,0,0),(2148,'2024-10-14','Invoice: INV/725',0,NULL,0,0),(2149,'2024-10-14','Invoice Inventory: INV/725',0,NULL,0,0),(2150,'2024-10-14','Invoice: INV/726',0,NULL,0,1),(2151,'2024-10-14','Invoice Inventory: INV/726',0,NULL,0,1),(2152,'2024-10-10','Invoice Shipment : INV/18',0,NULL,0,0),(2153,'2024-10-14','Invoice: INV/727',0,NULL,0,1),(2154,'2024-10-14','Invoice Inventory: INV/727',0,NULL,0,0),(2155,'2024-10-14','Invoice: INV/728',0,NULL,0,1),(2156,'2024-10-14','Invoice Inventory: INV/728',0,NULL,0,0),(2157,'2024-10-14','Invoice Payment Received: INV/728',0,NULL,0,0),(2158,'2024-10-05','Purchase Order: PURCHASE ORDER #19',0,NULL,0,0),(2159,'2024-10-05','Invoice Shipment : INV/19',0,NULL,0,0),(2160,'2024-10-10','Invoice: INV/729',0,NULL,0,1),(2161,'2024-10-10','Invoice Inventory: INV/729',0,NULL,0,0),(2162,'2024-10-10','Cheque collection: Received Payments INV/345',0,NULL,0,0),(2163,'2024-10-10','Invoice: INV/730',0,NULL,0,0),(2164,'2024-10-10','Invoice Inventory: INV/730',0,NULL,0,0),(2165,'2024-10-12','Invoice: INV/731',0,NULL,0,0),(2166,'2024-10-12','Invoice Inventory: INV/731',0,NULL,0,0),(2167,'2024-10-10','Invoice: INV/729',0,NULL,0,1),(2168,'2024-10-10','Invoice: INV/729',0,NULL,0,0),(2169,'2024-10-15','Invoice: INV/732',0,NULL,0,0),(2170,'2024-10-15','Invoice Inventory: INV/732',0,NULL,0,0),(2171,'2024-10-15','Invoice Payment Received: INV/732',0,NULL,0,0),(2172,'2024-10-15','Invoice: INV/733',0,NULL,0,0),(2173,'2024-10-15','Invoice Inventory: INV/733',0,NULL,0,0),(2174,'2024-10-15','Invoice Payment Received: INV/733',0,NULL,0,0),(2175,'2024-10-15','Invoice: INV/734',0,NULL,0,0),(2176,'2024-10-15','Invoice Inventory: INV/734',0,NULL,0,0),(2177,'2024-10-15','Invoice Payment Received: INV/734',0,NULL,0,0),(2178,'2024-10-15','Invoice: INV/736',0,NULL,0,0),(2179,'2024-10-15','Invoice Inventory: INV/736',0,NULL,0,0),(2180,'2024-10-15','Invoice: INV/735',0,NULL,0,0),(2181,'2024-10-15','Invoice Payment Received: INV/736',0,NULL,0,0),(2182,'2024-10-15','Invoice Inventory: INV/735',0,NULL,0,0),(2183,'2024-10-15','Invoice Payment Received: INV/735',0,NULL,0,0),(2184,'2024-10-15','Invoice: INV/737',0,NULL,0,0),(2185,'2024-10-15','Invoice Inventory: INV/737',0,NULL,0,0),(2186,'2024-10-15','Invoice Payment Received: INV/737',0,NULL,0,0),(2187,'2024-10-15','Invoice: INV/738',0,NULL,0,0),(2188,'2024-10-15','Invoice Inventory: INV/738',0,NULL,0,0),(2189,'2024-10-15','Invoice: INV/740',0,NULL,0,0),(2190,'2024-10-15','Invoice Inventory: INV/740',0,NULL,0,0),(2191,'2024-10-15','Invoice: INV/739',0,NULL,0,1),(2192,'2024-10-15','Invoice Inventory: INV/739',0,NULL,0,0),(2193,'2024-10-15','Invoice Payment Received: INV/739',0,NULL,0,0),(2194,'2024-10-15','Invoice: INV/741',0,NULL,0,0),(2195,'2024-10-15','Invoice: INV/742',0,NULL,0,0),(2196,'2024-10-15','Invoice Inventory: INV/742',0,NULL,0,0),(2197,'2024-10-15','Invoice Payment Received: INV/742',0,NULL,0,0),(2198,'2024-10-15','Invoice Inventory: INV/741',0,NULL,0,0),(2199,'2024-10-15','Invoice Payment Received: INV/741',0,NULL,0,0),(2200,'2024-10-15','Invoice: INV/743',0,NULL,0,0),(2201,'2024-10-15','Invoice Inventory: INV/743',0,NULL,0,0),(2202,'2024-10-15','Invoice Payment Received: INV/743',0,NULL,0,0),(2203,'2024-10-15','Invoice: INV/744',0,NULL,0,0),(2204,'2024-10-15','Invoice Inventory: INV/744',0,NULL,0,0),(2205,'2024-10-15','Invoice Payment Received: INV/744',0,NULL,0,0),(2206,'2024-10-15','Invoice: INV/745',0,NULL,0,0),(2207,'2024-10-15','Invoice Inventory: INV/745',0,NULL,0,0),(2208,'2024-10-15','Invoice Payment Received: INV/745',0,NULL,0,0),(2209,'2024-10-15','Invoice: INV/746',0,NULL,0,0),(2210,'2024-10-15','Invoice Inventory: INV/746',0,NULL,0,0),(2211,'2024-10-15','Invoice Payment Received: INV/746',0,NULL,0,0),(2212,'2024-10-15','Invoice: INV/747',0,NULL,0,0),(2213,'2024-10-15','Invoice Inventory: INV/747',0,NULL,0,0),(2214,'2024-10-15','Invoice Payment Received: INV/747',0,NULL,0,0),(2215,'2024-10-15','Invoice: INV/748',0,NULL,0,0),(2216,'2024-10-15','Invoice Inventory: INV/748',0,NULL,0,0),(2217,'2024-10-15','Invoice Payment Received: INV/748',0,NULL,0,0),(2218,'2024-10-15','Invoice: INV/749',0,NULL,0,0),(2219,'2024-10-15','Invoice Inventory: INV/749',0,NULL,0,0),(2220,'2024-10-15','Invoice Payment Received: INV/749',0,NULL,0,0),(2221,'2024-10-15','Invoice: INV/750',0,NULL,0,0),(2222,'2024-10-15','Invoice Inventory: INV/750',0,NULL,0,0),(2223,'2024-10-15','Invoice Payment Received: INV/750',0,NULL,0,0),(2224,'2024-10-15','Invoice: INV/751',0,NULL,0,0),(2225,'2024-10-15','Invoice Payment Received: INV/751',0,NULL,0,0),(2226,'2024-10-15','Invoice: INV/752',0,NULL,0,0),(2227,'2024-10-15','Invoice Inventory: INV/752',0,NULL,0,0),(2228,'2024-10-15','Invoice Inventory: INV/751',0,NULL,0,0),(2229,'2024-10-15','Invoice Payment Received: INV/752',0,NULL,0,0),(2230,'2024-10-15','Invoice: INV/753',0,NULL,0,0),(2231,'2024-10-15','Invoice Inventory: INV/753',0,NULL,0,0),(2232,'2024-10-15','Invoice Payment Received: INV/753',0,NULL,0,0),(2233,'2024-10-15','Invoice: INV/754',0,NULL,0,0),(2234,'2024-10-15','Invoice Inventory: INV/754',0,NULL,0,0),(2235,'2024-10-15','Invoice Payment Received: INV/754',0,NULL,0,0),(2236,'2024-10-15','Invoice: INV/755',0,NULL,0,1),(2237,'2024-10-15','Invoice Inventory: INV/755',0,NULL,0,0),(2238,'2024-10-15','Invoice: INV/756',0,NULL,0,0),(2239,'2024-10-15','Invoice Inventory: INV/756',0,NULL,0,0),(2240,'2024-10-15','Invoice Payment Received: INV/756',0,NULL,0,0),(2241,'2024-10-15','Invoice: INV/739',0,NULL,0,0),(2242,'2024-10-15','Invoice: INV/755',0,NULL,0,0),(2243,'2024-10-15','Invoice Payment Received: INV/755',0,NULL,0,0),(2244,'2024-10-15','Invoice Inventory: INV/755',0,NULL,0,0),(2245,'2024-10-13','Invoice: INV/728',0,NULL,0,0),(2246,'2024-10-13','Invoice: INV/727',0,NULL,0,0),(2247,'2024-10-14','Invoice Payment Received: INV/725',0,NULL,0,1),(2248,'2024-10-14','Invoice Payment Received: INV/725',0,NULL,0,1),(2249,'2024-11-15','Invoice Payment Received: INV/532',0,NULL,0,0),(2250,'2024-10-05','Invoice Inventory: INV/27',0,NULL,0,0),(2251,'2024-10-05','Invoice Inventory: INV/25',0,NULL,0,0),(2252,'2024-10-05','Invoice Payment Received: INV/352',0,NULL,0,0),(2253,'2024-10-12','Invoice Payment Received: INV/731',0,NULL,0,0),(2254,'2024-10-07','Invoice Payment Received: INV/757',0,NULL,0,0),(2255,'2024-10-07','Invoice Inventory: INV/757',0,NULL,0,0),(2256,'2024-10-10','Invoice Shipment : INV/17',0,NULL,0,0),(2257,'2024-09-07','Invoice Payment Received: INV/758',0,NULL,0,0),(2258,'2024-09-07','Invoice Inventory: INV/758',0,NULL,0,0),(2259,'2024-09-18','Invoice Payment Received: INV/759',0,NULL,0,0),(2260,'2024-09-18','Invoice Inventory: INV/759',0,NULL,0,0),(2261,'2024-10-08','Invoice: INV/760',0,NULL,0,0),(2262,'2024-10-08','Invoice Inventory: INV/760',0,NULL,0,0),(2263,'2024-10-08','Invoice Payment Received: INV/760',0,NULL,0,0),(2264,'2024-10-05','Invoice Inventory: INV/761',0,NULL,0,0),(2265,'2024-10-05','Invoice Payment Received: INV/761',0,NULL,0,0),(2266,'2024-10-01','Invoice: INV/762',0,NULL,0,1),(2267,'2024-10-07','Invoice: INV/222',0,NULL,0,0),(2268,'2024-10-16','Invoice: INV/763',0,NULL,0,0),(2269,'2024-10-16','Invoice Inventory: INV/763',0,NULL,0,0),(2270,'2024-10-16','Invoice Payment Received: INV/763',0,NULL,0,0),(2271,'2024-10-16','Invoice: INV/764',0,NULL,0,0),(2272,'2024-10-16','Invoice: INV/765',0,NULL,0,0),(2273,'2024-10-16','Invoice Inventory: INV/764',0,NULL,0,0),(2274,'2024-10-16','Invoice Inventory: INV/765',0,NULL,0,0),(2275,'2024-10-16','Invoice Payment Received: INV/765',0,NULL,0,0),(2276,'2024-10-16','Invoice: INV/766',0,NULL,0,0),(2277,'2024-10-16','Invoice Inventory: INV/766',0,NULL,0,0),(2278,'2024-10-16','Invoice: INV/767',0,NULL,0,0),(2279,'2024-10-16','Invoice Inventory: INV/767',0,NULL,0,0),(2280,'2024-10-16','Invoice Payment Received: INV/767',0,NULL,0,0),(2281,'2024-10-15','Invoice: INV/768',0,NULL,0,0),(2282,'2024-10-15','Invoice Inventory: INV/768',0,NULL,0,0),(2283,'2024-10-16','Invoice: INV/771',0,NULL,0,0),(2284,'2024-10-16','Invoice Inventory: INV/771',0,NULL,0,0),(2285,'2024-10-16','Invoice: INV/769',0,NULL,0,0),(2286,'2024-10-15','Invoice: INV/770',0,NULL,0,0),(2287,'2024-10-16','Invoice Inventory: INV/769',0,NULL,0,0),(2288,'2024-10-16','Invoice Payment Received: INV/771',0,NULL,0,0),(2289,'2024-10-15','Invoice Inventory: INV/770',0,NULL,0,0),(2290,'2024-10-16','Invoice Payment Received: INV/769',0,NULL,0,0),(2291,'2024-10-16','Invoice: INV/772',0,NULL,0,0),(2292,'2024-10-16','Invoice Inventory: INV/772',0,NULL,0,0),(2293,'2024-10-16','Invoice: INV/773',0,NULL,0,0),(2294,'2024-10-16','Invoice Inventory: INV/773',0,NULL,0,0),(2295,'2024-10-16','Invoice Payment Received: INV/773',0,NULL,0,0),(2296,'2024-10-16','Invoice: INV/774',0,NULL,0,0),(2297,'2024-10-16','Invoice Inventory: INV/774',0,NULL,0,0),(2298,'2024-10-16','Invoice: INV/775',0,NULL,0,0),(2299,'2024-10-16','Invoice Inventory: INV/775',0,NULL,0,0),(2300,'2024-10-16','Invoice Payment Received: INV/775',0,NULL,0,0),(2301,'2024-10-16','Invoice: INV/777',0,NULL,0,0),(2302,'2024-10-16','Invoice: INV/776',0,NULL,0,0),(2303,'2024-10-16','Invoice Inventory: INV/777',0,NULL,0,0),(2304,'2024-10-16','Invoice Inventory: INV/776',0,NULL,0,0),(2305,'2024-10-16','Invoice Payment Received: INV/777',0,NULL,0,0),(2306,'2024-10-16','Invoice: INV/778',0,NULL,0,0),(2307,'2024-10-16','Invoice Inventory: INV/778',0,NULL,0,0),(2308,'2024-10-16','Invoice: INV/779',0,NULL,0,0),(2309,'2024-10-16','Invoice Inventory: INV/779',0,NULL,0,0),(2310,'2024-10-16','Invoice Payment Received: INV/779',0,NULL,0,0),(2311,'2024-10-16','Invoice: INV/780',0,NULL,0,0),(2312,'2024-10-16','Invoice Inventory: INV/780',0,NULL,0,0),(2313,'2024-10-16','Invoice: INV/781',0,NULL,0,0),(2314,'2024-10-16','Invoice Inventory: INV/781',0,NULL,0,0),(2315,'2024-10-16','Invoice Payment Received: INV/781',0,NULL,0,0),(2316,'2024-10-16','Invoice: INV/782',0,NULL,0,0),(2317,'2024-10-16','Invoice Inventory: INV/782',0,NULL,0,0),(2318,'2024-10-16','Invoice Payment Received: INV/782',0,NULL,0,0),(2319,'2024-10-16','Invoice: INV/783',0,NULL,0,0),(2320,'2024-10-16','Invoice Inventory: INV/783',0,NULL,0,0),(2321,'2024-10-16','Invoice Payment Received: INV/783',0,NULL,0,0),(2322,'2024-10-16','Invoice: INV/784',0,NULL,0,0),(2323,'2024-10-16','Invoice Inventory: INV/784',0,NULL,0,0),(2324,'2024-10-16','Invoice Payment Received: INV/784',0,NULL,0,0),(2325,'2024-10-16','Invoice: INV/785',0,NULL,0,0),(2326,'2024-10-16','Invoice Inventory: INV/785',0,NULL,0,0),(2327,'2024-10-16','Invoice Payment Received: INV/785',0,NULL,0,0),(2328,'2024-10-16','Invoice: INV/786',0,NULL,0,0),(2329,'2024-10-16','Invoice Inventory: INV/786',0,NULL,0,0),(2330,'2024-10-16','Invoice Payment Received: INV/786',0,NULL,0,0),(2331,'2024-10-16','Invoice: INV/787',0,NULL,0,0),(2332,'2024-10-16','Invoice Inventory: INV/787',0,NULL,0,0),(2333,'2024-10-16','Invoice Payment Received: INV/787',0,NULL,0,0),(2334,'2024-10-16','Invoice: INV/788',0,NULL,0,0),(2335,'2024-10-16','Invoice Inventory: INV/788',0,NULL,0,0),(2336,'2024-10-16','Invoice Payment Received: INV/788',0,NULL,0,0),(2337,'2024-10-16','Invoice: INV/789',0,NULL,0,0),(2338,'2024-10-16','Invoice Inventory: INV/789',0,NULL,0,0),(2339,'2024-10-16','Invoice Payment Received: INV/789',0,NULL,0,0),(2340,'2024-10-16','Invoice: INV/790',0,NULL,0,0),(2341,'2024-10-16','Invoice Inventory: INV/790',0,NULL,0,0),(2342,'2024-10-16','Invoice Payment Received: INV/790',0,NULL,0,0),(2343,'2024-10-16','Invoice: INV/791',0,NULL,0,0),(2344,'2024-10-16','Invoice Inventory: INV/791',0,NULL,0,0),(2345,'2024-10-16','Invoice: INV/792',0,NULL,0,0),(2346,'2024-10-16','Invoice Inventory: INV/792',0,NULL,0,0),(2347,'2024-10-16','Invoice Payment Received: INV/792',0,NULL,0,0),(2348,'2024-10-01','Cheque release: Received Payments PURCHASE ORDER #3',0,NULL,0,0),(2349,'2024-12-26','Automatic Purchase Payment: PURCHASE ORDER #17',0,NULL,0,1),(2350,'2024-12-26','Automatic Purchase Payment: PURCHASE ORDER #17',0,NULL,0,1),(2351,'2024-10-17','Purchase Order: PURCHASE ORDER #20',0,NULL,0,0),(2352,'2024-10-17','Invoice Shipment : INV/20',0,NULL,0,0),(2353,'2024-10-05','Invoice Shipment : INV/19',0,NULL,0,0),(2354,'2024-12-15','Automatic Purchase Payment: PURCHASE ORDER #19',0,NULL,0,0),(2355,'2025-01-05','Automatic Purchase Payment: PURCHASE ORDER #19',0,NULL,0,0),(2356,'2024-12-28','Automatic Purchase Payment: PURCHASE ORDER #19',0,NULL,0,0),(2357,'2024-11-28','Automatic Purchase Payment: PURCHASE ORDER #19',0,NULL,0,0),(2358,'2024-12-26','Automatic Purchase Payment: PURCHASE ORDER #17',0,NULL,0,1),(2359,'2024-12-31','Automatic Purchase Payment: PURCHASE ORDER #20',0,NULL,0,1),(2360,'2024-11-08','Invoice Payment Received: INV/770',0,NULL,0,0),(2361,'2024-11-15','Invoice Payment Received: INV/738',0,NULL,0,0),(2362,'2024-10-17','Invoice: INV/793',0,NULL,0,0),(2363,'2024-10-17','Invoice Inventory: INV/793',0,NULL,0,0),(2364,'2024-10-17','Invoice Payment Received: INV/793',0,NULL,0,0),(2365,'2024-09-19','Invoice: INV/371',0,NULL,0,0),(2366,'2024-10-05','Invoice: INV/761',0,NULL,0,0),(2367,'2024-10-05','Invoice: INV/761',0,NULL,0,1),(2368,'2024-09-18','Invoice: INV/759',0,NULL,0,0),(2369,'2024-09-07','Invoice: INV/758',0,NULL,0,0),(2370,'2024-10-07','Invoice: INV/757',0,NULL,0,0),(2371,'2024-09-10','Invoice: INV/651',0,NULL,0,1),(2372,'2024-09-07','Invoice: INV/650',0,NULL,0,0),(2373,'2024-09-07','Invoice: INV/649',0,NULL,0,0),(2374,'2024-09-01','Invoice: INV/648',0,NULL,0,1),(2375,'2024-09-02','Invoice: INV/647',0,NULL,0,1),(2376,'2024-09-02','Invoice: INV/646',0,NULL,0,1),(2377,'2024-09-10','Invoice: INV/645',0,NULL,0,0),(2378,'2024-09-07','Invoice: INV/644',0,NULL,0,1),(2379,'2024-09-07','Invoice: INV/643',0,NULL,0,1),(2380,'2024-09-01','Invoice: INV/642',0,NULL,0,1),(2381,'2024-09-07','Invoice: INV/641',0,NULL,0,0),(2382,'2024-09-07','Invoice: INV/640',0,NULL,0,0),(2383,'2024-09-01','Invoice: INV/639',0,NULL,0,1),(2384,'2024-09-19','Invoice: INV/371',0,NULL,0,1),(2385,'2024-10-05','Invoice: INV/372',0,NULL,0,0),(2386,'2024-10-05','Invoice: INV/373',0,NULL,0,0),(2387,'2024-09-19','Invoice: INV/374',0,NULL,0,1),(2388,'2024-10-05','Invoice: INV/375',0,NULL,0,0),(2389,'2024-09-18','Invoice: INV/376',0,NULL,0,1),(2390,'2024-09-22','Invoice: INV/377',0,NULL,0,0),(2391,'2024-10-05','Invoice: INV/378',0,NULL,0,0),(2392,'2024-09-17','Invoice: INV/379',0,NULL,0,0),(2393,'2024-10-02','Invoice: INV/380',0,NULL,0,1),(2394,'2024-09-09','Invoice: INV/381',0,NULL,0,1),(2395,'2024-10-05','Invoice: INV/382',0,NULL,0,0),(2396,'2024-09-11','Invoice: INV/383',0,NULL,0,0),(2397,'2024-10-03','Invoice: INV/384',0,NULL,0,0),(2398,'2024-09-30','Invoice: INV/385',0,NULL,0,0),(2399,'2024-10-05','Invoice: INV/386',0,NULL,0,0),(2400,'2024-10-02','Invoice: INV/387',0,NULL,0,0),(2401,'2024-09-29','Invoice: INV/388',0,NULL,0,1),(2402,'2024-09-22','Invoice: INV/389',0,NULL,0,0),(2403,'2024-10-05','Invoice: INV/390',0,NULL,0,0),(2404,'2024-10-02','Invoice: INV/391',0,NULL,0,1),(2405,'2024-10-05','Invoice: INV/392',0,NULL,0,0),(2406,'2024-09-09','Invoice: INV/393',0,NULL,0,1),(2407,'2024-10-03','Invoice: INV/394',0,NULL,0,0),(2408,'2024-09-22','Invoice: INV/395',0,NULL,0,1),(2409,'2024-10-05','Invoice: INV/396',0,NULL,0,0),(2410,'2024-09-26','Invoice: INV/397',0,NULL,0,1),(2411,'2024-09-24','Invoice: INV/398',0,NULL,0,1),(2412,'2024-10-03','Invoice: INV/399',0,NULL,0,0),(2413,'2024-09-09','Invoice: INV/400',0,NULL,0,0),(2414,'2024-09-24','Invoice: INV/401',0,NULL,0,1),(2415,'2024-10-03','Invoice: INV/402',0,NULL,0,0),(2416,'2024-09-17','Invoice: INV/403',0,NULL,0,1),(2417,'2024-10-02','Invoice: INV/404',0,NULL,0,1),(2418,'2024-09-26','Invoice: INV/405',0,NULL,0,0),(2419,'2024-10-03','Invoice: INV/406',0,NULL,0,0),(2420,'2024-10-02','Invoice: INV/407',0,NULL,0,0),(2421,'2024-10-03','Invoice: INV/408',0,NULL,0,0),(2422,'2024-09-21','Invoice: INV/409',0,NULL,0,0),(2423,'2024-10-02','Invoice: INV/410',0,NULL,0,0),(2424,'2024-09-18','Invoice: INV/411',0,NULL,0,0),(2425,'2024-10-03','Invoice: INV/412',0,NULL,0,0),(2426,'2024-09-28','Invoice: INV/413',0,NULL,0,0),(2427,'2024-09-28','Invoice: INV/414',0,NULL,0,1),(2428,'2024-10-02','Invoice: INV/415',0,NULL,0,0),(2429,'2024-09-28','Invoice: INV/416',0,NULL,0,1),(2430,'2024-09-28','Invoice: INV/417',0,NULL,0,1),(2431,'2024-09-28','Invoice: INV/418',0,NULL,0,1),(2432,'2024-10-03','Invoice: INV/419',0,NULL,0,0),(2433,'2024-09-22','Invoice: INV/420',0,NULL,0,1),(2434,'2024-10-02','Invoice: INV/421',0,NULL,0,0),(2435,'2024-09-28','Invoice: INV/422',0,NULL,0,1),(2436,'2024-10-02','Invoice: INV/423',0,NULL,0,0),(2437,'2024-09-25','Invoice: INV/424',0,NULL,0,1),(2438,'2024-09-17','Invoice: INV/425',0,NULL,0,0),(2439,'2024-10-03','Invoice: INV/426',0,NULL,0,0),(2440,'2024-09-18','Invoice: INV/427',0,NULL,0,1),(2441,'2024-10-02','Invoice: INV/428',0,NULL,0,0),(2442,'2024-10-02','Invoice: INV/430',0,NULL,0,0),(2443,'2024-09-27','Invoice: INV/431',0,NULL,0,0),(2444,'2024-10-03','Invoice: INV/432',0,NULL,0,0),(2445,'2024-09-25','Invoice: INV/433',0,NULL,0,1),(2446,'2024-10-02','Invoice: INV/434',0,NULL,0,0),(2447,'2024-09-23','Invoice: INV/435',0,NULL,0,1),(2448,'2024-09-28','Invoice: INV/436',0,NULL,0,1),(2449,'2024-10-02','Invoice: INV/437',0,NULL,0,0),(2450,'2024-10-02','Invoice: INV/438',0,NULL,0,0),(2451,'2024-10-02','Invoice: INV/439',0,NULL,0,0),(2452,'2024-09-18','Invoice: INV/429',0,NULL,0,0),(2453,'2024-10-02','Invoice: INV/440',0,NULL,0,0),(2454,'2024-10-03','Invoice: INV/441',0,NULL,0,0),(2455,'2024-10-03','Invoice: INV/442',0,NULL,0,0),(2456,'2024-10-03','Invoice: INV/443',0,NULL,0,0),(2457,'2024-10-03','Invoice: INV/444',0,NULL,0,0),(2458,'2024-10-03','Invoice: INV/445',0,NULL,0,0),(2459,'2024-10-06','Invoice: INV/446',0,NULL,0,0),(2460,'2024-10-06','Invoice: INV/447',0,NULL,0,0),(2461,'2024-10-06','Invoice: INV/448',0,NULL,0,0),(2462,'2024-10-06','Invoice: INV/449',0,NULL,0,0),(2463,'2024-10-03','Invoice: INV/450',0,NULL,0,0),(2464,'2024-10-06','Invoice: INV/451',0,NULL,0,0),(2465,'2024-10-06','Invoice: INV/452',0,NULL,0,0),(2466,'2024-10-06','Invoice: INV/453',0,NULL,0,0),(2467,'2024-10-06','Invoice: INV/454',0,NULL,0,0),(2468,'2024-10-06','Invoice: INV/455',0,NULL,0,0),(2469,'2024-10-06','Invoice: INV/456',0,NULL,0,0),(2470,'2024-10-06','Invoice: INV/457',0,NULL,0,0),(2471,'2024-10-06','Invoice: INV/458',0,NULL,0,0),(2472,'2024-10-06','Invoice: INV/459',0,NULL,0,0),(2473,'2024-10-06','Invoice: INV/460',0,NULL,0,0),(2474,'2024-10-06','Invoice: INV/461',0,NULL,0,0),(2475,'2024-10-06','Invoice: INV/462',0,NULL,0,0),(2476,'2024-10-06','Invoice: INV/463',0,NULL,0,0),(2477,'2024-10-06','Invoice: INV/464',0,NULL,0,0),(2478,'2024-10-06','Invoice: INV/465',0,NULL,0,0),(2479,'2024-10-06','Invoice: INV/466',0,NULL,0,0),(2480,'2024-10-06','Invoice: INV/467',0,NULL,0,0),(2481,'2024-10-06','Invoice: INV/468',0,NULL,0,0),(2482,'2024-10-06','Invoice: INV/469',0,NULL,0,0),(2483,'2024-10-06','Invoice: INV/470',0,NULL,0,0),(2484,'2024-09-29','Invoice: INV/489',0,NULL,0,0),(2485,'2024-09-29','Invoice: INV/491',0,NULL,0,0),(2486,'2024-08-07','Invoice: INV/498',0,NULL,0,0),(2487,'2024-10-01','Invoice: INV/499',0,NULL,0,0),(2488,'2024-10-05','Invoice: INV/515',0,NULL,0,0),(2489,'2024-10-07','Invoice: INV/516',0,NULL,0,0),(2490,'2024-10-07','Invoice: INV/545',0,NULL,0,0),(2491,'2024-10-07','Invoice: INV/547',0,NULL,0,0),(2492,'2024-10-07','Invoice: INV/549',0,NULL,0,0),(2493,'2024-10-06','Invoice: INV/553',0,NULL,0,0),(2494,'2024-10-05','Invoice: INV/560',0,NULL,0,0),(2495,'2024-10-03','Invoice: INV/570',0,NULL,0,0),(2496,'2024-10-07','Invoice: INV/578',0,NULL,0,0),(2497,'2024-09-28','Invoice: INV/582',0,NULL,0,0),(2498,'2024-09-19','Invoice: INV/584',0,NULL,0,1),(2499,'2024-09-23','Invoice: INV/585',0,NULL,0,1),(2500,'2024-09-28','Invoice: INV/588',0,NULL,0,1),(2501,'2024-09-18','Invoice: INV/590',0,NULL,0,1),(2502,'2024-09-18','Invoice: INV/591',0,NULL,0,1),(2503,'2024-09-17','Invoice: INV/593',0,NULL,0,0),(2504,'2024-09-25','Invoice: INV/595',0,NULL,0,1),(2505,'2024-09-28','Invoice: INV/596',0,NULL,0,0),(2506,'2024-09-22','Invoice: INV/597',0,NULL,0,0),(2507,'2024-09-28','Invoice: INV/599',0,NULL,0,0),(2508,'2024-09-28','Invoice: INV/601',0,NULL,0,0),(2509,'2024-09-28','Invoice: INV/602',0,NULL,0,1),(2510,'2024-09-28','Invoice: INV/604',0,NULL,0,1),(2511,'2024-09-18','Invoice: INV/605',0,NULL,0,1),(2512,'2024-10-02','Invoice: INV/606',0,NULL,0,0),(2513,'2024-09-17','Invoice: INV/608',0,NULL,0,1),(2514,'2024-09-24','Invoice: INV/610',0,NULL,0,0),(2515,'2024-09-24','Invoice: INV/612',0,NULL,0,1),(2516,'2024-10-02','Invoice: INV/613',0,NULL,0,0),(2517,'2024-09-22','Invoice: INV/614',0,NULL,0,1),(2518,'2024-09-29','Invoice: INV/615',0,NULL,0,1),(2519,'2024-10-02','Invoice: INV/617',0,NULL,0,1),(2520,'2024-09-11','Invoice: INV/619',0,NULL,0,1),(2521,'2024-09-09','Invoice: INV/621',0,NULL,0,1),(2522,'2024-10-02','Invoice: INV/622',0,NULL,0,0),(2523,'2024-09-17','Invoice: INV/624',0,NULL,0,0),(2524,'2024-09-22','Invoice: INV/625',0,NULL,0,1),(2525,'2024-09-18','Invoice: INV/627',0,NULL,0,0),(2526,'2024-09-01','Invoice: INV/633',0,NULL,0,1),(2527,'2024-09-02','Invoice: INV/634',0,NULL,0,1),(2528,'2024-09-02','Invoice: INV/635',0,NULL,0,1),(2529,'2024-09-15','Invoice: INV/636',0,NULL,0,0),(2530,'2024-09-15','Invoice: INV/637',0,NULL,0,1),(2531,'2024-09-15','Invoice: INV/638',0,NULL,0,0),(2532,'2024-10-14','Purchase Order: PURCHASE ORDER #21',0,NULL,0,0),(2533,'2024-10-14','Invoice Shipment : INV/21',0,NULL,0,0),(2534,'2025-01-16','Automatic Purchase Payment: PURCHASE ORDER #21',0,NULL,0,0),(2535,'2024-10-17','Invoice: INV/794',0,NULL,0,0),(2536,'2024-10-17','Invoice Inventory: INV/794',0,NULL,0,0),(2537,'2024-10-17','Invoice Payment Received: INV/794',0,NULL,0,0),(2538,'2024-10-19','Invoice: INV/795',0,NULL,0,0),(2539,'2024-10-19','Invoice Payment Received: INV/795',0,NULL,0,0),(2540,'2024-10-19','Invoice Inventory: INV/795',0,NULL,0,0),(2541,'2024-10-17','Invoice: INV/796',0,NULL,0,0),(2542,'2024-10-17','Invoice Inventory: INV/796',0,NULL,0,0),(2543,'2024-10-17','Invoice Payment Received: INV/796',0,NULL,0,0),(2544,'2024-10-17','Invoice: INV/797',0,NULL,0,0),(2545,'2024-10-17','Invoice Inventory: INV/797',0,NULL,0,0),(2546,'2024-10-17','Invoice Payment Received: INV/797',0,NULL,0,0),(2547,'2024-10-17','Invoice: INV/798',0,NULL,0,0),(2548,'2024-10-20','Purchase Order: PURCHASE ORDER #22',0,NULL,0,0),(2549,'2024-10-17','Invoice Payment Received: INV/798',0,NULL,0,0),(2550,'2024-10-20','Invoice Shipment : INV/22',0,NULL,0,0),(2551,'2024-10-17','Invoice Inventory: INV/798',0,NULL,0,0),(2552,'2024-10-17','Invoice: INV/799',0,NULL,0,0),(2553,'2024-10-17','Invoice Payment Received: INV/799',0,NULL,0,0),(2554,'2024-10-17','Invoice Inventory: INV/799',0,NULL,0,0),(2555,'2024-10-17','Invoice: INV/800',0,NULL,0,0),(2556,'2024-10-17','Invoice Payment Received: INV/800',0,NULL,0,0),(2557,'2024-10-17','Invoice Inventory: INV/800',0,NULL,0,0),(2558,'2024-10-23','Automatic Purchase Payment: PURCHASE ORDER #22',0,NULL,0,1),(2559,'2024-10-17','Invoice: INV/801',0,NULL,0,0),(2560,'2024-10-17','Invoice Payment Received: INV/801',0,NULL,0,0),(2561,'2024-10-17','Invoice Inventory: INV/801',0,NULL,0,0),(2562,'2024-10-23','Automatic Purchase Payment: PURCHASE ORDER #22',0,NULL,0,0),(2563,'2024-10-17','Invoice: INV/802',0,NULL,0,0),(2564,'2024-10-17','Invoice Inventory: INV/802',0,NULL,0,0),(2565,'2024-10-17','Invoice Payment Received: INV/802',0,NULL,0,0),(2566,'2024-10-17','Invoice: INV/803',0,NULL,0,0),(2567,'2024-10-17','Invoice Inventory: INV/803',0,NULL,0,0),(2568,'2024-10-17','Invoice Payment Received: INV/803',0,NULL,0,0),(2569,'2024-10-17','Invoice: INV/804',0,NULL,0,0),(2570,'2024-10-17','Invoice Inventory: INV/804',0,NULL,0,0),(2571,'2024-10-17','Invoice: INV/805',0,NULL,0,0),(2572,'2024-10-17','Invoice Inventory: INV/805',0,NULL,0,0),(2573,'2024-10-19','Invoice: INV/806',0,NULL,0,0),(2574,'2024-10-19','Invoice Payment Received: INV/806',0,NULL,0,0),(2575,'2024-10-19','Invoice Inventory: INV/806',0,NULL,0,0),(2576,'2024-10-19','Invoice: INV/807',0,NULL,0,0),(2577,'2024-10-19','Invoice Payment Received: INV/807',0,NULL,0,0),(2578,'2024-10-19','Invoice Inventory: INV/807',0,NULL,0,0),(2579,'2024-10-19','Invoice: INV/808',0,NULL,0,0),(2580,'2024-10-19','Invoice Payment Received: INV/808',0,NULL,0,0),(2581,'2024-10-19','Invoice Inventory: INV/808',0,NULL,0,0),(2582,'2024-10-19','Invoice: INV/809',0,NULL,0,0),(2583,'2024-10-19','Invoice Payment Received: INV/809',0,NULL,0,0),(2584,'2024-10-19','Invoice Inventory: INV/809',0,NULL,0,0),(2585,'2024-10-19','Invoice: INV/810',0,NULL,0,0),(2586,'2024-10-19','Invoice Payment Received: INV/810',0,NULL,0,0),(2587,'2024-10-19','Invoice Inventory: INV/810',0,NULL,0,0),(2588,'2024-10-19','Invoice: INV/811',0,NULL,0,0),(2589,'2024-10-19','Invoice Payment Received: INV/811',0,NULL,0,0),(2590,'2024-10-19','Invoice Inventory: INV/811',0,NULL,0,0),(2591,'2024-10-19','Invoice: INV/812',0,NULL,0,0),(2592,'2024-10-19','Invoice Payment Received: INV/812',0,NULL,0,0),(2593,'2024-10-19','Invoice Inventory: INV/812',0,NULL,0,0),(2594,'2024-10-20','Purchase Order: PURCHASE ORDER #23',0,NULL,0,0),(2595,'2024-10-19','Invoice: INV/813',0,NULL,0,0),(2596,'2024-10-19','Invoice Inventory: INV/813',0,NULL,0,0),(2597,'2024-10-20','Invoice Shipment : INV/23',0,NULL,0,0),(2598,'2024-10-19','Invoice Payment Received: INV/813',0,NULL,0,0),(2599,'2024-11-01','Automatic Purchase Payment: PURCHASE ORDER #23',0,NULL,0,0),(2600,'2024-10-19','Invoice: INV/814',0,NULL,0,0),(2601,'2024-10-19','Invoice Payment Received: INV/814',0,NULL,0,0),(2602,'2024-10-19','Invoice Inventory: INV/814',0,NULL,0,0),(2603,'2024-10-19','Invoice: INV/815',0,NULL,0,0),(2604,'2024-10-19','Invoice Payment Received: INV/815',0,NULL,0,0),(2605,'2024-10-19','Invoice Inventory: INV/815',0,NULL,0,0),(2606,'2024-10-19','Invoice: INV/816',0,NULL,0,0),(2607,'2024-10-19','Invoice Payment Received: INV/816',0,NULL,0,0),(2608,'2024-10-19','Invoice Inventory: INV/816',0,NULL,0,0),(2609,'2024-10-19','Invoice: INV/817',0,NULL,0,0),(2610,'2024-10-19','Invoice Payment Received: INV/817',0,NULL,0,0),(2611,'2024-10-19','Invoice Inventory: INV/817',0,NULL,0,0),(2612,'2024-10-20','Purchase Order: PURCHASE ORDER #24',0,NULL,0,0),(2613,'2024-10-20','Invoice Shipment : INV/24',0,NULL,0,0),(2614,'2024-10-19','Invoice: INV/818',0,NULL,0,0),(2615,'2024-10-19','Invoice Payment Received: INV/818',0,NULL,0,0),(2616,'2024-10-19','Invoice Inventory: INV/818',0,NULL,0,0),(2617,'2024-11-14','Automatic Purchase Payment: PURCHASE ORDER #24',0,NULL,0,0),(2618,'2024-10-19','Invoice: INV/819',0,NULL,0,0),(2619,'2024-10-19','Invoice Payment Received: INV/819',0,NULL,0,0),(2620,'2024-10-19','Invoice Inventory: INV/819',0,NULL,0,0),(2621,'2024-10-19','Invoice: INV/820',0,NULL,0,0),(2622,'2024-10-19','Invoice Payment Received: INV/820',0,NULL,0,0),(2623,'2024-10-19','Invoice Inventory: INV/820',0,NULL,0,0),(2624,'2024-10-17','Invoice: INV/821',0,NULL,0,0),(2625,'2024-10-17','Invoice Inventory: INV/821',0,NULL,0,0),(2626,'2024-10-17','Invoice: INV/822',0,NULL,0,0),(2627,'2024-10-17','Invoice Payment Received: INV/822',0,NULL,0,0),(2628,'2024-10-17','Invoice Payment Received: INV/821',0,NULL,0,0),(2629,'2024-10-17','Invoice Inventory: INV/822',0,NULL,0,0),(2630,'2024-10-17','Invoice Payment Received: INV/276',0,NULL,0,1),(2631,'2024-10-17','Invoice: INV/823',0,NULL,0,0),(2632,'2024-10-17','Invoice Payment Received: INV/823',0,NULL,0,0),(2633,'2024-10-17','Invoice Inventory: INV/823',0,NULL,0,0),(2634,'2024-10-17','Invoice: INV/824',0,NULL,0,0),(2635,'2024-10-17','Invoice Inventory: INV/824',0,NULL,0,0),(2636,'2024-10-17','Invoice Payment Received: INV/824',0,NULL,0,0),(2637,'2024-10-17','Invoice: INV/825',0,NULL,0,0),(2638,'2024-10-17','Invoice Payment Received: INV/825',0,NULL,0,0),(2639,'2024-10-17','Invoice Inventory: INV/825',0,NULL,0,0),(2640,'2024-10-17','Invoice: INV/826',0,NULL,0,0),(2641,'2024-10-17','Invoice Inventory: INV/826',0,NULL,0,0),(2642,'2024-10-17','Invoice Payment Received: INV/826',0,NULL,0,0),(2643,'2024-10-17','Invoice: INV/827',0,NULL,0,0),(2644,'2024-10-17','Invoice Payment Received: INV/827',0,NULL,0,0),(2645,'2024-10-17','Invoice Inventory: INV/827',0,NULL,0,0),(2646,'2024-10-17','Invoice: INV/828',0,NULL,0,0),(2647,'2024-10-17','Invoice Payment Received: INV/828',0,NULL,0,0),(2648,'2024-10-17','Invoice Inventory: INV/828',0,NULL,0,0),(2649,'2024-10-17','Invoice: INV/829',0,NULL,0,0),(2650,'2024-10-17','Invoice Payment Received: INV/829',0,NULL,0,0),(2651,'2024-10-17','Invoice Inventory: INV/829',0,NULL,0,0),(2652,'2024-10-17','Invoice: INV/831',0,NULL,0,0),(2653,'2024-10-17','Invoice: INV/830',0,NULL,0,0),(2654,'2024-10-17','Invoice Inventory: INV/831',0,NULL,0,0),(2655,'2024-10-17','Invoice Payment Received: INV/830',0,NULL,0,0),(2656,'2024-10-17','Invoice Payment Received: INV/831',0,NULL,0,0),(2657,'2024-10-17','Invoice Inventory: INV/830',0,NULL,0,0),(2658,'2024-10-17','Invoice: INV/832',0,NULL,0,0),(2659,'2024-10-17','Invoice Inventory: INV/832',0,NULL,0,0),(2660,'2024-10-17','Invoice: INV/833',0,NULL,0,0),(2661,'2024-10-17','Invoice Payment Received: INV/833',0,NULL,0,0),(2662,'2024-10-17','Invoice Inventory: INV/833',0,NULL,0,0),(2663,'2024-10-17','Invoice Payment Received: INV/832',0,NULL,0,0),(2664,'2024-10-17','Invoice: INV/834',0,NULL,0,0),(2665,'2024-10-17','Invoice Payment Received: INV/834',0,NULL,0,0),(2666,'2024-10-17','Invoice Inventory: INV/834',0,NULL,0,0),(2667,'2024-10-17','Invoice: INV/835',0,NULL,0,0),(2668,'2024-10-17','Invoice Inventory: INV/835',0,NULL,0,0),(2669,'2024-10-17','Invoice Payment Received: INV/835',0,NULL,0,0),(2670,'2024-10-17','Invoice: INV/836',0,NULL,0,0),(2671,'2024-10-17','Invoice Inventory: INV/836',0,NULL,0,0),(2672,'2024-10-17','Invoice Payment Received: INV/836',0,NULL,0,0),(2673,'2024-10-17','Invoice: INV/837',0,NULL,0,0),(2674,'2024-10-17','Invoice Payment Received: INV/837',0,NULL,0,0),(2675,'2024-10-17','Invoice Inventory: INV/837',0,NULL,0,0),(2676,'2024-10-17','Invoice: INV/838',0,NULL,0,0),(2677,'2024-10-17','Invoice Payment Received: INV/838',0,NULL,0,0),(2678,'2024-10-19','Invoice: INV/839',0,NULL,0,0),(2679,'2024-10-17','Invoice Inventory: INV/838',0,NULL,0,0),(2680,'2024-10-19','Invoice Inventory: INV/839',0,NULL,0,0),(2681,'2024-10-19','Invoice Payment Received: INV/839',0,NULL,0,0),(2682,'2024-10-17','Invoice: INV/840',0,NULL,0,0),(2683,'2024-10-17','Invoice Payment Received: INV/840',0,NULL,0,0),(2684,'2024-10-17','Invoice Inventory: INV/840',0,NULL,0,0),(2685,'2024-10-17','Invoice: INV/841',0,NULL,0,0),(2686,'2024-10-19','Invoice: INV/842',0,NULL,0,0),(2687,'2024-10-19','Invoice Inventory: INV/842',0,NULL,0,0),(2688,'2024-10-17','Invoice Payment Received: INV/841',0,NULL,0,0),(2689,'2024-10-17','Invoice Inventory: INV/841',0,NULL,0,0),(2690,'2024-10-19','Invoice Payment Received: INV/842',0,NULL,0,0),(2691,'2024-10-17','Invoice: INV/843',0,NULL,0,0),(2692,'2024-10-17','Invoice Payment Received: INV/843',0,NULL,0,1),(2693,'2024-10-17','Invoice Inventory: INV/843',0,NULL,0,0),(2694,'2024-10-19','Invoice: INV/844',0,NULL,0,0),(2695,'2024-10-19','Invoice Inventory: INV/844',0,NULL,0,0),(2696,'2024-10-17','Invoice: INV/845',0,NULL,0,0),(2697,'2024-10-17','Invoice Payment Received: INV/845',0,NULL,0,0),(2698,'2024-10-19','Invoice Payment Received: INV/844',0,NULL,0,0),(2699,'2024-10-17','Invoice Inventory: INV/845',0,NULL,0,0),(2700,'2024-10-19','Invoice: INV/846',0,NULL,0,0),(2701,'2024-10-19','Invoice Inventory: INV/846',0,NULL,0,0),(2702,'2024-10-19','Invoice Payment Received: INV/846',0,NULL,0,0),(2703,'2024-10-19','Invoice: INV/847',0,NULL,0,1),(2704,'2024-10-19','Invoice Inventory: INV/847',0,NULL,0,0),(2705,'2024-10-19','Invoice: INV/848',0,NULL,0,0),(2706,'2024-10-19','Invoice Inventory: INV/848',0,NULL,0,0),(2707,'2024-10-19','Invoice Payment Received: INV/848',0,NULL,0,0),(2708,'2024-10-19','Invoice: INV/849',0,NULL,0,0),(2709,'2024-10-19','Invoice Inventory: INV/849',0,NULL,0,0),(2710,'2024-10-19','Invoice: INV/850',0,NULL,0,0),(2711,'2024-10-19','Invoice: INV/851',0,NULL,0,0),(2712,'2024-10-19','Invoice Inventory: INV/850',0,NULL,0,0),(2713,'2024-10-19','Invoice Inventory: INV/850',0,NULL,0,0),(2714,'2024-10-19','Invoice Inventory: INV/851',0,NULL,0,0),(2715,'2024-10-19','Invoice Payment Received: INV/851',0,NULL,0,0),(2716,'2024-10-19','Invoice: INV/852',0,NULL,0,0),(2717,'2024-10-19','Invoice Inventory: INV/852',0,NULL,0,0),(2718,'2024-10-19','Invoice Payment Received: INV/852',0,NULL,0,0),(2719,'2024-10-17','Invoice: INV/853',0,NULL,0,0),(2720,'2024-10-17','Invoice Inventory: INV/853',0,NULL,0,0),(2721,'2024-10-17','Invoice Payment Received: INV/853',0,NULL,0,1),(2722,'2024-10-19','Invoice: INV/854',0,NULL,0,0),(2723,'2024-10-19','Invoice Inventory: INV/854',0,NULL,0,0),(2724,'2024-10-19','Invoice Payment Received: INV/854',0,NULL,0,0),(2725,'2024-10-19','Invoice: INV/855',0,NULL,0,0),(2726,'2024-10-19','Invoice Payment Received: INV/855',0,NULL,0,0),(2727,'2024-10-19','Invoice Inventory: INV/855',0,NULL,0,0),(2728,'2024-10-19','Invoice: INV/856',0,NULL,0,0),(2729,'2024-10-19','Invoice Payment Received: INV/856',0,NULL,0,0),(2730,'2024-10-19','Invoice Inventory: INV/856',0,NULL,0,0),(2731,'2024-10-19','Invoice: INV/857',0,NULL,0,0),(2732,'2024-10-19','Invoice Payment Received: INV/857',0,NULL,0,0),(2733,'2024-10-19','Invoice Inventory: INV/857',0,NULL,0,0),(2734,'2024-10-19','Invoice: INV/858',0,NULL,0,0),(2735,'2024-10-19','Invoice Payment Received: INV/858',0,NULL,0,0),(2736,'2024-10-19','Invoice Inventory: INV/858',0,NULL,0,0),(2737,'2024-10-10','Purchase Order: PURCHASE ORDER #25',0,NULL,0,0),(2738,'2024-10-10','Invoice Shipment : INV/25',0,NULL,0,0),(2739,'2025-01-10','Automatic Purchase Payment: PURCHASE ORDER #25',0,NULL,0,0),(2740,'2024-10-12','Purchase Order: PURCHASE ORDER #26',0,NULL,0,0),(2741,'2024-10-12','Invoice Shipment : INV/26',0,NULL,0,0),(2742,'2024-12-16','Automatic Purchase Payment: PURCHASE ORDER #26',0,NULL,0,0),(2743,'2024-10-02','Purchase Order: PURCHASE ORDER #27',0,NULL,0,0),(2744,'2024-10-02','Invoice Shipment : INV/27',0,NULL,0,0),(2745,'2024-12-08','Automatic Purchase Payment: PURCHASE ORDER #27',0,NULL,0,0),(2746,'2024-10-17','Invoice: INV/859',0,NULL,0,0),(2747,'2024-10-17','Invoice Inventory: INV/859',0,NULL,0,0),(2748,'2024-10-17','Invoice: INV/860',0,NULL,0,0),(2749,'2024-10-17','Invoice Payment Received: INV/843',0,NULL,0,0),(2750,'2024-10-17','Invoice Inventory: INV/860',0,NULL,0,0),(2751,'2024-10-19','Invoice: INV/847',0,NULL,0,0),(2752,'2024-10-17','Invoice: INV/861',0,NULL,0,0),(2753,'2024-10-17','Invoice Inventory: INV/861',0,NULL,0,0),(2754,'2024-10-19','Invoice Payment Received: INV/720',0,NULL,0,0),(2755,'2024-10-19','Invoice Payment Received: INV/740',0,NULL,0,0),(2756,'2024-10-14','Invoice Payment Received: INV/717',0,NULL,0,0),(2757,'2024-10-17','Invoice Payment Received: INV/766',0,NULL,0,0),(2758,'2024-11-17','Invoice Payment Received: INV/861',0,NULL,0,0),(2759,'2024-10-20','Invoice Payment Received: INV/850',0,NULL,0,0),(2760,'2024-11-22','Invoice Payment Received: INV/768',0,NULL,0,0),(2761,'2024-09-17','Invoice: INV/608',0,NULL,0,1),(2762,'2024-09-04','Invoice: INV/862',0,NULL,0,1),(2763,'2024-09-04','Invoice Inventory: INV/862',0,NULL,0,1),(2764,'2024-10-02','Invoice Inventory: INV/155',0,NULL,0,0),(2765,'2024-10-20','Invoice: INV/863',0,NULL,0,0),(2766,'2024-10-20','Invoice Payment Received: INV/863',0,NULL,0,1),(2767,'2024-10-20','Invoice Inventory: INV/863',0,NULL,0,0),(2768,'2024-10-20','Invoice: INV/864',0,NULL,0,0),(2769,'2024-10-20','Invoice Inventory: INV/864',0,NULL,0,0),(2770,'2024-10-20','Invoice: INV/865',0,NULL,0,1),(2771,'2024-10-20','Invoice Inventory: INV/865',0,NULL,0,1),(2772,'2024-10-20','Invoice: INV/866',0,NULL,0,0),(2773,'2024-10-20','Invoice Inventory: INV/866',0,NULL,0,0),(2774,'2024-10-20','Invoice: INV/867',0,NULL,0,0),(2775,'2024-10-20','Invoice Inventory: INV/867',0,NULL,0,0),(2776,'2024-10-20','Invoice: INV/868',0,NULL,0,0),(2777,'2024-10-20','Invoice Payment Received: INV/868',0,NULL,0,0),(2778,'2024-10-20','Invoice Inventory: INV/868',0,NULL,0,0),(2779,'2024-10-20','Invoice: INV/869',0,NULL,0,0),(2780,'2024-10-20','Invoice Payment Received: INV/869',0,NULL,0,0),(2781,'2024-10-20','Invoice Inventory: INV/869',0,NULL,0,0),(2782,'2024-10-20','Invoice: INV/870',0,NULL,0,0),(2783,'2024-10-20','Invoice Payment Received: INV/870',0,NULL,0,0),(2784,'2024-10-20','Invoice Inventory: INV/870',0,NULL,0,0),(2785,'2024-10-20','Invoice: INV/871',0,NULL,0,0),(2786,'2024-10-20','Invoice Payment Received: INV/871',0,NULL,0,0),(2787,'2024-10-20','Invoice Inventory: INV/871',0,NULL,0,0),(2788,'2024-10-20','Invoice: INV/872',0,NULL,0,0),(2789,'2024-10-20','Invoice Payment Received: INV/872',0,NULL,0,0),(2790,'2024-10-20','Invoice Inventory: INV/872',0,NULL,0,0),(2791,'2024-10-20','Invoice: INV/873',0,NULL,0,0),(2792,'2024-10-20','Invoice Payment Received: INV/873',0,NULL,0,0),(2793,'2024-10-20','Invoice Inventory: INV/873',0,NULL,0,0),(2794,'2024-10-20','Invoice: INV/874',0,NULL,0,0),(2795,'2024-10-20','Invoice Payment Received: INV/874',0,NULL,0,0),(2796,'2024-10-20','Invoice Inventory: INV/874',0,NULL,0,0),(2797,'2024-10-20','Invoice: INV/875',0,NULL,0,0),(2798,'2024-10-20','Invoice Payment Received: INV/875',0,NULL,0,0),(2799,'2024-10-20','Invoice Inventory: INV/875',0,NULL,0,0),(2800,'2024-10-20','Invoice: INV/876',0,NULL,0,0),(2801,'2024-10-20','Invoice Payment Received: INV/876',0,NULL,0,0),(2802,'2024-10-20','Invoice Inventory: INV/876',0,NULL,0,0),(2803,'2024-10-20','Invoice: INV/877',0,NULL,0,0),(2804,'2024-10-20','Invoice Payment Received: INV/877',0,NULL,0,0),(2805,'2024-10-20','Invoice Inventory: INV/877',0,NULL,0,0),(2806,'2024-10-20','Invoice: INV/878',0,NULL,0,0),(2807,'2024-10-20','Invoice Payment Received: INV/878',0,NULL,0,0),(2808,'2024-10-20','Invoice Inventory: INV/878',0,NULL,0,0),(2809,'2024-10-20','Invoice: INV/879',0,NULL,0,0),(2810,'2024-10-20','Invoice Payment Received: INV/879',0,NULL,0,0),(2811,'2024-10-20','Invoice Inventory: INV/879',0,NULL,0,0),(2812,'2024-10-20','Invoice: INV/880',0,NULL,0,0),(2813,'2024-10-20','Invoice Payment Received: INV/880',0,NULL,0,0),(2814,'2024-10-20','Invoice Inventory: INV/880',0,NULL,0,0),(2815,'2024-10-20','Invoice: INV/881',0,NULL,0,0),(2816,'2024-10-20','Invoice Payment Received: INV/881',0,NULL,0,0),(2817,'2024-10-20','Invoice Inventory: INV/881',0,NULL,0,0),(2818,'2024-10-20','Invoice: INV/882',0,NULL,0,0),(2819,'2024-10-20','Invoice Payment Received: INV/882',0,NULL,0,0),(2820,'2024-10-20','Invoice Inventory: INV/882',0,NULL,0,0),(2821,'2024-10-20','Invoice: INV/883',0,NULL,0,0),(2822,'2024-10-20','Invoice Payment Received: INV/883',0,NULL,0,0),(2823,'2024-10-20','Invoice Inventory: INV/883',0,NULL,0,0),(2824,'2024-10-20','Invoice: INV/884',0,NULL,0,0),(2825,'2024-10-20','Invoice Payment Received: INV/884',0,NULL,0,0),(2826,'2024-10-20','Invoice Inventory: INV/884',0,NULL,0,0),(2827,'2024-10-20','Invoice: INV/885',0,NULL,0,0),(2828,'2024-10-20','Invoice Inventory: INV/885',0,NULL,0,0),(2829,'2024-10-20','Invoice Payment Received: INV/885',0,NULL,0,0),(2830,'2024-10-21','Invoice Payment Received: INV/395',0,NULL,0,1),(2831,'2024-10-20','Invoice: INV/886',0,NULL,0,0),(2832,'2024-10-20','Invoice Inventory: INV/886',0,NULL,0,0),(2833,'2024-10-20','Invoice Payment Received: INV/886',0,NULL,0,0),(2834,'2024-10-20','Invoice: INV/887',0,NULL,0,0),(2835,'2024-10-20','Invoice Payment Received: INV/887',0,NULL,0,0),(2836,'2024-10-20','Invoice Inventory: INV/887',0,NULL,0,0),(2837,'2024-11-01','Invoice Payment Received: INV/162',0,NULL,0,0),(2838,'2024-10-22','Invoice Payment Received: INV/393',0,NULL,0,1),(2839,'2024-10-20','Invoice: INV/888',0,NULL,0,0),(2840,'2024-10-20','Invoice Payment Received: INV/888',0,NULL,0,0),(2841,'2024-10-20','Invoice Inventory: INV/888',0,NULL,0,0),(2842,'2024-10-20','Invoice: INV/889',0,NULL,0,0),(2843,'2024-10-20','Invoice: INV/890',0,NULL,0,0),(2844,'2024-10-20','Invoice Inventory: INV/889',0,NULL,0,0),(2845,'2024-10-20','Invoice Payment Received: INV/890',0,NULL,0,0),(2846,'2024-10-20','Invoice Payment Received: INV/889',0,NULL,0,0),(2847,'2024-10-20','Invoice Inventory: INV/890',0,NULL,0,0),(2848,'2024-10-20','Invoice: INV/891',0,NULL,0,0),(2849,'2024-10-20','Invoice Payment Received: INV/891',0,NULL,0,0),(2850,'2024-10-20','Invoice Inventory: INV/891',0,NULL,0,0),(2851,'2024-10-20','Invoice: INV/892',0,NULL,0,0),(2852,'2024-10-20','Invoice Inventory: INV/892',0,NULL,0,0),(2853,'2024-10-20','Invoice Payment Received: INV/892',0,NULL,0,0),(2854,'2024-10-20','Invoice: INV/894',0,NULL,0,0),(2855,'2024-10-20','Invoice: INV/893',0,NULL,0,0),(2856,'2024-10-20','Invoice Inventory: INV/894',0,NULL,0,0),(2857,'2024-10-20','Invoice Payment Received: INV/893',0,NULL,0,0),(2858,'2024-10-20','Invoice Payment Received: INV/894',0,NULL,0,0),(2859,'2024-10-20','Invoice Inventory: INV/893',0,NULL,0,0),(2860,'2024-10-20','Invoice: INV/895',0,NULL,0,0),(2861,'2024-10-20','Invoice Inventory: INV/895',0,NULL,0,0),(2862,'2024-10-20','Invoice Payment Received: INV/895',0,NULL,0,0),(2863,'2024-10-20','Invoice: INV/896',0,NULL,0,0),(2864,'2024-10-20','Invoice Inventory: INV/896',0,NULL,0,0),(2865,'2024-10-20','Invoice: INV/897',0,NULL,0,0),(2866,'2024-10-20','Invoice Inventory: INV/897',0,NULL,0,0),(2867,'2024-10-20','Invoice Payment Received: INV/896',0,NULL,0,0),(2868,'2024-10-20','Invoice Payment Received: INV/897',0,NULL,0,0),(2869,'2024-10-20','Invoice: INV/898',0,NULL,0,0),(2870,'2024-10-20','Invoice Inventory: INV/898',0,NULL,0,0),(2871,'2024-10-20','Invoice Payment Received: INV/898',0,NULL,0,0),(2872,'2024-10-20','Invoice: INV/900',0,NULL,0,0),(2873,'2024-10-20','Invoice Inventory: INV/900',0,NULL,0,0),(2874,'2024-10-20','Invoice Payment Received: INV/900',0,NULL,0,0),(2875,'2024-10-20','Invoice: INV/901',0,NULL,0,0),(2876,'2024-10-20','Invoice Payment Received: INV/901',0,NULL,0,0),(2877,'2024-10-20','Invoice Inventory: INV/901',0,NULL,0,0),(2878,'2024-10-20','Invoice: INV/902',0,NULL,0,0),(2879,'2024-10-20','Invoice Inventory: INV/902',0,NULL,0,0),(2880,'2024-10-20','Invoice: INV/903',0,NULL,0,0),(2881,'2024-10-20','Invoice Payment Received: INV/902',0,NULL,0,0),(2882,'2024-10-20','Invoice Payment Received: INV/903',0,NULL,0,0),(2883,'2024-10-20','Invoice Inventory: INV/903',0,NULL,0,0),(2884,'2024-10-07','Invoice: INV/904',0,NULL,0,1),(2885,'2024-10-07','Invoice Inventory: INV/904',0,NULL,0,0),(2886,'2024-11-08','Invoice Payment Received: INV/904',0,NULL,0,0),(2887,'2024-09-29','Invoice: INV/905',0,NULL,0,1),(2888,'2024-10-07','Invoice: INV/904',0,NULL,0,0),(2889,'2024-10-25','Invoice Payment Received: INV/905',0,NULL,0,1),(2890,'2024-09-29','Invoice Inventory: INV/905',0,NULL,0,1),(2891,'2024-09-02','Invoice: INV/906',0,NULL,0,1),(2892,'2024-09-02','Invoice Inventory: INV/906',0,NULL,0,1),(2893,'2024-09-05','Invoice: INV/907',0,NULL,0,0),(2894,'2024-09-05','Invoice Inventory: INV/907',0,NULL,0,0),(2895,'2024-10-07','Invoice: INV/908',0,NULL,0,1),(2896,'2024-10-07','Invoice Inventory: INV/908',0,NULL,0,1),(2897,'2024-09-08','Invoice: INV/909',0,NULL,0,0),(2898,'2024-09-08','Invoice Inventory: INV/909',0,NULL,0,0),(2899,'2024-09-12','Invoice: INV/910',0,NULL,0,0),(2900,'2024-09-12','Invoice Inventory: INV/910',0,NULL,0,0),(2901,'2024-09-15','Invoice: INV/911',0,NULL,0,0),(2902,'2024-09-15','Invoice Inventory: INV/911',0,NULL,0,0),(2903,'2024-09-19','Invoice: INV/912',0,NULL,0,0),(2904,'2024-09-19','Invoice Inventory: INV/912',0,NULL,0,0),(2905,'2024-09-25','Invoice: INV/913',0,NULL,0,0),(2906,'2024-09-26','Invoice: INV/914',0,NULL,0,1),(2907,'2024-09-26','Invoice Inventory: INV/914',0,NULL,0,0),(2908,'2024-09-14','Invoice: INV/915',0,NULL,0,1),(2909,'2024-09-14','Invoice Inventory: INV/915',0,NULL,0,1),(2910,'2024-09-01','Invoice: INV/916',0,NULL,0,1),(2911,'2024-09-01','Invoice Inventory: INV/916',0,NULL,0,1),(2912,'2024-10-05','Invoice: INV/917',0,NULL,0,0),(2913,'2024-10-05','Invoice Inventory: INV/917',0,NULL,0,0),(2914,'2024-09-05','Invoice: INV/918',0,NULL,0,1),(2915,'2024-09-05','Invoice Inventory: INV/918',0,NULL,0,1),(2916,'2024-10-22','Invoice: INV/919',0,NULL,0,0),(2917,'2024-10-22','Invoice Inventory: INV/919',0,NULL,0,0),(2918,'2020-01-01','Purchase Order: PURCHASE ORDER #5',0,NULL,0,0),(2919,'2020-01-01','Invoice Shipment : INV/5',0,NULL,0,0),(2920,'2024-10-28','Automatic Purchase Payment: PURCHASE ORDER #5',0,NULL,0,0),(2921,'2024-08-28','Purchase Order: PURCHASE ORDER #28',0,NULL,0,0),(2922,'2024-08-28','Invoice Shipment : INV/28',0,NULL,0,0),(2923,'2024-11-15','Automatic Purchase Payment: PURCHASE ORDER #28',0,NULL,0,0),(2924,'2024-10-01','Cheque release: Received Payments PURCHASE ORDER #8',0,NULL,0,0),(2925,'2024-10-01','Cheque release: Received Payments PURCHASE ORDER #7',0,NULL,0,0),(2926,'2024-10-01','Cheque release: Received Payments PURCHASE ORDER #1',0,NULL,0,0),(2927,'2024-10-21','Invoice: INV/920',0,NULL,0,0),(2928,'2024-10-21','Invoice Inventory: INV/920',0,NULL,0,0),(2929,'2024-10-21','Invoice Payment Received: INV/920',0,NULL,0,0),(2930,'2024-10-21','Invoice: INV/921',0,NULL,0,1),(2931,'2024-10-21','Invoice Inventory: INV/921',0,NULL,0,0),(2932,'2024-10-21','Invoice: INV/922',0,NULL,0,0),(2933,'2024-10-21','Invoice Inventory: INV/922',0,NULL,0,0),(2934,'2024-10-01','Invoice: INV/923',0,NULL,0,0),(2935,'2024-10-01','Invoice Inventory: INV/923',0,NULL,0,0),(2936,'2024-10-01','Invoice Payment Received: INV/923',0,NULL,0,0),(2937,'2024-10-01','Invoice: INV/924',0,NULL,0,0),(2938,'2024-10-01','Invoice Inventory: INV/924',0,NULL,0,0),(2939,'2024-10-01','Invoice Payment Received: INV/924',0,NULL,0,0),(2940,'2024-10-21','Invoice Payment Received: INV/922',0,NULL,0,0),(2941,'2024-10-01','Invoice: INV/925',0,NULL,0,1),(2942,'2024-10-21','Invoice: INV/926',0,NULL,0,0),(2943,'2024-10-21','Invoice Inventory: INV/926',0,NULL,0,0),(2944,'2024-10-21','Invoice Payment Received: INV/926',0,NULL,0,0),(2945,'2024-10-01','Invoice: INV/927',0,NULL,0,0),(2946,'2024-10-01','Invoice Inventory: INV/927',0,NULL,0,0),(2947,'2024-10-01','Invoice Payment Received: INV/927',0,NULL,0,0),(2948,'2024-10-21','Invoice: INV/928',0,NULL,0,0),(2949,'2024-10-21','Invoice Inventory: INV/928',0,NULL,0,0),(2950,'2024-10-01','Invoice: INV/929',0,NULL,0,0),(2951,'2024-10-01','Invoice Inventory: INV/929',0,NULL,0,0),(2952,'2024-10-01','Invoice Payment Received: INV/929',0,NULL,0,0),(2953,'2024-10-21','Invoice Payment Received: INV/928',0,NULL,0,0),(2954,'2024-10-01','Invoice: INV/930',0,NULL,0,0),(2955,'2024-10-01','Invoice Payment Received: INV/930',0,NULL,0,0),(2956,'2024-10-01','Invoice Inventory: INV/930',0,NULL,0,0),(2957,'2024-10-21','Invoice: INV/931',0,NULL,0,0),(2958,'2024-10-21','Invoice Inventory: INV/931',0,NULL,0,0),(2959,'2024-10-21','Invoice Payment Received: INV/931',0,NULL,0,0),(2960,'2024-10-01','Invoice: INV/932',0,NULL,0,0),(2961,'2024-10-01','Invoice Inventory: INV/932',0,NULL,0,0),(2962,'2024-10-01','Invoice Payment Received: INV/932',0,NULL,0,0),(2963,'2024-10-01','Invoice: INV/933',0,NULL,0,0),(2964,'2024-10-21','Invoice: INV/934',0,NULL,0,0),(2965,'2024-10-21','Invoice Inventory: INV/934',0,NULL,0,0),(2966,'2024-10-21','Invoice Payment Received: INV/934',0,NULL,0,0),(2967,'2024-10-01','Invoice: INV/935',0,NULL,0,0),(2968,'2024-10-01','Invoice Inventory: INV/935',0,NULL,0,0),(2969,'2024-10-01','Invoice Payment Received: INV/935',0,NULL,0,0),(2970,'2024-10-21','Invoice: INV/936',0,NULL,0,0),(2971,'2024-10-21','Invoice Inventory: INV/936',0,NULL,0,0),(2972,'2024-10-21','Invoice Payment Received: INV/936',0,NULL,0,0),(2973,'2024-10-01','Invoice: INV/937',0,NULL,0,0),(2974,'2024-10-21','Invoice: INV/938',0,NULL,0,0),(2975,'2024-10-21','Invoice Inventory: INV/938',0,NULL,0,0),(2976,'2024-10-21','Invoice Payment Received: INV/938',0,NULL,0,0),(2977,'2024-10-21','Invoice: INV/939',0,NULL,0,0),(2978,'2024-10-21','Invoice Inventory: INV/939',0,NULL,0,0),(2979,'2024-10-01','Invoice: INV/940',0,NULL,0,0),(2980,'2024-10-21','Invoice Payment Received: INV/939',0,NULL,0,0),(2981,'2024-10-01','Invoice Payment Received: INV/940',0,NULL,0,0),(2982,'2024-10-01','Invoice Inventory: INV/940',0,NULL,0,0),(2983,'2024-10-21','Invoice: INV/941',0,NULL,0,0),(2984,'2024-10-21','Invoice Inventory: INV/941',0,NULL,0,0),(2985,'2024-10-21','Invoice Payment Received: INV/941',0,NULL,0,0),(2986,'2024-10-21','Invoice: INV/942',0,NULL,0,0),(2987,'2024-10-21','Invoice Inventory: INV/942',0,NULL,0,0),(2988,'2024-10-01','Invoice: INV/943',0,NULL,0,0),(2989,'2024-10-21','Invoice Payment Received: INV/942',0,NULL,0,0),(2990,'2024-10-01','Invoice Inventory: INV/943',0,NULL,0,0),(2991,'2024-10-01','Invoice Payment Received: INV/943',0,NULL,0,0),(2992,'2024-10-21','Invoice: INV/945',0,NULL,0,0),(2993,'2024-10-01','Invoice: INV/946',0,NULL,0,0),(2994,'2024-10-21','Invoice Inventory: INV/945',0,NULL,0,0),(2995,'2024-10-01','Invoice Inventory: INV/946',0,NULL,0,0),(2996,'2024-10-21','Invoice Payment Received: INV/945',0,NULL,0,0),(2997,'2024-10-01','Invoice Payment Received: INV/946',0,NULL,0,0),(2998,'2024-10-21','Invoice: INV/948',0,NULL,0,0),(2999,'2024-10-01','Invoice: INV/947',0,NULL,0,0),(3000,'2024-10-21','Invoice Inventory: INV/948',0,NULL,0,0),(3001,'2024-10-01','Invoice Inventory: INV/947',0,NULL,0,0),(3002,'2024-10-21','Invoice Payment Received: INV/948',0,NULL,0,0),(3003,'2024-10-01','Invoice Payment Received: INV/947',0,NULL,0,0),(3004,'2024-10-01','Invoice: INV/949',0,NULL,0,1),(3005,'2024-10-01','Invoice Inventory: INV/949',0,NULL,0,0),(3006,'2024-10-01','Invoice Payment Received: INV/949',0,NULL,0,1),(3007,'2024-10-21','Invoice: INV/950',0,NULL,0,0),(3008,'2024-10-21','Invoice Inventory: INV/950',0,NULL,0,0),(3009,'2024-10-21','Invoice Payment Received: INV/950',0,NULL,0,0),(3010,'2024-10-21','Invoice: INV/951',0,NULL,0,0),(3011,'2024-10-01','Invoice: INV/952',0,NULL,0,0),(3012,'2024-10-21','Invoice Inventory: INV/951',0,NULL,0,0),(3013,'2024-10-01','Invoice Inventory: INV/952',0,NULL,0,0),(3014,'2024-10-21','Invoice Payment Received: INV/951',0,NULL,0,0),(3015,'2024-10-01','Invoice Payment Received: INV/952',0,NULL,0,0),(3016,'2024-10-21','Invoice: INV/953',0,NULL,0,0),(3017,'2024-10-21','Invoice Inventory: INV/953',0,NULL,0,0),(3018,'2024-10-21','Invoice Payment Received: INV/953',0,NULL,0,0),(3019,'2024-10-01','Invoice: INV/954',0,NULL,0,0),(3020,'2024-10-01','Invoice Inventory: INV/954',0,NULL,0,0),(3021,'2024-10-01','Invoice Payment Received: INV/954',0,NULL,0,0),(3022,'2024-10-01','Invoice: INV/955',0,NULL,0,0),(3023,'2024-10-01','Invoice Inventory: INV/955',0,NULL,0,0),(3024,'2024-10-01','Invoice Payment Received: INV/955',0,NULL,0,0),(3025,'2024-10-21','Invoice: INV/956',0,NULL,0,0),(3026,'2024-10-21','Invoice Inventory: INV/956',0,NULL,0,0),(3027,'2024-10-21','Invoice Payment Received: INV/956',0,NULL,0,0),(3028,'2024-10-21','Invoice: INV/957',0,NULL,0,0),(3029,'2024-10-21','Invoice Inventory: INV/957',0,NULL,0,0),(3030,'2024-10-02','Invoice: INV/958',0,NULL,0,0),(3031,'2024-10-21','Invoice Payment Received: INV/957',0,NULL,0,0),(3032,'2024-10-02','Invoice Inventory: INV/958',0,NULL,0,0),(3033,'2024-10-02','Invoice Payment Received: INV/958',0,NULL,0,0),(3034,'2024-10-02','Invoice: INV/960',0,NULL,0,0),(3035,'2024-10-02','Invoice: INV/961',0,NULL,0,0),(3036,'2024-10-21','Invoice: INV/959',0,NULL,0,0),(3037,'2024-10-21','Invoice Inventory: INV/959',0,NULL,0,0),(3038,'2024-10-21','Invoice Payment Received: INV/959',0,NULL,0,0),(3039,'2024-10-02','Invoice: INV/962',0,NULL,0,0),(3040,'2024-10-02','Invoice Inventory: INV/962',0,NULL,0,0),(3041,'2024-10-02','Invoice Payment Received: INV/962',0,NULL,0,0),(3042,'2024-10-21','Invoice: INV/963',0,NULL,0,0),(3043,'2024-10-21','Invoice Inventory: INV/963',0,NULL,0,0),(3044,'2024-10-21','Invoice Payment Received: INV/963',0,NULL,0,0),(3045,'2024-10-02','Invoice: INV/964',0,NULL,0,0),(3046,'2024-10-02','Invoice Inventory: INV/964',0,NULL,0,0),(3047,'2024-10-02','Invoice Payment Received: INV/964',0,NULL,0,0),(3048,'2024-10-21','Invoice: INV/965',0,NULL,0,0),(3049,'2024-10-21','Invoice Inventory: INV/965',0,NULL,0,0),(3050,'2024-10-21','Invoice Payment Received: INV/965',0,NULL,0,0),(3051,'2024-10-02','Invoice: INV/966',0,NULL,0,0),(3052,'2024-10-21','Invoice: INV/967',0,NULL,0,0),(3053,'2024-10-21','Invoice Inventory: INV/967',0,NULL,0,0),(3054,'2024-10-21','Invoice Payment Received: INV/967',0,NULL,0,0),(3055,'2024-10-02','Invoice: INV/968',0,NULL,0,0),(3056,'2024-10-02','Invoice Inventory: INV/968',0,NULL,0,0),(3057,'2024-10-02','Invoice Payment Received: INV/968',0,NULL,0,0),(3058,'2024-10-02','Invoice: INV/969',0,NULL,0,0),(3059,'2024-10-02','Invoice Inventory: INV/969',0,NULL,0,0),(3060,'2024-10-21','Invoice: INV/970',0,NULL,0,0),(3061,'2024-10-21','Invoice Inventory: INV/970',0,NULL,0,0),(3062,'2024-10-02','Invoice Payment Received: INV/969',0,NULL,0,0),(3063,'2024-10-21','Invoice Payment Received: INV/970',0,NULL,0,0),(3064,'2024-10-02','Invoice: INV/971',0,NULL,0,0),(3065,'2024-10-02','Invoice Inventory: INV/971',0,NULL,0,0),(3066,'2024-10-21','Invoice: INV/972',0,NULL,0,1),(3067,'2024-10-02','Invoice Payment Received: INV/971',0,NULL,0,0),(3068,'2024-10-21','Invoice Inventory: INV/972',0,NULL,0,0),(3069,'2024-10-02','Invoice: INV/973',0,NULL,0,0),(3070,'2024-10-02','Invoice Inventory: INV/973',0,NULL,0,0),(3071,'2024-10-02','Invoice Payment Received: INV/973',0,NULL,0,0),(3072,'2024-10-21','Invoice: INV/921',0,NULL,0,0),(3073,'2024-10-21','Invoice Inventory: INV/921',0,NULL,0,0),(3074,'2024-10-21','Invoice Payment Received: INV/921',0,NULL,0,0),(3075,'2024-10-21','Invoice: INV/972',0,NULL,0,0),(3076,'2024-10-21','Invoice Payment Received: INV/972',0,NULL,0,0),(3077,'2024-10-02','Invoice: INV/974',0,NULL,0,0),(3078,'2024-10-02','Invoice Inventory: INV/974',0,NULL,0,0),(3079,'2024-10-02','Invoice Payment Received: INV/974',0,NULL,0,0),(3080,'2024-10-02','Invoice: INV/975',0,NULL,0,0),(3081,'2024-10-02','Invoice Inventory: INV/975',0,NULL,0,0),(3082,'2024-09-25','Invoice Inventory: INV/913',0,NULL,0,0),(3083,'2024-10-02','Invoice Payment Received: INV/975',0,NULL,0,0),(3084,'2024-10-21','Invoice: INV/976',0,NULL,0,0),(3085,'2024-10-21','Invoice Inventory: INV/976',0,NULL,0,0),(3086,'2024-10-21','Invoice Payment Received: INV/976',0,NULL,0,0),(3087,'2024-10-02','Invoice: INV/977',0,NULL,0,0),(3088,'2024-10-02','Invoice Inventory: INV/977',0,NULL,0,0),(3089,'2024-10-21','Invoice: INV/978',0,NULL,0,0),(3090,'2024-10-21','Invoice Inventory: INV/978',0,NULL,0,0),(3091,'2024-10-02','Invoice Payment Received: INV/977',0,NULL,0,0),(3092,'2024-10-21','Invoice Payment Received: INV/978',0,NULL,0,0),(3093,'2024-10-02','Invoice: INV/979',0,NULL,0,0),(3094,'2024-10-02','Invoice Inventory: INV/979',0,NULL,0,0),(3095,'2024-10-02','Invoice Payment Received: INV/979',0,NULL,0,0),(3096,'2024-10-02','Invoice: INV/981',0,NULL,0,0),(3097,'2024-10-21','Invoice: INV/980',0,NULL,0,0),(3098,'2024-10-02','Invoice Inventory: INV/981',0,NULL,0,0),(3099,'2024-10-21','Invoice Inventory: INV/980',0,NULL,0,0),(3100,'2024-10-02','Invoice Payment Received: INV/981',0,NULL,0,0),(3101,'2024-10-21','Invoice Payment Received: INV/980',0,NULL,0,0),(3102,'2024-10-02','Invoice: INV/982',0,NULL,0,0),(3103,'2024-10-02','Invoice Inventory: INV/982',0,NULL,0,0),(3104,'2024-10-02','Invoice Payment Received: INV/982',0,NULL,0,0),(3105,'2024-10-02','Invoice: INV/983',0,NULL,0,0),(3106,'2024-10-02','Invoice Inventory: INV/983',0,NULL,0,0),(3107,'2024-10-02','Invoice Payment Received: INV/983',0,NULL,0,0),(3108,'2024-10-21','Invoice: INV/984',0,NULL,0,0),(3109,'2024-10-02','Invoice: INV/985',0,NULL,0,1),(3110,'2024-10-02','Invoice Inventory: INV/985',0,NULL,0,1),(3111,'2024-10-21','Invoice Inventory: INV/984',0,NULL,0,0),(3112,'2024-10-02','Invoice Payment Received: INV/985',0,NULL,0,1),(3113,'2024-10-21','Invoice Payment Received: INV/984',0,NULL,0,0),(3114,'2024-10-02','Invoice: INV/986',0,NULL,0,0),(3115,'2024-10-02','Invoice Inventory: INV/986',0,NULL,0,0),(3116,'2024-10-02','Invoice Payment Received: INV/986',0,NULL,0,0),(3117,'2024-10-02','Invoice: INV/987',0,NULL,0,0),(3118,'2024-10-02','Invoice Inventory: INV/987',0,NULL,0,0),(3119,'2024-10-02','Invoice Payment Received: INV/987',0,NULL,0,0),(3120,'2024-10-03','Invoice: INV/988',0,NULL,0,0),(3121,'2024-10-03','Invoice Inventory: INV/988',0,NULL,0,0),(3122,'2024-10-03','Invoice Payment Received: INV/988',0,NULL,0,0),(3123,'2024-11-30','Invoice Payment Received: INV/383',0,NULL,0,0),(3124,'2024-10-03','Invoice: INV/989',0,NULL,0,0),(3125,'2024-10-03','Invoice Inventory: INV/989',0,NULL,0,0),(3126,'2024-10-03','Invoice Payment Received: INV/989',0,NULL,0,0),(3127,'2024-10-03','Invoice: INV/990',0,NULL,0,0),(3128,'2024-10-03','Invoice Inventory: INV/990',0,NULL,0,0),(3129,'2024-10-03','Invoice Payment Received: INV/990',0,NULL,0,0),(3130,'2024-10-03','Invoice: INV/991',0,NULL,0,1),(3131,'2024-10-03','Invoice Inventory: INV/991',0,NULL,0,1),(3132,'2024-10-03','Invoice Payment Received: INV/991',0,NULL,0,1),(3133,'2024-11-30','Invoice Payment Received: INV/633',0,NULL,0,1),(3134,'2024-11-30','Invoice Payment Received: INV/635',0,NULL,0,1),(3135,'2024-10-03','Invoice: INV/992',0,NULL,0,0),(3136,'2024-10-03','Invoice Inventory: INV/992',0,NULL,0,0),(3137,'2024-10-03','Invoice Payment Received: INV/992',0,NULL,0,0),(3138,'2024-11-30','Invoice Payment Received: INV/640',0,NULL,0,0),(3139,'2024-10-03','Invoice: INV/993',0,NULL,0,1),(3140,'2024-10-03','Invoice Inventory: INV/993',0,NULL,0,0),(3141,'2024-10-03','Invoice: INV/994',0,NULL,0,0),(3142,'2024-10-03','Invoice Inventory: INV/994',0,NULL,0,0),(3143,'2024-10-03','Invoice Payment Received: INV/994',0,NULL,0,0),(3144,'2024-10-03','Invoice: INV/995',0,NULL,0,0),(3145,'2024-10-03','Invoice Inventory: INV/995',0,NULL,0,0),(3146,'2024-10-03','Invoice Payment Received: INV/995',0,NULL,0,0),(3147,'2024-10-03','Invoice: INV/996',0,NULL,0,0),(3148,'2024-10-03','Invoice Inventory: INV/996',0,NULL,0,0),(3149,'2024-10-03','Invoice Payment Received: INV/996',0,NULL,0,0),(3150,'2024-10-03','Invoice: INV/997',0,NULL,0,0),(3151,'2024-10-03','Invoice Inventory: INV/997',0,NULL,0,0),(3152,'2024-10-03','Invoice Payment Received: INV/997',0,NULL,0,0),(3153,'2024-10-03','Invoice: INV/998',0,NULL,0,0),(3154,'2024-10-03','Invoice Inventory: INV/998',0,NULL,0,0),(3155,'2024-10-03','Invoice Payment Received: INV/998',0,NULL,0,0),(3156,'2024-10-03','Invoice: INV/999',0,NULL,0,0),(3157,'2024-10-03','Invoice Inventory: INV/999',0,NULL,0,0),(3158,'2024-10-03','Invoice Payment Received: INV/999',0,NULL,0,0),(3159,'2024-10-03','Invoice: INV/1000',0,NULL,0,0),(3160,'2024-10-03','Invoice Inventory: INV/1000',0,NULL,0,0),(3161,'2024-10-03','Invoice Payment Received: INV/1000',0,NULL,0,0),(3162,'2024-10-03','Invoice: INV/1001',0,NULL,0,0),(3163,'2024-10-03','Invoice Inventory: INV/1001',0,NULL,0,0),(3164,'2024-10-03','Invoice Payment Received: INV/1001',0,NULL,0,0),(3165,'2024-10-03','Invoice: INV/1002',0,NULL,0,0),(3166,'2024-10-03','Invoice Inventory: INV/1002',0,NULL,0,0),(3167,'2024-10-03','Invoice Payment Received: INV/1002',0,NULL,0,0),(3168,'2024-10-03','Invoice: INV/1003',0,NULL,0,0),(3169,'2024-10-03','Invoice Inventory: INV/1003',0,NULL,0,0),(3170,'2024-10-03','Invoice Payment Received: INV/1003',0,NULL,0,0),(3171,'2024-10-03','Invoice: INV/1004',0,NULL,0,0),(3172,'2024-10-03','Invoice Inventory: INV/1004',0,NULL,0,0),(3173,'2024-10-03','Invoice Payment Received: INV/1004',0,NULL,0,0),(3174,'2024-10-03','Invoice: INV/1005',0,NULL,0,0),(3175,'2024-10-03','Invoice Inventory: INV/1005',0,NULL,0,0),(3176,'2024-10-03','Invoice Payment Received: INV/1005',0,NULL,0,0),(3177,'2024-10-03','Invoice: INV/1006',0,NULL,0,0),(3178,'2024-10-03','Invoice Inventory: INV/1006',0,NULL,0,0),(3179,'2024-10-03','Invoice Payment Received: INV/1006',0,NULL,0,0),(3180,'2024-10-03','Invoice: INV/1007',0,NULL,0,0),(3181,'2024-10-03','Invoice Inventory: INV/1007',0,NULL,0,0),(3182,'2024-10-03','Invoice Payment Received: INV/1007',0,NULL,0,0),(3183,'2024-10-03','Invoice: INV/1008',0,NULL,0,0),(3184,'2024-10-03','Invoice Inventory: INV/1008',0,NULL,0,0),(3185,'2024-10-03','Invoice Payment Received: INV/1008',0,NULL,0,0),(3186,'2024-10-03','Invoice: INV/1009',0,NULL,0,1),(3187,'2024-10-03','Invoice Inventory: INV/1009',0,NULL,0,0),(3188,'2024-10-03','Invoice Payment Received: INV/1009',0,NULL,0,0),(3189,'2024-11-30','Invoice Payment Received: INV/411',0,NULL,0,0),(3190,'2024-10-03','Invoice: INV/1010',0,NULL,0,0),(3191,'2024-10-03','Invoice Inventory: INV/1010',0,NULL,0,0),(3192,'2024-10-03','Invoice Payment Received: INV/1010',0,NULL,0,0),(3193,'2024-10-03','Invoice: INV/1011',0,NULL,0,0),(3194,'2024-10-03','Invoice Inventory: INV/1011',0,NULL,0,0),(3195,'2024-10-03','Invoice Payment Received: INV/1011',0,NULL,0,0),(3196,'2024-10-03','Invoice: INV/1012',0,NULL,0,0),(3197,'2024-10-03','Invoice Inventory: INV/1012',0,NULL,0,0),(3198,'2024-10-03','Invoice Payment Received: INV/1012',0,NULL,0,0),(3199,'2024-10-03','Invoice: INV/1013',0,NULL,0,0),(3200,'2024-10-03','Invoice Inventory: INV/1013',0,NULL,0,0),(3201,'2024-10-03','Invoice Payment Received: INV/1013',0,NULL,0,0),(3202,'2024-10-03','Invoice: INV/1014',0,NULL,0,0),(3203,'2024-10-03','Invoice Inventory: INV/1014',0,NULL,0,0),(3204,'2024-10-03','Invoice Payment Received: INV/1014',0,NULL,0,0),(3205,'2024-10-03','Invoice: INV/1015',0,NULL,0,0),(3206,'2024-10-03','Invoice Inventory: INV/1015',0,NULL,0,0),(3207,'2024-10-03','Invoice Payment Received: INV/1015',0,NULL,0,0),(3208,'2024-10-03','Invoice: INV/1016',0,NULL,0,0),(3209,'2024-10-03','Invoice Inventory: INV/1016',0,NULL,0,0),(3210,'2024-10-03','Invoice Payment Received: INV/1016',0,NULL,0,0),(3211,'2024-11-30','Invoice Payment Received: INV/639',0,NULL,0,1),(3212,'2024-11-30','Invoice Payment Received: INV/641',0,NULL,0,0),(3213,'2024-11-30','Invoice Payment Received: INV/636',0,NULL,0,0),(3214,'2024-11-30','Invoice Payment Received: INV/429',0,NULL,0,0),(3215,'2024-11-30','Invoice Payment Received: INV/610',0,NULL,0,0),(3216,'2024-10-08','Invoice: INV/314',0,NULL,0,0),(3217,'2024-10-20','Invoice: INV/899',0,NULL,0,0),(3218,'2024-10-20','Invoice Inventory: INV/899',0,NULL,0,0),(3219,'2024-10-20','Invoice Payment Received: INV/899',0,NULL,0,0),(3220,'2024-11-30','Invoice Payment Received: INV/642',0,NULL,0,1),(3221,'2024-11-30','Invoice Payment Received: INV/643',0,NULL,0,1),(3222,'2024-11-30','Invoice Payment Received: INV/591',0,NULL,0,1),(3223,'2024-11-30','Invoice Payment Received: INV/602',0,NULL,0,1),(3224,'2024-11-30','Invoice Payment Received: INV/647',0,NULL,0,1),(3225,'2024-11-30','Invoice Payment Received: INV/645',0,NULL,0,0),(3226,'2024-11-30','Invoice Payment Received: INV/638',0,NULL,0,0),(3227,'2024-11-30','Invoice Payment Received: INV/389',0,NULL,0,0),(3228,'2024-11-30','Invoice Payment Received: INV/599',0,NULL,0,0),(3229,'2024-09-07','Invoice: INV/1017',0,NULL,0,1),(3230,'2024-09-07','Invoice: INV/1017',0,NULL,0,1),(3231,'2024-09-07','Invoice Inventory: INV/1017',0,NULL,0,1),(3232,'2024-10-21','Invoice: INV/1018',0,NULL,0,0),(3233,'2024-10-21','Invoice Payment Received: INV/1018',0,NULL,0,0),(3234,'2024-10-21','Invoice Inventory: INV/1018',0,NULL,0,0),(3235,'2024-10-21','Invoice: INV/1019',0,NULL,0,0),(3236,'2024-10-21','Invoice Inventory: INV/1019',0,NULL,0,0),(3237,'2024-10-21','Invoice: INV/1020',0,NULL,0,0),(3238,'2024-10-21','Invoice Inventory: INV/1020',0,NULL,0,0),(3239,'2024-10-21','Invoice: INV/1021',0,NULL,0,0),(3240,'2024-10-21','Invoice Inventory: INV/1021',0,NULL,0,0),(3241,'2024-10-21','Invoice: INV/1022',0,NULL,0,0),(3242,'2024-10-21','Invoice Inventory: INV/1022',0,NULL,0,0),(3243,'2024-10-21','Invoice: INV/1023',0,NULL,0,0),(3244,'2024-10-21','Invoice Inventory: INV/1023',0,NULL,0,0),(3245,'2024-10-21','Invoice: INV/1024',0,NULL,0,0),(3246,'2024-10-21','Invoice Inventory: INV/1024',0,NULL,0,0),(3247,'2024-10-22','Invoice: INV/1025',0,NULL,0,0),(3248,'2024-10-22','Invoice Inventory: INV/1025',0,NULL,0,0),(3249,'2024-10-22','Invoice: INV/1026',0,NULL,0,0),(3250,'2024-10-22','Invoice Inventory: INV/1026',0,NULL,0,0),(3251,'2024-10-22','Invoice: INV/1027',0,NULL,0,0),(3252,'2024-10-22','Invoice Inventory: INV/1027',0,NULL,0,0),(3253,'2024-10-22','Invoice: INV/1028',0,NULL,0,0),(3254,'2024-10-22','Invoice Inventory: INV/1028',0,NULL,0,0),(3255,'2024-10-22','Invoice: INV/1029',0,NULL,0,0),(3256,'2024-10-22','Invoice Inventory: INV/1029',0,NULL,0,0),(3257,'2024-10-22','Invoice: INV/1030',0,NULL,0,0),(3258,'2024-10-22','Invoice Inventory: INV/1030',0,NULL,0,0),(3259,'2024-10-22','Invoice: INV/1031',0,NULL,0,0),(3260,'2024-10-22','Invoice Inventory: INV/1031',0,NULL,0,0),(3261,'2024-10-22','Invoice: INV/1032',0,NULL,0,0),(3262,'2024-10-22','Invoice Inventory: INV/1032',0,NULL,0,0),(3263,'2024-10-22','Invoice: INV/1033',0,NULL,0,0),(3264,'2024-10-22','Invoice Inventory: INV/1033',0,NULL,0,0),(3265,'2024-10-22','Invoice: INV/1034',0,NULL,0,0),(3266,'2024-10-22','Invoice Inventory: INV/1034',0,NULL,0,0),(3267,'2024-10-22','Invoice: INV/1035',0,NULL,0,0),(3268,'2024-10-22','Invoice Inventory: INV/1035',0,NULL,0,0),(3269,'2024-10-22','Invoice: INV/1036',0,NULL,0,0),(3270,'2024-10-22','Invoice Inventory: INV/1036',0,NULL,0,0),(3271,'2024-10-22','Invoice: INV/1037',0,NULL,0,0),(3272,'2024-10-22','Invoice Inventory: INV/1037',0,NULL,0,0),(3273,'2024-10-22','Invoice: INV/1038',0,NULL,0,0),(3274,'2024-10-22','Invoice Payment Received: INV/1033',0,NULL,0,0),(3275,'2024-10-22','Invoice Payment Received: INV/1034',0,NULL,0,0),(3276,'2024-10-22','Invoice Payment Received: INV/1025',0,NULL,0,0),(3277,'2024-10-22','Invoice Payment Received: INV/1026',0,NULL,0,0),(3278,'2024-10-22','Invoice Payment Received: INV/1027',0,NULL,0,0),(3279,'2024-10-22','Invoice Payment Received: INV/1028',0,NULL,0,0),(3280,'2024-10-22','Invoice Payment Received: INV/1029',0,NULL,0,0),(3281,'2024-10-22','Invoice Payment Received: INV/1030',0,NULL,0,0),(3282,'2024-10-22','Invoice Payment Received: INV/1031',0,NULL,0,0),(3283,'2024-10-22','Invoice Payment Received: INV/1032',0,NULL,0,0),(3284,'2024-10-22','Invoice Payment Received: INV/1035',0,NULL,0,0),(3285,'2024-10-22','Invoice Payment Received: INV/1036',0,NULL,0,0),(3286,'2024-10-22','Invoice Payment Received: INV/1037',0,NULL,0,0),(3287,'2024-10-22','Invoice: INV/1039',0,NULL,0,0),(3288,'2024-10-22','Invoice Inventory: INV/1039',0,NULL,0,0),(3289,'2024-10-22','Invoice: INV/1040',0,NULL,0,0),(3290,'2024-10-22','Invoice Inventory: INV/1040',0,NULL,0,0),(3291,'2024-10-22','Invoice: INV/1041',0,NULL,0,0),(3292,'2024-10-22','Invoice Inventory: INV/1041',0,NULL,0,0),(3293,'2024-10-22','Invoice: INV/1042',0,NULL,0,0),(3294,'2024-10-22','Invoice Inventory: INV/1042',0,NULL,0,0),(3295,'2024-10-22','Invoice Payment Received: INV/1041',0,NULL,0,0),(3296,'2024-10-22','Invoice: INV/1043',0,NULL,0,0),(3297,'2024-10-22','Invoice Inventory: INV/1043',0,NULL,0,0),(3298,'2024-10-22','Invoice Payment Received: INV/1043',0,NULL,0,0),(3299,'2024-10-22','Invoice: INV/1044',0,NULL,0,0),(3300,'2024-10-22','Invoice Inventory: INV/1044',0,NULL,0,0),(3301,'2024-10-22','Invoice Payment Received: INV/1044',0,NULL,0,0),(3302,'2024-10-22','Invoice: INV/1045',0,NULL,0,0),(3303,'2024-10-22','Invoice Inventory: INV/1045',0,NULL,0,0),(3304,'2024-10-22','Invoice Payment Received: INV/1045',0,NULL,0,0),(3305,'2024-10-22','Invoice: INV/1046',0,NULL,0,0),(3306,'2024-10-22','Invoice Inventory: INV/1046',0,NULL,0,0),(3307,'2024-10-22','Invoice Payment Received: INV/1046',0,NULL,0,0),(3308,'2024-10-22','Invoice: INV/1047',0,NULL,0,0),(3309,'2024-10-22','Invoice Inventory: INV/1047',0,NULL,0,0),(3310,'2024-10-22','Invoice Payment Received: INV/1047',0,NULL,0,0),(3311,'2024-10-23','Purchase Order: PURCHASE ORDER #29',0,NULL,0,0),(3312,'2024-10-23','Purchase Order: PURCHASE ORDER #30',0,NULL,0,0),(3313,'2024-10-22','Invoice Inventory: INV/1038',0,NULL,0,0),(3314,'2024-10-22','Invoice Payment Received: INV/1038',0,NULL,0,0),(3315,'2024-09-25','Invoice: INV/1048',0,NULL,0,1),(3316,'2024-09-25','Invoice Inventory: INV/1048',0,NULL,0,1),(3317,'2024-10-16','Invoice Payment Received: INV/320',0,NULL,0,0),(3318,'2024-10-15','Invoice Payment Received: INV/916',0,NULL,0,1),(3319,'2024-10-15','Invoice Payment Received: INV/918',0,NULL,0,0),(3320,'2024-10-15','Invoice Payment Received: INV/915',0,NULL,0,0),(3321,'2024-11-15','Invoice Payment Received: INV/849',0,NULL,0,0),(3322,'2024-10-23','Invoice Shipment : INV/30',0,NULL,0,0),(3323,'2024-12-31','Automatic Purchase Payment: PURCHASE ORDER #30',0,NULL,0,1),(3324,'2024-12-31','Automatic Purchase Payment: PURCHASE ORDER #30',0,NULL,0,1),(3325,'2024-12-31','Automatic Purchase Payment: PURCHASE ORDER #30',0,NULL,0,0),(3326,'2024-09-25','Invoice: INV/1048',0,NULL,0,1),(3327,'2024-10-21','Invoice Payment Received: INV/1048',0,NULL,0,1),(3328,'2024-10-21','Invoice Payment Received: INV/739',0,NULL,0,0),(3329,'2024-10-23','Invoice: INV/1049',0,NULL,0,1),(3330,'2024-10-23','Invoice: INV/1050',0,NULL,0,0),(3331,'2024-10-23','Invoice Inventory: INV/1050',0,NULL,0,0),(3332,'2024-10-23','Invoice: INV/1051',0,NULL,0,0),(3333,'2024-10-23','Invoice Inventory: INV/1051',0,NULL,0,0),(3334,'2024-10-23','Invoice: INV/1052',0,NULL,0,0),(3335,'2024-10-23','Invoice Inventory: INV/1052',0,NULL,0,0),(3336,'2024-10-23','Invoice: INV/1053',0,NULL,0,0),(3337,'2024-10-23','Invoice Inventory: INV/1053',0,NULL,0,0),(3338,'2024-10-23','Invoice: INV/1054',0,NULL,0,0),(3339,'2024-10-23','Invoice Inventory: INV/1054',0,NULL,0,0),(3340,'2024-10-23','Invoice: INV/1055',0,NULL,0,0),(3341,'2024-10-23','Invoice Inventory: INV/1055',0,NULL,0,0),(3342,'2024-10-23','Invoice: INV/1056',0,NULL,0,0),(3343,'2024-10-23','Invoice Inventory: INV/1056',0,NULL,0,0),(3344,'2024-10-23','Invoice: INV/1057',0,NULL,0,0),(3345,'2024-10-23','Invoice Inventory: INV/1057',0,NULL,0,0),(3346,'2024-10-23','Invoice Payment Received: INV/1057',0,NULL,0,0),(3347,'2024-10-23','Invoice: INV/1058',0,NULL,0,0),(3348,'2024-10-23','Invoice Inventory: INV/1058',0,NULL,0,0),(3349,'2024-10-23','Invoice Payment Received: INV/1058',0,NULL,0,0),(3350,'2024-10-23','Invoice: INV/1059',0,NULL,0,0),(3351,'2024-10-23','Invoice Inventory: INV/1059',0,NULL,0,0),(3352,'2024-10-23','Invoice Payment Received: INV/1059',0,NULL,0,0),(3353,'2024-10-23','Invoice: INV/1060',0,NULL,0,0),(3354,'2024-10-23','Invoice Inventory: INV/1060',0,NULL,0,0),(3355,'2024-10-23','Invoice Payment Received: INV/1060',0,NULL,0,0),(3356,'2024-10-23','Invoice: INV/1061',0,NULL,0,0),(3357,'2024-10-23','Invoice Inventory: INV/1061',0,NULL,0,0),(3358,'2024-10-23','Invoice Payment Received: INV/1061',0,NULL,0,0),(3359,'2024-10-21','Invoice: INV/1062',0,NULL,0,0),(3360,'2024-10-21','Invoice Inventory: INV/1062',0,NULL,0,0),(3361,'2024-10-23','Invoice: INV/1063',0,NULL,0,1),(3362,'2024-10-23','Invoice Inventory: INV/1063',0,NULL,0,1),(3363,'2024-10-23','Invoice Payment Received: INV/1063',0,NULL,0,1),(3364,'2024-10-23','Invoice: INV/1064',0,NULL,0,0),(3365,'2024-10-23','Invoice Inventory: INV/1064',0,NULL,0,0),(3366,'2024-10-07','Invoice: INV/1065',0,NULL,0,0),(3367,'2024-10-23','Invoice Payment Received: INV/1064',0,NULL,0,0),(3368,'2024-10-07','Invoice Inventory: INV/1065',0,NULL,0,0),(3369,'2024-10-23','Invoice: INV/1066',0,NULL,0,0),(3370,'2024-10-23','Invoice Inventory: INV/1066',0,NULL,0,0),(3371,'2024-10-23','Invoice Payment Received: INV/1066',0,NULL,0,0),(3372,'2024-10-09','Invoice: INV/1067',0,NULL,0,0),(3373,'2024-10-23','Invoice: INV/1068',0,NULL,0,0),(3374,'2024-10-23','Invoice Inventory: INV/1068',0,NULL,0,0),(3375,'2024-10-09','Invoice Payment Received: INV/1067',0,NULL,0,0),(3376,'2024-10-23','Invoice Payment Received: INV/1068',0,NULL,0,0),(3377,'2024-10-09','Invoice Inventory: INV/1067',0,NULL,0,0),(3378,'2024-10-09','Invoice: INV/1069',0,NULL,0,0),(3379,'2024-10-09','Invoice Inventory: INV/1069',0,NULL,0,0),(3380,'2024-10-23','Invoice: INV/1070',0,NULL,0,0),(3381,'2024-10-23','Invoice Inventory: INV/1070',0,NULL,0,0),(3382,'2024-10-23','Invoice Payment Received: INV/1070',0,NULL,0,0),(3383,'2024-10-24','Invoice Payment Received: INV/262',0,NULL,0,0),(3384,'2024-10-07','Invoice: INV/1071',0,NULL,0,0),(3385,'2024-10-07','Invoice Inventory: INV/1071',0,NULL,0,0),(3386,'2024-10-23','Invoice: INV/1073',0,NULL,0,0),(3387,'2024-10-23','Invoice Inventory: INV/1073',0,NULL,0,0),(3388,'2024-10-23','Invoice Payment Received: INV/1073',0,NULL,0,0),(3389,'2024-10-20','Invoice: INV/1074',0,NULL,0,0),(3390,'2024-10-24','Invoice: INV/1072',0,NULL,0,0),(3391,'2024-10-20','Invoice Inventory: INV/1074',0,NULL,0,0),(3392,'2024-10-20','Invoice Inventory: INV/1074',0,NULL,0,0),(3393,'2024-10-24','Invoice Inventory: INV/1072',0,NULL,0,0),(3394,'2024-10-19','Invoice: INV/1075',0,NULL,0,0),(3395,'2024-10-23','Invoice: INV/1076',0,NULL,0,0),(3396,'2024-10-19','Invoice Inventory: INV/1075',0,NULL,0,0),(3397,'2024-10-23','Invoice Inventory: INV/1076',0,NULL,0,0),(3398,'2024-10-23','Invoice Payment Received: INV/1076',0,NULL,0,0),(3399,'2024-10-17','Invoice: INV/1077',0,NULL,0,0),(3400,'2024-10-17','Invoice Inventory: INV/1077',0,NULL,0,0),(3401,'2024-10-22','Invoice: INV/1078',0,NULL,0,0),(3402,'2024-10-22','Invoice Inventory: INV/1078',0,NULL,0,0),(3403,'2024-10-22','Invoice: INV/1079',0,NULL,0,0),(3404,'2024-10-22','Invoice Inventory: INV/1079',0,NULL,0,0),(3405,'2024-10-23','Invoice: INV/1080',0,NULL,0,0),(3406,'2024-10-23','Invoice Inventory: INV/1080',0,NULL,0,0),(3407,'2024-10-23','Invoice Payment Received: INV/1080',0,NULL,0,0),(3408,'2024-10-23','Invoice: INV/1081',0,NULL,0,1),(3409,'2024-10-23','Invoice Inventory: INV/1081',0,NULL,0,1),(3410,'2024-10-23','Invoice Payment Received: INV/1081',0,NULL,0,1),(3411,'2024-10-25','Invoice: INV/1049',0,NULL,0,0),(3412,'2024-10-23','Invoice: INV/1082',0,NULL,0,0),(3413,'2024-10-23','Invoice Inventory: INV/1082',0,NULL,0,0),(3414,'2024-10-23','Invoice Payment Received: INV/1082',0,NULL,0,0),(3415,'2024-10-23','Invoice: INV/1083',0,NULL,0,0),(3416,'2024-10-23','Invoice Inventory: INV/1083',0,NULL,0,0),(3417,'2024-10-23','Invoice Payment Received: INV/1083',0,NULL,0,0),(3418,'2024-10-23','Invoice: INV/1084',0,NULL,0,0),(3419,'2024-10-23','Invoice Inventory: INV/1084',0,NULL,0,0),(3420,'2024-10-23','Invoice Payment Received: INV/1084',0,NULL,0,0),(3421,'2024-10-23','Invoice Payment Received: INV/805',0,NULL,0,0),(3422,'2024-10-15','Invoice Payment Received: INV/740',0,NULL,0,0),(3423,'2024-10-23','Invoice Payment Received: INV/860',0,NULL,0,0),(3424,'2024-10-23','Invoice Payment Received: INV/867',0,NULL,0,0),(3425,'2024-10-08','Invoice: INV/1085',0,NULL,0,0),(3426,'2024-10-02','Invoice Payment Received: INV/1085',0,NULL,0,0),(3427,'2024-10-02','Invoice Payment Received: INV/1085',0,NULL,0,0),(3428,'2024-10-08','Invoice Inventory: INV/1085',0,NULL,0,0),(3429,'2024-10-02','Invoice: INV/1086',0,NULL,0,0),(3430,'2024-10-02','Invoice Inventory: INV/1086',0,NULL,0,0),(3431,'2024-10-02','Invoice Payment Received: INV/1086',0,NULL,0,0),(3432,'2024-10-23','Invoice: INV/1087',0,NULL,0,0),(3433,'2024-10-23','Invoice Inventory: INV/1087',0,NULL,0,0),(3434,'2024-10-23','Invoice Payment Received: INV/1087',0,NULL,0,0),(3435,'2024-09-24','Invoice: INV/1088',0,NULL,0,0),(3436,'2024-09-24','Invoice Payment Received: INV/1088',0,NULL,0,0),(3437,'2024-09-24','Invoice Inventory: INV/1088',0,NULL,0,0),(3438,'2024-10-23','Invoice: INV/1089',0,NULL,0,0),(3439,'2024-10-22','Invoice Payment Received: INV/499',0,NULL,0,0),(3440,'2024-10-23','Invoice Inventory: INV/1089',0,NULL,0,0),(3441,'2024-10-23','Invoice Payment Received: INV/1089',0,NULL,0,0),(3442,'2024-10-17','Invoice Payment Received: INV/727',0,NULL,0,0),(3443,'2024-10-22','Invoice Payment Received: INV/14',0,NULL,0,0),(3444,'2024-10-23','Invoice: INV/1090',0,NULL,0,0),(3445,'2024-10-22','Invoice: INV/1091',0,NULL,0,0),(3446,'2024-10-23','Invoice Inventory: INV/1090',0,NULL,0,0),(3447,'2024-10-22','Invoice Payment Received: INV/1091',0,NULL,0,0),(3448,'2024-10-22','Invoice Inventory: INV/1091',0,NULL,0,0),(3449,'2024-10-23','Invoice Payment Received: INV/1090',0,NULL,0,0),(3450,'2024-10-20','Invoice Payment Received: INV/728',0,NULL,0,0),(3451,'2024-10-23','Invoice: INV/1092',0,NULL,0,0),(3452,'2024-10-23','Invoice Inventory: INV/1092',0,NULL,0,0),(3453,'2024-10-23','Invoice Payment Received: INV/1092',0,NULL,0,0),(3454,'2024-10-23','Invoice: INV/1093',0,NULL,0,0),(3455,'2024-10-23','Invoice Inventory: INV/1093',0,NULL,0,0),(3456,'2024-10-23','Invoice Payment Received: INV/1093',0,NULL,0,0),(3457,'2024-10-23','Invoice: INV/1094',0,NULL,0,0),(3458,'2024-10-23','Invoice Inventory: INV/1094',0,NULL,0,0),(3459,'2024-10-23','Invoice Payment Received: INV/1094',0,NULL,0,0),(3460,'2024-10-23','Invoice: INV/1095',0,NULL,0,0),(3461,'2024-10-23','Invoice Inventory: INV/1095',0,NULL,0,0),(3462,'2024-10-23','Invoice Payment Received: INV/1095',0,NULL,0,0),(3463,'2024-10-23','Invoice: INV/1096',0,NULL,0,0),(3464,'2024-10-23','Invoice Inventory: INV/1096',0,NULL,0,0),(3465,'2024-10-23','Invoice Payment Received: INV/1096',0,NULL,0,0),(3466,'2024-10-23','Invoice: INV/1097',0,NULL,0,0),(3467,'2024-10-23','Invoice Inventory: INV/1097',0,NULL,0,0),(3468,'2024-10-23','Invoice Payment Received: INV/1097',0,NULL,0,0),(3469,'2024-10-23','Invoice: INV/1098',0,NULL,0,0),(3470,'2024-10-23','Invoice Inventory: INV/1098',0,NULL,0,0),(3471,'2024-10-23','Invoice Payment Received: INV/1098',0,NULL,0,0),(3472,'2024-10-23','Invoice: INV/1099',0,NULL,0,0),(3473,'2024-10-23','Invoice Inventory: INV/1099',0,NULL,0,0),(3474,'2024-10-23','Invoice Payment Received: INV/1099',0,NULL,0,0),(3475,'2024-10-23','Invoice: INV/1100',0,NULL,0,0),(3476,'2024-10-23','Invoice Inventory: INV/1100',0,NULL,0,0),(3477,'2024-10-23','Invoice Payment Received: INV/1100',0,NULL,0,0),(3478,'2024-10-23','Invoice: INV/1101',0,NULL,0,0),(3479,'2024-10-23','Invoice Inventory: INV/1101',0,NULL,0,0),(3480,'2024-10-23','Invoice Payment Received: INV/1101',0,NULL,0,0),(3481,'2024-10-23','Invoice: INV/1102',0,NULL,0,0),(3482,'2024-10-23','Invoice Inventory: INV/1102',0,NULL,0,0),(3483,'2024-10-23','Invoice Payment Received: INV/1102',0,NULL,0,0),(3484,'2024-10-23','Invoice: INV/1103',0,NULL,0,0),(3485,'2024-10-23','Invoice Inventory: INV/1103',0,NULL,0,0),(3486,'2024-10-23','Invoice Payment Received: INV/1103',0,NULL,0,0),(3487,'2024-10-23','Invoice: INV/1104',0,NULL,0,0),(3488,'2024-10-23','Invoice Inventory: INV/1104',0,NULL,0,0),(3489,'2024-10-23','Invoice Payment Received: INV/1104',0,NULL,0,0),(3490,'2024-10-23','Invoice: INV/1105',0,NULL,0,0),(3491,'2024-10-23','Invoice Inventory: INV/1105',0,NULL,0,0),(3492,'2024-10-23','Invoice Payment Received: INV/1105',0,NULL,0,0),(3493,'2024-10-23','Invoice: INV/1106',0,NULL,0,0),(3494,'2024-10-23','Invoice Inventory: INV/1106',0,NULL,0,0),(3495,'2024-10-23','Invoice Payment Received: INV/1106',0,NULL,0,0),(3496,'2024-10-23','Invoice: INV/1107',0,NULL,0,0),(3497,'2024-10-23','Invoice Inventory: INV/1107',0,NULL,0,0),(3498,'2024-10-23','Invoice Payment Received: INV/1107',0,NULL,0,0),(3499,'2024-10-23','Invoice: INV/1108',0,NULL,0,0),(3500,'2024-10-23','Invoice Inventory: INV/1108',0,NULL,0,0),(3501,'2024-10-23','Invoice Payment Received: INV/1108',0,NULL,0,0),(3502,'2024-10-23','Invoice: INV/1109',0,NULL,0,0),(3503,'2024-10-23','Invoice Inventory: INV/1109',0,NULL,0,0),(3504,'2024-10-23','Invoice Payment Received: INV/1109',0,NULL,0,0),(3505,'2024-10-23','Invoice: INV/1110',0,NULL,0,0),(3506,'2024-10-23','Invoice Inventory: INV/1110',0,NULL,0,0),(3507,'2024-10-23','Invoice Payment Received: INV/1110',0,NULL,0,0),(3508,'2024-10-23','Invoice: INV/1112',0,NULL,0,0),(3509,'2024-10-23','Invoice Inventory: INV/1112',0,NULL,0,0),(3510,'2024-10-23','Invoice Payment Received: INV/1112',0,NULL,0,0),(3511,'2024-10-07','Invoice: INV/1111',0,NULL,0,0),(3512,'2024-10-07','Invoice Payment Received: INV/1111',0,NULL,0,0),(3513,'2024-10-07','Invoice Inventory: INV/1111',0,NULL,0,0),(3514,'2024-10-25','Invoice Inventory: INV/1049',0,NULL,0,0),(3515,'2024-10-25','Invoice Payment Received: INV/1049',0,NULL,0,0),(3516,'2024-10-24','Invoice Payment Received: INV/691',0,NULL,0,0),(3517,'2024-10-09','Cheque Release: Expense',0,NULL,0,1),(3518,'2024-10-01','Cheque release: Received Payments PURCHASE ORDER #2',0,NULL,0,0),(3519,'2024-12-26','Cheque release: Received Payments PURCHASE ORDER #17',0,NULL,0,0),(3520,'2024-12-31','Cheque release: Received Payments PURCHASE ORDER #20',0,NULL,0,1),(3521,'2024-12-26','Cheque release: Received Payments PURCHASE ORDER #17',0,NULL,0,1),(3522,'2024-12-26','Automatic Purchase Payment: PURCHASE ORDER #17',0,NULL,0,0),(3523,'2024-12-31','Automatic Purchase Payment: PURCHASE ORDER #20',0,NULL,0,0),(3524,'2024-10-01','Cheque release: Received Payments PURCHASE ORDER #3',0,NULL,0,0),(3525,'2024-10-01','Cheque release: Received Payments PURCHASE ORDER #2',0,NULL,0,0),(3526,'2024-10-01','Cheque collection: Received Payments INV/1',0,NULL,0,0),(3527,'2024-10-01','Cheque collection: Received Payments INV/1',0,NULL,0,0),(3528,'2024-10-01','Cheque collection: Received Payments INV/1',0,NULL,0,0),(3529,'2024-10-01','Cheque collection: Received Payments INV/1',0,NULL,0,0),(3530,'2024-10-15','Cheque collection: Received Payments INV/915',0,NULL,0,0),(3531,'2024-10-15','Cheque collection: Received Payments INV/918',0,NULL,0,0),(3532,'2024-10-15','Cheque collection: Received Payments INV/915',0,NULL,0,0),(3533,'2024-10-15','Cheque collection: Received Payments INV/916',0,NULL,0,1),(3534,'2024-11-30','Cheque collection: Received Payments INV/638',0,NULL,0,0),(3535,'2024-10-24','Invoice: INV/1113',0,NULL,0,0),(3536,'2024-10-24','Invoice Inventory: INV/1113',0,NULL,0,0),(3537,'2024-10-24','Invoice Payment Received: INV/1113',0,NULL,0,0),(3538,'2024-10-24','Invoice: INV/1114',0,NULL,0,0),(3539,'2024-10-24','Invoice Inventory: INV/1114',0,NULL,0,0),(3540,'2024-10-24','Invoice Payment Received: INV/1114',0,NULL,0,0),(3541,'2024-10-24','Invoice: INV/1115',0,NULL,0,0),(3542,'2024-10-24','Invoice Inventory: INV/1115',0,NULL,0,1),(3543,'2024-10-24','Invoice Payment Received: INV/1115',0,NULL,0,0),(3544,'2024-10-26','Invoice: INV/1116',0,NULL,0,0),(3545,'2024-10-26','Invoice Inventory: INV/1116',0,NULL,0,0),(3546,'2024-10-26','Invoice Payment Received: INV/1116',0,NULL,0,0),(3547,'2024-10-26','Invoice: INV/1117',0,NULL,0,0),(3548,'2024-10-26','Invoice Inventory: INV/1117',0,NULL,0,0),(3549,'2024-10-26','Invoice Payment Received: INV/1117',0,NULL,0,0),(3550,'2024-10-24','Invoice: INV/1118',0,NULL,0,0),(3551,'2024-10-24','Invoice Inventory: INV/1118',0,NULL,0,0),(3552,'2024-10-24','Invoice Payment Received: INV/1118',0,NULL,0,0),(3553,'2024-10-24','Invoice: INV/1119',0,NULL,0,0),(3554,'2024-10-24','Invoice Inventory: INV/1119',0,NULL,0,0),(3555,'2024-10-24','Invoice Payment Received: INV/1119',0,NULL,0,0),(3556,'2024-10-24','Invoice: INV/1120',0,NULL,0,0),(3557,'2024-10-24','Invoice Inventory: INV/1120',0,NULL,0,0),(3558,'2024-10-24','Invoice Payment Received: INV/1120',0,NULL,0,0),(3559,'2024-10-24','Invoice: INV/1121',0,NULL,0,0),(3560,'2024-10-24','Invoice Inventory: INV/1121',0,NULL,0,0),(3561,'2024-10-24','Invoice Payment Received: INV/1121',0,NULL,0,0),(3562,'2024-10-24','Invoice: INV/1122',0,NULL,0,0),(3563,'2024-10-24','Invoice Inventory: INV/1122',0,NULL,0,0),(3564,'2024-10-24','Invoice Payment Received: INV/1122',0,NULL,0,0),(3565,'2024-10-24','Invoice: INV/1123',0,NULL,0,0),(3566,'2024-10-24','Invoice Inventory: INV/1123',0,NULL,0,0),(3567,'2024-10-24','Invoice Payment Received: INV/1123',0,NULL,0,0),(3568,'2024-10-24','Invoice: INV/1125',0,NULL,0,0),(3569,'2024-10-24','Invoice: INV/1124',0,NULL,0,0),(3570,'2024-10-24','Invoice Inventory: INV/1125',0,NULL,0,0),(3571,'2024-10-24','Invoice Inventory: INV/1124',0,NULL,0,0),(3572,'2024-10-24','Invoice Payment Received: INV/1125',0,NULL,0,0),(3573,'2024-10-24','Invoice: INV/1126',0,NULL,0,0),(3574,'2024-10-24','Invoice Inventory: INV/1126',0,NULL,0,0),(3575,'2024-10-24','Invoice Payment Received: INV/1126',0,NULL,0,0),(3576,'2024-10-24','Invoice: INV/1127',0,NULL,0,0),(3577,'2024-10-24','Invoice Inventory: INV/1127',0,NULL,0,0),(3578,'2024-10-24','Invoice Payment Received: INV/1127',0,NULL,0,0),(3579,'2024-10-24','Invoice: INV/1128',0,NULL,0,0),(3580,'2024-10-24','Invoice Inventory: INV/1128',0,NULL,0,0),(3581,'2024-10-24','Invoice Payment Received: INV/1128',0,NULL,0,0),(3582,'2024-10-25','Invoice: INV/1129',0,NULL,0,0),(3583,'2024-10-25','Invoice Inventory: INV/1129',0,NULL,0,0),(3584,'2024-10-24','Invoice: INV/1130',0,NULL,0,0),(3585,'2024-10-24','Invoice Inventory: INV/1130',0,NULL,0,0),(3586,'2024-10-24','Invoice Payment Received: INV/1130',0,NULL,0,0),(3587,'2024-10-25','Invoice: INV/1131',0,NULL,0,0),(3588,'2024-10-25','Invoice Inventory: INV/1131',0,NULL,0,0),(3589,'2024-10-24','Invoice: INV/1132',0,NULL,0,0),(3590,'2024-10-24','Invoice Inventory: INV/1132',0,NULL,0,0),(3591,'2024-10-24','Invoice Payment Received: INV/1132',0,NULL,0,0),(3592,'2024-10-24','Invoice: INV/1133',0,NULL,0,0),(3593,'2024-10-24','Invoice Inventory: INV/1133',0,NULL,0,0),(3594,'2024-10-25','Invoice: INV/1134',0,NULL,0,0),(3595,'2024-10-25','Invoice Inventory: INV/1134',0,NULL,0,0),(3596,'2024-10-25','Invoice: INV/1135',0,NULL,0,0),(3597,'2024-10-25','Invoice Inventory: INV/1135',0,NULL,0,0),(3598,'2024-10-24','Invoice: INV/1136',0,NULL,0,0),(3599,'2024-10-24','Invoice Inventory: INV/1136',0,NULL,0,0),(3600,'2024-10-24','Invoice Payment Received: INV/1136',0,NULL,0,0),(3601,'2024-10-25','Invoice: INV/1137',0,NULL,0,0),(3602,'2024-10-25','Invoice Inventory: INV/1137',0,NULL,0,0),(3603,'2024-10-24','Invoice: INV/1138',0,NULL,0,0),(3604,'2024-10-24','Invoice Inventory: INV/1138',0,NULL,0,0),(3605,'2024-10-24','Invoice Payment Received: INV/1138',0,NULL,0,0),(3606,'2024-10-25','Invoice: INV/1139',0,NULL,0,0),(3607,'2024-10-25','Invoice Inventory: INV/1139',0,NULL,0,0),(3608,'2024-10-24','Invoice: INV/1140',0,NULL,0,0),(3609,'2024-10-24','Invoice Inventory: INV/1140',0,NULL,0,0),(3610,'2024-10-24','Invoice Payment Received: INV/1140',0,NULL,0,0),(3611,'2024-10-24','Invoice: INV/1141',0,NULL,0,0),(3612,'2024-10-24','Invoice Inventory: INV/1141',0,NULL,0,0),(3613,'2024-10-24','Invoice Payment Received: INV/1141',0,NULL,0,0),(3614,'2024-10-24','Invoice: INV/1142',0,NULL,0,0),(3615,'2024-10-24','Invoice Inventory: INV/1142',0,NULL,0,0),(3616,'2024-10-24','Invoice Payment Received: INV/1142',0,NULL,0,0),(3617,'2024-10-24','Invoice: INV/1143',0,NULL,0,0),(3618,'2024-10-24','Invoice Inventory: INV/1143',0,NULL,0,0),(3619,'2024-10-24','Invoice Payment Received: INV/1143',0,NULL,0,0),(3620,'2024-10-24','Invoice: INV/1144',0,NULL,0,0),(3621,'2024-10-24','Invoice Inventory: INV/1144',0,NULL,0,0),(3622,'2024-10-24','Invoice: INV/1145',0,NULL,0,0),(3623,'2024-10-24','Invoice Inventory: INV/1145',0,NULL,0,0),(3624,'2024-10-24','Invoice Payment Received: INV/1145',0,NULL,0,0),(3625,'2024-10-26','Invoice: INV/1146',0,NULL,0,0),(3626,'2024-10-26','Invoice Payment Received: INV/1146',0,NULL,0,0),(3627,'2024-10-26','Invoice Inventory: INV/1146',0,NULL,0,0),(3628,'2024-10-26','Invoice: INV/1147',0,NULL,0,0),(3629,'2024-10-26','Invoice: INV/1147',0,NULL,0,0),(3630,'2024-10-26','Invoice Inventory: INV/1147',0,NULL,0,0),(3631,'2024-10-24','Invoice: INV/1148',0,NULL,0,0),(3632,'2024-10-24','Invoice Inventory: INV/1148',0,NULL,0,0),(3633,'2024-10-24','Invoice Payment Received: INV/1148',0,NULL,0,0),(3634,'2024-11-22','Invoice Payment Received: INV/1042',0,NULL,0,0),(3635,'2024-10-24','Invoice: INV/1149',0,NULL,0,0),(3636,'2024-10-24','Invoice Inventory: INV/1149',0,NULL,0,0),(3637,'2024-10-24','Invoice Payment Received: INV/1149',0,NULL,0,0),(3638,'2024-10-26','Invoice Payment Received: INV/1056',0,NULL,0,0),(3639,'2024-10-24','Invoice: INV/1150',0,NULL,0,0),(3640,'2024-10-24','Invoice Payment Received: INV/804',0,NULL,0,0),(3641,'2024-10-24','Invoice Inventory: INV/1150',0,NULL,0,0),(3642,'2024-10-24','Invoice Payment Received: INV/1150',0,NULL,0,0),(3643,'2024-10-24','Invoice: INV/1151',0,NULL,0,0),(3644,'2024-10-24','Invoice Inventory: INV/1151',0,NULL,0,0),(3645,'2024-10-26','Invoice: INV/1152',0,NULL,0,0),(3646,'2024-10-24','Invoice Payment Received: INV/1151',0,NULL,0,0),(3647,'2024-10-26','Invoice Inventory: INV/1152',0,NULL,0,0),(3648,'2024-10-24','Invoice: INV/1153',0,NULL,0,0),(3649,'2024-10-24','Invoice Inventory: INV/1153',0,NULL,0,0),(3650,'2024-10-24','Invoice Payment Received: INV/1153',0,NULL,0,0),(3651,'2024-10-26','Invoice: INV/1155',0,NULL,0,0),(3652,'2024-10-24','Invoice: INV/1154',0,NULL,0,0),(3653,'2024-10-24','Invoice Inventory: INV/1154',0,NULL,0,0),(3654,'2024-10-26','Invoice Inventory: INV/1155',0,NULL,0,0),(3655,'2024-10-24','Invoice Payment Received: INV/1154',0,NULL,0,0),(3656,'2024-10-24','Invoice: INV/1156',0,NULL,0,0),(3657,'2024-10-24','Invoice Inventory: INV/1156',0,NULL,0,0),(3658,'2024-10-24','Invoice Payment Received: INV/1156',0,NULL,0,0),(3659,'2024-10-24','Invoice: INV/1157',0,NULL,0,0),(3660,'2024-10-24','Invoice Payment Received: INV/859',0,NULL,0,0),(3661,'2024-10-24','Invoice Inventory: INV/1157',0,NULL,0,0),(3662,'2024-10-24','Invoice Payment Received: INV/1157',0,NULL,0,0),(3663,'2024-11-19','Invoice Payment Received: INV/863',0,NULL,0,0),(3664,'2024-10-24','Invoice: INV/1159',0,NULL,0,0),(3665,'2024-10-24','Invoice Inventory: INV/1159',0,NULL,0,0),(3666,'2024-10-24','Invoice Payment Received: INV/1159',0,NULL,0,0),(3667,'2024-10-26','Invoice: INV/1158',0,NULL,0,0),(3668,'2024-10-26','Invoice Inventory: INV/1158',0,NULL,0,0),(3669,'2024-10-26','Invoice: INV/1160',0,NULL,0,0),(3670,'2024-10-26','Invoice Inventory: INV/1160',0,NULL,0,0),(3671,'2024-10-26','Invoice: INV/1161',0,NULL,0,0),(3672,'2024-10-26','Invoice Inventory: INV/1161',0,NULL,0,0),(3673,'2024-11-22','Invoice Payment Received: INV/1040',0,NULL,0,0),(3674,'2024-10-24','Invoice: INV/1162',0,NULL,0,0),(3675,'2024-10-24','Invoice Inventory: INV/1162',0,NULL,0,0),(3676,'2024-10-24','Invoice Payment Received: INV/1162',0,NULL,0,0),(3677,'2024-10-24','Invoice: INV/1163',0,NULL,0,0),(3678,'2024-10-24','Invoice Inventory: INV/1163',0,NULL,0,0),(3679,'2024-10-24','Invoice Payment Received: INV/1163',0,NULL,0,0),(3680,'2024-10-26','Invoice: INV/1164',0,NULL,0,0),(3681,'2024-10-26','Invoice Inventory: INV/1164',0,NULL,0,0),(3682,'2024-10-26','Invoice Payment Received: INV/1164',0,NULL,0,0),(3683,'2024-10-26','Invoice: INV/1165',0,NULL,0,0),(3684,'2024-10-26','Invoice Inventory: INV/1165',0,NULL,0,0),(3685,'2024-10-26','Invoice Payment Received: INV/1165',0,NULL,0,0),(3686,'2024-10-26','Invoice: INV/1166',0,NULL,0,0),(3687,'2024-10-26','Invoice Inventory: INV/1166',0,NULL,0,0),(3688,'2024-10-26','Invoice Payment Received: INV/1166',0,NULL,0,0),(3689,'2024-10-26','Invoice: INV/1167',0,NULL,0,0),(3690,'2024-10-26','Invoice Inventory: INV/1167',0,NULL,0,0),(3691,'2024-10-26','Invoice Payment Received: INV/1167',0,NULL,0,0),(3692,'2024-10-26','Invoice: INV/1168',0,NULL,0,0),(3693,'2024-10-26','Invoice Inventory: INV/1168',0,NULL,0,0),(3694,'2024-10-26','Invoice Payment Received: INV/1168',0,NULL,0,0),(3695,'2024-10-26','Invoice: INV/1169',0,NULL,0,0),(3696,'2024-10-26','Invoice Inventory: INV/1169',0,NULL,0,0),(3697,'2024-10-26','Invoice Payment Received: INV/1169',0,NULL,0,0),(3698,'2024-10-26','Invoice: INV/1170',0,NULL,0,0),(3699,'2024-10-26','Invoice Inventory: INV/1170',0,NULL,0,0),(3700,'2024-10-26','Invoice Payment Received: INV/1170',0,NULL,0,0),(3701,'2024-10-26','Invoice: INV/1171',0,NULL,0,0),(3702,'2024-10-26','Invoice Inventory: INV/1171',0,NULL,0,0),(3703,'2024-10-26','Invoice Payment Received: INV/1171',0,NULL,0,0),(3704,'2024-10-26','Invoice: INV/1172',0,NULL,0,0),(3705,'2024-10-26','Invoice Inventory: INV/1172',0,NULL,0,0),(3706,'2024-10-26','Invoice Payment Received: INV/1172',0,NULL,0,0),(3707,'2024-10-26','Invoice: INV/1173',0,NULL,0,0),(3708,'2024-10-26','Invoice Inventory: INV/1173',0,NULL,0,0),(3709,'2024-10-26','Invoice Payment Received: INV/1173',0,NULL,0,0),(3710,'2024-10-26','Invoice: INV/1174',0,NULL,0,0),(3711,'2024-10-26','Invoice Inventory: INV/1174',0,NULL,0,0),(3712,'2024-10-26','Invoice Payment Received: INV/1174',0,NULL,0,0),(3713,'2024-10-26','Invoice: INV/1175',0,NULL,0,1),(3714,'2024-10-26','Invoice Inventory: INV/1175',0,NULL,0,0),(3715,'2024-10-25','Invoice Payment Received: INV/1175',0,NULL,0,0),(3716,'2024-10-25','Invoice: INV/1175',0,NULL,0,0),(3717,'2024-10-26','Invoice: INV/1176',0,NULL,0,0),(3718,'2024-10-26','Invoice Inventory: INV/1176',0,NULL,0,0),(3719,'2024-10-26','Invoice Payment Received: INV/1176',0,NULL,0,0),(3720,'2024-10-26','Invoice: INV/1177',0,NULL,0,0),(3721,'2024-10-26','Invoice Inventory: INV/1177',0,NULL,0,0),(3722,'2024-10-26','Invoice Payment Received: INV/1177',0,NULL,0,0),(3723,'2024-10-26','Invoice: INV/1178',0,NULL,0,0),(3724,'2024-10-26','Invoice Inventory: INV/1178',0,NULL,0,0),(3725,'2024-10-26','Invoice Payment Received: INV/1178',0,NULL,0,0),(3726,'2024-10-01','Cheque release: Received Payments PURCHASE ORDER #2',0,NULL,0,0),(3727,'2024-10-26','Automatic General Expense: Bank',0,NULL,0,0),(3728,'2024-10-26','Automatic General Expense: Bank',0,NULL,0,0),(3729,'2024-10-26','Automatic General Expense: Bank',0,NULL,0,0),(3730,'2024-10-26','Automatic General Expense: Bank',0,NULL,0,0),(3731,'2024-10-26','Automatic General Expense: Bank',0,NULL,0,0),(3732,'2024-10-26','Automatic General Expense: Bank',0,NULL,0,0),(3733,'2024-10-25','Automatic General Expense: Bank',0,NULL,0,0),(3734,'2024-10-25','Automatic General Expense: Bank',0,NULL,0,0),(3735,'2024-10-25','Automatic General Expense: Bank',0,NULL,0,0),(3736,'2024-10-24','Automatic General Expense: Bank',0,NULL,0,0),(3737,'2024-10-24','Automatic General Expense: Bank',0,NULL,0,0),(3738,'2024-10-24','Automatic General Expense: Bank',0,NULL,0,0),(3739,'2024-10-24','Automatic General Expense: Bank',0,NULL,0,0),(3740,'2024-10-24','Automatic General Expense: Bank',0,NULL,0,0),(3741,'2024-10-24','Automatic General Expense: Bank',0,NULL,0,0),(3742,'2024-10-23','Automatic General Expense: Bank',0,NULL,0,0),(3743,'2024-10-23','Automatic General Expense: Bank',0,NULL,0,0),(3744,'2024-10-23','Automatic General Expense: Bank',0,NULL,0,0),(3745,'2024-10-23','Automatic General Expense: Bank',0,NULL,0,0),(3746,'2024-10-23','Automatic General Expense: Bank',0,NULL,0,0),(3747,'2024-10-23','Automatic General Expense: Bank',0,NULL,0,0),(3748,'2024-10-23','Automatic General Expense: Bank',0,NULL,0,0),(3749,'2024-10-23','Automatic General Expense: Bank',0,NULL,0,0),(3750,'2024-10-22','Automatic General Expense: Bank',0,NULL,0,0),(3751,'2024-10-22','Automatic General Expense: Bank',0,NULL,0,0),(3752,'2024-10-22','Automatic General Expense: Bank',0,NULL,0,0),(3753,'2024-10-22','Automatic General Expense: Bank',0,NULL,0,0),(3754,'2024-10-22','Automatic General Expense: Bank',0,NULL,0,0),(3755,'2024-10-22','Automatic General Expense: Bank',0,NULL,0,0),(3756,'2024-10-21','Automatic General Expense: Bank',0,NULL,0,0),(3757,'2024-10-21','Automatic General Expense: Bank',0,NULL,0,0),(3758,'2024-10-21','Automatic General Expense: Bank',0,NULL,0,0),(3759,'2024-10-21','Automatic General Expense: Bank',0,NULL,0,0),(3760,'2024-10-21','Automatic General Expense: Bank',0,NULL,0,0),(3761,'2024-10-20','Automatic General Expense: Bank',0,NULL,0,0),(3762,'2024-10-20','Automatic General Expense: Bank',0,NULL,0,0),(3763,'2024-10-20','Automatic General Expense: Bank',0,NULL,0,0),(3764,'2024-10-20','Automatic General Expense: Bank',0,NULL,0,0),(3765,'2024-10-20','Automatic General Expense: Bank',0,NULL,0,0),(3766,'2024-10-19','Automatic General Expense: Bank',0,NULL,0,0),(3767,'2024-10-19','Automatic General Expense: Bank',0,NULL,0,0),(3768,'2024-10-19','Automatic General Expense: Bank',0,NULL,0,0),(3769,'2024-10-19','Automatic General Expense: Bank',0,NULL,0,0),(3770,'2024-10-13','Automatic General Expense: Bank',0,NULL,0,0),(3771,'2024-10-13','Automatic General Expense: Bank',0,NULL,0,0),(3772,'2024-10-14','Automatic General Expense: Bank',0,NULL,0,0),(3773,'2024-10-14','Automatic General Expense: Bank',0,NULL,0,0),(3774,'2024-10-15','Automatic General Expense: Bank',0,NULL,0,0),(3775,'2024-10-15','Automatic General Expense: Bank',0,NULL,0,0),(3776,'2024-10-15','Automatic General Expense: Bank',0,NULL,0,0),(3777,'2024-10-15','Automatic General Expense: Bank',0,NULL,0,0),(3778,'2024-10-15','Automatic General Expense: Bank',0,NULL,0,0),(3779,'2024-10-15','Automatic General Expense: Bank',0,NULL,0,0),(3780,'2024-10-15','Automatic General Expense: Bank',0,NULL,0,0),(3781,'2024-10-15','Automatic General Expense: Bank',0,NULL,0,0),(3782,'2024-10-15','Automatic General Expense: Bank',0,NULL,0,0),(3783,'2024-10-16','Automatic General Expense: Bank',0,NULL,0,0),(3784,'2024-10-16','Automatic General Expense: Bank',0,NULL,0,0),(3785,'2024-10-16','Automatic General Expense: Bank',0,NULL,0,0),(3786,'2024-10-16','Automatic General Expense: Bank',0,NULL,0,0),(3787,'2024-10-15','Automatic General Expense: Bank',0,NULL,0,0),(3788,'2024-10-16','Automatic General Expense: Bank',0,NULL,0,0),(3789,'2024-10-16','Automatic General Expense: Bank',0,NULL,0,0),(3790,'2024-10-16','Automatic General Expense: Bank',0,NULL,0,0),(3791,'2024-10-16','Automatic General Expense: Bank',0,NULL,0,0),(3792,'2024-10-16','Automatic General Expense: Bank',0,NULL,0,0),(3793,'2024-10-17','Automatic General Expense: Bank',0,NULL,0,0),(3794,'2024-10-17','Automatic General Expense: Bank',0,NULL,0,0),(3795,'2024-10-26','Invoice: INV/1179',0,NULL,0,0),(3796,'2024-10-26','Invoice Inventory: INV/1179',0,NULL,0,0),(3797,'2024-10-26','Invoice Payment Received: INV/1179',0,NULL,0,0),(3798,'2024-10-17','Automatic General Expense: Bank',0,NULL,0,0),(3799,'2024-10-17','Automatic General Expense: Bank',0,NULL,0,0),(3800,'2024-10-17','Automatic General Expense: Bank',0,NULL,0,0),(3801,'2024-10-14','Automatic General Expense: Bank',0,NULL,0,0),(3802,'2024-10-14','Automatic General Expense: Bank',0,NULL,0,0),(3803,'2024-10-02','Automatic General Expense: Bank',0,NULL,0,0),(3804,'2024-10-02','Automatic General Expense: Bank',0,NULL,0,0),(3805,'2024-10-02','Automatic General Expense: Bank',0,NULL,0,0),(3806,'2024-10-02','Automatic General Expense: Bank',0,NULL,0,0),(3807,'2024-10-03','Automatic General Expense: Bank',0,NULL,0,0),(3808,'2024-10-26','Invoice: INV/1180',0,NULL,0,0),(3809,'2024-10-03','Automatic General Expense: Bank',0,NULL,0,0),(3810,'2024-10-03','Automatic General Expense: Bank',0,NULL,0,0),(3811,'2024-10-03','Automatic General Expense: Bank',0,NULL,0,0),(3812,'2024-10-03','Automatic General Expense: Bank',0,NULL,0,0),(3813,'2024-10-26','Invoice Inventory: INV/1180',0,NULL,0,0),(3814,'2024-10-05','Automatic General Expense: Bank',0,NULL,0,0),(3815,'2024-10-05','Automatic General Expense: Bank',0,NULL,0,0),(3816,'2024-10-05','Automatic General Expense: Bank',0,NULL,0,0),(3817,'2024-10-05','Automatic General Expense: Bank',0,NULL,0,0),(3818,'2024-10-05','Automatic General Expense: Bank',0,NULL,0,0),(3819,'2024-10-05','Automatic General Expense: Bank',0,NULL,0,0),(3820,'2024-10-26','Invoice Payment Received: INV/1180',0,NULL,0,0),(3821,'2024-10-06','Automatic General Expense: Bank',0,NULL,0,0),(3822,'2024-10-06','Automatic General Expense: Bank',0,NULL,0,0),(3823,'2024-10-06','Automatic General Expense: Bank',0,NULL,0,0),(3824,'2024-10-27','Invoice: INV/1181',0,NULL,0,1),(3825,'2024-10-27','Invoice Inventory: INV/1181',0,NULL,0,0),(3826,'2024-10-26','Invoice: INV/1181',0,NULL,0,0),(3827,'2024-10-26','Invoice Payment Received: INV/1181',0,NULL,0,0),(3828,'2024-10-26','Invoice: INV/1182',0,NULL,0,0),(3829,'2024-10-26','Invoice Inventory: INV/1182',0,NULL,0,0),(3830,'2024-10-26','Invoice Payment Received: INV/1182',0,NULL,0,0),(3831,'2024-10-26','Invoice: INV/1183',0,NULL,0,0),(3832,'2024-10-26','Invoice Inventory: INV/1183',0,NULL,0,0),(3833,'2024-10-26','Invoice Payment Received: INV/1183',0,NULL,0,0),(3834,'2024-10-26','Invoice: INV/1184',0,NULL,0,0),(3835,'2024-10-26','Invoice Inventory: INV/1184',0,NULL,0,0),(3836,'2024-10-26','Invoice Payment Received: INV/1184',0,NULL,0,0),(3837,'2024-10-27','Invoice: INV/1185',0,NULL,0,0),(3838,'2024-10-27','Invoice Inventory: INV/1185',0,NULL,0,0),(3839,'2024-10-26','Invoice Payment Received: INV/1185',0,NULL,0,0),(3840,'2024-10-26','Invoice: INV/1186',0,NULL,0,0),(3841,'2024-10-26','Invoice Inventory: INV/1186',0,NULL,0,0),(3842,'2024-10-26','Invoice Payment Received: INV/1186',0,NULL,0,0),(3843,'2024-10-26','Invoice: INV/1187',0,NULL,0,0),(3844,'2024-10-26','Invoice Inventory: INV/1187',0,NULL,0,0),(3845,'2024-10-26','Invoice Payment Received: INV/1187',0,NULL,0,0),(3846,'2024-10-26','Invoice: INV/1188',0,NULL,0,0),(3847,'2024-10-26','Invoice Inventory: INV/1188',0,NULL,0,0),(3848,'2024-10-26','Invoice Payment Received: INV/1188',0,NULL,0,0),(3849,'2024-10-27','Invoice: INV/1189',0,NULL,0,0),(3850,'2024-10-27','Invoice Inventory: INV/1189',0,NULL,0,0),(3851,'2024-10-26','Invoice Payment Received: INV/1189',0,NULL,0,0),(3852,'2024-10-10','Invoice Payment Received: INV/587',0,NULL,0,0),(3853,'2024-10-26','Invoice: INV/1190',0,NULL,0,0),(3854,'2024-10-26','Invoice Inventory: INV/1190',0,NULL,0,0),(3855,'2024-10-26','Invoice Payment Received: INV/1190',0,NULL,0,0),(3856,'2024-10-26','Invoice: INV/1191',0,NULL,0,0),(3857,'2024-10-26','Invoice Inventory: INV/1191',0,NULL,0,0),(3858,'2024-10-26','Invoice Payment Received: INV/1191',0,NULL,0,0),(3859,'2024-10-26','Invoice: INV/1192',0,NULL,0,0),(3860,'2024-10-26','Invoice Inventory: INV/1192',0,NULL,0,0),(3861,'2024-10-26','Invoice Payment Received: INV/1192',0,NULL,0,0),(3862,'2024-10-26','Invoice: INV/1193',0,NULL,0,0),(3863,'2024-10-26','Invoice Inventory: INV/1193',0,NULL,0,0),(3864,'2024-10-26','Invoice Payment Received: INV/1193',0,NULL,0,0),(3865,'2024-10-27','Invoice: INV/1194',0,NULL,0,0),(3866,'2024-10-27','Invoice Inventory: INV/1194',0,NULL,0,0),(3867,'2024-10-27','Invoice Payment Received: INV/1194',0,NULL,0,0),(3868,'2024-10-27','Invoice: INV/1195',0,NULL,0,0),(3869,'2024-10-27','Invoice Inventory: INV/1195',0,NULL,0,0),(3870,'2024-10-27','Invoice Payment Received: INV/1195',0,NULL,0,0),(3871,'2024-10-27','Invoice: INV/1196',0,NULL,0,0),(3872,'2024-10-27','Invoice Inventory: INV/1196',0,NULL,0,0),(3873,'2024-10-27','Invoice Payment Received: INV/1196',0,NULL,0,0),(3874,'2024-10-27','Invoice: INV/1197',0,NULL,0,0),(3875,'2024-10-27','Invoice Inventory: INV/1197',0,NULL,0,0),(3876,'2024-10-27','Invoice Payment Received: INV/1197',0,NULL,0,0),(3877,'2024-10-27','Invoice: INV/1198',0,NULL,0,0),(3878,'2024-10-27','Invoice Inventory: INV/1198',0,NULL,0,0),(3879,'2024-10-27','Invoice Payment Received: INV/1198',0,NULL,0,0),(3880,'2024-10-27','Invoice: INV/1199',0,NULL,0,0),(3881,'2024-10-27','Invoice Inventory: INV/1199',0,NULL,0,0),(3882,'2024-10-27','Invoice Payment Received: INV/1199',0,NULL,0,0),(3883,'2024-10-27','Invoice: INV/1200',0,NULL,0,0),(3884,'2024-10-27','Invoice Inventory: INV/1200',0,NULL,0,0),(3885,'2024-10-27','Invoice Payment Received: INV/1200',0,NULL,0,0),(3886,'2024-10-27','Invoice: INV/1201',0,NULL,0,0),(3887,'2024-10-27','Invoice Inventory: INV/1201',0,NULL,0,0),(3888,'2024-10-27','Invoice Payment Received: INV/1201',0,NULL,0,0),(3889,'2024-10-27','Invoice: INV/1202',0,NULL,0,0),(3890,'2024-10-27','Invoice Inventory: INV/1202',0,NULL,0,0),(3891,'2024-10-27','Invoice Payment Received: INV/1202',0,NULL,0,0),(3892,'2024-10-27','Invoice: INV/1203',0,NULL,0,0),(3893,'2024-10-27','Invoice Inventory: INV/1203',0,NULL,0,0),(3894,'2024-10-27','Invoice Payment Received: INV/1203',0,NULL,0,0),(3895,'2024-10-27','Invoice: INV/1204',0,NULL,0,0),(3896,'2024-10-27','Invoice Inventory: INV/1204',0,NULL,0,0),(3897,'2024-10-27','Invoice Payment Received: INV/1204',0,NULL,0,0),(3898,'2024-10-27','Invoice: INV/1205',0,NULL,0,0),(3899,'2024-10-27','Invoice Inventory: INV/1205',0,NULL,0,0),(3900,'2024-10-27','Invoice Payment Received: INV/1205',0,NULL,0,0),(3901,'2024-10-27','Invoice: INV/1206',0,NULL,0,0),(3902,'2024-10-27','Invoice Inventory: INV/1206',0,NULL,0,0),(3903,'2024-10-27','Invoice Payment Received: INV/1206',0,NULL,0,0),(3904,'2024-10-27','Invoice: INV/1207',0,NULL,0,0),(3905,'2024-10-27','Invoice Inventory: INV/1207',0,NULL,0,0),(3906,'2024-10-27','Invoice Payment Received: INV/1207',0,NULL,0,0),(3907,'2024-10-27','Invoice: INV/1208',0,NULL,0,0),(3908,'2024-10-27','Invoice Inventory: INV/1208',0,NULL,0,0),(3909,'2024-10-27','Invoice Payment Received: INV/1208',0,NULL,0,0),(3910,'2024-10-27','Invoice: INV/1209',0,NULL,0,0),(3911,'2024-10-27','Invoice Inventory: INV/1209',0,NULL,0,0),(3912,'2024-10-27','Invoice Payment Received: INV/1209',0,NULL,0,0),(3913,'2024-10-27','Invoice: INV/1210',0,NULL,0,0),(3914,'2024-10-27','Invoice Inventory: INV/1210',0,NULL,0,0),(3915,'2024-10-27','Invoice Payment Received: INV/1210',0,NULL,0,0),(3916,'2024-10-27','Invoice: INV/1211',0,NULL,0,1),(3917,'2024-10-27','Invoice Inventory: INV/1211',0,NULL,0,0),(3918,'2024-10-27','Invoice Payment Received: INV/1211',0,NULL,0,1),(3919,'2024-10-27','Invoice: INV/1212',0,NULL,0,0),(3920,'2024-10-27','Invoice Inventory: INV/1212',0,NULL,0,0),(3921,'2024-10-27','Invoice Payment Received: INV/1212',0,NULL,0,0),(3922,'2024-10-27','Invoice: INV/1213',0,NULL,0,0),(3923,'2024-10-27','Invoice Inventory: INV/1213',0,NULL,0,0),(3924,'2024-10-27','Invoice Payment Received: INV/1213',0,NULL,0,0),(3925,'2024-10-27','Invoice: INV/1214',0,NULL,0,0),(3926,'2024-10-27','Invoice Inventory: INV/1214',0,NULL,0,0),(3927,'2024-10-27','Invoice Payment Received: INV/1214',0,NULL,0,0),(3928,'2024-10-27','Invoice: INV/1215',0,NULL,0,0),(3929,'2024-10-27','Invoice Inventory: INV/1215',0,NULL,0,0),(3930,'2024-10-27','Invoice Payment Received: INV/1215',0,NULL,0,0),(3931,'2024-10-27','Invoice: INV/1216',0,NULL,0,0),(3932,'2024-10-27','Invoice Inventory: INV/1216',0,NULL,0,0),(3933,'2024-10-27','Invoice Payment Received: INV/1216',0,NULL,0,0),(3934,'2024-10-27','Invoice: INV/1217',0,NULL,0,0),(3935,'2024-10-27','Invoice Inventory: INV/1217',0,NULL,0,0),(3936,'2024-10-27','Invoice Payment Received: INV/1217',0,NULL,0,0),(3937,'2024-10-27','Invoice: INV/1218',0,NULL,0,0),(3938,'2024-10-27','Invoice Inventory: INV/1218',0,NULL,0,0),(3939,'2024-10-27','Invoice Payment Received: INV/1218',0,NULL,0,0),(3940,'2024-10-26','Invoice: INV/1219',0,NULL,0,0),(3941,'2024-10-26','Invoice Inventory: INV/1219',0,NULL,0,0),(3942,'2024-10-27','Invoice: INV/1220',0,NULL,0,0),(3943,'2024-10-27','Invoice Inventory: INV/1220',0,NULL,0,0),(3944,'2024-10-27','Invoice Payment Received: INV/1220',0,NULL,0,0),(3945,'2024-10-27','Invoice Payment Received: INV/377',0,NULL,0,0),(3946,'2024-10-27','Invoice: INV/1221',0,NULL,0,0),(3947,'2024-10-27','Invoice: INV/1222',0,NULL,0,0),(3948,'2024-10-27','Invoice Inventory: INV/1222',0,NULL,0,0),(3949,'2024-10-27','Invoice Payment Received: INV/1222',0,NULL,0,0),(3950,'2024-10-27','Invoice: INV/1223',0,NULL,0,0),(3951,'2024-10-27','Invoice Payment Received: INV/1155',0,NULL,0,0),(3952,'2024-11-26','Invoice Payment Received: INV/1160',0,NULL,0,0),(3953,'2024-10-27','Invoice Payment Received: INV/1221',0,NULL,0,0),(3954,'2024-10-27','Invoice Inventory: INV/1221',0,NULL,0,0),(3955,'2024-10-26','Purchase Order: PURCHASE ORDER #32',0,NULL,0,0),(3956,'2024-10-26','Invoice Shipment : INV/32',0,NULL,0,0),(3957,'2024-10-27','Invoice: INV/1224',0,NULL,0,0),(3958,'2024-10-27','Invoice Inventory: INV/1224',0,NULL,0,0),(3959,'2024-10-27','Invoice Payment Received: INV/1223',0,NULL,0,0),(3960,'2024-10-27','Invoice Inventory: INV/1223',0,NULL,0,0),(3961,'2024-10-27','Invoice: INV/1225',0,NULL,0,0),(3962,'2024-10-27','Invoice Inventory: INV/1225',0,NULL,0,0),(3963,'2024-10-27','Invoice: INV/1211',0,NULL,0,0),(3964,'2024-10-27','Invoice Payment Received: INV/1211',0,NULL,0,0),(3965,'2024-10-27','Invoice Payment Received: INV/1224',0,NULL,0,0),(3966,'2025-01-27','Automatic Purchase Payment: PURCHASE ORDER #32',0,NULL,0,0),(3967,'2024-10-27','Automatic General Expense: Bank',0,NULL,0,0),(3968,'2024-10-27','Automatic General Expense: Bank',0,NULL,0,0),(3969,'2024-10-27','Automatic General Expense: Bank',0,NULL,0,0),(3970,'2024-10-27','Automatic General Expense: Bank',0,NULL,0,0),(3971,'2024-10-27','Automatic General Expense: Bank',0,NULL,0,0),(3972,'2024-10-27','Invoice: INV/1226',0,NULL,0,0),(3973,'2024-10-27','Invoice Inventory: INV/1226',0,NULL,0,0),(3974,'2024-10-27','Invoice Payment Received: INV/1226',0,NULL,0,0),(3975,'2024-10-27','Invoice: INV/1227',0,NULL,0,0),(3976,'2024-10-27','Invoice Inventory: INV/1227',0,NULL,0,0),(3977,'2024-10-27','Invoice Payment Received: INV/1227',0,NULL,0,0),(3978,'2024-10-27','Invoice: INV/1228',0,NULL,0,0),(3979,'2024-10-27','Invoice Inventory: INV/1228',0,NULL,0,0),(3980,'2024-10-27','Invoice Payment Received: INV/1228',0,NULL,0,0),(3981,'2024-10-27','Invoice: INV/1229',0,NULL,0,0),(3982,'2024-10-27','Invoice Inventory: INV/1229',0,NULL,0,0),(3983,'2024-10-27','Invoice Payment Received: INV/1229',0,NULL,0,0),(3984,'2024-10-27','Invoice: INV/1230',0,NULL,0,0),(3985,'2024-10-27','Invoice Inventory: INV/1230',0,NULL,0,0),(3986,'2024-10-27','Invoice Payment Received: INV/1230',0,NULL,0,0),(3987,'2024-10-23','Invoice Payment Received: INV/1065',0,NULL,0,0),(3988,'2024-10-27','Invoice: INV/1231',0,NULL,0,0),(3989,'2024-10-26','Invoice: INV/1232',0,NULL,0,0),(3990,'2024-10-27','Invoice Inventory: INV/1231',0,NULL,0,0),(3991,'2024-10-26','Invoice Payment Received: INV/1232',0,NULL,0,0),(3992,'2024-10-27','Invoice Payment Received: INV/1231',0,NULL,0,0),(3993,'2024-10-26','Invoice Inventory: INV/1232',0,NULL,0,0),(3994,'2024-10-24','Invoice Payment Received: INV/730',0,NULL,0,0),(3995,'2024-10-27','Invoice: INV/1233',0,NULL,0,0),(3996,'2024-10-26','Invoice: INV/1234',0,NULL,0,0),(3997,'2024-10-27','Invoice Inventory: INV/1233',0,NULL,0,0),(3998,'2024-10-26','Invoice Payment Received: INV/1234',0,NULL,0,0),(3999,'2024-10-27','Invoice Payment Received: INV/1233',0,NULL,0,0),(4000,'2024-10-26','Invoice Inventory: INV/1234',0,NULL,0,0),(4001,'2024-10-27','Invoice: INV/1235',0,NULL,0,0),(4002,'2024-10-27','Invoice Inventory: INV/1235',0,NULL,0,0),(4003,'2024-10-27','Invoice Payment Received: INV/1235',0,NULL,0,0),(4004,'2024-10-26','Invoice: INV/1236',0,NULL,0,0),(4005,'2024-10-26','Invoice Inventory: INV/1236',0,NULL,0,0),(4006,'2024-10-24','Invoice: INV/1237',0,NULL,0,1),(4007,'2024-10-24','Invoice Inventory: INV/1237',0,NULL,0,0),(4008,'2024-10-23','Invoice: INV/1238',0,NULL,0,0),(4009,'2024-10-23','Invoice Inventory: INV/1238',0,NULL,0,0),(4010,'2024-10-24','Invoice: INV/1237',0,NULL,0,0),(4011,'2024-10-24','Invoice: INV/1239',0,NULL,0,0),(4012,'2024-10-24','Invoice Inventory: INV/1239',0,NULL,0,0),(4013,'2024-11-23','Invoice Payment Received: INV/1239',0,NULL,0,0),(4014,'2024-10-28','Purchase Order: PURCHASE ORDER #33',0,NULL,0,0),(4015,'2024-10-28','Invoice: INV/1240',0,NULL,0,0),(4016,'2024-10-28','Invoice Inventory: INV/1240',0,NULL,0,0),(4017,'2024-10-28','Invoice Payment Received: INV/1240',0,NULL,0,0),(4018,'2024-10-28','Invoice: INV/1241',0,NULL,0,0),(4019,'2024-10-28','Invoice Inventory: INV/1241',0,NULL,0,0),(4020,'2024-10-28','Invoice: INV/1242',0,NULL,0,0),(4021,'2024-10-28','Invoice Inventory: INV/1242',0,NULL,0,0),(4022,'2024-10-28','Invoice: INV/1244',0,NULL,0,0),(4023,'2024-10-28','Invoice Inventory: INV/1244',0,NULL,0,0),(4024,'2024-10-28','Invoice Payment Received: INV/1244',0,NULL,0,0),(4025,'2024-10-28','Invoice: INV/1243',0,NULL,0,0),(4026,'2024-10-28','Invoice: INV/1245',0,NULL,0,0),(4027,'2024-10-28','Invoice Inventory: INV/1245',0,NULL,0,0),(4028,'2024-10-28','Invoice Payment Received: INV/1245',0,NULL,0,0),(4029,'2024-10-28','Invoice Inventory: INV/1243',0,NULL,0,0),(4030,'2024-10-28','Invoice: INV/1246',0,NULL,0,0),(4031,'2024-10-28','Invoice Inventory: INV/1246',0,NULL,0,0),(4032,'2024-10-28','Invoice Payment Received: INV/1246',0,NULL,0,0),(4033,'2024-10-28','Invoice: INV/1247',0,NULL,0,0),(4034,'2024-10-28','Invoice Inventory: INV/1247',0,NULL,0,0),(4035,'2024-10-28','Invoice Payment Received: INV/1247',0,NULL,0,0),(4036,'2024-10-28','Invoice: INV/1248',0,NULL,0,0),(4037,'2024-10-28','Invoice Inventory: INV/1248',0,NULL,0,0),(4038,'2024-10-28','Invoice Payment Received: INV/1248',0,NULL,0,0),(4039,'2024-10-29','Invoice: INV/1249',0,NULL,0,0),(4040,'2024-10-28','Invoice: INV/1250',0,NULL,0,0),(4041,'2024-10-28','Invoice Inventory: INV/1250',0,NULL,0,0),(4042,'2024-10-28','Invoice Payment Received: INV/1250',0,NULL,0,0),(4043,'2024-10-28','Invoice Payment Received: INV/1249',0,NULL,0,0),(4044,'2024-10-28','Invoice Payment Received: INV/1249',0,NULL,0,0),(4045,'2024-10-28','Invoice: INV/1251',0,NULL,0,0),(4046,'2024-10-29','Invoice Inventory: INV/1249',0,NULL,0,0),(4047,'2024-10-29','Invoice Inventory: INV/1249',0,NULL,0,0),(4048,'2024-10-29','Invoice Inventory: INV/1249',0,NULL,0,0),(4049,'2024-10-28','Invoice Inventory: INV/1251',0,NULL,0,0),(4050,'2024-10-28','Invoice Payment Received: INV/1251',0,NULL,0,0),(4051,'2024-10-28','Invoice: INV/1252',0,NULL,0,0),(4052,'2024-10-28','Invoice Inventory: INV/1252',0,NULL,0,0),(4053,'2024-10-28','Invoice Payment Received: INV/1252',0,NULL,0,0),(4054,'2024-10-28','Invoice: INV/1253',0,NULL,0,0),(4055,'2024-10-28','Invoice Inventory: INV/1253',0,NULL,0,0),(4056,'2024-10-28','Invoice: INV/1254',0,NULL,0,0),(4057,'2024-10-28','Invoice Inventory: INV/1254',0,NULL,0,0),(4058,'2024-10-28','Invoice Payment Received: INV/1254',0,NULL,0,0),(4059,'2024-10-28','Invoice: INV/1255',0,NULL,0,0),(4060,'2024-10-28','Invoice Inventory: INV/1255',0,NULL,0,0),(4061,'2024-10-28','Invoice Payment Received: INV/1255',0,NULL,0,0),(4062,'2024-10-28','Invoice: INV/1256',0,NULL,0,0),(4063,'2024-10-28','Invoice Inventory: INV/1256',0,NULL,0,0),(4064,'2024-10-28','Invoice Payment Received: INV/1256',0,NULL,0,0),(4065,'2024-10-28','Invoice: INV/1257',0,NULL,0,0),(4066,'2024-10-28','Invoice Inventory: INV/1257',0,NULL,0,0),(4067,'2024-10-28','Invoice Payment Received: INV/1257',0,NULL,0,0),(4068,'2024-10-28','Invoice: INV/1258',0,NULL,0,0),(4069,'2024-10-28','Invoice Inventory: INV/1258',0,NULL,0,0),(4070,'2024-10-28','Invoice Payment Received: INV/1258',0,NULL,0,0),(4071,'2024-10-28','Invoice: INV/1259',0,NULL,0,0),(4072,'2024-10-28','Invoice Inventory: INV/1259',0,NULL,0,0),(4073,'2024-10-28','Invoice Payment Received: INV/1259',0,NULL,0,0),(4074,'2024-10-28','Invoice: INV/1260',0,NULL,0,0),(4075,'2024-10-28','Invoice Inventory: INV/1260',0,NULL,0,0),(4076,'2024-10-28','Invoice Payment Received: INV/1260',0,NULL,0,0),(4077,'2024-10-28','Invoice: INV/1261',0,NULL,0,0),(4078,'2024-10-28','Invoice Inventory: INV/1261',0,NULL,0,0),(4079,'2024-10-28','Invoice Payment Received: INV/1261',0,NULL,0,0),(4080,'2024-10-29','Invoice: INV/1262',0,NULL,0,0),(4081,'2024-10-29','Invoice Inventory: INV/1262',0,NULL,0,0),(4082,'2024-10-28','Invoice Payment Received: INV/1262',0,NULL,0,0),(4083,'2024-10-28','Invoice: INV/1263',0,NULL,0,0),(4084,'2024-10-28','Invoice Inventory: INV/1263',0,NULL,0,0),(4085,'2024-10-28','Invoice Payment Received: INV/1263',0,NULL,0,0),(4086,'2024-10-28','Invoice: INV/1264',0,NULL,0,0),(4087,'2024-10-28','Invoice Inventory: INV/1264',0,NULL,0,0),(4088,'2024-10-28','Invoice Payment Received: INV/1264',0,NULL,0,0),(4089,'2024-10-28','Invoice: INV/1265',0,NULL,0,0),(4090,'2024-10-28','Invoice Inventory: INV/1265',0,NULL,0,0),(4091,'2024-10-28','Invoice Payment Received: INV/1265',0,NULL,0,0),(4092,'2024-10-28','Invoice: INV/1266',0,NULL,0,0),(4093,'2024-10-28','Invoice Inventory: INV/1266',0,NULL,0,0),(4094,'2024-10-28','Invoice Payment Received: INV/1266',0,NULL,0,0),(4095,'2024-10-28','Invoice: INV/1267',0,NULL,0,0),(4096,'2024-10-28','Invoice Inventory: INV/1267',0,NULL,0,0),(4097,'2024-10-28','Invoice Payment Received: INV/1267',0,NULL,0,0),(4098,'2024-10-28','Invoice Payment Received: INV/1241',0,NULL,0,0),(4099,'2024-10-28','Invoice: INV/1268',0,NULL,0,0),(4100,'2024-10-28','Invoice Inventory: INV/1268',0,NULL,0,0),(4101,'2024-10-28','Invoice Payment Received: INV/1268',0,NULL,0,0),(4102,'2024-10-28','Invoice: INV/1269',0,NULL,0,0),(4103,'2024-10-28','Invoice Inventory: INV/1269',0,NULL,0,0),(4104,'2024-10-28','Invoice Payment Received: INV/1269',0,NULL,0,0),(4105,'2024-10-28','Invoice: INV/1270',0,NULL,0,0),(4106,'2024-10-28','Invoice Inventory: INV/1270',0,NULL,0,0),(4107,'2024-10-28','Invoice Payment Received: INV/1270',0,NULL,0,0),(4108,'2024-10-28','Invoice: INV/1271',0,NULL,0,0),(4109,'2024-10-28','Invoice Inventory: INV/1271',0,NULL,0,0),(4110,'2024-10-28','Invoice Payment Received: INV/1271',0,NULL,0,0),(4111,'2024-10-28','Invoice Payment Received: INV/1018',0,NULL,0,0),(4112,'2024-10-28','Invoice Payment Received: INV/740',0,NULL,0,0),(4113,'2024-10-28','Invoice: INV/1272',0,NULL,0,0),(4114,'2024-10-28','Invoice Inventory: INV/1272',0,NULL,0,0),(4115,'2024-10-28','Invoice Payment Received: INV/1272',0,NULL,0,0),(4116,'2024-10-28','Invoice Payment Received: INV/1133',0,NULL,0,0),(4117,'2024-10-28','Invoice: INV/1273',0,NULL,0,0),(4118,'2024-10-28','Invoice Inventory: INV/1273',0,NULL,0,0),(4119,'2024-10-28','Invoice Payment Received: INV/1273',0,NULL,0,0),(4120,'2024-10-28','Invoice: INV/1274',0,NULL,0,0),(4121,'2024-10-28','Invoice Inventory: INV/1274',0,NULL,0,0),(4122,'2024-10-28','Invoice Payment Received: INV/1274',0,NULL,0,0),(4123,'2024-10-28','Invoice: INV/1275',0,NULL,0,0),(4124,'2024-10-28','Invoice Inventory: INV/1275',0,NULL,0,0),(4125,'2024-10-28','Invoice Payment Received: INV/1275',0,NULL,0,0),(4126,'2024-10-28','Invoice: INV/1276',0,NULL,0,0),(4127,'2024-10-28','Invoice Inventory: INV/1276',0,NULL,0,0),(4128,'2024-10-28','Invoice Payment Received: INV/1276',0,NULL,0,0),(4129,'2024-10-05','Invoice: INV/1277',0,NULL,0,0),(4130,'2024-10-05','Invoice Inventory: INV/1277',0,NULL,0,0),(4131,'2024-10-05','Invoice Payment Received: INV/1277',0,NULL,0,0),(4132,'2024-10-05','Invoice: INV/1278',0,NULL,0,0),(4133,'2024-10-05','Invoice Inventory: INV/1278',0,NULL,0,0),(4134,'2024-10-05','Invoice Payment Received: INV/1278',0,NULL,0,0),(4135,'2024-10-05','Invoice: INV/1279',0,NULL,0,0),(4136,'2024-10-05','Invoice Inventory: INV/1279',0,NULL,0,0),(4137,'2024-10-05','Invoice Payment Received: INV/1279',0,NULL,0,0),(4138,'2024-10-05','Invoice: INV/1280',0,NULL,0,0),(4139,'2024-10-05','Invoice Inventory: INV/1280',0,NULL,0,0),(4140,'2024-10-05','Invoice Payment Received: INV/1280',0,NULL,0,0),(4141,'2024-10-05','Invoice: INV/1281',0,NULL,0,0),(4142,'2024-10-05','Invoice Inventory: INV/1281',0,NULL,0,0),(4143,'2024-10-05','Invoice Payment Received: INV/1281',0,NULL,0,0),(4144,'2024-10-05','Invoice: INV/1282',0,NULL,0,0),(4145,'2024-10-05','Invoice Inventory: INV/1282',0,NULL,0,0),(4146,'2024-10-05','Invoice Payment Received: INV/1282',0,NULL,0,0),(4147,'2024-10-05','Invoice: INV/1283',0,NULL,0,0),(4148,'2024-10-05','Invoice Inventory: INV/1283',0,NULL,0,0),(4149,'2024-10-05','Invoice Payment Received: INV/1283',0,NULL,0,0),(4150,'2024-10-30','Invoice: INV/1284',0,NULL,0,1),(4151,'2024-10-05','Invoice: INV/1285',0,NULL,0,0),(4152,'2024-10-05','Invoice Inventory: INV/1285',0,NULL,0,0),(4153,'2024-10-05','Invoice Payment Received: INV/1285',0,NULL,0,0),(4154,'2024-10-05','Invoice: INV/1286',0,NULL,0,0),(4155,'2024-10-05','Invoice Inventory: INV/1286',0,NULL,0,0),(4156,'2024-10-05','Invoice Payment Received: INV/1286',0,NULL,0,0),(4157,'2024-10-05','Invoice: INV/1287',0,NULL,0,0),(4158,'2024-10-05','Invoice Inventory: INV/1287',0,NULL,0,0),(4159,'2024-10-05','Invoice Payment Received: INV/1287',0,NULL,0,0),(4160,'2024-10-30','Invoice: INV/1284',0,NULL,0,0),(4161,'2024-10-30','Invoice Inventory: INV/1284',0,NULL,0,0),(4162,'2024-10-05','Invoice: INV/1288',0,NULL,0,0),(4163,'2024-10-05','Invoice Inventory: INV/1288',0,NULL,0,0),(4164,'2024-10-05','Invoice Payment Received: INV/1288',0,NULL,0,0),(4165,'2024-10-05','Invoice: INV/1289',0,NULL,0,1),(4166,'2024-10-05','Invoice Inventory: INV/1289',0,NULL,0,1),(4167,'2024-10-05','Invoice Payment Received: INV/1289',0,NULL,0,0),(4168,'2024-10-05','Invoice: INV/1289',0,NULL,0,1),(4169,'2024-10-05','Invoice: INV/1290',0,NULL,0,0),(4170,'2024-10-05','Invoice Inventory: INV/1290',0,NULL,0,0),(4171,'2024-10-29','Automatic Purchase Payment: PURCHASE ORDER #33',0,NULL,0,1),(4172,'2024-10-05','Invoice Payment Received: INV/1290',0,NULL,0,0),(4173,'2024-10-05','Invoice: INV/1291',0,NULL,0,0),(4174,'2024-10-05','Invoice Inventory: INV/1291',0,NULL,0,0),(4175,'2024-10-05','Invoice Payment Received: INV/1291',0,NULL,0,0),(4176,'2024-10-05','Invoice: INV/1292',0,NULL,0,0),(4177,'2024-10-05','Invoice Inventory: INV/1292',0,NULL,0,0),(4178,'2024-10-05','Invoice Payment Received: INV/1292',0,NULL,0,0),(4179,'2024-10-05','Invoice: INV/1293',0,NULL,0,0),(4180,'2024-10-05','Invoice Inventory: INV/1293',0,NULL,0,0),(4181,'2024-10-05','Invoice Payment Received: INV/1293',0,NULL,0,0),(4182,'2024-10-05','Invoice: INV/1294',0,NULL,0,0),(4183,'2024-10-05','Invoice Inventory: INV/1294',0,NULL,0,0),(4184,'2024-10-05','Invoice Payment Received: INV/1294',0,NULL,0,0),(4185,'2024-10-05','Invoice: INV/1295',0,NULL,0,0),(4186,'2024-10-05','Invoice Inventory: INV/1295',0,NULL,0,0),(4187,'2024-10-05','Invoice Payment Received: INV/1295',0,NULL,0,0),(4188,'2024-10-05','Invoice: INV/1296',0,NULL,0,0),(4189,'2024-10-05','Invoice Inventory: INV/1296',0,NULL,0,0),(4190,'2024-10-05','Invoice Payment Received: INV/1296',0,NULL,0,0),(4191,'2024-10-05','Invoice: INV/1297',0,NULL,0,0),(4192,'2024-10-05','Invoice Inventory: INV/1297',0,NULL,0,0),(4193,'2024-10-05','Invoice Payment Received: INV/1297',0,NULL,0,0),(4194,'2024-10-05','Invoice: INV/1298',0,NULL,0,0),(4195,'2024-10-05','Invoice Inventory: INV/1298',0,NULL,0,0),(4196,'2024-10-05','Invoice Payment Received: INV/1298',0,NULL,0,0),(4197,'2024-10-05','Invoice: INV/1299',0,NULL,0,0),(4198,'2024-10-05','Invoice Inventory: INV/1299',0,NULL,0,0),(4199,'2024-10-05','Invoice Payment Received: INV/1299',0,NULL,0,0),(4200,'2024-10-05','Invoice: INV/1300',0,NULL,0,0),(4201,'2024-10-05','Invoice Inventory: INV/1300',0,NULL,0,0),(4202,'2024-10-05','Invoice Payment Received: INV/1300',0,NULL,0,0),(4203,'2024-10-05','Invoice: INV/1301',0,NULL,0,0),(4204,'2024-10-05','Invoice Inventory: INV/1301',0,NULL,0,0),(4205,'2024-10-05','Invoice Payment Received: INV/1301',0,NULL,0,0),(4206,'2024-10-05','Invoice: INV/1302',0,NULL,0,0),(4207,'2024-10-05','Invoice Inventory: INV/1302',0,NULL,0,0),(4208,'2024-10-05','Invoice Payment Received: INV/1302',0,NULL,0,0),(4209,'2024-10-05','Invoice: INV/1303',0,NULL,0,0),(4210,'2024-10-05','Invoice Inventory: INV/1303',0,NULL,0,0),(4211,'2024-10-05','Invoice Payment Received: INV/1303',0,NULL,0,0),(4212,'2024-10-06','Invoice: INV/1304',0,NULL,0,0),(4213,'2024-10-06','Invoice Inventory: INV/1304',0,NULL,0,0),(4214,'2024-10-06','Invoice Payment Received: INV/1304',0,NULL,0,0),(4215,'2024-10-06','Invoice: INV/1305',0,NULL,0,0),(4216,'2024-10-06','Invoice Inventory: INV/1305',0,NULL,0,0),(4217,'2024-10-06','Invoice Payment Received: INV/1305',0,NULL,0,0),(4218,'2024-10-06','Invoice: INV/1306',0,NULL,0,0),(4219,'2024-10-06','Invoice Inventory: INV/1306',0,NULL,0,0),(4220,'2024-10-06','Invoice Payment Received: INV/1306',0,NULL,0,0),(4221,'2024-10-06','Invoice: INV/1307',0,NULL,0,0),(4222,'2024-10-06','Invoice Inventory: INV/1307',0,NULL,0,0),(4223,'2024-10-06','Invoice Payment Received: INV/1307',0,NULL,0,0),(4224,'2024-10-06','Invoice: INV/1308',0,NULL,0,0),(4225,'2024-10-06','Invoice Inventory: INV/1308',0,NULL,0,0),(4226,'2024-10-06','Invoice Payment Received: INV/1308',0,NULL,0,0),(4227,'2024-10-06','Invoice: INV/1309',0,NULL,0,0),(4228,'2024-10-06','Invoice Inventory: INV/1309',0,NULL,0,0),(4229,'2024-10-06','Invoice Payment Received: INV/1309',0,NULL,0,0),(4230,'2024-10-06','Invoice: INV/1310',0,NULL,0,0),(4231,'2024-10-06','Invoice Inventory: INV/1310',0,NULL,0,0),(4232,'2024-10-06','Invoice Payment Received: INV/1310',0,NULL,0,0),(4233,'2024-10-06','Invoice: INV/1311',0,NULL,0,0),(4234,'2024-10-06','Invoice Inventory: INV/1311',0,NULL,0,0),(4235,'2024-10-06','Invoice Payment Received: INV/1311',0,NULL,0,0),(4236,'2024-10-06','Invoice: INV/1312',0,NULL,0,0),(4237,'2024-10-06','Invoice Inventory: INV/1312',0,NULL,0,0),(4238,'2024-10-06','Invoice Payment Received: INV/1312',0,NULL,0,0),(4239,'2024-10-06','Invoice: INV/1313',0,NULL,0,0),(4240,'2024-10-06','Invoice Inventory: INV/1313',0,NULL,0,0),(4241,'2024-10-06','Invoice Payment Received: INV/1313',0,NULL,0,0),(4242,'2024-10-06','Invoice: INV/1314',0,NULL,0,0),(4243,'2024-10-06','Invoice Inventory: INV/1314',0,NULL,0,0),(4244,'2024-10-06','Invoice Payment Received: INV/1314',0,NULL,0,0),(4245,'2024-10-29','Invoice: INV/1315',0,NULL,0,0),(4246,'2024-10-29','Invoice Inventory: INV/1315',0,NULL,0,0),(4247,'2024-10-29','Invoice Payment Received: INV/1315',0,NULL,0,0),(4248,'2024-10-29','Invoice: INV/1316',0,NULL,0,0),(4249,'2024-10-29','Invoice Inventory: INV/1316',0,NULL,0,0),(4250,'2024-10-29','Invoice Payment Received: INV/1316',0,NULL,0,0),(4251,'2024-10-29','Invoice: INV/1317',0,NULL,0,0),(4252,'2024-10-29','Invoice: INV/1318',0,NULL,0,0),(4253,'2024-10-29','Invoice Inventory: INV/1317',0,NULL,0,0),(4254,'2024-10-29','Invoice Payment Received: INV/1317',0,NULL,0,0),(4255,'2024-10-29','Invoice Inventory: INV/1318',0,NULL,0,0),(4256,'2024-10-29','Invoice: INV/1319',0,NULL,0,0),(4257,'2024-10-29','Invoice Inventory: INV/1319',0,NULL,0,0),(4258,'2024-10-29','Invoice Payment Received: INV/1319',0,NULL,0,0),(4259,'2024-10-29','Invoice: INV/1320',0,NULL,0,0),(4260,'2024-10-29','Invoice Inventory: INV/1320',0,NULL,0,0),(4261,'2024-10-29','Invoice Payment Received: INV/1320',0,NULL,0,0),(4262,'2024-10-29','Invoice: INV/1321',0,NULL,0,0),(4263,'2024-10-29','Invoice Inventory: INV/1321',0,NULL,0,0),(4264,'2024-10-29','Invoice Payment Received: INV/1321',0,NULL,0,0),(4265,'2024-10-29','Invoice: INV/1322',0,NULL,0,0),(4266,'2024-10-29','Invoice: INV/1323',0,NULL,0,0),(4267,'2024-10-29','Invoice Inventory: INV/1322',0,NULL,0,0),(4268,'2024-10-29','Invoice Inventory: INV/1323',0,NULL,0,0),(4269,'2024-10-29','Invoice Payment Received: INV/1323',0,NULL,0,0),(4270,'2024-10-29','Invoice: INV/1324',0,NULL,0,0),(4271,'2024-10-29','Invoice Inventory: INV/1324',0,NULL,0,0),(4272,'2024-10-29','Invoice: INV/1325',0,NULL,0,0),(4273,'2024-10-29','Invoice Inventory: INV/1325',0,NULL,0,0),(4274,'2024-10-29','Invoice Payment Received: INV/1325',0,NULL,0,0),(4275,'2024-10-29','Invoice: INV/1326',0,NULL,0,0),(4276,'2024-10-29','Invoice Inventory: INV/1326',0,NULL,0,0),(4277,'2024-10-29','Invoice Payment Received: INV/1326',0,NULL,0,0),(4278,'2024-10-29','Invoice: INV/1327',0,NULL,0,0),(4279,'2024-10-29','Invoice Inventory: INV/1327',0,NULL,0,0),(4280,'2024-10-29','Invoice Payment Received: INV/1327',0,NULL,0,0),(4281,'2024-10-29','Invoice: INV/1328',0,NULL,0,0),(4282,'2024-10-29','Invoice Inventory: INV/1328',0,NULL,0,0),(4283,'2024-10-29','Invoice Payment Received: INV/1328',0,NULL,0,0),(4284,'2024-10-29','Invoice: INV/1329',0,NULL,0,0),(4285,'2024-10-29','Invoice Inventory: INV/1329',0,NULL,0,0),(4286,'2024-10-29','Invoice Payment Received: INV/1329',0,NULL,0,0),(4287,'2024-10-29','Invoice: INV/1330',0,NULL,0,0),(4288,'2024-10-29','Invoice Inventory: INV/1330',0,NULL,0,0),(4289,'2024-10-29','Invoice Payment Received: INV/1330',0,NULL,0,0),(4290,'2024-10-29','Invoice: INV/1331',0,NULL,0,0),(4291,'2024-10-29','Invoice Inventory: INV/1331',0,NULL,0,0),(4292,'2024-10-29','Invoice Payment Received: INV/1331',0,NULL,0,0),(4293,'2024-10-29','Invoice: INV/1332',0,NULL,0,0),(4294,'2024-10-29','Invoice Inventory: INV/1332',0,NULL,0,0),(4295,'2024-10-29','Invoice Payment Received: INV/1332',0,NULL,0,0),(4296,'2024-10-29','Invoice: INV/1333',0,NULL,0,0),(4297,'2024-10-29','Invoice Inventory: INV/1333',0,NULL,0,0),(4298,'2024-10-29','Invoice Payment Received: INV/1333',0,NULL,0,0),(4299,'2024-10-29','Invoice: INV/1334',0,NULL,0,0),(4300,'2024-10-29','Invoice Inventory: INV/1334',0,NULL,0,0),(4301,'2024-10-29','Invoice Payment Received: INV/1334',0,NULL,0,0),(4302,'2024-10-29','Invoice: INV/1335',0,NULL,0,0),(4303,'2024-10-29','Invoice Inventory: INV/1335',0,NULL,0,0),(4304,'2024-10-29','Invoice Payment Received: INV/1335',0,NULL,0,0),(4305,'2024-10-29','Invoice: INV/1336',0,NULL,0,0),(4306,'2024-10-29','Invoice Inventory: INV/1336',0,NULL,0,0),(4307,'2024-10-29','Invoice: INV/1337',0,NULL,0,0),(4308,'2024-10-29','Invoice Inventory: INV/1337',0,NULL,0,0),(4309,'2024-10-29','Invoice Payment Received: INV/1337',0,NULL,0,0),(4310,'2024-10-29','Invoice: INV/1338',0,NULL,0,0),(4311,'2024-10-29','Invoice Inventory: INV/1338',0,NULL,0,0),(4312,'2024-10-29','Invoice Payment Received: INV/1338',0,NULL,0,0),(4313,'2024-10-29','Invoice: INV/1339',0,NULL,0,0),(4314,'2024-10-29','Invoice Inventory: INV/1339',0,NULL,0,0),(4315,'2024-10-29','Invoice Payment Received: INV/1339',0,NULL,0,0),(4316,'2024-10-29','Invoice: INV/1340',0,NULL,0,0),(4317,'2024-10-29','Invoice Inventory: INV/1340',0,NULL,0,0),(4318,'2024-10-29','Invoice Payment Received: INV/1340',0,NULL,0,0),(4319,'2024-10-29','Invoice: INV/1341',0,NULL,0,0),(4320,'2024-10-29','Invoice Inventory: INV/1341',0,NULL,0,0),(4321,'2024-10-29','Invoice Payment Received: INV/1341',0,NULL,0,0),(4322,'2024-10-29','Invoice: INV/1342',0,NULL,0,0),(4323,'2024-10-29','Invoice Inventory: INV/1342',0,NULL,0,0),(4324,'2024-10-29','Invoice Payment Received: INV/1342',0,NULL,0,0),(4325,'2024-10-29','Invoice: INV/1343',0,NULL,0,0),(4326,'2024-10-29','Invoice Inventory: INV/1343',0,NULL,0,0),(4327,'2024-10-29','Invoice Payment Received: INV/1343',0,NULL,0,0),(4328,'2024-10-29','Invoice Payment Received: INV/1144',0,NULL,0,0),(4329,'2024-10-29','Invoice: INV/1344',0,NULL,0,0),(4330,'2024-10-29','Invoice Inventory: INV/1344',0,NULL,0,0),(4331,'2024-10-29','Invoice Payment Received: INV/1344',0,NULL,0,0),(4332,'2024-10-29','Invoice Payment Received: INV/1221',0,NULL,0,0),(4333,'2024-10-29','Invoice: INV/1345',0,NULL,0,0),(4334,'2024-10-29','Invoice Inventory: INV/1345',0,NULL,0,0),(4335,'2024-10-29','Invoice Payment Received: INV/1345',0,NULL,0,0),(4336,'2024-10-06','Invoice: INV/1346',0,NULL,0,0),(4337,'2024-10-06','Invoice Inventory: INV/1346',0,NULL,0,0),(4338,'2024-10-06','Invoice Payment Received: INV/1346',0,NULL,0,0),(4339,'2024-10-06','Invoice: INV/1347',0,NULL,0,0),(4340,'2024-10-06','Invoice Inventory: INV/1347',0,NULL,0,0),(4341,'2024-09-09','Invoice: INV/621',0,NULL,0,1),(4342,'2024-10-06','Invoice Payment Received: INV/1347',0,NULL,0,0),(4343,'2024-09-09','Invoice Payment Received: INV/621',0,NULL,0,1),(4344,'2024-10-06','Invoice: INV/1348',0,NULL,0,0),(4345,'2024-10-06','Invoice Inventory: INV/1348',0,NULL,0,0),(4346,'2024-10-06','Invoice Payment Received: INV/1348',0,NULL,0,0),(4347,'2024-10-06','Invoice: INV/1349',0,NULL,0,0),(4348,'2024-10-06','Invoice Inventory: INV/1349',0,NULL,0,0),(4349,'2024-10-06','Invoice Payment Received: INV/1349',0,NULL,0,0),(4350,'2024-10-06','Invoice: INV/1350',0,NULL,0,0),(4351,'2024-10-06','Invoice Inventory: INV/1350',0,NULL,0,0),(4352,'2024-10-06','Invoice Payment Received: INV/1350',0,NULL,0,0),(4353,'2024-10-30','Purchase Order: PURCHASE ORDER #34',0,NULL,0,0),(4354,'2024-10-06','Invoice: INV/1351',0,NULL,0,0),(4355,'2024-10-06','Invoice Inventory: INV/1351',0,NULL,0,0),(4356,'2024-10-06','Invoice Payment Received: INV/1351',0,NULL,0,0),(4357,'2024-10-06','Invoice: INV/1352',0,NULL,0,0),(4358,'2024-10-06','Invoice Inventory: INV/1352',0,NULL,0,0),(4359,'2024-10-06','Invoice Payment Received: INV/1352',0,NULL,0,0),(4360,'2024-10-06','Invoice: INV/1353',0,NULL,0,0),(4361,'2024-10-06','Invoice Inventory: INV/1353',0,NULL,0,0),(4362,'2024-10-06','Invoice Payment Received: INV/1353',0,NULL,0,0),(4363,'2024-10-06','Invoice: INV/1354',0,NULL,0,0),(4364,'2024-10-06','Invoice Inventory: INV/1354',0,NULL,0,0),(4365,'2024-10-06','Invoice Payment Received: INV/1354',0,NULL,0,0),(4366,'2024-10-06','Invoice: INV/1355',0,NULL,0,0),(4367,'2024-10-06','Invoice Inventory: INV/1355',0,NULL,0,0),(4368,'2024-10-06','Invoice Payment Received: INV/1355',0,NULL,0,0),(4369,'2024-10-06','Invoice: INV/1356',0,NULL,0,0),(4370,'2024-10-06','Invoice Inventory: INV/1356',0,NULL,0,0),(4371,'2024-10-06','Invoice Payment Received: INV/1356',0,NULL,0,0),(4372,'2024-10-30','Invoice Shipment : INV/34',0,NULL,0,0),(4373,'2025-01-09','Automatic Purchase Payment: PURCHASE ORDER #34',0,NULL,0,0),(4374,'2024-10-30','Purchase Order: PURCHASE ORDER #35',0,NULL,0,0),(4375,'2024-10-30','Invoice: INV/1357',0,NULL,0,0),(4376,'2024-10-30','Invoice Inventory: INV/1357',0,NULL,0,0),(4377,'2024-10-30','Invoice Payment Received: INV/1357',0,NULL,0,0),(4378,'2024-10-30','Invoice: INV/1358',0,NULL,0,0),(4379,'2024-10-30','Invoice Inventory: INV/1358',0,NULL,0,0),(4380,'2024-10-30','Invoice Payment Received: INV/1358',0,NULL,0,0),(4381,'2024-10-30','Invoice: INV/1359',0,NULL,0,0),(4382,'2024-10-30','Invoice Inventory: INV/1359',0,NULL,0,0),(4383,'2024-10-30','Invoice: INV/1360',0,NULL,0,0),(4384,'2024-10-30','Invoice Inventory: INV/1360',0,NULL,0,0),(4385,'2024-10-30','Invoice Payment Received: INV/1360',0,NULL,0,0),(4386,'2024-10-30','Invoice: INV/1361',0,NULL,0,0),(4387,'2024-10-30','Invoice: INV/1362',0,NULL,0,0),(4388,'2024-10-30','Invoice Inventory: INV/1361',0,NULL,0,0),(4389,'2024-10-30','Invoice Payment Received: INV/1361',0,NULL,0,0),(4390,'2024-10-30','Invoice Inventory: INV/1362',0,NULL,0,0),(4391,'2024-10-30','Invoice: INV/1363',0,NULL,0,0),(4392,'2024-10-30','Invoice Inventory: INV/1363',0,NULL,0,0),(4393,'2024-10-30','Invoice: INV/1364',0,NULL,0,0),(4394,'2024-10-30','Invoice Inventory: INV/1364',0,NULL,0,0),(4395,'2024-10-30','Invoice Payment Received: INV/1364',0,NULL,0,0),(4396,'2024-10-30','Invoice: INV/1365',0,NULL,0,0),(4397,'2024-10-30','Invoice: INV/1366',0,NULL,0,0),(4398,'2024-10-30','Invoice Inventory: INV/1365',0,NULL,0,0),(4399,'2024-10-30','Invoice Inventory: INV/1366',0,NULL,0,0),(4400,'2024-10-30','Invoice: INV/1367',0,NULL,0,0),(4401,'2024-10-30','Invoice Inventory: INV/1367',0,NULL,0,0),(4402,'2024-10-30','Invoice: INV/1369',0,NULL,0,0),(4403,'2024-10-30','Invoice Inventory: INV/1369',0,NULL,0,0),(4404,'2024-10-30','Invoice Payment Received: INV/1369',0,NULL,0,0),(4405,'2024-10-30','Invoice: INV/1368',0,NULL,0,0),(4406,'2024-10-30','Invoice Inventory: INV/1368',0,NULL,0,0),(4407,'2024-10-31','Invoice: INV/1370',0,NULL,0,1),(4408,'2024-10-31','Invoice Inventory: INV/1370',0,NULL,0,1),(4409,'2024-10-30','Invoice: INV/1371',0,NULL,0,0),(4410,'2024-10-30','Invoice Inventory: INV/1371',0,NULL,0,0),(4411,'2024-10-30','Invoice Payment Received: INV/1366',0,NULL,0,0),(4412,'2024-10-30','Invoice: INV/1372',0,NULL,0,0),(4413,'2024-10-30','Invoice Inventory: INV/1372',0,NULL,0,0),(4414,'2024-10-30','Invoice Payment Received: INV/1019',0,NULL,0,0),(4415,'2024-10-30','Invoice Payment Received: INV/1253',0,NULL,0,0),(4416,'2024-10-30','Invoice Payment Received: INV/1048',0,NULL,0,1),(4417,'2024-10-23','Invoice: INV/1373',0,NULL,0,0),(4418,'2024-10-23','Invoice Inventory: INV/1373',0,NULL,0,0),(4419,'2024-10-23','Invoice Payment Received: INV/1373',0,NULL,0,0),(4420,'2024-10-23','Invoice: INV/1374',0,NULL,0,0),(4421,'2024-10-23','Invoice Inventory: INV/1374',0,NULL,0,0),(4422,'2024-10-23','Invoice Payment Received: INV/1374',0,NULL,0,0),(4423,'2024-10-30','Invoice: INV/1375',0,NULL,0,0),(4424,'2024-10-30','Invoice Inventory: INV/1375',0,NULL,0,0),(4425,'2024-10-30','Invoice Payment Received: INV/1375',0,NULL,0,0),(4426,'2024-10-30','Invoice: INV/1376',0,NULL,0,0),(4427,'2024-10-30','Invoice Inventory: INV/1376',0,NULL,0,0),(4428,'2024-10-30','Invoice Payment Received: INV/1376',0,NULL,0,0),(4429,'2024-10-30','Invoice: INV/1377',0,NULL,0,0),(4430,'2024-10-30','Invoice Inventory: INV/1377',0,NULL,0,0),(4431,'2024-10-30','Invoice Payment Received: INV/1377',0,NULL,0,0),(4432,'2024-10-30','Invoice: INV/1378',0,NULL,0,0),(4433,'2024-10-30','Invoice Inventory: INV/1378',0,NULL,0,0),(4434,'2024-10-30','Invoice Payment Received: INV/1378',0,NULL,0,0),(4435,'2024-10-30','Invoice: INV/1379',0,NULL,0,0),(4436,'2024-10-30','Invoice Inventory: INV/1379',0,NULL,0,0),(4437,'2024-10-30','Invoice Payment Received: INV/1379',0,NULL,0,0),(4438,'2024-10-30','Invoice: INV/1380',0,NULL,0,0),(4439,'2024-10-30','Invoice Inventory: INV/1380',0,NULL,0,0),(4440,'2024-10-30','Invoice Payment Received: INV/1380',0,NULL,0,0),(4441,'2024-10-30','Invoice: INV/1381',0,NULL,0,0),(4442,'2024-10-30','Invoice Inventory: INV/1381',0,NULL,0,0),(4443,'2024-10-30','Invoice Payment Received: INV/1381',0,NULL,0,0),(4444,'2024-10-30','Invoice: INV/1382',0,NULL,0,0),(4445,'2024-10-30','Invoice Inventory: INV/1382',0,NULL,0,0),(4446,'2024-10-30','Invoice Payment Received: INV/1382',0,NULL,0,0),(4447,'2024-10-28','Invoice Shipment : INV/33',0,NULL,0,0),(4448,'2024-10-31','Automatic Purchase Payment: PURCHASE ORDER #12',0,NULL,0,1),(4449,'2024-10-31','Automatic Purchase Payment: PURCHASE ORDER #12',0,NULL,0,0),(4450,'2024-09-04','Automatic General Expense: Bank',0,NULL,0,1),(4451,'2024-09-28','Automatic General Expense: Bank',0,NULL,0,1),(4452,'2024-09-29','Automatic General Expense: Bank',0,NULL,0,1),(4453,'2024-10-31','Invoice: INV/1383',0,NULL,0,0),(4454,'2024-10-31','Invoice Inventory: INV/1383',0,NULL,0,0),(4455,'2024-11-02','Invoice: INV/1384',0,NULL,0,0),(4456,'2024-11-02','Invoice Inventory: INV/1384',0,NULL,0,0),(4457,'2024-11-02','Invoice: INV/1385',0,NULL,0,0),(4458,'2024-11-02','Invoice Payment Received: INV/1385',0,NULL,0,0),(4459,'2024-11-02','Invoice Inventory: INV/1385',0,NULL,0,0),(4460,'2024-10-31','Invoice: INV/1386',0,NULL,0,0),(4461,'2024-10-31','Invoice Inventory: INV/1386',0,NULL,0,0),(4462,'2024-11-01','Invoice: INV/1387',0,NULL,0,0),(4463,'2024-11-01','Invoice Inventory: INV/1387',0,NULL,0,0),(4464,'2024-11-01','Invoice: INV/1388',0,NULL,0,1),(4465,'2024-11-01','Invoice Inventory: INV/1388',0,NULL,0,0),(4466,'2024-10-31','Invoice: INV/1389',0,NULL,0,0),(4467,'2024-10-31','Invoice Inventory: INV/1389',0,NULL,0,0),(4468,'2024-10-31','Invoice Payment Received: INV/1389',0,NULL,0,0),(4469,'2024-10-31','Invoice: INV/1390',0,NULL,0,0),(4470,'2024-10-31','Invoice Inventory: INV/1390',0,NULL,0,0),(4471,'2024-10-31','Invoice Payment Received: INV/1390',0,NULL,0,0),(4472,'2024-10-31','Invoice: INV/1391',0,NULL,0,0),(4473,'2024-10-31','Invoice Inventory: INV/1391',0,NULL,0,0),(4474,'2024-10-31','Invoice Payment Received: INV/1391',0,NULL,0,0),(4475,'2024-10-31','Invoice: INV/1392',0,NULL,0,0),(4476,'2024-10-31','Invoice Inventory: INV/1392',0,NULL,0,0),(4477,'2024-10-31','Invoice Payment Received: INV/1392',0,NULL,0,0),(4478,'2024-10-31','Invoice: INV/1393',0,NULL,0,0),(4479,'2024-10-31','Invoice Inventory: INV/1393',0,NULL,0,0),(4480,'2024-11-19','Invoice Payment Received: INV/608',0,NULL,0,1),(4481,'2024-10-31','Invoice: INV/1394',0,NULL,0,0),(4482,'2024-10-31','Invoice Inventory: INV/1394',0,NULL,0,0),(4483,'2024-10-31','Invoice Payment Received: INV/1394',0,NULL,0,0),(4484,'2024-11-02','Invoice: INV/1395',0,NULL,0,0),(4485,'2024-11-19','Invoice Payment Received: INV/862',0,NULL,0,1),(4486,'2024-11-02','Invoice Inventory: INV/1395',0,NULL,0,0),(4487,'2024-10-31','Invoice: INV/1396',0,NULL,0,0),(4488,'2024-10-31','Invoice Inventory: INV/1396',0,NULL,0,0),(4489,'2024-10-31','Invoice Payment Received: INV/1396',0,NULL,0,0),(4490,'2024-11-02','Invoice: INV/1397',0,NULL,0,0),(4491,'2024-11-02','Invoice Inventory: INV/1397',0,NULL,0,0),(4492,'2024-11-02','Invoice: INV/1398',0,NULL,0,0),(4493,'2024-09-09','Invoice Inventory: INV/400',0,NULL,0,0),(4494,'2024-11-02','Invoice Inventory: INV/1398',0,NULL,0,0),(4495,'2024-11-02','Invoice: INV/1399',0,NULL,0,0),(4496,'2024-10-31','Invoice: INV/1400',0,NULL,0,0),(4497,'2024-11-02','Invoice Inventory: INV/1399',0,NULL,0,0),(4498,'2024-10-31','Invoice Inventory: INV/1400',0,NULL,0,0),(4499,'2024-10-31','Invoice Payment Received: INV/1400',0,NULL,0,0),(4500,'2024-11-08','Invoice Payment Received: INV/400',0,NULL,0,0),(4501,'2024-11-02','Invoice: INV/1401',0,NULL,0,0),(4502,'2024-11-02','Invoice Inventory: INV/1401',0,NULL,0,0),(4503,'2024-11-08','Invoice Payment Received: INV/409',0,NULL,0,0),(4504,'2024-11-02','Invoice: INV/1402',0,NULL,0,0),(4505,'2024-11-02','Invoice Inventory: INV/1402',0,NULL,0,0),(4506,'2024-10-31','Invoice: INV/1403',0,NULL,0,0),(4507,'2024-10-31','Invoice Inventory: INV/1403',0,NULL,0,0),(4508,'2024-10-31','Invoice Payment Received: INV/1403',0,NULL,0,0),(4509,'2024-11-08','Invoice Payment Received: INV/431',0,NULL,0,0),(4510,'2024-10-31','Invoice: INV/1404',0,NULL,0,0),(4511,'2024-10-31','Invoice Inventory: INV/1404',0,NULL,0,0),(4512,'2024-10-31','Invoice Payment Received: INV/1404',0,NULL,0,0),(4513,'2024-11-08','Invoice Payment Received: INV/385',0,NULL,0,0),(4514,'2024-10-31','Invoice: INV/1405',0,NULL,0,0),(4515,'2024-10-31','Invoice Inventory: INV/1405',0,NULL,0,0),(4516,'2024-10-31','Invoice Payment Received: INV/1405',0,NULL,0,0),(4517,'2024-10-31','Invoice: INV/1406',0,NULL,0,0),(4518,'2024-10-31','Invoice Inventory: INV/1406',0,NULL,0,0),(4519,'2024-10-31','Invoice Payment Received: INV/1406',0,NULL,0,0),(4520,'2024-10-31','Invoice: INV/1407',0,NULL,0,0),(4521,'2024-10-31','Invoice Inventory: INV/1407',0,NULL,0,0),(4522,'2024-10-31','Invoice Payment Received: INV/1407',0,NULL,0,0),(4523,'2024-10-31','Invoice: INV/1408',0,NULL,0,0),(4524,'2024-10-31','Invoice Inventory: INV/1408',0,NULL,0,0),(4525,'2024-10-31','Invoice Payment Received: INV/1408',0,NULL,0,0),(4526,'2024-10-31','Invoice: INV/1409',0,NULL,0,0),(4527,'2024-10-31','Invoice Inventory: INV/1409',0,NULL,0,0),(4528,'2024-10-31','Invoice Payment Received: INV/1409',0,NULL,0,0),(4529,'2024-10-31','Invoice: INV/1410',0,NULL,0,0),(4530,'2024-10-31','Invoice Inventory: INV/1410',0,NULL,0,0),(4531,'2024-10-31','Invoice Payment Received: INV/1410',0,NULL,0,0),(4532,'2024-10-31','Invoice: INV/1411',0,NULL,0,0),(4533,'2024-10-31','Invoice Inventory: INV/1411',0,NULL,0,0),(4534,'2024-10-31','Invoice Payment Received: INV/1411',0,NULL,0,0),(4535,'2024-10-31','Invoice: INV/1413',0,NULL,0,0),(4536,'2024-10-31','Invoice Inventory: INV/1413',0,NULL,0,0),(4537,'2024-10-31','Invoice Payment Received: INV/1413',0,NULL,0,0),(4538,'2024-10-31','Invoice: INV/1414',0,NULL,0,0),(4539,'2024-10-31','Invoice Inventory: INV/1414',0,NULL,0,0),(4540,'2024-11-03','Invoice: INV/1412',0,NULL,0,0),(4541,'2024-10-31','Invoice Payment Received: INV/1414',0,NULL,0,0),(4542,'2024-11-03','Invoice Inventory: INV/1412',0,NULL,0,0),(4543,'2024-10-31','Invoice: INV/1415',0,NULL,0,0),(4544,'2024-10-31','Invoice Inventory: INV/1415',0,NULL,0,0),(4545,'2024-10-31','Invoice Payment Received: INV/1415',0,NULL,0,0),(4546,'2024-10-31','Invoice: INV/1417',0,NULL,0,0),(4547,'2024-10-31','Invoice Inventory: INV/1417',0,NULL,0,0),(4548,'2024-10-31','Invoice Payment Received: INV/1417',0,NULL,0,0),(4549,'2024-10-31','Invoice: INV/1418',0,NULL,0,0),(4550,'2024-10-31','Invoice Inventory: INV/1418',0,NULL,0,0),(4551,'2024-10-31','Invoice Payment Received: INV/1418',0,NULL,0,0),(4552,'2024-11-02','Invoice: INV/1416',0,NULL,0,0),(4553,'2024-11-02','Invoice Inventory: INV/1416',0,NULL,0,0),(4554,'2024-11-30','Invoice Payment Received: INV/648',0,NULL,0,1),(4555,'2024-11-30','Invoice Payment Received: INV/649',0,NULL,0,0),(4556,'2024-11-02','Invoice: INV/1420',0,NULL,0,1),(4557,'2024-11-02','Invoice Inventory: INV/1420',0,NULL,0,1),(4558,'2024-11-02','Invoice Inventory: INV/1420',0,NULL,0,0),(4559,'2024-11-02','Invoice Inventory: INV/1420',0,NULL,0,0),(4560,'2024-11-02','Invoice Payment Received: INV/1420',0,NULL,0,0),(4561,'2024-11-30','Invoice Payment Received: INV/627',0,NULL,0,0),(4562,'2024-11-02','Invoice: INV/1421',0,NULL,0,0),(4563,'2024-11-02','Invoice Inventory: INV/1421',0,NULL,0,0),(4564,'2024-11-02','Invoice Payment Received: INV/1421',0,NULL,0,0),(4565,'2024-11-02','Invoice: INV/1422',0,NULL,0,0),(4566,'2024-11-02','Invoice Inventory: INV/1422',0,NULL,0,0),(4567,'2024-11-02','Invoice Payment Received: INV/1422',0,NULL,0,0),(4568,'2024-11-02','Invoice: INV/1423',0,NULL,0,1),(4569,'2024-11-02','Invoice Inventory: INV/1423',0,NULL,0,0),(4570,'2024-11-02','Invoice Payment Received: INV/1423',0,NULL,0,0),(4571,'2024-11-02','Invoice: INV/1423',0,NULL,0,0),(4572,'2024-11-30','Invoice Payment Received: INV/634',0,NULL,0,1),(4573,'2024-11-02','Invoice: INV/1424',0,NULL,0,0),(4574,'2024-11-02','Invoice Inventory: INV/1424',0,NULL,0,0),(4575,'2024-11-02','Invoice Payment Received: INV/1424',0,NULL,0,0),(4576,'2024-09-07','Invoice: INV/644',0,NULL,0,1),(4577,'2024-11-02','Invoice: INV/1425',0,NULL,0,0),(4578,'2024-11-02','Invoice Inventory: INV/1425',0,NULL,0,0),(4579,'2024-11-30','Invoice Payment Received: INV/644',0,NULL,0,1),(4580,'2024-11-02','Invoice Payment Received: INV/1425',0,NULL,0,0),(4581,'2024-11-02','Invoice: INV/1426',0,NULL,0,0),(4582,'2024-11-02','Invoice Inventory: INV/1426',0,NULL,0,0),(4583,'2024-11-02','Invoice Payment Received: INV/1426',0,NULL,0,0),(4584,'2024-11-02','Invoice: INV/1427',0,NULL,0,0),(4585,'2024-11-02','Invoice Inventory: INV/1427',0,NULL,0,0),(4586,'2024-11-02','Invoice Payment Received: INV/1427',0,NULL,0,0),(4587,'2024-11-02','Invoice: INV/1428',0,NULL,0,0),(4588,'2024-11-02','Invoice Inventory: INV/1428',0,NULL,0,0),(4589,'2024-11-02','Invoice Payment Received: INV/1428',0,NULL,0,0),(4590,'2024-11-30','Invoice Payment Received: INV/637',0,NULL,0,1),(4591,'2024-11-02','Invoice: INV/1429',0,NULL,0,0),(4592,'2024-11-02','Invoice Inventory: INV/1429',0,NULL,0,0),(4593,'2024-11-02','Invoice Payment Received: INV/1429',0,NULL,0,0),(4594,'2024-11-02','Invoice: INV/1430',0,NULL,0,0),(4595,'2024-11-02','Invoice Inventory: INV/1430',0,NULL,0,0),(4596,'2024-11-02','Invoice Payment Received: INV/1430',0,NULL,0,0),(4597,'2024-11-02','Invoice: INV/1431',0,NULL,0,0),(4598,'2024-11-02','Invoice Inventory: INV/1431',0,NULL,0,0),(4599,'2024-11-02','Invoice Payment Received: INV/1431',0,NULL,0,0),(4600,'2024-11-02','Invoice: INV/1432',0,NULL,0,0),(4601,'2024-11-02','Invoice Inventory: INV/1432',0,NULL,0,0),(4602,'2024-11-02','Invoice Payment Received: INV/1432',0,NULL,0,0),(4603,'2024-11-02','Invoice: INV/1433',0,NULL,0,0),(4604,'2024-11-02','Invoice Inventory: INV/1433',0,NULL,0,0),(4605,'2024-11-02','Invoice Payment Received: INV/1433',0,NULL,0,0),(4606,'2024-11-02','Invoice: INV/1434',0,NULL,0,0),(4607,'2024-11-02','Invoice Inventory: INV/1434',0,NULL,0,0),(4608,'2024-11-02','Invoice Payment Received: INV/1434',0,NULL,0,0),(4609,'2024-11-30','Invoice Payment Received: INV/612',0,NULL,0,1),(4610,'2024-11-02','Invoice: INV/1435',0,NULL,0,0),(4611,'2024-11-02','Invoice Inventory: INV/1435',0,NULL,0,0),(4612,'2024-11-02','Invoice Payment Received: INV/1435',0,NULL,0,0),(4613,'2024-11-02','Invoice: INV/1436',0,NULL,0,0),(4614,'2024-11-02','Invoice Inventory: INV/1436',0,NULL,0,0),(4615,'2024-11-02','Invoice Payment Received: INV/1436',0,NULL,0,0),(4616,'2024-11-02','Invoice: INV/1437',0,NULL,0,0),(4617,'2024-11-02','Invoice Inventory: INV/1437',0,NULL,0,0),(4618,'2024-11-02','Invoice Payment Received: INV/1437',0,NULL,0,0),(4619,'2024-10-31','Invoice: INV/1419',0,NULL,0,0),(4620,'2024-10-31','Invoice Inventory: INV/1419',0,NULL,0,0),(4621,'2024-10-31','Invoice Payment Received: INV/1419',0,NULL,0,0),(4622,'2024-11-02','Invoice: INV/1438',0,NULL,0,0),(4623,'2024-11-30','Invoice Payment Received: INV/418',0,NULL,0,1),(4624,'2024-11-02','Invoice Inventory: INV/1438',0,NULL,0,0),(4625,'2024-11-02','Invoice Payment Received: INV/1438',0,NULL,0,0),(4626,'2024-10-31','Invoice: INV/1439',0,NULL,0,0),(4627,'2024-11-02','Invoice: INV/1440',0,NULL,0,1),(4628,'2024-10-31','Invoice Inventory: INV/1439',0,NULL,0,0),(4629,'2024-10-31','Invoice Inventory: INV/1439',0,NULL,0,0),(4630,'2024-11-22','Invoice Payment Received: INV/1135',0,NULL,0,0),(4631,'2024-11-02','Invoice Inventory: INV/1440',0,NULL,0,1),(4632,'2024-10-31','Invoice Payment Received: INV/1439',0,NULL,0,0),(4633,'2024-11-02','Invoice Payment Received: INV/1440',0,NULL,0,0),(4634,'2024-10-31','Invoice: INV/1441',0,NULL,0,0),(4635,'2024-10-31','Invoice Inventory: INV/1441',0,NULL,0,0),(4636,'2024-10-31','Invoice Payment Received: INV/1441',0,NULL,0,0),(4637,'2024-10-31','Invoice: INV/1442',0,NULL,0,0),(4638,'2024-10-31','Invoice Inventory: INV/1442',0,NULL,0,0),(4639,'2024-10-31','Invoice Payment Received: INV/1442',0,NULL,0,0),(4640,'2024-10-31','Invoice: INV/1443',0,NULL,0,0),(4641,'2024-10-31','Invoice Inventory: INV/1443',0,NULL,0,0),(4642,'2024-10-31','Invoice Payment Received: INV/1443',0,NULL,0,0),(4643,'2024-11-02','Invoice: INV/1420',0,NULL,0,0),(4644,'2024-10-31','Invoice: INV/1444',0,NULL,0,0),(4645,'2024-11-30','Invoice Payment Received: INV/1383',0,NULL,0,0),(4646,'2024-10-06','Invoice: INV/1445',0,NULL,0,0),(4647,'2024-10-31','Invoice Inventory: INV/1444',0,NULL,0,0),(4648,'2024-10-31','Invoice Payment Received: INV/1444',0,NULL,0,0),(4649,'2024-10-06','Invoice Inventory: INV/1445',0,NULL,0,0),(4650,'2024-10-31','Invoice Payment Received: INV/1363',0,NULL,0,0),(4651,'2024-10-31','Invoice: INV/1446',0,NULL,0,0),(4652,'2024-10-31','Invoice Inventory: INV/1446',0,NULL,0,0),(4653,'2024-10-31','Invoice Payment Received: INV/1446',0,NULL,0,0),(4654,'2024-10-31','Invoice Payment Received: INV/1147',0,NULL,0,0),(4655,'2024-10-31','Invoice: INV/1447',0,NULL,0,0),(4656,'2024-10-31','Invoice Inventory: INV/1447',0,NULL,0,0),(4657,'2024-10-31','Invoice Payment Received: INV/505',0,NULL,0,0),(4658,'2024-10-31','Invoice Payment Received: INV/1447',0,NULL,0,0),(4659,'2024-10-31','Invoice: INV/1448',0,NULL,0,0),(4660,'2024-10-31','Invoice Inventory: INV/1448',0,NULL,0,0),(4661,'2024-10-31','Invoice Payment Received: INV/1448',0,NULL,0,0),(4662,'2024-10-31','Invoice: INV/1449',0,NULL,0,0),(4663,'2024-10-31','Invoice Inventory: INV/1449',0,NULL,0,0),(4664,'2024-10-31','Invoice Payment Received: INV/1449',0,NULL,0,0),(4665,'2024-10-31','Invoice: INV/1450',0,NULL,0,0),(4666,'2024-10-31','Invoice Inventory: INV/1450',0,NULL,0,0),(4667,'2024-10-31','Invoice Payment Received: INV/1450',0,NULL,0,0),(4668,'2024-10-31','Invoice: INV/1451',0,NULL,0,0),(4669,'2024-10-31','Invoice Inventory: INV/1451',0,NULL,0,0),(4670,'2024-10-31','Invoice Payment Received: INV/1451',0,NULL,0,0),(4671,'2024-10-31','Invoice: INV/1452',0,NULL,0,0),(4672,'2024-10-31','Invoice Inventory: INV/1452',0,NULL,0,0),(4673,'2024-10-31','Invoice Payment Received: INV/1452',0,NULL,0,0),(4674,'2024-10-31','Invoice: INV/1453',0,NULL,0,0),(4675,'2024-10-31','Invoice Inventory: INV/1453',0,NULL,0,0),(4676,'2024-10-31','Invoice Payment Received: INV/1453',0,NULL,0,0),(4677,'2024-10-05','Invoice: INV/1454',0,NULL,0,0),(4678,'2024-10-05','Invoice Payment Received: INV/1454',0,NULL,0,0),(4679,'2024-10-05','Invoice Inventory: INV/1454',0,NULL,0,0),(4680,'2024-10-31','Invoice: INV/1455',0,NULL,0,0),(4681,'2024-10-30','Invoice Payment Received: INV/1055',0,NULL,0,0),(4682,'2024-10-31','Invoice Inventory: INV/1455',0,NULL,0,0),(4683,'2024-10-31','Invoice Payment Received: INV/1455',0,NULL,0,0),(4684,'2024-10-31','Invoice: INV/1456',0,NULL,0,0),(4685,'2024-10-31','Invoice Inventory: INV/1456',0,NULL,0,0),(4686,'2024-10-31','Invoice Payment Received: INV/1456',0,NULL,0,0),(4687,'2024-11-30','Invoice Payment Received: INV/650',0,NULL,0,0),(4688,'2024-11-30','Invoice Payment Received: INV/601',0,NULL,0,0),(4689,'2024-11-02','Invoice: INV/1457',0,NULL,0,0),(4690,'2024-11-02','Invoice Inventory: INV/1457',0,NULL,0,0),(4691,'2024-11-02','Invoice Payment Received: INV/1457',0,NULL,0,0),(4692,'2024-11-30','Invoice Payment Received: INV/413',0,NULL,0,0),(4693,'2024-11-30','Invoice Payment Received: INV/646',0,NULL,0,1),(4694,'2024-11-30','Invoice Payment Received: INV/597',0,NULL,0,0),(4695,'2024-11-02','Invoice: INV/1458',0,NULL,0,0),(4696,'2024-11-02','Invoice Inventory: INV/1458',0,NULL,0,0),(4697,'2024-11-02','Invoice Payment Received: INV/1458',0,NULL,0,0),(4698,'2024-11-02','Invoice: INV/1459',0,NULL,0,0),(4699,'2024-11-02','Invoice Inventory: INV/1459',0,NULL,0,0),(4700,'2024-11-02','Invoice Payment Received: INV/1459',0,NULL,0,0),(4701,'2024-11-05','Invoice Payment Received: INV/906',0,NULL,0,1),(4702,'2024-11-02','Invoice: INV/1460',0,NULL,0,0),(4703,'2024-11-02','Invoice Inventory: INV/1460',0,NULL,0,0),(4704,'2024-11-02','Invoice Payment Received: INV/1460',0,NULL,0,0),(4705,'2024-11-05','Invoice Payment Received: INV/907',0,NULL,0,0),(4706,'2024-11-02','Invoice: INV/1461',0,NULL,0,0),(4707,'2024-11-02','Invoice Inventory: INV/1461',0,NULL,0,0),(4708,'2024-11-02','Invoice Payment Received: INV/1461',0,NULL,0,0),(4709,'2024-11-05','Invoice Payment Received: INV/909',0,NULL,0,0),(4710,'2024-10-14','Invoice: INV/1463',0,NULL,0,0),(4711,'2024-11-02','Invoice: INV/1462',0,NULL,0,0),(4712,'2024-10-14','Invoice Inventory: INV/1463',0,NULL,0,0),(4713,'2024-11-02','Invoice Inventory: INV/1462',0,NULL,0,0),(4714,'2024-11-02','Invoice Payment Received: INV/1462',0,NULL,0,0),(4715,'2024-11-05','Invoice Payment Received: INV/910',0,NULL,0,0),(4716,'2024-11-02','Invoice: INV/1464',0,NULL,0,0),(4717,'2024-11-05','Invoice Payment Received: INV/911',0,NULL,0,0),(4718,'2024-11-02','Invoice Inventory: INV/1464',0,NULL,0,0),(4719,'2024-11-02','Invoice Payment Received: INV/1464',0,NULL,0,0),(4720,'2024-11-05','Invoice Payment Received: INV/912',0,NULL,0,0),(4721,'2024-11-02','Invoice: INV/1465',0,NULL,0,0),(4722,'2024-11-02','Invoice Inventory: INV/1465',0,NULL,0,0),(4723,'2024-11-02','Invoice Payment Received: INV/1465',0,NULL,0,0),(4724,'2024-11-02','Invoice: INV/1466',0,NULL,0,0),(4725,'2024-11-02','Invoice Inventory: INV/1466',0,NULL,0,0),(4726,'2024-11-02','Invoice Payment Received: INV/1466',0,NULL,0,0),(4727,'2024-11-05','Invoice Payment Received: INV/913',0,NULL,0,0),(4728,'2024-11-02','Invoice: INV/1467',0,NULL,0,0),(4729,'2024-11-02','Invoice Inventory: INV/1467',0,NULL,0,0),(4730,'2024-11-02','Invoice Payment Received: INV/1467',0,NULL,0,0),(4731,'2024-11-02','Invoice: INV/1468',0,NULL,0,0),(4732,'2024-11-05','Invoice Payment Received: INV/914',0,NULL,0,1),(4733,'2024-11-02','Invoice Inventory: INV/1468',0,NULL,0,0),(4734,'2024-11-02','Invoice Payment Received: INV/1468',0,NULL,0,0),(4735,'2024-11-02','Invoice: INV/1469',0,NULL,0,0),(4736,'2024-11-02','Invoice Inventory: INV/1469',0,NULL,0,0),(4737,'2024-11-02','Invoice Payment Received: INV/1469',0,NULL,0,0),(4738,'2024-11-02','Invoice: INV/1470',0,NULL,0,0),(4739,'2024-11-02','Invoice Inventory: INV/1470',0,NULL,0,0),(4740,'2024-11-02','Invoice Payment Received: INV/1470',0,NULL,0,0),(4741,'2024-11-02','Invoice: INV/1471',0,NULL,0,0),(4742,'2024-11-02','Invoice Inventory: INV/1471',0,NULL,0,0),(4743,'2024-11-02','Invoice Payment Received: INV/1471',0,NULL,0,0),(4744,'2024-11-02','Invoice: INV/1472',0,NULL,0,0),(4745,'2024-11-02','Invoice Inventory: INV/1472',0,NULL,0,0),(4746,'2024-11-02','Invoice Payment Received: INV/1472',0,NULL,0,0),(4747,'2024-11-02','Invoice: INV/1473',0,NULL,0,0),(4748,'2024-11-02','Invoice Inventory: INV/1473',0,NULL,0,0),(4749,'2024-11-02','Invoice Payment Received: INV/1473',0,NULL,0,0),(4750,'2024-11-02','Invoice: INV/1474',0,NULL,0,0),(4751,'2024-11-02','Invoice Inventory: INV/1474',0,NULL,0,0),(4752,'2024-11-02','Invoice Payment Received: INV/1474',0,NULL,0,0),(4753,'2024-11-02','Invoice: INV/1475',0,NULL,0,0),(4754,'2024-11-02','Invoice Inventory: INV/1475',0,NULL,0,0),(4755,'2024-11-02','Invoice: INV/1476',0,NULL,0,0),(4756,'2024-11-02','Invoice Inventory: INV/1476',0,NULL,0,0),(4757,'2024-11-02','Invoice Payment Received: INV/1476',0,NULL,0,0),(4758,'2024-11-02','Invoice: INV/1477',0,NULL,0,0),(4759,'2024-11-02','Invoice Inventory: INV/1477',0,NULL,0,0),(4760,'2024-11-02','Invoice Payment Received: INV/1477',0,NULL,0,0),(4761,'2024-10-20','Invoice: INV/1478',0,NULL,0,0),(4762,'2024-10-20','Invoice Inventory: INV/1478',0,NULL,0,0),(4763,'2024-11-02','Invoice: INV/1479',0,NULL,0,0),(4764,'2024-11-02','Invoice Inventory: INV/1479',0,NULL,0,0),(4765,'2024-11-02','Invoice Payment Received: INV/1479',0,NULL,0,0),(4766,'2024-11-02','Invoice: INV/1480',0,NULL,0,0),(4767,'2024-11-02','Invoice Inventory: INV/1480',0,NULL,0,0),(4768,'2024-11-02','Invoice Payment Received: INV/1480',0,NULL,0,0),(4769,'2024-11-02','Invoice: INV/1481',0,NULL,0,0),(4770,'2024-11-02','Invoice Inventory: INV/1481',0,NULL,0,0),(4771,'2024-11-02','Invoice Payment Received: INV/1481',0,NULL,0,0),(4772,'2024-11-03','Invoice Payment Received: INV/1412',0,NULL,0,0),(4773,'2024-11-03','Invoice: INV/1482',0,NULL,0,0),(4774,'2024-11-03','Invoice Inventory: INV/1482',0,NULL,0,0),(4775,'2024-11-03','Invoice: INV/1483',0,NULL,0,0),(4776,'2024-11-03','Invoice Inventory: INV/1483',0,NULL,0,0),(4777,'2024-11-03','Invoice: INV/1484',0,NULL,0,0),(4778,'2024-11-03','Invoice Inventory: INV/1484',0,NULL,0,0),(4779,'2024-11-03','Invoice Payment Received: INV/1484',0,NULL,0,0),(4780,'2024-11-03','Invoice: INV/1485',0,NULL,0,0),(4781,'2024-11-03','Invoice Inventory: INV/1485',0,NULL,0,0),(4782,'2024-11-03','Invoice: INV/1486',0,NULL,0,0),(4783,'2024-11-03','Invoice Inventory: INV/1486',0,NULL,0,0),(4784,'2024-11-03','Invoice Payment Received: INV/1486',0,NULL,0,0),(4785,'2024-11-03','Invoice: INV/1487',0,NULL,0,0),(4786,'2024-11-03','Invoice Inventory: INV/1487',0,NULL,0,0),(4787,'2024-11-03','Invoice Payment Received: INV/1487',0,NULL,0,0),(4788,'2024-11-03','Invoice: INV/1488',0,NULL,0,0),(4789,'2024-11-03','Invoice Inventory: INV/1488',0,NULL,0,0),(4790,'2024-11-03','Invoice Payment Received: INV/1488',0,NULL,0,0),(4791,'2024-11-03','Invoice: INV/1489',0,NULL,0,0),(4792,'2024-11-03','Invoice Inventory: INV/1489',0,NULL,0,0),(4793,'2024-11-03','Invoice Payment Received: INV/1489',0,NULL,0,0),(4794,'2024-11-03','Invoice: INV/1490',0,NULL,0,0),(4795,'2024-11-03','Invoice Inventory: INV/1490',0,NULL,0,0),(4796,'2024-11-03','Invoice Payment Received: INV/1490',0,NULL,0,0),(4797,'2024-11-03','Invoice: INV/1491',0,NULL,0,0),(4798,'2024-11-03','Invoice Inventory: INV/1491',0,NULL,0,0),(4799,'2024-11-03','Invoice Payment Received: INV/1491',0,NULL,0,0),(4800,'2024-11-03','Invoice: INV/1492',0,NULL,0,0),(4801,'2024-11-03','Invoice Inventory: INV/1492',0,NULL,0,0),(4802,'2024-11-03','Invoice Payment Received: INV/1492',0,NULL,0,0),(4803,'2024-11-03','Invoice: INV/1493',0,NULL,0,0),(4804,'2024-11-03','Invoice Inventory: INV/1493',0,NULL,0,0),(4805,'2024-11-03','Invoice Payment Received: INV/1493',0,NULL,0,0),(4806,'2024-11-03','Invoice: INV/1494',0,NULL,0,0),(4807,'2024-11-03','Invoice Inventory: INV/1494',0,NULL,0,0),(4808,'2024-11-03','Invoice Payment Received: INV/1494',0,NULL,0,0),(4809,'2024-11-03','Invoice: INV/1495',0,NULL,0,0),(4810,'2024-11-03','Invoice Inventory: INV/1495',0,NULL,0,0),(4811,'2024-11-03','Invoice Payment Received: INV/1495',0,NULL,0,0),(4812,'2024-11-03','Invoice: INV/1496',0,NULL,0,0),(4813,'2024-11-03','Invoice Inventory: INV/1496',0,NULL,0,0),(4814,'2024-11-03','Invoice Payment Received: INV/1496',0,NULL,0,0),(4815,'2024-11-03','Invoice: INV/1497',0,NULL,0,0),(4816,'2024-11-03','Invoice Inventory: INV/1497',0,NULL,0,0),(4817,'2024-11-03','Invoice Payment Received: INV/1497',0,NULL,0,0),(4818,'2024-11-03','Invoice: INV/1498',0,NULL,0,0),(4819,'2024-11-03','Invoice Inventory: INV/1498',0,NULL,0,0),(4820,'2024-11-03','Invoice Payment Received: INV/1498',0,NULL,0,0),(4821,'2024-11-03','Invoice: INV/1499',0,NULL,0,0),(4822,'2024-11-03','Invoice Inventory: INV/1499',0,NULL,0,0),(4823,'2024-11-03','Invoice Payment Received: INV/1499',0,NULL,0,0),(4824,'2024-11-03','Invoice: INV/1500',0,NULL,0,0),(4825,'2024-11-03','Invoice Inventory: INV/1500',0,NULL,0,0),(4826,'2024-11-03','Invoice Payment Received: INV/1500',0,NULL,0,0),(4827,'2024-11-03','Invoice: INV/1501',0,NULL,0,0),(4828,'2024-11-03','Invoice Inventory: INV/1501',0,NULL,0,0),(4829,'2024-11-03','Invoice Payment Received: INV/1501',0,NULL,0,0),(4830,'2024-11-03','Invoice: INV/1502',0,NULL,0,0),(4831,'2024-11-03','Invoice Inventory: INV/1502',0,NULL,0,0),(4832,'2024-11-03','Invoice Payment Received: INV/1502',0,NULL,0,0),(4833,'2024-11-03','Invoice: INV/1503',0,NULL,0,0),(4834,'2024-11-03','Invoice Inventory: INV/1503',0,NULL,0,0),(4835,'2024-11-03','Invoice Payment Received: INV/1503',0,NULL,0,0),(4836,'2024-11-03','Invoice: INV/1504',0,NULL,0,0),(4837,'2024-11-03','Invoice Inventory: INV/1504',0,NULL,0,0),(4838,'2024-11-03','Invoice Payment Received: INV/1504',0,NULL,0,0),(4839,'2024-11-03','Invoice: INV/1505',0,NULL,0,0),(4840,'2024-11-03','Invoice Inventory: INV/1505',0,NULL,0,0),(4841,'2024-11-03','Invoice Payment Received: INV/1505',0,NULL,0,0),(4842,'2024-11-03','Invoice: INV/1506',0,NULL,0,0),(4843,'2024-11-03','Invoice Inventory: INV/1506',0,NULL,0,0),(4844,'2024-11-03','Invoice Payment Received: INV/1506',0,NULL,0,0),(4845,'2024-11-03','Invoice: INV/1507',0,NULL,0,0),(4846,'2024-11-03','Invoice Inventory: INV/1507',0,NULL,0,0),(4847,'2024-11-03','Invoice Payment Received: INV/1507',0,NULL,0,0),(4848,'2024-11-03','Invoice: INV/1508',0,NULL,0,0),(4849,'2024-11-03','Invoice Inventory: INV/1508',0,NULL,0,0),(4850,'2024-11-03','Invoice Payment Received: INV/1508',0,NULL,0,0),(4851,'2024-11-03','Invoice: INV/1510',0,NULL,0,0),(4852,'2024-11-03','Invoice Inventory: INV/1510',0,NULL,0,0),(4853,'2024-11-03','Invoice Payment Received: INV/1510',0,NULL,0,0),(4854,'2024-11-03','Invoice: INV/1511',0,NULL,0,0),(4855,'2024-11-03','Invoice Inventory: INV/1511',0,NULL,0,0),(4856,'2024-11-03','Invoice Payment Received: INV/1511',0,NULL,0,0),(4857,'2024-11-03','Invoice: INV/1512',0,NULL,0,0),(4858,'2024-11-03','Invoice Inventory: INV/1512',0,NULL,0,0),(4859,'2024-11-03','Invoice Payment Received: INV/1512',0,NULL,0,0),(4860,'2024-11-03','Invoice: INV/1513',0,NULL,0,0),(4861,'2024-11-03','Invoice Inventory: INV/1513',0,NULL,0,0),(4862,'2024-11-03','Invoice Payment Received: INV/1513',0,NULL,0,0),(4863,'2024-11-03','Invoice: INV/1509',0,NULL,0,0),(4864,'2024-11-03','Invoice: INV/1514',0,NULL,0,0),(4865,'2024-11-03','Invoice Inventory: INV/1514',0,NULL,0,0),(4866,'2024-11-03','Invoice Inventory: INV/1514',0,NULL,0,0),(4867,'2024-11-03','Invoice Payment Received: INV/1514',0,NULL,0,0),(4868,'2024-11-03','Invoice Inventory: INV/1509',0,NULL,0,0),(4869,'2024-11-03','Invoice Payment Received: INV/1509',0,NULL,0,0),(4870,'2024-11-03','Invoice: INV/1515',0,NULL,0,0),(4871,'2024-11-03','Invoice Inventory: INV/1515',0,NULL,0,0),(4872,'2024-11-03','Invoice Payment Received: INV/1515',0,NULL,0,0),(4873,'2024-11-03','Invoice: INV/1516',0,NULL,0,0),(4874,'2024-11-03','Invoice Inventory: INV/1516',0,NULL,0,0),(4875,'2024-11-03','Invoice Payment Received: INV/1516',0,NULL,0,0),(4876,'2024-11-03','Invoice: INV/1517',0,NULL,0,0),(4877,'2024-11-03','Invoice Inventory: INV/1517',0,NULL,0,0),(4878,'2024-11-03','Invoice Payment Received: INV/1517',0,NULL,0,0),(4879,'2024-11-03','Invoice: INV/1518',0,NULL,0,0),(4880,'2024-11-03','Invoice Inventory: INV/1518',0,NULL,0,0),(4881,'2024-11-03','Invoice Payment Received: INV/1518',0,NULL,0,0),(4882,'2024-11-03','Invoice: INV/1519',0,NULL,0,0),(4883,'2024-11-03','Invoice Inventory: INV/1519',0,NULL,0,0),(4884,'2024-11-03','Invoice Payment Received: INV/1519',0,NULL,0,0),(4885,'2024-11-03','Invoice: INV/1520',0,NULL,0,0),(4886,'2024-11-03','Invoice Inventory: INV/1520',0,NULL,0,0),(4887,'2024-11-03','Invoice Payment Received: INV/1520',0,NULL,0,0),(4888,'2024-11-03','Invoice: INV/1521',0,NULL,0,0),(4889,'2024-11-03','Invoice Inventory: INV/1521',0,NULL,0,0),(4890,'2024-11-03','Invoice Payment Received: INV/1521',0,NULL,0,0),(4891,'2024-11-03','Invoice: INV/1522',0,NULL,0,0),(4892,'2024-11-03','Invoice: INV/1523',0,NULL,0,0),(4893,'2024-11-03','Invoice Inventory: INV/1522',0,NULL,0,0),(4894,'2024-11-03','Invoice Inventory: INV/1523',0,NULL,0,0),(4895,'2024-11-03','Invoice Payment Received: INV/1523',0,NULL,0,0),(4896,'2024-11-03','Invoice Payment Received: INV/1522',0,NULL,0,0),(4897,'2024-11-03','Invoice: INV/1525',0,NULL,0,0),(4898,'2024-11-03','Invoice Inventory: INV/1525',0,NULL,0,0),(4899,'2024-11-03','Invoice: INV/1524',0,NULL,0,0),(4900,'2024-11-03','Invoice: INV/1524',0,NULL,0,0),(4901,'2024-11-03','Invoice Payment Received: INV/1525',0,NULL,0,0),(4902,'2024-11-03','Invoice Inventory: INV/1524',0,NULL,0,0),(4903,'2024-11-03','Invoice Payment Received: INV/1524',0,NULL,0,0),(4904,'2024-11-03','Invoice: INV/1526',0,NULL,0,0),(4905,'2024-11-03','Invoice Inventory: INV/1526',0,NULL,0,0),(4906,'2024-11-03','Invoice Payment Received: INV/1526',0,NULL,0,0),(4907,'2024-11-03','Invoice: INV/1527',0,NULL,0,0),(4908,'2024-11-03','Invoice Inventory: INV/1527',0,NULL,0,0),(4909,'2024-11-03','Invoice Payment Received: INV/1527',0,NULL,0,0),(4910,'2024-11-03','Invoice: INV/1528',0,NULL,0,0),(4911,'2024-11-03','Invoice: INV/1529',0,NULL,0,0),(4912,'2024-11-03','Invoice Inventory: INV/1528',0,NULL,0,0),(4913,'2024-11-03','Invoice Payment Received: INV/1528',0,NULL,0,0),(4914,'2024-11-03','Invoice Inventory: INV/1529',0,NULL,0,0),(4915,'2024-11-03','Invoice Payment Received: INV/1529',0,NULL,0,0),(4916,'2024-11-03','Invoice: INV/1531',0,NULL,0,0),(4917,'2024-11-03','Invoice Inventory: INV/1531',0,NULL,0,0),(4918,'2024-11-03','Invoice: INV/1530',0,NULL,0,0),(4919,'2024-11-03','Invoice Payment Received: INV/1531',0,NULL,0,0),(4920,'2024-11-03','Invoice Inventory: INV/1530',0,NULL,0,0),(4921,'2024-11-03','Invoice Payment Received: INV/1530',0,NULL,0,0),(4922,'2024-11-03','Invoice: INV/1532',0,NULL,0,0),(4923,'2024-11-03','Invoice: INV/1533',0,NULL,0,0),(4924,'2024-11-03','Invoice Inventory: INV/1533',0,NULL,0,0),(4925,'2024-11-03','Invoice Payment Received: INV/1533',0,NULL,0,0),(4926,'2024-11-03','Invoice Payment Received: INV/1532',0,NULL,0,0),(4927,'2024-11-03','Invoice: INV/1534',0,NULL,0,0),(4928,'2024-11-03','Invoice Inventory: INV/1534',0,NULL,0,0),(4929,'2024-11-03','Invoice Payment Received: INV/1534',0,NULL,0,0),(4930,'2024-11-03','Invoice: INV/1535',0,NULL,0,0),(4931,'2024-11-03','Invoice Inventory: INV/1535',0,NULL,0,0),(4932,'2024-11-03','Invoice Payment Received: INV/1535',0,NULL,0,0),(4933,'2024-11-03','Invoice: INV/1536',0,NULL,0,0),(4934,'2024-11-03','Invoice Inventory: INV/1536',0,NULL,0,0),(4935,'2024-11-03','Invoice Payment Received: INV/1536',0,NULL,0,0),(4936,'2024-11-03','Invoice: INV/1537',0,NULL,0,0),(4937,'2024-11-03','Invoice Inventory: INV/1537',0,NULL,0,0),(4938,'2024-11-03','Invoice Payment Received: INV/1537',0,NULL,0,0),(4939,'2024-11-03','Invoice: INV/1538',0,NULL,0,0),(4940,'2024-11-03','Invoice Inventory: INV/1538',0,NULL,0,0),(4941,'2024-11-03','Invoice Payment Received: INV/1538',0,NULL,0,0),(4942,'2024-11-03','Invoice: INV/1539',0,NULL,0,0),(4943,'2024-11-03','Invoice Inventory: INV/1539',0,NULL,0,0),(4944,'2024-11-03','Invoice Payment Received: INV/1539',0,NULL,0,0),(4945,'2024-11-03','Invoice: INV/1540',0,NULL,0,0),(4946,'2024-11-03','Invoice Payment Received: INV/1540',0,NULL,0,0),(4947,'2024-11-03','Invoice Payment Received: INV/1540',0,NULL,0,0),(4948,'2024-11-03','Invoice Inventory: INV/1540',0,NULL,0,0),(4949,'2024-11-02','Invoice: INV/1541',0,NULL,0,0),(4950,'2024-11-02','Invoice Inventory: INV/1541',0,NULL,0,0),(4951,'2024-11-02','Invoice Payment Received: INV/1541',0,NULL,0,0),(4952,'2024-11-02','Invoice: INV/1542',0,NULL,0,0),(4953,'2024-11-02','Invoice Inventory: INV/1542',0,NULL,0,0),(4954,'2024-11-02','Invoice Payment Received: INV/1542',0,NULL,0,0),(4955,'2024-11-02','Invoice: INV/1543',0,NULL,0,1),(4956,'2024-11-02','Invoice: INV/1544',0,NULL,0,0),(4957,'2024-11-02','Invoice Inventory: INV/1544',0,NULL,0,0),(4958,'2024-11-02','Invoice Payment Received: INV/1544',0,NULL,0,0),(4959,'2024-10-31','Invoice: INV/1545',0,NULL,0,0),(4960,'2024-10-31','Invoice Inventory: INV/1545',0,NULL,0,0),(4961,'2024-11-03','Invoice Payment Received: INV/1362',0,NULL,0,0),(4962,'2024-10-31','Invoice Payment Received: INV/1545',0,NULL,0,0),(4963,'2024-11-03','Invoice Payment Received: INV/1365',0,NULL,0,0),(4964,'2024-10-31','Invoice: INV/1546',0,NULL,0,0),(4965,'2024-10-31','Invoice Inventory: INV/1546',0,NULL,0,0),(4966,'2024-10-31','Invoice Payment Received: INV/1546',0,NULL,0,0),(4967,'2024-10-31','Invoice: INV/1547',0,NULL,0,0),(4968,'2024-11-03','Invoice Payment Received: INV/740',0,NULL,0,0),(4969,'2024-10-31','Invoice Inventory: INV/1547',0,NULL,0,0),(4970,'2024-10-31','Invoice Payment Received: INV/1547',0,NULL,0,0),(4971,'2024-10-31','Invoice: INV/1548',0,NULL,0,0),(4972,'2024-10-31','Invoice Inventory: INV/1548',0,NULL,0,0),(4973,'2024-10-31','Invoice Payment Received: INV/1548',0,NULL,0,0),(4974,'2024-10-31','Invoice: INV/1549',0,NULL,0,0),(4975,'2024-10-31','Invoice Inventory: INV/1549',0,NULL,0,0),(4976,'2024-10-31','Invoice Payment Received: INV/1549',0,NULL,0,0),(4977,'2024-10-31','Invoice: INV/1550',0,NULL,0,0),(4978,'2024-10-31','Invoice Inventory: INV/1550',0,NULL,0,0),(4979,'2024-10-31','Invoice Payment Received: INV/1550',0,NULL,0,0),(4980,'2024-10-31','Invoice: INV/1551',0,NULL,0,0),(4981,'2024-10-31','Invoice Inventory: INV/1551',0,NULL,0,0),(4982,'2024-10-31','Invoice Payment Received: INV/1551',0,NULL,0,0),(4983,'2024-10-31','Invoice: INV/1552',0,NULL,0,0),(4984,'2024-10-31','Invoice Inventory: INV/1552',0,NULL,0,0),(4985,'2024-10-31','Invoice Payment Received: INV/1552',0,NULL,0,0),(4986,'2024-10-31','Invoice: INV/1553',0,NULL,0,0),(4987,'2024-10-31','Invoice Inventory: INV/1553',0,NULL,0,0),(4988,'2024-10-31','Invoice Payment Received: INV/1553',0,NULL,0,0),(4989,'2024-10-31','Invoice: INV/1554',0,NULL,0,0),(4990,'2024-10-31','Invoice Inventory: INV/1554',0,NULL,0,0),(4991,'2024-10-31','Invoice Payment Received: INV/1554',0,NULL,0,0),(4992,'2024-10-31','Invoice: INV/1555',0,NULL,0,0),(4993,'2024-10-31','Invoice Inventory: INV/1555',0,NULL,0,0),(4994,'2024-10-31','Invoice Payment Received: INV/1555',0,NULL,0,0),(4995,'2024-10-31','Invoice: INV/1556',0,NULL,0,0),(4996,'2024-10-31','Invoice Inventory: INV/1556',0,NULL,0,0),(4997,'2024-10-31','Invoice Payment Received: INV/1556',0,NULL,0,0),(4998,'2024-10-31','Invoice: INV/1557',0,NULL,0,0),(4999,'2024-10-31','Invoice Inventory: INV/1557',0,NULL,0,0),(5000,'2024-10-31','Invoice Payment Received: INV/1557',0,NULL,0,0),(5001,'2024-10-31','Invoice: INV/1558',0,NULL,0,0),(5002,'2024-10-31','Invoice Inventory: INV/1558',0,NULL,0,0),(5003,'2024-10-31','Invoice Payment Received: INV/1558',0,NULL,0,0),(5004,'2024-10-31','Invoice: INV/1559',0,NULL,0,0),(5005,'2024-10-31','Invoice Inventory: INV/1559',0,NULL,0,0),(5006,'2024-10-31','Invoice Payment Received: INV/1559',0,NULL,0,0),(5007,'2024-10-31','Invoice: INV/1560',0,NULL,0,0),(5008,'2024-10-31','Invoice Inventory: INV/1560',0,NULL,0,0),(5009,'2024-10-31','Invoice Inventory: INV/1560',0,NULL,0,0),(5010,'2024-10-31','Invoice Payment Received: INV/1560',0,NULL,0,0),(5011,'2024-10-30','Invoice: INV/1561',0,NULL,0,0),(5012,'2024-10-30','Invoice Inventory: INV/1561',0,NULL,0,0),(5013,'2024-10-30','Invoice Payment Received: INV/1561',0,NULL,0,0),(5014,'2024-10-30','Invoice: INV/1562',0,NULL,0,0),(5015,'2024-10-30','Invoice Inventory: INV/1562',0,NULL,0,0),(5016,'2024-10-30','Invoice Payment Received: INV/1562',0,NULL,0,0),(5017,'2024-10-30','Invoice: INV/1563',0,NULL,0,0),(5018,'2024-10-30','Invoice Inventory: INV/1563',0,NULL,0,0),(5019,'2024-10-30','Invoice Payment Received: INV/1563',0,NULL,0,0),(5020,'2024-10-30','Invoice: INV/1564',0,NULL,0,0),(5021,'2024-10-30','Invoice Inventory: INV/1564',0,NULL,0,0),(5022,'2024-10-30','Invoice Payment Received: INV/1564',0,NULL,0,0),(5023,'2024-10-30','Invoice: INV/1565',0,NULL,0,0),(5024,'2024-10-30','Invoice Inventory: INV/1565',0,NULL,0,0),(5025,'2024-10-30','Invoice Payment Received: INV/1565',0,NULL,0,0),(5026,'2024-10-30','Invoice: INV/1566',0,NULL,0,0),(5027,'2024-10-30','Invoice Inventory: INV/1566',0,NULL,0,0),(5028,'2024-10-30','Invoice Payment Received: INV/1566',0,NULL,0,0),(5029,'2024-11-04','Invoice: INV/1567',0,NULL,0,0),(5030,'2024-11-04','Invoice Inventory: INV/1567',0,NULL,0,0),(5031,'2024-11-04','Invoice Payment Received: INV/1567',0,NULL,0,0),(5032,'2024-11-04','Invoice: INV/1568',0,NULL,0,0),(5033,'2024-11-04','Invoice Inventory: INV/1568',0,NULL,0,0),(5034,'2024-11-04','Invoice Payment Received: INV/1568',0,NULL,0,0),(5035,'2024-11-04','Invoice: INV/1569',0,NULL,0,0),(5036,'2024-11-04','Invoice Inventory: INV/1569',0,NULL,0,0),(5037,'2024-11-04','Invoice: INV/1570',0,NULL,0,0),(5038,'2024-11-04','Invoice Inventory: INV/1570',0,NULL,0,0),(5039,'2024-11-04','Invoice Payment Received: INV/1569',0,NULL,0,0),(5040,'2024-11-04','Invoice: INV/1572',0,NULL,0,0),(5041,'2024-11-04','Invoice: INV/1571',0,NULL,0,0),(5042,'2024-11-04','Invoice Inventory: INV/1572',0,NULL,0,0),(5043,'2024-11-04','Invoice Inventory: INV/1572',0,NULL,0,0),(5044,'2024-11-04','Invoice Inventory: INV/1571',0,NULL,0,0),(5045,'2024-11-04','Invoice Payment Received: INV/1572',0,NULL,0,0),(5046,'2024-11-04','Invoice: INV/1574',0,NULL,0,0),(5047,'2024-11-04','Invoice: INV/1573',0,NULL,0,0),(5048,'2024-11-04','Invoice Inventory: INV/1574',0,NULL,0,0),(5049,'2024-11-04','Invoice Inventory: INV/1573',0,NULL,0,0),(5050,'2024-11-04','Invoice Payment Received: INV/1573',0,NULL,0,0),(5051,'2024-10-31','Invoice: INV/1575',0,NULL,0,0),(5052,'2024-10-31','Invoice Inventory: INV/1575',0,NULL,0,0),(5053,'2024-11-04','Invoice: INV/1576',0,NULL,0,0),(5054,'2024-11-04','Invoice Inventory: INV/1576',0,NULL,0,0),(5055,'2024-11-04','Invoice Payment Received: INV/1576',0,NULL,0,0),(5056,'2024-11-04','Invoice: INV/1577',0,NULL,0,0),(5057,'2024-11-04','Invoice Inventory: INV/1577',0,NULL,0,0),(5058,'2024-11-04','Invoice Payment Received: INV/1577',0,NULL,0,0),(5059,'2024-11-04','Invoice: INV/1578',0,NULL,0,0),(5060,'2024-11-04','Invoice Inventory: INV/1578',0,NULL,0,0),(5061,'2024-11-04','Invoice Payment Received: INV/1578',0,NULL,0,0),(5062,'2024-11-04','Invoice: INV/1579',0,NULL,0,0),(5063,'2024-11-04','Invoice Inventory: INV/1579',0,NULL,0,0),(5064,'2024-11-04','Invoice Payment Received: INV/1579',0,NULL,0,0),(5065,'2024-11-04','Invoice: INV/1580',0,NULL,0,0),(5066,'2024-11-04','Invoice Inventory: INV/1580',0,NULL,0,0),(5067,'2024-11-04','Invoice Payment Received: INV/1580',0,NULL,0,0),(5068,'2024-11-04','Invoice: INV/1581',0,NULL,0,0),(5069,'2024-11-04','Invoice Inventory: INV/1581',0,NULL,0,0),(5070,'2024-11-04','Invoice Payment Received: INV/1581',0,NULL,0,0),(5071,'2024-11-04','Invoice: INV/1582',0,NULL,0,0),(5072,'2024-11-04','Invoice Inventory: INV/1582',0,NULL,0,0),(5073,'2024-11-04','Invoice Payment Received: INV/1582',0,NULL,0,0),(5074,'2024-11-04','Invoice: INV/1583',0,NULL,0,0),(5075,'2024-11-04','Invoice Inventory: INV/1583',0,NULL,0,0),(5076,'2024-11-04','Invoice Inventory: INV/1583',0,NULL,0,0),(5077,'2024-11-04','Invoice Payment Received: INV/1583',0,NULL,0,0),(5078,'2024-11-04','Invoice: INV/1584',0,NULL,0,0),(5079,'2024-11-04','Invoice Inventory: INV/1584',0,NULL,0,0),(5080,'2024-11-04','Invoice Payment Received: INV/1584',0,NULL,0,0),(5081,'2024-11-04','Invoice: INV/1585',0,NULL,0,0),(5082,'2024-11-04','Invoice Inventory: INV/1585',0,NULL,0,0),(5083,'2024-11-04','Invoice Payment Received: INV/1585',0,NULL,0,0),(5084,'2024-11-04','Invoice: INV/1586',0,NULL,0,0),(5085,'2024-11-04','Invoice Inventory: INV/1586',0,NULL,0,0),(5086,'2024-11-04','Invoice Payment Received: INV/1586',0,NULL,0,0),(5087,'2024-11-04','Invoice: INV/1587',0,NULL,0,0),(5088,'2024-11-04','Invoice Inventory: INV/1587',0,NULL,0,0),(5089,'2024-11-04','Invoice Payment Received: INV/1587',0,NULL,0,0),(5090,'2024-11-04','Invoice: INV/1588',0,NULL,0,0),(5091,'2024-11-04','Invoice Inventory: INV/1588',0,NULL,0,0),(5092,'2024-11-04','Invoice Payment Received: INV/1588',0,NULL,0,0),(5093,'2024-11-04','Invoice: INV/1589',0,NULL,0,0),(5094,'2024-11-04','Invoice Payment Received: INV/1589',0,NULL,0,0),(5095,'2024-11-04','Invoice: INV/1590',0,NULL,0,0),(5096,'2024-11-04','Invoice Inventory: INV/1590',0,NULL,0,0),(5097,'2024-11-04','Invoice Payment Received: INV/1590',0,NULL,0,0),(5098,'2024-11-04','Invoice: INV/1591',0,NULL,0,0),(5099,'2024-11-04','Invoice Inventory: INV/1591',0,NULL,0,0),(5100,'2024-11-04','Invoice Payment Received: INV/1591',0,NULL,0,0),(5101,'2024-11-04','Invoice: INV/1592',0,NULL,0,0),(5102,'2024-11-04','Invoice Inventory: INV/1592',0,NULL,0,0),(5103,'2024-11-04','Invoice: INV/1593',0,NULL,0,0),(5104,'2024-11-04','Invoice Payment Received: INV/1592',0,NULL,0,0),(5105,'2024-11-04','Invoice Inventory: INV/1593',0,NULL,0,0),(5106,'2024-11-04','Invoice Payment Received: INV/1593',0,NULL,0,0),(5107,'2024-11-04','Invoice: INV/1594',0,NULL,0,0),(5108,'2024-11-04','Invoice Inventory: INV/1594',0,NULL,0,0),(5109,'2024-11-04','Invoice Payment Received: INV/1594',0,NULL,0,0),(5110,'2024-11-04','Invoice: INV/1595',0,NULL,0,0),(5111,'2024-11-04','Invoice Inventory: INV/1595',0,NULL,0,0),(5112,'2024-11-04','Invoice: INV/1596',0,NULL,0,0),(5113,'2024-11-04','Invoice Payment Received: INV/1595',0,NULL,0,0),(5114,'2024-11-04','Invoice Inventory: INV/1596',0,NULL,0,0),(5115,'2024-11-04','Invoice Payment Received: INV/1596',0,NULL,0,0),(5116,'2024-11-04','Invoice: INV/1597',0,NULL,0,0),(5117,'2024-11-04','Invoice Inventory: INV/1597',0,NULL,0,0),(5118,'2024-11-04','Invoice Payment Received: INV/1597',0,NULL,0,0),(5119,'2024-11-04','Invoice: INV/1599',0,NULL,0,0),(5120,'2024-11-04','Invoice: INV/1598',0,NULL,0,0),(5121,'2024-11-04','Invoice Inventory: INV/1599',0,NULL,0,0),(5122,'2024-11-04','Invoice Inventory: INV/1599',0,NULL,0,0),(5123,'2024-11-04','Invoice Inventory: INV/1599',0,NULL,0,0),(5124,'2024-11-04','Invoice Inventory: INV/1598',0,NULL,0,0),(5125,'2024-11-04','Invoice Payment Received: INV/1599',0,NULL,0,0),(5126,'2024-11-04','Invoice Payment Received: INV/1598',0,NULL,0,0),(5127,'2024-11-04','Invoice: INV/1600',0,NULL,0,0),(5128,'2024-11-04','Invoice Inventory: INV/1600',0,NULL,0,0),(5129,'2024-11-04','Invoice Payment Received: INV/1600',0,NULL,0,0),(5130,'2024-11-04','Invoice: INV/1601',0,NULL,0,0),(5131,'2024-11-04','Invoice: INV/1602',0,NULL,0,0),(5132,'2024-11-04','Invoice Inventory: INV/1601',0,NULL,0,0),(5133,'2024-11-04','Invoice Payment Received: INV/1601',0,NULL,0,0),(5134,'2024-11-04','Invoice Inventory: INV/1602',0,NULL,0,0),(5135,'2024-11-04','Invoice Payment Received: INV/1602',0,NULL,0,0),(5136,'2024-11-04','Invoice: INV/1603',0,NULL,0,0),(5137,'2024-11-04','Invoice Inventory: INV/1603',0,NULL,0,0),(5138,'2024-11-04','Invoice Payment Received: INV/1603',0,NULL,0,0),(5139,'2024-11-04','Invoice: INV/1604',0,NULL,0,0),(5140,'2024-11-04','Invoice Inventory: INV/1604',0,NULL,0,0),(5141,'2024-11-04','Invoice Payment Received: INV/1604',0,NULL,0,0),(5142,'2024-11-04','Invoice: INV/1605',0,NULL,0,0),(5143,'2024-11-04','Invoice Inventory: INV/1605',0,NULL,0,0),(5144,'2024-11-04','Invoice Payment Received: INV/1605',0,NULL,0,0),(5145,'2024-11-05','Invoice: INV/1606',0,NULL,0,0),(5146,'2024-11-05','Invoice Inventory: INV/1606',0,NULL,0,0),(5147,'2024-11-04','Invoice: INV/1607',0,NULL,0,0),(5148,'2024-11-04','Invoice Payment Received: INV/1606',0,NULL,0,0),(5149,'2024-11-04','Invoice Inventory: INV/1607',0,NULL,0,0),(5150,'2024-11-04','Invoice Payment Received: INV/1607',0,NULL,0,0),(5151,'2024-11-04','Invoice: INV/1608',0,NULL,0,0),(5152,'2024-11-04','Invoice Inventory: INV/1608',0,NULL,0,0),(5153,'2024-11-04','Invoice Payment Received: INV/1608',0,NULL,0,0),(5154,'2024-11-04','Invoice: INV/1609',0,NULL,0,0),(5155,'2024-11-04','Invoice Inventory: INV/1609',0,NULL,0,0),(5156,'2024-11-04','Invoice Payment Received: INV/1609',0,NULL,0,0),(5157,'2024-11-04','Invoice: INV/1610',0,NULL,0,0),(5158,'2024-11-04','Invoice Inventory: INV/1610',0,NULL,0,0),(5159,'2024-11-04','Invoice: INV/1611',0,NULL,0,0),(5160,'2024-11-04','Invoice Inventory: INV/1611',0,NULL,0,0),(5161,'2024-11-04','Invoice Payment Received: INV/1611',0,NULL,0,0),(5162,'2024-11-04','Invoice Payment Received: INV/1610',0,NULL,0,0),(5163,'2024-11-04','Invoice: INV/1612',0,NULL,0,0),(5164,'2024-11-04','Invoice Inventory: INV/1612',0,NULL,0,0),(5165,'2024-11-04','Invoice Payment Received: INV/1612',0,NULL,0,0),(5166,'2024-11-04','Invoice: INV/1613',0,NULL,0,0),(5167,'2024-11-04','Invoice Inventory: INV/1613',0,NULL,0,0),(5168,'2024-11-04','Invoice Payment Received: INV/1613',0,NULL,0,0),(5169,'2024-11-04','Invoice: INV/1614',0,NULL,0,0),(5170,'2024-11-04','Invoice Inventory: INV/1614',0,NULL,0,0),(5171,'2024-11-04','Invoice Payment Received: INV/1614',0,NULL,0,0),(5172,'2024-11-04','Invoice: INV/1615',0,NULL,0,0),(5173,'2024-11-04','Invoice Inventory: INV/1615',0,NULL,0,0),(5174,'2024-11-04','Invoice Payment Received: INV/1615',0,NULL,0,0),(5175,'2024-11-04','Invoice: INV/1616',0,NULL,0,0),(5176,'2024-11-04','Invoice Inventory: INV/1616',0,NULL,0,0),(5177,'2024-11-04','Invoice Payment Received: INV/1616',0,NULL,0,0),(5178,'2024-11-04','Invoice: INV/1617',0,NULL,0,0),(5179,'2024-11-04','Invoice Inventory: INV/1617',0,NULL,0,0),(5180,'2024-11-04','Invoice Payment Received: INV/1617',0,NULL,0,0),(5181,'2024-11-04','Invoice: INV/1618',0,NULL,0,0),(5182,'2024-11-04','Invoice: INV/1619',0,NULL,0,0),(5183,'2024-11-04','Invoice Inventory: INV/1618',0,NULL,0,0),(5184,'2024-11-04','Invoice Inventory: INV/1618',0,NULL,0,0),(5185,'2024-11-04','Invoice Inventory: INV/1619',0,NULL,0,0),(5186,'2024-11-04','Invoice Payment Received: INV/1619',0,NULL,0,0),(5187,'2024-11-04','Invoice Payment Received: INV/1618',0,NULL,0,0),(5188,'2024-11-04','Invoice: INV/1620',0,NULL,0,0),(5189,'2024-11-04','Invoice Inventory: INV/1620',0,NULL,0,0),(5190,'2024-11-04','Invoice Payment Received: INV/1620',0,NULL,0,0),(5191,'2024-11-04','Invoice: INV/1621',0,NULL,0,0),(5192,'2024-11-04','Invoice Inventory: INV/1621',0,NULL,0,0),(5193,'2024-11-04','Invoice Payment Received: INV/1621',0,NULL,0,0),(5194,'2024-11-04','Invoice: INV/1622',0,NULL,0,0),(5195,'2024-11-04','Invoice: INV/1623',0,NULL,0,0),(5196,'2024-11-04','Invoice Inventory: INV/1623',0,NULL,0,0),(5197,'2024-11-04','Invoice Payment Received: INV/1623',0,NULL,0,0),(5198,'2024-11-04','Invoice Inventory: INV/1622',0,NULL,0,0),(5199,'2024-11-04','Invoice Payment Received: INV/1622',0,NULL,0,0),(5200,'2024-11-03','Invoice: INV/1624',0,NULL,0,0),(5201,'2024-11-03','Invoice Inventory: INV/1624',0,NULL,0,0),(5202,'2024-11-03','Invoice Payment Received: INV/1624',0,NULL,0,0),(5203,'2024-11-03','Invoice: INV/1625',0,NULL,0,0),(5204,'2024-11-03','Invoice Inventory: INV/1625',0,NULL,0,0),(5205,'2024-11-03','Invoice Payment Received: INV/1625',0,NULL,0,0),(5206,'2024-11-03','Invoice: INV/1626',0,NULL,0,0),(5207,'2024-11-03','Invoice Inventory: INV/1626',0,NULL,0,0),(5208,'2024-11-03','Invoice Payment Received: INV/1626',0,NULL,0,0),(5209,'2024-11-04','Invoice: INV/1627',0,NULL,0,0),(5210,'2024-11-04','Invoice Inventory: INV/1627',0,NULL,0,0),(5211,'2024-11-04','Invoice Payment Received: INV/1627',0,NULL,0,0),(5212,'2024-11-04','Invoice: INV/1628',0,NULL,0,0),(5213,'2024-11-04','Invoice Inventory: INV/1628',0,NULL,0,0),(5214,'2024-11-04','Invoice Payment Received: INV/1628',0,NULL,0,0),(5215,'2024-11-04','Invoice: INV/1629',0,NULL,0,0),(5216,'2024-11-04','Invoice Inventory: INV/1629',0,NULL,0,0),(5217,'2024-11-04','Invoice Payment Received: INV/1629',0,NULL,0,0),(5218,'2024-11-04','Invoice: INV/1630',0,NULL,0,0),(5219,'2024-11-04','Invoice Inventory: INV/1630',0,NULL,0,0),(5220,'2024-11-04','Invoice Payment Received: INV/1630',0,NULL,0,0),(5221,'2024-11-04','Invoice: INV/1631',0,NULL,0,0),(5222,'2024-11-04','Invoice Inventory: INV/1631',0,NULL,0,0),(5223,'2024-11-04','Invoice Payment Received: INV/1631',0,NULL,0,0),(5224,'2024-11-04','Invoice: INV/1632',0,NULL,0,0),(5225,'2024-11-04','Invoice Inventory: INV/1632',0,NULL,0,0),(5226,'2024-11-04','Invoice Payment Received: INV/1632',0,NULL,0,0),(5227,'2024-11-04','Invoice: INV/1633',0,NULL,0,0),(5228,'2024-11-04','Invoice Inventory: INV/1633',0,NULL,0,0),(5229,'2024-11-04','Invoice Payment Received: INV/1633',0,NULL,0,0),(5230,'2024-11-04','Invoice: INV/1634',0,NULL,0,0),(5231,'2024-11-04','Invoice Inventory: INV/1634',0,NULL,0,0),(5232,'2024-11-04','Invoice Payment Received: INV/1634',0,NULL,0,0),(5233,'2024-11-05','Purchase Order: PURCHASE ORDER #36',0,NULL,0,0),(5234,'2025-03-10','Automatic Purchase Payment: PURCHASE ORDER #36',0,NULL,0,1),(5235,'2024-11-05','Purchase Order: PURCHASE ORDER #37',0,NULL,0,0),(5236,'2024-10-28','Invoice Payment Received: INV/1463',0,NULL,0,0),(5237,'2024-11-04','Invoice Payment Received: INV/1386',0,NULL,0,0),(5238,'2024-11-04','Invoice Payment Received: INV/740',0,NULL,0,0),(5239,'2024-10-31','Invoice Payment Received: INV/1071',0,NULL,0,0),(5240,'2024-10-30','Invoice: INV/1635',0,NULL,0,0),(5241,'2024-10-30','Invoice Inventory: INV/1635',0,NULL,0,0),(5242,'2024-10-30','Invoice Payment Received: INV/1635',0,NULL,0,0),(5243,'2024-10-30','Invoice: INV/1636',0,NULL,0,0),(5244,'2024-10-30','Invoice Inventory: INV/1636',0,NULL,0,0),(5245,'2024-10-30','Invoice Payment Received: INV/1636',0,NULL,0,0),(5246,'2024-10-30','Invoice: INV/1637',0,NULL,0,0),(5247,'2024-10-30','Invoice Inventory: INV/1637',0,NULL,0,0),(5248,'2024-10-30','Invoice Payment Received: INV/1637',0,NULL,0,0),(5249,'2024-10-30','Invoice: INV/1638',0,NULL,0,0),(5250,'2024-10-30','Invoice Inventory: INV/1638',0,NULL,0,0),(5251,'2024-10-30','Invoice Payment Received: INV/1638',0,NULL,0,0),(5252,'2024-10-30','Invoice: INV/1639',0,NULL,0,0),(5253,'2024-10-30','Invoice Inventory: INV/1639',0,NULL,0,0),(5254,'2024-10-30','Invoice Payment Received: INV/1639',0,NULL,0,0),(5255,'2024-10-30','Invoice: INV/1640',0,NULL,0,0),(5256,'2024-10-30','Invoice: INV/1640',0,NULL,0,0),(5257,'2024-10-30','Invoice Inventory: INV/1640',0,NULL,0,0),(5258,'2024-10-30','Invoice Payment Received: INV/1640',0,NULL,0,0),(5259,'2024-10-30','Invoice: INV/1641',0,NULL,0,0),(5260,'2024-10-30','Invoice Inventory: INV/1641',0,NULL,0,0),(5261,'2024-10-30','Invoice Payment Received: INV/1641',0,NULL,0,0),(5262,'2024-10-30','Invoice: INV/1642',0,NULL,0,0),(5263,'2024-10-30','Invoice Inventory: INV/1642',0,NULL,0,0),(5264,'2024-10-30','Invoice Payment Received: INV/1642',0,NULL,0,0),(5265,'2024-10-30','Invoice: INV/1643',0,NULL,0,0),(5266,'2024-10-30','Invoice Inventory: INV/1643',0,NULL,0,0),(5267,'2024-10-30','Invoice Payment Received: INV/1643',0,NULL,0,0),(5268,'2024-10-30','Invoice: INV/1644',0,NULL,0,0),(5269,'2024-10-30','Invoice Inventory: INV/1644',0,NULL,0,0),(5270,'2024-10-30','Invoice Payment Received: INV/1644',0,NULL,0,0),(5271,'2024-10-30','Invoice: INV/1645',0,NULL,0,0),(5272,'2024-10-30','Invoice Inventory: INV/1645',0,NULL,0,0),(5273,'2024-10-30','Invoice Payment Received: INV/1645',0,NULL,0,0),(5274,'2024-10-30','Invoice: INV/1646',0,NULL,0,0),(5275,'2024-10-30','Invoice Inventory: INV/1646',0,NULL,0,0),(5276,'2024-10-30','Invoice Payment Received: INV/1646',0,NULL,0,0),(5277,'2024-10-30','Invoice: INV/1647',0,NULL,0,0),(5278,'2024-10-30','Invoice Inventory: INV/1647',0,NULL,0,0),(5279,'2024-10-30','Invoice Payment Received: INV/1647',0,NULL,0,0),(5280,'2024-11-05','Invoice: INV/1648',0,NULL,0,0),(5281,'2024-11-05','Invoice Inventory: INV/1648',0,NULL,0,0),(5282,'2024-11-05','Invoice Payment Received: INV/1648',0,NULL,0,0),(5283,'2024-11-05','Invoice: INV/1649',0,NULL,0,1),(5284,'2024-11-05','Invoice Inventory: INV/1649',0,NULL,0,0),(5285,'2024-11-05','Invoice Payment Received: INV/1649',0,NULL,0,1),(5286,'2024-11-05','Invoice: INV/1650',0,NULL,0,0),(5287,'2024-11-05','Invoice Inventory: INV/1650',0,NULL,0,0),(5288,'2024-11-05','Invoice Payment Received: INV/1650',0,NULL,0,0),(5289,'2024-11-05','Invoice: INV/1651',0,NULL,0,0),(5290,'2024-11-05','Invoice Inventory: INV/1651',0,NULL,0,0),(5291,'2024-11-05','Invoice Payment Received: INV/1651',0,NULL,0,0),(5292,'2024-11-05','Invoice: INV/1652',0,NULL,0,0),(5293,'2024-11-05','Invoice Inventory: INV/1652',0,NULL,0,0),(5294,'2024-11-05','Invoice: INV/1653',0,NULL,0,0),(5295,'2024-11-05','Invoice Payment Received: INV/1652',0,NULL,0,0),(5296,'2024-11-05','Invoice Payment Received: INV/1653',0,NULL,0,0),(5297,'2024-11-05','Invoice Inventory: INV/1653',0,NULL,0,0),(5298,'2024-11-05','Invoice: INV/1654',0,NULL,0,0),(5299,'2024-11-05','Invoice Inventory: INV/1654',0,NULL,0,0),(5300,'2024-11-05','Invoice Payment Received: INV/1654',0,NULL,0,0),(5301,'2024-11-05','Invoice: INV/1655',0,NULL,0,0),(5302,'2024-11-05','Invoice Inventory: INV/1655',0,NULL,0,0),(5303,'2024-11-05','Invoice Payment Received: INV/1655',0,NULL,0,0),(5304,'2024-11-05','Invoice: INV/1656',0,NULL,0,0),(5305,'2024-11-05','Invoice Inventory: INV/1656',0,NULL,0,0),(5306,'2024-11-05','Invoice: INV/1657',0,NULL,0,0),(5307,'2024-11-05','Invoice Inventory: INV/1657',0,NULL,0,0),(5308,'2024-11-05','Invoice Payment Received: INV/1657',0,NULL,0,0),(5309,'2024-11-05','Invoice: INV/1658',0,NULL,0,0),(5310,'2024-11-05','Invoice Inventory: INV/1658',0,NULL,0,0),(5311,'2024-11-05','Invoice: INV/1659',0,NULL,0,0),(5312,'2024-11-05','Invoice Inventory: INV/1659',0,NULL,0,0),(5313,'2024-11-05','Invoice Payment Received: INV/1659',0,NULL,0,0),(5314,'2024-11-05','Invoice: INV/1661',0,NULL,0,0),(5315,'2024-11-05','Invoice Inventory: INV/1661',0,NULL,0,0),(5316,'2024-11-05','Invoice Payment Received: INV/1661',0,NULL,0,0),(5317,'2024-11-05','Invoice: INV/1660',0,NULL,0,0),(5318,'2024-11-05','Invoice: INV/1662',0,NULL,0,0),(5319,'2024-11-05','Invoice Inventory: INV/1660',0,NULL,0,0),(5320,'2024-11-05','Invoice Inventory: INV/1662',0,NULL,0,0),(5321,'2024-11-05','Invoice Payment Received: INV/1662',0,NULL,0,0),(5322,'2024-11-05','Invoice: INV/1663',0,NULL,0,0),(5323,'2024-11-05','Invoice Inventory: INV/1663',0,NULL,0,0),(5324,'2024-11-04','Invoice: INV/1664',0,NULL,0,0),(5325,'2024-11-04','Invoice Inventory: INV/1664',0,NULL,0,0),(5326,'2024-11-05','Invoice Payment Received: INV/1664',0,NULL,0,0),(5327,'2024-11-05','Invoice: INV/1665',0,NULL,0,0),(5328,'2024-11-05','Invoice Inventory: INV/1665',0,NULL,0,0),(5329,'2024-11-05','Invoice Payment Received: INV/1665',0,NULL,0,0),(5330,'2024-11-05','Invoice: INV/1666',0,NULL,0,0),(5331,'2024-11-05','Invoice Inventory: INV/1666',0,NULL,0,0),(5332,'2024-11-05','Invoice Payment Received: INV/1666',0,NULL,0,0),(5333,'2024-11-05','Invoice: INV/1667',0,NULL,0,0),(5334,'2024-11-05','Invoice Inventory: INV/1667',0,NULL,0,0),(5335,'2024-11-05','Invoice Payment Received: INV/1667',0,NULL,0,0),(5336,'2024-11-05','Invoice: INV/1668',0,NULL,0,0),(5337,'2024-11-05','Invoice Inventory: INV/1668',0,NULL,0,0),(5338,'2024-11-05','Invoice Payment Received: INV/1668',0,NULL,0,0),(5339,'2024-11-05','Invoice: INV/1669',0,NULL,0,0),(5340,'2024-11-05','Invoice Inventory: INV/1669',0,NULL,0,0),(5341,'2024-11-05','Invoice Payment Received: INV/1669',0,NULL,0,0),(5342,'2024-11-05','Invoice: INV/1670',0,NULL,0,0),(5343,'2024-11-05','Invoice Inventory: INV/1670',0,NULL,0,0),(5344,'2024-11-05','Invoice Payment Received: INV/1670',0,NULL,0,0),(5345,'2024-11-06','Invoice: INV/1671',0,NULL,0,0),(5346,'2024-11-06','Invoice Inventory: INV/1671',0,NULL,0,0),(5347,'2024-11-05','Invoice Payment Received: INV/1671',0,NULL,0,0),(5348,'2024-11-05','Invoice: INV/1672',0,NULL,0,0),(5349,'2024-11-05','Invoice Inventory: INV/1672',0,NULL,0,0),(5350,'2024-11-05','Invoice Payment Received: INV/1672',0,NULL,0,0),(5351,'2024-11-05','Invoice: INV/1673',0,NULL,0,0),(5352,'2024-11-05','Invoice Inventory: INV/1673',0,NULL,0,0),(5353,'2024-11-05','Invoice Payment Received: INV/1673',0,NULL,0,0),(5354,'2024-11-05','Invoice: INV/1674',0,NULL,0,0),(5355,'2024-11-05','Invoice Inventory: INV/1674',0,NULL,0,0),(5356,'2024-11-05','Invoice Payment Received: INV/1674',0,NULL,0,0),(5357,'2024-11-05','Invoice: INV/1675',0,NULL,0,0),(5358,'2024-11-05','Invoice Inventory: INV/1675',0,NULL,0,0),(5359,'2024-11-05','Invoice Payment Received: INV/1675',0,NULL,0,0),(5360,'2024-11-05','Invoice: INV/1676',0,NULL,0,0),(5361,'2024-11-05','Invoice Inventory: INV/1676',0,NULL,0,0),(5362,'2024-11-05','Invoice Payment Received: INV/1676',0,NULL,0,0),(5363,'2024-11-05','Invoice: INV/1677',0,NULL,0,0),(5364,'2024-11-05','Invoice Inventory: INV/1677',0,NULL,0,0),(5365,'2024-11-05','Invoice Payment Received: INV/1677',0,NULL,0,0),(5366,'2024-11-05','Invoice: INV/1678',0,NULL,0,0),(5367,'2024-11-05','Invoice Inventory: INV/1678',0,NULL,0,0),(5368,'2024-11-05','Invoice Payment Received: INV/1678',0,NULL,0,0),(5369,'2024-11-05','Invoice: INV/1679',0,NULL,0,0),(5370,'2024-11-05','Invoice Inventory: INV/1679',0,NULL,0,0),(5371,'2024-11-05','Invoice Payment Received: INV/1679',0,NULL,0,0),(5372,'2024-11-05','Invoice: INV/1680',0,NULL,0,0),(5373,'2024-11-05','Invoice Inventory: INV/1680',0,NULL,0,0),(5374,'2024-11-05','Invoice Payment Received: INV/1680',0,NULL,0,0),(5375,'2024-11-05','Invoice: INV/1681',0,NULL,0,0),(5376,'2024-11-05','Invoice Inventory: INV/1681',0,NULL,0,0),(5377,'2024-11-05','Invoice Payment Received: INV/1681',0,NULL,0,0),(5378,'2024-11-05','Invoice: INV/1682',0,NULL,0,0),(5379,'2024-11-05','Invoice Inventory: INV/1682',0,NULL,0,0),(5380,'2024-11-05','Invoice Payment Received: INV/1682',0,NULL,0,0),(5381,'2024-11-05','Invoice: INV/1683',0,NULL,0,0),(5382,'2024-11-05','Invoice Inventory: INV/1683',0,NULL,0,0),(5383,'2024-11-05','Invoice Payment Received: INV/1683',0,NULL,0,0),(5384,'2024-11-05','Invoice Payment Received: INV/740',0,NULL,0,0),(5385,'2024-11-05','Invoice: INV/1649',0,NULL,0,0),(5386,'2024-11-05','Invoice Payment Received: INV/1649',0,NULL,0,0),(5387,'2024-11-05','Invoice Payment Received: INV/377',0,NULL,0,0),(5388,'2024-10-29','Invoice: INV/1684',0,NULL,0,0),(5389,'2024-10-29','Invoice Inventory: INV/1684',0,NULL,0,0),(5390,'2024-10-29','Invoice Payment Received: INV/1684',0,NULL,0,0),(5391,'2024-10-29','Invoice: INV/1685',0,NULL,0,0),(5392,'2024-10-29','Invoice Inventory: INV/1685',0,NULL,0,0),(5393,'2024-10-29','Invoice Payment Received: INV/1685',0,NULL,0,0),(5394,'2024-10-29','Invoice: INV/1686',0,NULL,0,0),(5395,'2024-10-29','Invoice Inventory: INV/1686',0,NULL,0,0),(5396,'2024-10-29','Invoice Payment Received: INV/1686',0,NULL,0,0),(5397,'2024-10-29','Invoice: INV/1687',0,NULL,0,0),(5398,'2024-10-29','Invoice Inventory: INV/1687',0,NULL,0,0),(5399,'2024-10-29','Invoice Payment Received: INV/1687',0,NULL,0,0),(5400,'2024-11-04','Invoice Payment Received: INV/724',0,NULL,0,0),(5401,'2024-10-29','Invoice: INV/1688',0,NULL,0,0),(5402,'2024-10-29','Invoice Inventory: INV/1688',0,NULL,0,0),(5403,'2024-11-03','Invoice Payment Received: INV/1075',0,NULL,0,0),(5404,'2024-10-29','Invoice Payment Received: INV/1688',0,NULL,0,0),(5405,'2024-10-29','Invoice: INV/1689',0,NULL,0,0),(5406,'2024-10-29','Invoice Inventory: INV/1689',0,NULL,0,0),(5407,'2024-10-29','Invoice Payment Received: INV/1689',0,NULL,0,0),(5408,'2024-10-29','Invoice: INV/1690',0,NULL,0,0),(5409,'2024-10-29','Invoice Inventory: INV/1690',0,NULL,0,0),(5410,'2024-10-14','Invoice Payment Received: INV/725',0,NULL,0,0),(5411,'2024-10-29','Invoice Payment Received: INV/1690',0,NULL,0,0),(5412,'2024-10-29','Invoice: INV/1691',0,NULL,0,0),(5413,'2024-10-29','Invoice Inventory: INV/1691',0,NULL,0,0),(5414,'2024-10-01','Cheque collection: Received Payments INV/10',0,NULL,0,0),(5415,'2024-10-20','Cheque collection: Received Payments INV/850',0,NULL,0,0),(5416,'2024-10-01','Cheque collection: Received Payments INV/1',0,NULL,0,0),(5417,'2024-10-01','Cheque collection: Received Payments INV/11',0,NULL,0,0),(5418,'2024-10-01','Cheque collection: Received Payments INV/6',0,NULL,0,0),(5419,'2024-10-29','Invoice Payment Received: INV/1691',0,NULL,0,0),(5420,'2024-10-01','Cheque collection: Received Payments INV/10',0,NULL,0,0),(5421,'2024-10-01','Cheque collection: Received Payments INV/8',0,NULL,0,0),(5422,'2024-11-15','Cheque collection: Received Payments INV/738',0,NULL,0,0),(5423,'2024-10-01','Cheque collection: Received Payments INV/10',0,NULL,0,0),(5424,'2024-10-01','Cheque collection: Received Payments INV/10',0,NULL,0,0),(5425,'2024-10-01','Cheque collection: Received Payments INV/1',0,NULL,0,0),(5426,'2024-10-01','Cheque collection: Received Payments INV/11',0,NULL,0,0),(5427,'2024-10-01','Cheque collection: Received Payments INV/11',0,NULL,0,0),(5428,'2024-10-01','Cheque collection: Received Payments INV/6',0,NULL,0,0),(5429,'2024-10-29','Invoice: INV/1692',0,NULL,0,0),(5430,'2024-10-01','Cheque collection: Received Payments INV/6',0,NULL,0,0),(5431,'2024-10-01','Cheque collection: Received Payments INV/10',0,NULL,0,0),(5432,'2024-11-30','Cheque collection: Received Payments INV/638',0,NULL,0,0),(5433,'2024-10-29','Invoice Inventory: INV/1692',0,NULL,0,0),(5434,'2024-10-29','Invoice Payment Received: INV/1692',0,NULL,0,0),(5435,'2024-10-01','Cheque collection: Received Payments INV/11',0,NULL,0,0),(5436,'2024-10-01','Cheque collection: Received Payments INV/10',0,NULL,0,0),(5437,'2024-10-01','Cheque collection: Received Payments INV/6',0,NULL,0,1),(5438,'2024-10-01','Cheque collection: Received Payments INV/1',0,NULL,0,0),(5439,'2024-10-01','Cheque collection: Received Payments INV/10',0,NULL,0,0),(5440,'2024-11-04','Invoice: INV/1693',0,NULL,0,0),(5441,'2024-10-01','Cheque collection: Received Payments INV/11',0,NULL,0,0),(5442,'2024-10-01','Cheque collection: Received Payments INV/1',0,NULL,0,0),(5443,'2024-10-01','Cheque collection: Received Payments INV/7',0,NULL,0,0),(5444,'2024-10-01','Cheque collection: Received Payments INV/9',0,NULL,0,0),(5445,'2024-10-01','Cheque collection: Received Payments INV/2',0,NULL,0,0),(5446,'2024-11-04','Invoice Payment Received: INV/1693',0,NULL,0,0),(5447,'2024-10-01','Cheque collection: Received Payments INV/5',0,NULL,0,0),(5448,'2024-10-01','Cheque collection: Received Payments INV/3',0,NULL,0,0),(5449,'2024-10-01','Cheque collection: Received Payments INV/5',0,NULL,0,0),(5450,'2024-10-01','Cheque collection: Received Payments INV/3',0,NULL,0,0),(5451,'2024-10-01','Cheque collection: Received Payments INV/8',0,NULL,0,0),(5452,'2024-10-01','Cheque collection: Received Payments INV/2',0,NULL,0,0),(5453,'2024-10-01','Cheque collection: Received Payments INV/2',0,NULL,0,0),(5454,'2024-10-01','Cheque collection: Received Payments INV/4',0,NULL,0,1),(5455,'2024-10-29','Invoice: INV/1694',0,NULL,0,0),(5456,'2024-10-01','Cheque collection: Received Payments INV/10',0,NULL,0,0),(5457,'2024-11-01','Cheque collection: Received Payments INV/162',0,NULL,0,0),(5458,'2024-11-01','Cheque collection: Received Payments INV/26',0,NULL,0,0),(5459,'2024-10-01','Cheque collection: Received Payments INV/11',0,NULL,0,0),(5460,'2024-11-04','Invoice Inventory: INV/1693',0,NULL,0,0),(5461,'2024-10-29','Invoice Inventory: INV/1694',0,NULL,0,0),(5462,'2024-11-01','Cheque release: Received Payments PURCHASE ORDER #23',0,NULL,0,0),(5463,'2024-10-29','Invoice Payment Received: INV/1694',0,NULL,0,0),(5464,'2024-10-29','Invoice: INV/1695',0,NULL,0,0),(5465,'2024-10-28','Cheque release: Received Payments PURCHASE ORDER #5',0,NULL,0,0),(5466,'2024-10-01','Cheque release: Received Payments PURCHASE ORDER #4',0,NULL,0,0),(5467,'2024-10-29','Invoice Inventory: INV/1695',0,NULL,0,0),(5468,'2024-10-29','Invoice Payment Received: INV/1695',0,NULL,0,0),(5469,'2024-10-23','Cheque release: Received Payments PURCHASE ORDER #22',0,NULL,0,0),(5470,'2024-10-01','Cheque release: Received Payments PURCHASE ORDER #2',0,NULL,0,0),(5471,'2024-11-04','Invoice: INV/1696',0,NULL,0,0),(5472,'2024-11-04','Invoice Inventory: INV/1696',0,NULL,0,0),(5473,'2024-11-03','Invoice: INV/1697',0,NULL,0,0),(5474,'2024-11-03','Invoice Inventory: INV/1697',0,NULL,0,0),(5475,'2024-11-04','Invoice: INV/1698',0,NULL,0,0),(5476,'2024-11-04','Invoice Inventory: INV/1698',0,NULL,0,0),(5477,'2024-10-29','Invoice: INV/1699',0,NULL,0,0),(5478,'2024-10-29','Invoice Inventory: INV/1699',0,NULL,0,0),(5479,'2024-10-29','Invoice Payment Received: INV/1699',0,NULL,0,0),(5480,'2024-10-29','Invoice: INV/1700',0,NULL,0,0),(5481,'2024-10-29','Invoice Inventory: INV/1700',0,NULL,0,0),(5482,'2024-10-29','Invoice Payment Received: INV/1700',0,NULL,0,0),(5483,'2024-10-29','Invoice: INV/1702',0,NULL,0,0),(5484,'2024-10-29','Invoice Inventory: INV/1702',0,NULL,0,0),(5485,'2024-10-29','Invoice Payment Received: INV/1702',0,NULL,0,0),(5486,'2024-11-04','Invoice: INV/1701',0,NULL,0,0),(5487,'2024-11-04','Invoice Inventory: INV/1701',0,NULL,0,0),(5488,'2024-10-29','Invoice: INV/1703',0,NULL,0,0),(5489,'2024-10-29','Invoice Inventory: INV/1703',0,NULL,0,0),(5490,'2024-10-29','Invoice Payment Received: INV/1703',0,NULL,0,0),