
--
-- Table structure for table `nizwa_packing_productspurchase_orders`
--

CREATE TABLE `nizwa_packing_productspurchase_orders` (
  `id` int(11) NOT NULL AUTO_INCREMENT,
  `supplier_id` int(11) NOT NULL,
  `purchase_order_date` date NOT NULL,
  `project_id` int(11) NOT NULL DEFAULT '0',
  `labels` text COLLATE utf8_unicode_ci NOT NULL,
  `note` mediumtext COLLATE utf8_unicode_ci,
  `status` enum('draft','not_paid') COLLATE utf8_unicode_ci NOT NULL DEFAULT 'draft',
  `approval_status` enum('not_approved','request_approval','approved') COLLATE utf8_unicode_ci NOT NULL DEFAULT 'not_approved',
  `deleted` tinyint(1) NOT NULL DEFAULT '0',
  PRIMARY KEY (`id`)
) ENGINE=InnoDB AUTO_INCREMENT=2251 DEFAULT CHARSET=utf8 COLLATE=utf8_unicode_ci;

--
-- Dumping data for table `nizwa_packing_productspurchase_orders`
--

INSERT INTO `nizwa_packing_productspurchase_orders` VALUES (1,2,'2023-05-15',2,'','','draft','not_approved',0),(2,2,'2023-05-23',0,'','','draft','approved',0),(3,2,'2023-05-24',0,'','','draft','approved',0),(4,3,'2023-06-25',27,'','','not_paid','approved',0),(5,4,'2023-07-11',7,'','3D Hinges ','draft','not_approved',0),(6,4,'2023-07-11',11,'','Cylinder + Cover lock','draft','not_approved',0),(7,11,'2023-07-11',7,'','','draft','not_approved',0),(8,11,'2023-07-16',27,'','note','draft','not_approved',0),(9,3,'2023-07-16',0,'','note','draft','not_approved',0),(10,4,'2023-07-16',6,'','KHALIL AL QASMI  140 CM+ AHMED AL FARIE 120 CM','draft','approved',0),(11,12,'2023-07-16',3,'','','draft','not_approved',0),(12,11,'2023-08-13',0,'','','not_paid','approved',0),(13,13,'2023-08-14',0,'','','draft','not_approved',0),(14,14,'2023-08-15',0,'','','not_paid','approved',0),(15,15,'2023-08-15',0,'','','not_paid','approved',0),(16,16,'2023-08-13',0,'','','not_paid','approved',0),(17,12,'2023-08-13',0,'','','not_paid','approved',0),(18,17,'2023-08-14',0,'','','draft','approved',0),(19,17,'2023-08-14',0,'','','draft','not_approved',0),(20,11,'2023-08-15',0,'','','draft','not_approved',0),(21,18,'2023-08-15',0,'','','draft','not_approved',0),(22,13,'2023-08-14',0,'','','not_paid','approved',0),(23,19,'2023-08-16',0,'','','not_paid','approved',0),(24,21,'2023-08-22',49,'','','draft','approved',0),(25,19,'2023-08-26',0,'','','not_paid','not_approved',0),(26,11,'2023-08-26',0,'','','draft','not_approved',0),(27,22,'2023-01-19',0,'','','draft','not_approved',0),(28,22,'2023-01-19',0,'','','draft','not_approved',0),(29,23,'2023-01-15',0,'','','not_paid','not_approved',0),(30,11,'2023-02-04',0,'','','not_paid','not_approved',0),(31,24,'2023-01-10',0,'','','not_paid','not_approved',0),(32,11,'2023-01-02',0,'','','not_paid','not_approved',0),(33,11,'2023-02-02',0,'','','draft','not_approved',0),(34,11,'2023-02-02',0,'','','draft','not_approved',0),(35,11,'2023-01-02',0,'','','draft','not_approved',0),(36,11,'2023-01-02',0,'','','draft','not_approved',0),(37,11,'2023-01-02',0,'','','draft','not_approved',0),(38,11,'2023-01-24',0,'','','not_paid','not_approved',0),(39,25,'2023-01-10',0,'','','not_paid','not_approved',0),(40,11,'2023-01-11',0,'','','not_paid','not_approved',0),(41,12,'2023-01-03',0,'','','not_paid','not_approved',0),(42,12,'2023-01-03',0,'','','not_paid','not_approved',0),(43,15,'2023-01-03',0,'','','not_paid','not_approved',0),(44,26,'2023-02-22',0,'','','not_paid','not_approved',0),(45,26,'2023-02-25',0,'','','not_paid','not_approved',0),(46,26,'2023-02-27',0,'','','not_paid','not_approved',0),(47,26,'2023-03-01',0,'','','draft','not_approved',0),(48,26,'2023-03-01',0,'','','not_paid','not_approved',0),(49,26,'2023-03-04',0,'','','not_paid','not_approved',0),(50,26,'2023-03-07',0,'','','not_paid','not_approved',0),(51,26,'2023-03-08',0,'','','not_paid','not_approved',0),(52,26,'2023-03-11',0,'','','not_paid','not_approved',0),(53,26,'2023-03-18',0,'','','not_paid','not_approved',0),(54,22,'2023-02-08',0,'','','not_paid','not_approved',0),(55,22,'2023-02-28',0,'','','not_paid','not_approved',0),(56,24,'2023-02-26',0,'','','not_paid','not_approved',0),(57,27,'2023-02-21',0,'','','not_paid','not_approved',0),(58,28,'2023-02-16',0,'','','draft','not_approved',0),(59,29,'2023-02-15',0,'','','not_paid','not_approved',0),(60,26,'2023-02-07',0,'','','not_paid','not_approved',0),(61,26,'2023-02-08',0,'','','not_paid','not_approved',0),(62,26,'2023-02-08',0,'','','not_paid','not_approved',0),(63,26,'2023-02-09',0,'','','not_paid','not_approved',0),(64,26,'2023-02-12',0,'','','not_paid','not_approved',0),(65,26,'2023-02-12',0,'','','not_paid','approved',0),(66,26,'2023-02-14',0,'','','not_paid','approved',0),(67,26,'2023-02-14',0,'','','not_paid','approved',0),(68,26,'2023-02-16',0,'','','not_paid','approved',0),(69,26,'2023-02-18',0,'','','not_paid','approved',0),(70,26,'2023-02-19',0,'','','not_paid','approved',0),(71,26,'2023-02-20',0,'','','not_paid','not_approved',0),(72,26,'2023-02-21',0,'','','not_paid','not_approved',0),(73,30,'2023-03-23',0,'','','not_paid','not_approved',0),(74,30,'2023-03-15',0,'','','not_paid','not_approved',0),(75,31,'2023-03-08',0,'','','not_paid','not_approved',0),(76,32,'2023-03-07',0,'','','not_paid','not_approved',0),(77,24,'0000-00-00',0,'','','draft','not_approved',0),(78,24,'2023-03-29',0,'','','not_paid','not_approved',0),(79,24,'2023-03-21',0,'','','not_paid','not_approved',0),(80,12,'2023-03-30',0,'','','not_paid','not_approved',0),(81,12,'2023-03-15',0,'','','not_paid','not_approved',0),(82,12,'2023-03-19',0,'','','not_paid','not_approved',0),(83,16,'2023-03-22',0,'','','not_paid','approved',0),(84,16,'2023-03-15',0,'','','not_paid','approved',0),(85,33,'2023-03-07',0,'','','not_paid','not_approved',0),(86,33,'2023-03-07',0,'','','not_paid','not_approved',0),(87,11,'2023-03-30',0,'','','not_paid','not_approved',0),(88,27,'2023-08-31',0,'','','not_paid','not_approved',0),(89,27,'2023-03-11',0,'','','not_paid','not_approved',0),(90,27,'2023-03-12',0,'','','not_paid','not_approved',0),(91,27,'2023-03-28',0,'','','not_paid','not_approved',0),(92,27,'2023-03-12',0,'','','not_paid','not_approved',0),(93,27,'2023-03-04',0,'','','not_paid','not_approved',0),(94,27,'2023-08-31',0,'','','not_paid','not_approved',0),(95,26,'2023-04-01',0,'','','not_paid','not_approved',0),(96,26,'2023-04-03',0,'','','not_paid','not_approved',0),(97,26,'2023-04-04',0,'','','not_paid','not_approved',0),(98,26,'2023-04-05',0,'','','not_paid','not_approved',0),(99,26,'2023-04-11',0,'','','not_paid','not_approved',0),(100,26,'2023-04-11',0,'','','not_paid','not_approved',0),(101,26,'2023-04-12',0,'','','not_paid','not_approved',0),(102,12,'2023-04-17',0,'','','not_paid','not_approved',0),(103,16,'2023-04-17',0,'','','not_paid','approved',0),(104,26,'2023-04-18',0,'','','not_paid','not_approved',0),(105,26,'2023-04-19',0,'','','not_paid','not_approved',0),(106,26,'2023-04-20',0,'','','not_paid','not_approved',0),(107,26,'2023-04-25',0,'','','not_paid','not_approved',0),(108,26,'2023-04-26',0,'','','not_paid','not_approved',0),(109,26,'2023-04-27',0,'','','not_paid','not_approved',0),(110,26,'2023-04-29',0,'','','not_paid','not_approved',0),(111,26,'2023-04-30',0,'','','not_paid','not_approved',0),(112,26,'2023-05-01',0,'','','not_paid','approved',0),(113,26,'2023-05-01',0,'','','not_paid','approved',0),(114,26,'2023-05-01',0,'','','not_paid','approved',0),(115,26,'2023-05-01',0,'','','not_paid','approved',0),(116,26,'2023-05-01',0,'','','not_paid','approved',0),(117,26,'2023-05-01',0,'','','not_paid','approved',0),(118,26,'2023-05-01',0,'','','not_paid','approved',0),(119,23,'2023-05-02',0,'','','not_paid','approved',0),(120,24,'2023-05-02',0,'','','not_paid','approved',0),(121,24,'2023-05-03',0,'','','not_paid','approved',0),(122,12,'2023-05-03',0,'','','not_paid','approved',0),(123,26,'2023-05-03',0,'','','not_paid','approved',0),(124,26,'2023-05-04',0,'','','not_paid','approved',0),(125,26,'2023-05-04',0,'','','not_paid','approved',0),(126,26,'2023-05-04',0,'','','not_paid','approved',0),(127,24,'2023-05-04',0,'','','not_paid','approved',0),(128,24,'2023-05-04',0,'','','not_paid','approved',0),(129,11,'2023-05-04',0,'','','draft','not_approved',1),(130,11,'2023-05-04',0,'','','not_paid','approved',0),(131,26,'2023-05-05',0,'','','not_paid','approved',0),(132,26,'2023-05-06',0,'','','not_paid','approved',0),(133,26,'2023-05-06',0,'','','not_paid','approved',0),(134,26,'2023-05-07',0,'','','not_paid','approved',0),(135,23,'2023-05-07',0,'','','not_paid','approved',0),(136,26,'2023-05-09',0,'','','not_paid','approved',0),(137,26,'2023-05-10',0,'','','not_paid','approved',0),(138,26,'2023-05-13',0,'','','not_paid','approved',0),(139,26,'2023-05-14',0,'','','not_paid','approved',0),(140,11,'2023-05-14',0,'','','not_paid','approved',0),(141,7,'2023-05-15',0,'','','not_paid','approved',0),(142,34,'2023-05-15',0,'','','not_paid','approved',0),(143,26,'2023-05-15',0,'','','not_paid','approved',0),(144,26,'2023-05-17',0,'','','not_paid','approved',0),(145,26,'2023-05-20',0,'','','not_paid','approved',0),(146,3,'2023-05-20',0,'','','not_paid','approved',0),(147,16,'2023-05-20',0,'','','not_paid','approved',0),(148,11,'2023-05-24',0,'','','not_paid','approved',0),(149,16,'2023-05-25',0,'','','not_paid','approved',0),(150,12,'2023-05-25',0,'','','not_paid','approved',0),(151,12,'2023-05-25',0,'','','not_paid','approved',0),(152,26,'2023-05-27',0,'','','not_paid','approved',0),(153,26,'2023-05-28',0,'','','not_paid','approved',0),(154,26,'2023-05-29',0,'','','not_paid','approved',0),(155,27,'2023-05-29',0,'','','not_paid','not_approved',0),(156,15,'2023-05-30',0,'','','not_paid','approved',0),(157,12,'2023-06-01',0,'','','not_paid','approved',0),(158,16,'2023-06-03',0,'','','not_paid','approved',0),(159,26,'2023-06-03',0,'','','not_paid','approved',0),(160,26,'2023-06-04',0,'','','not_paid','approved',0),(161,26,'2023-06-05',0,'','','not_paid','approved',0),(162,26,'2023-06-05',0,'','','not_paid','approved',0),(163,29,'2023-06-05',0,'','','not_paid','approved',0),(164,27,'2023-06-07',0,'','','not_paid','approved',0),(165,27,'2023-06-07',0,'','','not_paid','approved',0),(166,12,'2023-06-11',0,'','','not_paid','approved',0),(167,16,'2023-06-12',0,'','','not_paid','approved',0),(168,20,'2023-06-13',0,'','','not_paid','approved',0),(169,35,'2023-06-15',0,'','','not_paid','approved',0),(170,12,'2023-06-18',0,'','','not_paid','approved',0),(171,27,'2023-06-18',0,'','','not_paid','approved',0),(172,19,'2023-08-30',0,'','BALANCE AMOUNT OF 46849 INVOICE BILL','not_paid','approved',0),(173,12,'2023-07-23',0,'','','not_paid','approved',0),(174,12,'2023-07-27',0,'','','not_paid','approved',0),(175,34,'2023-07-19',0,'','','not_paid','approved',0),(176,24,'2023-07-26',0,'','','not_paid','approved',0),(177,19,'2023-07-23',0,'','','not_paid','approved',0),(178,29,'2023-07-22',0,'','','not_paid','approved',0),(179,11,'2023-07-19',0,'','','not_paid','approved',0),(180,3,'2023-07-19',0,'','','not_paid','approved',0),(181,12,'2023-07-16',0,'','','not_paid','approved',0),(182,11,'2023-07-09',0,'','','not_paid','approved',0),(183,11,'2023-07-12',0,'','','not_paid','approved',0),(184,11,'2023-07-03',0,'','','not_paid','approved',0),(185,16,'2023-07-10',0,'','','not_paid','approved',0),(186,11,'2023-03-08',0,'','','draft','not_approved',0),(187,19,'2023-09-03',0,'','500 OMR IS BANK TRANSFER\n271  OMR IS CHAQUE','not_paid','approved',0),(188,36,'2023-09-07',0,'','','not_paid','approved',0),(189,37,'2023-07-27',0,'','','not_paid','approved',0),(190,4,'2023-07-08',0,'','','not_paid','approved',0),(191,38,'2023-09-09',0,'','','not_paid','approved',0),(192,39,'2023-09-09',0,'','','not_paid','approved',0),(193,4,'2023-07-16',0,'','','not_paid','not_approved',0),(194,40,'2023-09-11',38,'','','not_paid','approved',0),(195,13,'2023-07-06',0,'','','not_paid','approved',0),(196,13,'2023-07-24',0,'','','not_paid','approved',0),(197,41,'2023-07-06',0,'','','not_paid','approved',0),(198,11,'2023-09-07',14,'','','not_paid','approved',0),(199,36,'2023-09-05',0,'','','not_paid','approved',0),(200,16,'2023-09-11',0,'','','not_paid','approved',0),(201,40,'2023-09-12',50,'','ARIF FORMAN  DIRECT PURCHASE','not_paid','approved',0),(202,11,'2023-09-12',40,'','','not_paid','approved',0),(203,42,'2023-09-12',16,'','AC NO:  0333042425350015\n','not_paid','approved',0),(204,42,'2023-09-12',47,'','AC NO:    0333042425350015','not_paid','approved',0),(205,43,'2023-05-28',0,'','','not_paid','not_approved',0),(206,43,'2023-05-28',0,'','','not_paid','not_approved',0),(207,44,'2023-05-07',0,'','','not_paid','not_approved',0),(208,13,'2023-05-01',0,'','','draft','not_approved',0),(209,13,'2023-05-05',0,'','','not_paid','not_approved',0),(210,26,'2023-08-06',0,'','','not_paid','approved',0),(211,26,'2023-08-09',0,'','','not_paid','approved',0),(212,26,'2023-08-17',0,'','','not_paid','approved',0),(213,26,'2023-08-19',0,'','','not_paid','approved',0),(214,26,'2023-08-20',0,'','','not_paid','approved',0),(215,26,'2023-08-21',0,'','','not_paid','approved',0),(216,26,'2023-08-22',0,'','','not_paid','approved',0),(217,26,'2023-08-24',0,'','','not_paid','approved',0),(218,26,'2023-08-24',0,'','','not_paid','approved',0),(219,26,'2023-08-24',0,'','','not_paid','approved',0),(220,26,'2023-08-26',0,'','','not_paid','approved',0),(221,26,'2023-08-27',0,'','','not_paid','approved',0),(222,26,'2023-08-30',0,'','','not_paid','approved',0),(223,26,'2023-08-31',0,'','','not_paid','approved',0),(224,26,'2023-08-31',0,'','','not_paid','approved',0),(225,26,'2023-06-10',0,'','','not_paid','approved',0),(226,26,'2023-06-10',0,'','','not_paid','approved',0),(227,26,'2023-06-15',0,'','','not_paid','approved',0),(228,26,'2023-06-24',0,'','','not_paid','approved',0),(229,26,'2023-06-25',0,'','','not_paid','approved',0),(230,26,'2023-07-02',0,'','','not_paid','approved',0),(231,26,'2023-07-05',0,'','','not_paid','approved',0),(232,26,'2023-07-05',0,'','','not_paid','approved',0),(233,26,'2023-07-10',0,'','','not_paid','not_approved',0),(234,26,'2023-07-12',0,'','','not_paid','approved',0),(235,26,'2023-07-13',0,'','','not_paid','approved',0),(236,26,'2023-07-18',0,'','','not_paid','approved',0),(237,26,'2023-07-18',0,'','','not_paid','approved',0),(238,26,'2023-07-20',0,'','','not_paid','approved',0),(239,26,'2023-07-27',0,'','','not_paid','approved',0),(240,26,'2023-07-27',0,'','','not_paid','approved',0),(241,26,'2023-07-31',0,'','','not_paid','approved',0),(242,26,'2023-08-02',0,'','','not_paid','approved',0),(243,26,'2023-08-02',0,'','','not_paid','approved',0),(244,26,'2023-08-03',0,'','','not_paid','approved',0),(245,26,'2023-08-05',0,'','','not_paid','approved',0),(246,20,'2023-09-16',0,'','FOR MAIN DOORS ','not_paid','approved',0),(247,12,'2023-09-16',38,'','','not_paid','approved',0),(248,12,'2023-09-16',42,'','','not_paid','approved',0),(249,45,'2023-08-12',0,'','','not_paid','not_approved',0),(250,11,'2023-08-30',0,'','','not_paid','not_approved',0),(251,35,'2023-08-09',0,'','','draft','not_approved',0),(252,20,'2023-08-14',0,'','','not_paid','not_approved',0),(253,19,'2023-08-02',0,'','','not_paid','not_approved',0),(254,15,'2023-08-01',0,'','','not_paid','not_approved',0),(255,7,'2023-07-17',13,'','','not_paid','approved',0),(256,7,'2023-08-01',0,'','','not_paid','approved',0),(257,40,'2023-09-17',38,'','','not_paid','approved',0),(258,47,'2023-09-17',17,'','','not_paid','approved',0),(259,46,'2023-07-06',0,'','','not_paid','not_approved',0),(260,13,'2023-08-07',0,'','','not_paid','approved',0),(261,13,'2023-08-02',0,'','','not_paid','approved',0),(262,48,'2023-09-17',0,'','','not_paid','approved',0),(263,9,'2023-08-26',16,'','3 TYPE PAYMENTS','not_paid','approved',0),(264,9,'2023-08-26',51,'','3 TYPE PAYMENTS','not_paid','approved',0),(265,26,'2023-09-18',0,'','','not_paid','approved',0),(266,49,'2023-09-18',0,'','','not_paid','approved',0),(267,33,'2023-07-06',0,'','','not_paid','not_approved',0),(268,32,'2023-07-05',0,'','','not_paid','not_approved',0),(269,50,'2023-07-06',0,'','','not_paid','not_approved',0),(270,31,'2023-07-06',0,'','','not_paid','not_approved',0),(271,46,'2023-07-06',0,'','','not_paid','not_approved',0),(272,12,'2023-08-06',0,'','','not_paid','not_approved',0),(273,29,'2023-09-19',21,'','test','not_paid','not_approved',1),(274,50,'2023-07-05',0,'','','not_paid','not_approved',0),(275,36,'2023-07-05',0,'','','not_paid','not_approved',0),(276,38,'2023-09-17',0,'','OLD  WORKSHOP COMPRESSOR  SERVICES','not_paid','approved',0),(277,51,'2023-08-27',52,'','SUBCOTRACT 3 METHODS OF PAYMENT \nPLACE :GRANDMALL','not_paid','not_approved',0),(278,51,'2023-09-11',52,'','SUBCONTRACT 2 TYPE PAYMENT METHOD','not_paid','not_approved',0),(279,26,'2023-09-06',0,'','','not_paid','approved',0),(280,27,'2023-09-21',8,'','','not_paid','approved',0),(281,26,'2023-09-12',0,'','','not_paid','approved',0),(282,26,'2023-09-12',0,'','FACTORY PURPOSE ','not_paid','approved',0),(283,26,'2023-09-12',52,'','','not_paid','approved',0),(284,26,'2023-09-14',0,'','FOR FACTORY PURPOSE','not_paid','approved',0),(285,26,'2023-09-19',0,'','FOR FACTORY PURPOSE ','not_paid','approved',0),(286,11,'2023-09-21',0,'','','not_paid','approved',0),(287,17,'2023-09-21',55,'','','not_paid','approved',0),(288,19,'2023-09-23',27,'','','not_paid','approved',0),(289,24,'2023-09-23',51,'','','not_paid','approved',0),(290,13,'2023-09-13',0,'','FOR  ALL PURPOSE ','not_paid','approved',0),(291,13,'2023-09-24',0,'','FOR ALL PURPOSE','not_paid','approved',0),(292,26,'2023-09-19',0,'','CREDIT \nFOR ALL GENERAL USE','not_paid','approved',0),(293,26,'2023-09-25',0,'','FOR ALL PURPOSE\nPAYMENT METHOD : CREDIT','not_paid','approved',0),(294,48,'2023-09-25',0,'','TODAY PAY ','not_paid','approved',0),(295,11,'2023-09-25',0,'','FOR ALL PURPOSE ','not_paid','approved',0),(296,7,'2023-09-25',51,'','1 INVOICE TWO PURCHASE ORDER','not_paid','approved',0),(297,7,'2023-09-25',0,'','FOR ALL PURPOSE ','not_paid','approved',0),(298,7,'2023-08-14',0,'','FOR ALL PURPOSE','not_paid','approved',0),(299,7,'2023-08-14',52,'','','not_paid','approved',0),(300,7,'2023-08-10',0,'','FOR ALL PURPOSE','not_paid','approved',0),(301,7,'2023-07-31',0,'','FOR ALL ','not_paid','approved',0),(302,7,'2023-07-17',0,'','FOR ALL ','not_paid','approved',0),(303,27,'2023-09-25',8,'','','not_paid','approved',0),(304,35,'2023-09-26',49,'','','not_paid','approved',0),(305,52,'2023-09-26',28,'','','not_paid','approved',0),(306,7,'2023-09-26',0,'','FOR ALL PURPOSE','not_paid','approved',0),(307,16,'2023-09-21',0,'','FOR ALL PROJECT','not_paid','approved',0),(308,19,'2023-09-27',11,'','credit','not_paid','approved',0),(309,13,'2023-09-28',0,'','ALL PURPOSE \nPAYMENT  METHOD : CR ','not_paid','approved',0),(310,12,'2023-09-27',11,'','','not_paid','approved',0),(311,48,'2023-09-30',0,'','','not_paid','approved',0),(312,19,'2023-09-30',0,'','ALL PURPOSE','not_paid','approved',0),(313,11,'2023-10-01',16,'','','not_paid','approved',0),(314,27,'2023-10-01',55,'','','not_paid','approved',0),(315,53,'2023-10-01',55,'','','not_paid','approved',0),(316,54,'2023-09-29',14,'','','not_paid','approved',0),(317,42,'2023-09-25',51,'','3 TYPE PYMENT METHOD ','not_paid','approved',0),(318,19,'2023-10-02',0,'',' AC NO :  0328014529770012\nNAME :   SANTHOSH  NADUVELIL','not_paid','approved',0),(319,55,'2023-09-26',16,'','SERVICES','not_paid','approved',0),(320,9,'2023-10-02',51,'','','not_paid','approved',0),(321,56,'2023-10-02',0,'','','not_paid','approved',0),(322,27,'2023-10-03',27,'','not paid ','not_paid','not_approved',0),(323,57,'2023-10-03',8,'','2 PAYMENT METHOD ','not_paid','approved',0),(324,9,'2023-10-01',47,'','2 PAYMRNT METHOD ','not_paid','approved',0),(325,9,'2023-10-04',13,'',' 2 TYPE PAYMET MEHOD ','not_paid','approved',0),(326,19,'2023-10-04',8,'','PLZ PAY TODAY ','not_paid','approved',0),(327,19,'2023-10-04',24,'','PLZ PAY TODAY','not_paid','approved',0),(328,19,'2023-10-02',24,'','PAID ','not_paid','approved',0),(329,42,'2023-10-04',11,'',' 3 TYPE PYMENT METHOD ','not_paid','approved',0),(330,42,'2023-10-04',45,'','2 TYPE PAYMENT METHOD ','not_paid','approved',0),(331,42,'2023-10-04',30,'','2 TYPE PAYMENT METHOD ','not_paid','approved',0),(332,54,'2023-10-05',20,'','TODAY PAY PLZ','not_paid','approved',0),(333,13,'2023-08-21',47,'','CREDIT ','not_paid','approved',0),(334,7,'2023-10-05',30,'','CREDIT ','not_paid','approved',0),(335,17,'2023-10-07',55,'','','not_paid','approved',0),(336,55,'2023-10-05',16,'','PLZ PAY SERVICES ','not_paid','approved',0),(337,58,'2023-10-07',0,'','','not_paid','approved',0),(338,12,'2023-10-07',11,'','PLZ PAID ','not_paid','approved',0),(339,52,'2023-10-08',55,'','AFTER 3 DAYS  PAYMENT ','not_paid','approved',0),(340,54,'2023-10-09',40,'','AFTER APPROVEL THE PAYMENT ','not_paid','approved',0),(341,59,'2023-10-09',0,'','','not_paid','approved',0),(342,19,'2023-10-09',24,'','ALREDY DELIVERD ','not_paid','approved',0),(343,4,'2023-10-10',40,'','','not_paid','approved',0),(344,60,'2023-10-10',24,'','','not_paid','approved',0),(345,19,'2023-10-10',27,'','','not_paid','approved',0),(346,58,'2023-10-10',21,'','sdfsdfsdf','not_paid','not_approved',0),(347,4,'2023-10-11',11,'','','not_paid','approved',0),(348,17,'2023-10-11',41,'','','not_paid','approved',0),(349,61,'2023-10-11',53,'','','not_paid','approved',0),(350,61,'2023-10-11',56,'','','not_paid','approved',0),(351,61,'2023-10-11',43,'','','not_paid','approved',0),(352,19,'2023-10-11',24,'','','not_paid','approved',0),(353,61,'2023-10-11',8,'','','not_paid','approved',0),(354,48,'2023-10-12',0,'','ALL ARE FINESH ','not_paid','approved',0),(355,40,'2023-10-12',40,'','','not_paid','approved',0),(356,40,'2023-10-12',50,'','','not_paid','approved',0),(357,52,'2023-10-12',49,'','DELIVERY  16.10.2023','not_paid','approved',0),(358,40,'2023-10-15',17,'','','not_paid','approved',0),(359,13,'2023-10-15',0,'','all project \n','not_paid','approved',0),(360,40,'2023-10-15',49,'','','not_paid','approved',0),(361,62,'2023-08-29',55,'','3 PROJECT ONE BILL ','not_paid','approved',0),(362,62,'2023-08-29',50,'','3 PROJECT 1 BILL ','not_paid','approved',0),(363,62,'2023-08-29',11,'','3 PROJECT 1 BILL','not_paid','approved',0),(364,53,'2023-10-16',55,'','','not_paid','approved',0),(365,26,'2023-10-15',55,'','','not_paid','approved',0),(366,60,'2023-10-17',14,'','','not_paid','approved',0),(367,63,'2023-10-16',47,'','MUZAMIL PURCHASE ','not_paid','approved',0),(368,4,'2023-10-17',24,'','','not_paid','approved',0),(369,7,'2023-10-16',0,'','OLD FACTORY  PURPOSE ','not_paid','approved',0),(370,13,'2023-10-16',0,'','FACTORY ALL PURPOSE ','not_paid','approved',0),(371,4,'2023-08-28',49,'','BILL NO 5445','not_paid','approved',0),(372,4,'2023-08-28',47,'','BILL NO : 5645','not_paid','approved',0),(373,4,'2023-08-28',40,'','BILL NO : 5645','not_paid','approved',0),(374,54,'2023-10-18',47,'','','not_paid','approved',0),(375,42,'2023-10-19',40,'','','not_paid','approved',0),(376,42,'2023-10-19',16,'','','not_paid','approved',0),(377,64,'2023-10-18',0,'','1 BOX OLD FACTORY \n\n1 BOX SHOWROOM ','not_paid','approved',0),(378,60,'2023-10-19',24,'','','not_paid','approved',0),(379,11,'2023-10-19',14,'','','not_paid','approved',0),(380,53,'2023-10-19',14,'','','not_paid','approved',0),(381,19,'2023-10-19',16,'','','not_paid','approved',0),(382,19,'2023-10-19',11,'','INVOCE NO : 166','not_paid','approved',0),(383,19,'2023-10-19',0,'','COMPANY STOCK ','not_paid','approved',0),(384,4,'2023-08-28',0,'','STOCK ','not_paid','approved',0),(385,4,'2023-08-28',13,'','','not_paid','approved',0),(386,17,'2023-10-19',41,'','','not_paid','approved',0),(387,27,'2023-10-19',14,'','','not_paid','approved',0),(388,7,'2023-10-21',0,'','','not_paid','approved',0),(389,24,'2023-10-23',49,'','','not_paid','approved',0),(390,16,'2023-10-23',0,'','','not_paid','approved',0),(391,53,'2023-10-23',49,'','','not_paid','approved',0),(392,54,'2023-10-23',40,'','','not_paid','approved',0),(393,22,'2023-10-23',0,'','','not_paid','approved',0),(394,27,'2023-10-24',27,'','','not_paid','approved',0),(395,19,'2023-10-24',57,'','INVOICE : BR-190','not_paid','not_approved',0),(396,19,'2023-10-24',0,'','FACTORY ','not_paid','not_approved',0),(397,24,'2023-10-24',40,'','','not_paid','approved',0),(398,42,'2023-10-24',16,'','','not_paid','approved',0),(399,9,'2023-10-24',15,'','','not_paid','not_approved',0),(400,9,'2023-10-24',17,'','','not_paid','approved',0),(401,19,'2023-10-24',27,'','','not_paid','approved',0),(402,40,'2023-10-25',41,'','','not_paid','approved',0),(403,42,'2023-07-30',15,'','','not_paid','approved',0),(404,42,'2023-07-30',17,'','','not_paid','approved',0),(405,66,'2023-10-25',41,'','','not_paid','approved',0),(406,42,'2023-10-25',50,'','','not_paid','approved',0),(407,7,'2023-10-25',11,'','INVOICE NO : 4734','not_paid','approved',0),(408,7,'2023-10-25',0,'','ALL COMPANY PURPOSE ','not_paid','approved',0),(409,65,'2023-10-26',40,'','','not_paid','approved',0),(410,65,'2023-10-26',50,'','','not_paid','approved',0),(411,9,'2023-10-29',24,'','','not_paid','approved',0),(412,48,'2023-10-29',0,'','','not_paid','approved',0),(413,19,'2023-10-29',56,'','','not_paid','approved',0),(414,11,'2023-10-30',13,'','','not_paid','approved',0),(415,19,'2023-10-30',56,'','','not_paid','approved',0),(416,19,'2023-10-30',56,'','','not_paid','approved',0),(417,17,'2023-10-31',14,'','','not_paid','approved',0),(418,66,'2023-10-31',49,'','','not_paid','approved',0),(419,26,'2023-10-31',27,'','','not_paid','approved',0),(420,19,'2023-10-31',27,'','','not_paid','approved',0),(421,42,'2023-11-01',42,'','','not_paid','approved',0),(422,17,'2023-11-01',14,'','','not_paid','approved',0),(423,60,'2023-11-01',23,'','','not_paid','approved',0),(424,26,'2023-11-02',0,'','','not_paid','approved',0),(425,48,'2023-11-02',0,'','','not_paid','approved',0),(426,26,'2023-11-02',47,'','','not_paid','not_approved',0),(427,19,'2023-11-05',27,'','','not_paid','approved',0),(428,26,'2023-11-05',0,'','','not_paid','not_approved',0),(429,26,'2023-11-06',0,'','','not_paid','not_approved',0),(430,7,'2023-11-01',49,'','','not_paid','approved',0),(431,52,'2023-11-05',41,'','','not_paid','approved',0),(432,67,'2023-11-06',24,'','','not_paid','approved',0),(433,9,'2023-11-07',24,'','','not_paid','approved',0),(434,27,'2023-11-07',27,'','','not_paid','approved',0),(435,17,'2023-11-07',11,'','','not_paid','approved',0),(436,42,'2023-11-09',11,'','','not_paid','approved',0),(437,19,'2023-11-09',14,'','','not_paid','not_approved',0),(438,19,'2023-11-09',11,'','','not_paid','not_approved',0),(439,68,'2023-11-09',49,'','','not_paid','approved',0),(440,68,'2023-11-09',14,'','','not_paid','approved',0),(441,68,'2023-11-09',41,'','','not_paid','approved',0),(442,9,'2023-11-09',24,'','','not_paid','approved',0),(443,26,'2023-11-09',0,'','','not_paid','not_approved',0),(444,65,'2023-11-12',49,'','','not_paid','approved',0),(445,16,'2023-08-29',0,'','','not_paid','approved',0),(446,4,'2023-11-02',11,'','','not_paid','approved',0),(447,4,'2023-11-12',11,'','','not_paid','approved',0),(448,26,'2023-09-30',0,'','','not_paid','not_approved',0),(449,26,'2023-10-01',0,'','','not_paid','not_approved',0),(450,26,'2023-10-08',0,'','','not_paid','not_approved',0),(451,26,'2023-10-10',0,'','','not_paid','not_approved',0),(452,26,'2023-10-16',0,'','','not_paid','not_approved',0),(453,16,'2023-11-13',0,'','','not_paid','approved',0),(454,69,'2023-11-13',27,'','','not_paid','approved',0),(455,19,'2023-11-14',16,'','','not_paid','not_approved',0),(456,19,'2023-11-14',14,'','','not_paid','approved',0),(457,19,'2023-11-14',56,'','','not_paid','approved',0),(458,19,'2023-11-14',27,'','','not_paid','approved',0),(459,52,'2023-11-14',49,'','','not_paid','approved',0),(460,52,'2023-11-14',13,'','','not_paid','approved',0),(461,52,'2023-11-14',14,'','','not_paid','approved',0),(462,17,'2023-11-14',14,'','','not_paid','approved',0),(463,66,'2023-11-14',51,'','','not_paid','not_approved',0),(464,26,'2023-10-18',0,'','','not_paid','not_approved',0),(465,26,'2023-11-14',0,'','','not_paid','not_approved',0),(466,26,'2023-11-14',0,'','','not_paid','not_approved',0),(467,17,'2023-11-14',11,'','','not_paid','approved',0),(468,26,'2023-11-14',47,'','','not_paid','not_approved',0),(469,60,'2023-11-14',23,'','','not_paid','approved',0),(470,15,'2023-11-11',0,'','','not_paid','approved',0),(471,17,'2023-11-15',47,'','','not_paid','approved',0),(472,26,'2023-11-15',0,'','','not_paid','not_approved',0),(473,26,'2023-11-15',11,'','','not_paid','not_approved',0),(474,26,'2023-11-15',16,'','','not_paid','not_approved',0),(475,7,'2023-11-11',49,'','','not_paid','not_approved',0),(476,7,'2023-11-11',0,'','','not_paid','not_approved',0),(477,68,'2023-11-19',49,'','','not_paid','approved',0),(478,70,'2023-11-19',23,'','','not_paid','approved',0),(479,71,'2023-11-19',47,'','','not_paid','approved',0),(480,19,'2023-11-19',56,'','','not_paid','approved',0),(481,19,'2023-11-19',57,'','','not_paid','approved',0),(482,19,'2023-11-26',56,'','','not_paid','approved',0),(483,52,'2023-11-27',11,'','','not_paid','not_approved',0),(484,52,'2023-11-27',47,'','','not_paid','not_approved',0),(485,60,'2023-11-27',56,'','','not_paid','not_approved',0),(486,7,'2023-10-19',0,'','','not_paid','not_approved',0),(487,4,'2023-11-28',27,'','TOTAL BILL 50 % PAID ','not_paid','not_approved',0),(488,4,'2023-11-28',57,'','50 % TOTAL BILL PAID ','not_paid','not_approved',0),(489,4,'2023-11-28',24,'','50% OF BILL WILL PAID ','not_paid','not_approved',0),(490,4,'2023-11-28',0,'','','not_paid','not_approved',0),(491,72,'2023-11-29',27,'','','not_paid','not_approved',0),(492,27,'2023-11-29',27,'','','not_paid','not_approved',0),(493,72,'2023-11-30',57,'','','not_paid','not_approved',0),(494,9,'2023-12-03',16,'','ADVANCE 70 RIAL ','not_paid','not_approved',0),(495,9,'2023-12-03',42,'','MABELA','not_paid','not_approved',0),(496,9,'2023-12-03',24,'','ADVANCE 165.000 RIAL','not_paid','not_approved',0),(497,42,'2023-12-03',16,'','','not_paid','not_approved',0),(498,19,'2023-12-06',0,'','','not_paid','approved',0),(499,19,'2023-12-07',60,'','','not_paid','approved',0),(500,19,'2023-12-07',58,'','','not_paid','approved',0),(501,19,'2023-12-07',43,'','','not_paid','approved',0),(502,19,'2023-12-07',56,'','','not_paid','approved',0),(503,19,'2023-12-07',38,'','','draft','approved',0),(504,27,'2023-12-12',14,'','','not_paid','not_approved',0),(505,17,'2023-12-12',56,'','','not_paid','not_approved',0),(506,52,'2023-12-12',42,'','','not_paid','not_approved',0),(507,27,'2023-12-12',27,'','','not_paid','not_approved',0),(508,16,'2023-12-06',0,'','','not_paid','approved',0),(509,19,'2023-12-13',44,'','','not_paid','approved',0),(510,19,'2023-12-13',56,'','invoice no : BR-498\nSL NO 1: HALF\nSL NO 2: FULL\nSL NO 3: FULL\n','not_paid','approved',0),(511,11,'2023-12-25',43,'','','not_paid','approved',0),(512,11,'2024-01-03',43,'','','draft','approved',0),(513,19,'2024-01-08',0,'','','draft','approved',0),(514,42,'2024-01-10',57,'','FITTING DOORS ','not_paid','not_approved',0),(515,73,'2024-02-22',0,'','Payment 50% advance 50% after 1st arabic copy approval\n3 weeks from advance ','not_paid','approved',0),(516,19,'2024-01-18',56,'','BR-139 invoice ','not_paid','approved',0),(517,17,'2024-02-26',61,'','hdb 2731 Hinged door frame without handle Black 6\nhdb 2933 Hinged door frame with handl Black 6\nhd 1002 A CORNER Fitting','not_paid','approved',0),(518,7,'2024-02-26',0,'','MATERIAL PURCHASED IN COMPANY FOR VARIOUS PROJECTS','not_paid','approved',0),(519,52,'2024-02-26',27,'','MATERIAL PURCHASE ','not_paid','approved',0),(520,17,'2024-02-27',61,'','MATERIAL PURCHASE ','not_paid','approved',0),(521,12,'2024-02-18',0,'','MATERIAL PURCHASED FOR COMPANY','not_paid','approved',0),(522,4,'2024-02-21',57,'','MATERIAL PURCHASE AGAINST INV NO 6826','not_paid','approved',0),(523,19,'2024-02-13',61,'','BR-340  BR-367','not_paid','approved',0),(524,19,'2024-02-20',59,'','PROJECT 785 , 774 \nINVOICE NO BR-386','not_paid','approved',0),(525,19,'2024-01-23',61,'','ALSO FOR PROJECT 781,809','not_paid','approved',0),(526,19,'2024-02-01',44,'','BR-252','not_paid','approved',0),(527,19,'2024-03-05',24,'','Against Quotation QUOT-LWB-03-03\n40 Days PDC ','not_paid','approved',0),(528,75,'2024-02-20',27,'','','not_paid','approved',0),(529,17,'2024-02-20',61,'','','not_paid','approved',0),(530,76,'2024-02-24',57,'','Powder Coating','not_paid','approved',0),(531,12,'2024-02-28',44,'','also for 782 project\nInv no iv00010760','not_paid','approved',0),(532,34,'2024-03-06',67,'','','not_paid','approved',0),(533,19,'2024-03-07',0,'','FAISAL AL MAHDURI PROJECT \nINV BR-528','not_paid','approved',0),(534,77,'2024-03-01',44,'','METAL WORK INVOICES 0334,0335,0336','not_paid','approved',0),(535,66,'2024-03-05',61,'','ALSO FOR PROJECT 774 & 785 QUOT# N-2048','not_paid','approved',0),(536,4,'2024-03-02',43,'','invoice no 6895','not_paid','approved',0),(537,74,'2024-03-03',66,'','invoice 0259 \nOMR 350 Submitted ','not_paid','approved',0),(538,19,'2024-03-10',44,'','quote no LWB-03-11\n40 Days PDC','not_paid','approved',0),(539,7,'2024-03-07',0,'','16-5128 19-01-2024   INVOICE NO 16-23756 07-03-2024\nFOR COMPANY\n','not_paid','approved',0),(540,19,'2024-03-11',54,'','QUOTE NO LWB-03-12 \n40 DAYS PDC ','not_paid','approved',0),(541,52,'2024-03-10',44,'','QUOTE NO 14117 ','not_paid','approved',0),(542,78,'2024-02-21',61,'','INV 87044307 ','not_paid','approved',0),(543,79,'2024-03-11',61,'','INV NO 965','not_paid','approved',0),(544,78,'2024-03-11',61,'','INV 87069195','not_paid','approved',0),(545,26,'2023-12-09',0,'','inv 126759','not_paid','approved',0),(546,19,'2024-03-11',61,'','Also for Faisal Al Mahduri Project\nQuote # LWB-03-16\nPDC 40 Days','not_paid','approved',0),(547,26,'2023-12-10',0,'','invoice no 128046 dec 2023','not_paid','approved',0),(548,26,'2023-12-10',0,'','Inv no 128130 Dec 2023','not_paid','approved',0),(549,26,'2023-12-11',0,'','Inv no 128138','not_paid','approved',0),(550,26,'2023-12-12',0,'','INV 128239 DEC-2023','not_paid','approved',0),(551,26,'2023-12-12',0,'','INV NO 128265','not_paid','approved',0),(552,26,'2023-12-13',0,'','INV 128406 DEC 23','not_paid','approved',0),(553,26,'2023-12-13',0,'','INV NO 128407 DEC 23','not_paid','approved',0),(554,26,'2023-12-13',0,'','inv no 128420 dec 23','not_paid','approved',0),(555,26,'2023-12-16',0,'','Inv no 128569','not_paid','approved',0),(556,26,'2023-12-17',0,'','Inv No 127441 Dec 23','not_paid','approved',0),(557,26,'2023-12-18',0,'','Inv no 127546 Dec 23','not_paid','approved',0),(558,52,'2024-03-11',61,'','14126 Quote','not_paid','approved',0),(559,80,'2024-02-13',0,'','0177 INV ','not_paid','approved',0),(560,24,'2024-02-26',0,'','INV SL17725 FOR COMPANY','not_paid','approved',0),(561,24,'2024-02-26',0,'','SL 17726 FOR COMPANY','not_paid','approved',0),(562,66,'2024-02-15',0,'','INV NO A-3530 & A-3538','not_paid','approved',0),(563,16,'2024-02-28',0,'','INV 1000358 FOR VARIOUS PROJECTS','not_paid','approved',0),(564,26,'2023-12-19',0,'','INV 127595','not_paid','approved',0),(565,26,'2023-12-24',0,'','INV 129268','not_paid','approved',0),(566,26,'2023-12-26',0,'','INV 129429','not_paid','approved',0),(567,26,'2023-12-26',0,'','INV 129517','not_paid','approved',0),(568,26,'2023-12-31',0,'','INV 129921','not_paid','approved',0),(569,26,'2023-12-30',0,'','INV 128548','not_paid','approved',0),(570,26,'2023-12-27',0,'','INV 128350','not_paid','approved',0),(571,79,'2024-03-13',61,'','Inv 976 ','not_paid','approved',0),(572,13,'2024-03-13',0,'','INV 12529 ','not_paid','approved',0),(573,13,'2024-01-02',0,'','INV 11674 ','not_paid','approved',0),(574,13,'2024-01-30',0,'','INV 11957 \nFOR COMPANY','not_paid','approved',0),(575,52,'2024-03-14',59,'','INV 12101','not_paid','approved',0),(576,15,'2024-03-17',0,'','inv 18917 for company','not_paid','approved',0),(577,79,'2024-03-18',39,'','INV 303 ','not_paid','approved',0),(578,4,'2024-03-18',57,'','INV no 7023','not_paid','approved',0),(579,11,'2024-03-18',0,'','INV 8422403967 \nFOR COMPANY','not_paid','approved',0),(580,81,'2024-03-18',67,'','inv 167 ','not_paid','approved',0),(581,82,'2024-03-09',0,'','Inv 8-1384 \nFor Company','not_paid','approved',0),(582,83,'2024-03-17',27,'','INV 12917','not_paid','approved',0),(583,71,'2024-03-13',59,'','INV 33721','not_paid','approved',0),(584,71,'2024-03-19',57,'','INV 33660','not_paid','approved',0),(585,12,'2024-03-02',43,'','Inv 81901','not_paid','approved',0),(586,84,'2024-03-20',0,'','Inv 2719 \nFor Company','not_paid','approved',0),(587,12,'2024-03-21',0,'','Inv - 00010863 ','not_paid','approved',0),(588,85,'2024-03-04',56,'','Inv 76044 ','not_paid','approved',0),(589,71,'2024-01-10',0,'','DAWOD ALMAHROQI  inv 33091','not_paid','approved',0),(590,86,'2024-01-08',4,'','Inv 35588','not_paid','approved',0),(591,87,'2024-01-09',4,'','Inv 00006 Paid to arif','not_paid','approved',0),(592,88,'2024-01-13',57,'','Inv no 83931','not_paid','approved',0),(593,19,'2024-03-26',0,'','Lwb-03-32','not_paid','approved',0),(594,12,'2024-03-24',0,'','Inv IV00010870 \nFor Company','not_paid','approved',0),(595,22,'2024-03-26',68,'','Inv-6935','not_paid','approved',0),(596,17,'2024-03-25',61,'','Inv 2682','not_paid','approved',0),(597,66,'2024-03-26',61,'','inv no 985','not_paid','approved',0),(598,24,'2024-03-27',39,'','Inv SL 18018','not_paid','approved',0),(599,67,'2024-03-26',24,'','INV 135','not_paid','approved',0),(600,22,'2024-03-28',61,'','INV 6976','not_paid','approved',0),(601,71,'2024-01-14',0,'','INV 33122','not_paid','approved',0),(602,89,'2024-01-15',0,'','INV 181101','not_paid','approved',0),(603,27,'2024-01-21',57,'','INV 00286','not_paid','approved',0),(604,71,'2024-01-24',57,'','INV 33222','not_paid','approved',0),(605,24,'2024-01-30',44,'','INV 1887','not_paid','approved',0),(606,90,'2024-01-06',0,'','INV 4548','not_paid','approved',0),(607,17,'2024-01-15',0,'','INV 1868','not_paid','approved',0),(608,19,'2024-03-31',67,'','also for Projects 819,815\n40 Days PDC\nQuote no LWB-03-37','not_paid','approved',0),(609,66,'2024-03-28',73,'','INV 990','not_paid','approved',0),(610,12,'2024-03-31',61,'','INV B2052','not_paid','approved',0),(611,22,'2024-03-30',61,'','INV 6986','not_paid','approved',0),(612,7,'2024-04-03',0,'','Inv - 16-24189\nFor Company','not_paid','approved',0),(613,12,'2024-04-03',69,'','Inv # IV00010918','not_paid','approved',0),(614,91,'2024-01-14',0,'','FOR COMPANY','not_paid','approved',0),(615,92,'2024-01-02',4,'','INV 938','not_paid','approved',0),(616,83,'2024-01-16',0,'','INV 1613569 \nFOR COMPANY','not_paid','approved',0),(617,93,'2024-01-23',57,'','INV 03030','not_paid','approved',0),(618,93,'2024-01-25',57,'','INV 03300','not_paid','approved',0),(619,66,'2024-01-17',44,'','INV 1625','not_paid','approved',0),(620,15,'2024-01-24',0,'','FOR COMPANY INV 18748','not_paid','approved',0),(621,16,'2024-01-16',0,'','INV 01000079\nFOR COMPANY ','not_paid','approved',0),(622,16,'2024-01-22',0,'','INV 01000142 \nFOR COMPANY ','not_paid','approved',0),(623,16,'2024-01-31',0,'','INV 01000181 \nFOR COMPANY','not_paid','approved',0),(624,19,'2024-01-08',56,'','INV BR-67','not_paid','approved',0),(625,19,'2024-01-14',67,'','INV BR-108','not_paid','approved',0),(626,19,'2024-01-20',59,'','INV BR-148','not_paid','approved',0),(627,19,'2024-01-14',57,'','INV BR-109','not_paid','approved',0),(628,12,'2024-01-22',57,'','INV NO IV00010596','not_paid','approved',0),(629,12,'2024-01-03',19,'','INV NO IV00010513','not_paid','approved',0),(630,7,'2024-01-14',0,'','INV  16-22601 \n','not_paid','approved',0),(631,19,'2024-04-07',69,'','Also for Mazin + Waleed \n40 Days PDC\nLWB-04-08','not_paid','approved',0),(632,52,'2024-04-02',61,'','INV 12334','not_paid','approved',0),(633,26,'2024-01-02',0,'','INV 100123\nFOR COMPANY','not_paid','approved',0),(634,94,'2024-04-07',0,'','Inv 0331 \nFor Company','not_paid','approved',0),(635,35,'2024-04-03',73,'','INV 000382','not_paid','approved',0),(636,19,'2024-04-13',44,'','Also for 820','not_paid','approved',0),(637,35,'2024-04-14',0,'','inv 410\nveneer pressing ','not_paid','approved',0),(638,7,'2024-04-16',0,'','INV 16-24355\nFOR COMPANY','not_paid','approved',0),(639,26,'2024-01-02',0,'','inv 100124 ','not_paid','approved',0),(640,26,'2024-01-04',0,'','Inv 100301','not_paid','approved',0),(641,26,'2024-01-02',0,'','Inv 100126 \n','not_paid','approved',0),(642,26,'2024-04-11',0,'','Inv 100838','not_paid','approved',0),(643,26,'2024-01-11',0,'','Inv 100858','draft','not_approved',0),(644,26,'2024-01-11',0,'','INV 100858','not_paid','approved',0),(645,26,'2024-01-11',0,'','INV 100859','not_paid','approved',0),(646,26,'2024-01-12',0,'','INV 101061','not_paid','approved',0),(647,26,'2024-01-14',0,'','INV 101046','not_paid','approved',0),(648,26,'2024-04-15',0,'','INV 101340 ','not_paid','approved',0),(649,26,'2024-01-21',0,'','INV 101628','not_paid','approved',0),(650,26,'2024-01-27',0,'','INV 102377','not_paid','approved',0),(651,26,'2024-01-30',0,'','INV 102360','not_paid','approved',0),(652,26,'2024-01-31',0,'','INV 102785','not_paid','approved',0),(653,26,'2024-01-17',0,'','INV 101340','not_paid','approved',0),(654,4,'2024-04-17',0,'','Project Hisham Al ramahi','not_paid','approved',0),(655,22,'2024-04-16',44,'','Also for Rashad 798','not_paid','approved',0),(656,12,'2024-04-09',69,'','Inv : IV00010940','not_paid','approved',0),(657,19,'2024-04-21',74,'','Also for EZ+Mazin+Siyaar+Hisham+Faisal Mahduri\n40 Days PDC','not_paid','approved',0),(658,19,'2024-04-15',67,'','QUOTE -04-15','not_paid','approved',0),(659,12,'2024-04-21',75,'','IV00010974\nEZ Wood','not_paid','approved',0),(660,16,'2024-04-23',0,'','For Company\nInv 1000709','not_paid','approved',0),(661,13,'2024-04-25',0,'','Inv 12897 \nFor Company','not_paid','approved',0),(662,3,'2024-04-25',74,'','Inv 9163295188','not_paid','approved',0),(663,67,'2024-04-15',73,'','inv 144','not_paid','approved',0),(664,35,'2024-04-25',11,'','Inv 000468','not_paid','approved',0),(665,12,'2024-04-25',72,'','INV : IV00010988','not_paid','approved',0),(666,66,'2024-04-30',0,'','Said Al Abri \nInv N-2399','not_paid','approved',0),(667,52,'2024-05-01',44,'','INV 12590','not_paid','approved',0),(668,34,'2024-05-02',73,'','INV 322','not_paid','approved',0),(669,12,'2024-05-02',72,'','INV : IV00011017','not_paid','approved',0),(670,7,'2024-05-02',0,'','FOR COMPANY\nINV 16-24695','not_paid','approved',0),(671,95,'2024-04-07',68,'','INV 6080','not_paid','approved',0),(672,96,'2024-04-07',72,'','INV 0172','not_paid','approved',0),(673,97,'2024-04-16',73,'','INV 0190','not_paid','approved',0),(674,98,'2024-04-17',73,'','INV 104958','not_paid','approved',0),(675,19,'2024-05-06',15,'','ALSO FOR SAYAAR\nPDC 40 DAYS ','not_paid','approved',0),(676,99,'2024-04-21',0,'','FOR COMPANY\nINV 1171','not_paid','approved',0),(677,11,'2024-04-23',0,'','FOR COMPANY \nINV 8422405619','not_paid','approved',0),(678,19,'2024-05-18',73,'','also for sayaar ','not_paid','approved',0),(679,19,'2024-05-20',73,'','also for Waleed + Sayaar\n40 Days PDC','not_paid','approved',0),(680,12,'2024-05-13',69,'','IV00011062','not_paid','approved',0),(681,12,'2024-05-21',0,'','IV00011091 \nMAZIN+COMPANY','not_paid','approved',0),(682,26,'2024-02-01',0,'','COMPANY \nINV 102858','not_paid','approved',0),(683,26,'2024-05-01',0,'','COMPANY \nINV 102859','not_paid','approved',0),(684,26,'2024-02-03',0,'','COMPANY\nINV 103055','not_paid','approved',0),(685,26,'2024-02-03',0,'','COMPANY\nINV 102651','not_paid','approved',0),(686,26,'2024-02-03',0,'','COMPANY\nINV 103084','not_paid','approved',0),(687,26,'2024-02-07',0,'','COMPANY\nINV 103048','not_paid','approved',0),(688,26,'2024-02-10',0,'','COMPANY\nINV 103669','not_paid','approved',0),(689,26,'2024-02-11',0,'','COMPANY\nINV 103800','not_paid','approved',0),(690,26,'2024-02-11',0,'','COMPANY\nINV 103828','not_paid','approved',0),(691,26,'2024-02-13',0,'','INV 103986\nCOMPANY','not_paid','approved',0),(692,19,'2024-05-20',74,'','also for waleed + mazin \nQT-05-25\n40 Days PDC','not_paid','approved',0),(693,13,'2024-05-18',0,'','Inv 13233 \nFor Company','not_paid','approved',0),(694,12,'2024-05-08',44,'','Inv 36243','not_paid','approved',0),(695,24,'2024-05-22',73,'','Inv 18529','not_paid','approved',0),(696,12,'2024-05-22',44,'','Inv: IV00011097','not_paid','approved',0),(697,16,'2024-05-15',0,'','Inv : 01000876','not_paid','approved',0),(698,19,'2024-05-30',65,'','also for Airport\n40 days PDC','not_paid','approved',0),(699,19,'2024-06-04',74,'','ALSO FOR MAZIN + YOUSAF\nPDC 40 DAYS ','not_paid','approved',0),(700,100,'2024-05-31',61,'','also for maryam\ninv 002','not_paid','approved',0),(701,19,'2024-06-11',65,'','LWB - 06-10\nPDC 40 Days','not_paid','approved',0),(702,19,'2024-06-11',0,'','for company\nLWB-06-12','not_paid','approved',0),(703,101,'2024-06-12',4,'','Inv 0428','not_paid','approved',0),(704,3,'2024-06-04',65,'','inv 196187937','not_paid','approved',0),(705,52,'2024-06-01',44,'','15163','not_paid','approved',0),(706,66,'2024-06-02',72,'','inv 2720','not_paid','approved',0),(707,7,'2024-06-09',0,'','inv 16-25412','not_paid','approved',0),(708,102,'2024-06-11',0,'','FOR AIRPORT\nINV WBRC001','not_paid','approved',0),(709,66,'2024-06-06',0,'','FOR AIRPORT\nINV 4552','not_paid','approved',0),(710,52,'2024-06-09',44,'','INV 15264','not_paid','approved',0),(711,24,'2024-06-05',72,'','INV SL-18679','not_paid','approved',0),(712,12,'2024-06-08',65,'','ALSO FOR COMPANY\nINV 00011161','not_paid','approved',0),(713,12,'2024-06-03',0,'','VENEER PRESSING + COMPANY','not_paid','approved',0),(714,15,'2024-06-11',0,'','FOR COMPANY\nINV 19086','not_paid','approved',0),(715,100,'2024-06-05',61,'','MARYAM + AIRPORT\nINV 3','not_paid','approved',0),(716,24,'2024-06-13',73,'','INV SL 18789','not_paid','approved',0),(717,4,'2024-06-03',72,'','INV 7589','not_paid','approved',0),(718,16,'2024-03-03',0,'','inv 1000399','not_paid','approved',0),(719,34,'2024-06-23',61,'','Inv 440','not_paid','approved',0),(720,67,'2024-06-05',72,'','inv 163\n','not_paid','approved',0),(721,101,'2024-06-24',4,'','Quote no 430','not_paid','approved',0),(722,100,'2024-06-22',0,'','inv 4','not_paid','approved',0),(723,100,'2024-06-25',61,'','inv 6','not_paid','approved',0),(724,19,'2024-07-01',65,'','LWB-07-01','not_paid','approved',0),(725,60,'2024-06-25',65,'','Also for Mabelah Customer','not_paid','approved',0),(726,19,'2024-06-27',65,'','INV BR-1398','draft','approved',0),(727,16,'2024-07-03',0,'','Various Projects\nCredit Perioed = 1 Month','not_paid','approved',0),(728,26,'2024-02-17',0,'','inv 104342','not_paid','approved',0),(729,26,'2024-02-19',0,'','Inv 104517','not_paid','approved',0),(730,26,'2024-02-19',0,'','Inv 104553','not_paid','approved',0),(731,26,'2024-02-20',0,'','Inv 104616','not_paid','approved',0),(732,26,'2024-02-24',0,'','Inv 105012','not_paid','approved',0),(733,26,'2024-02-25',0,'','Inv 105151','not_paid','approved',0),(734,26,'2024-02-26',0,'','INV 105248','not_paid','approved',0),(735,26,'2024-02-27',0,'','INV 104657','not_paid','approved',0),(736,26,'2024-02-27',0,'','INV 105381','not_paid','approved',0),(737,26,'2024-02-27',0,'','inv 104737','not_paid','approved',0),(738,26,'2024-06-29',0,'','INV 105524','not_paid','approved',0),(739,60,'2024-07-03',63,'','Inv 1618','not_paid','approved',0),(740,12,'2024-07-01',65,'','INV IV00011248','not_paid','approved',0),(741,19,'2024-07-08',63,'','QUOT - LWB - 07-09\n','not_paid','approved',0),(742,16,'2024-07-09',0,'','No. 187 ','not_paid','approved',0),(743,19,'2024-07-13',0,'','QUOT - LWB - 07-15','not_paid','approved',0),(744,21,'2024-07-10',67,'','iNV 51613','not_paid','approved',0),(745,100,'2024-07-01',68,'','INV 8','not_paid','approved',0),(746,12,'2024-07-13',68,'','Inv 82542','not_paid','approved',0),(747,66,'2024-07-14',72,'','Inv 3122','not_paid','approved',0),(748,7,'2024-07-17',0,'','Inv - 25959','not_paid','approved',0),(749,19,'2024-07-21',65,'','also for MHD Sinani & Fatima\n40 days PDC','not_paid','approved',0),(750,101,'2024-07-18',4,'','Inv 0435','not_paid','approved',0),(751,4,'2024-07-13',27,'','inv 7892','not_paid','approved',0),(752,17,'2024-07-18',68,'','Inv 4107','not_paid','approved',0),(753,66,'2024-07-17',61,'','Inv 5009','not_paid','approved',0),(754,52,'2024-07-22',61,'','Inv 13492','not_paid','approved',0),(755,11,'2024-07-22',0,'','Mazin + Wazara + Company \nInv 8422410068','not_paid','approved',0),(756,104,'2024-07-23',68,'','INV 0009','not_paid','approved',0),(757,12,'2024-07-22',68,'','INV 82585','not_paid','approved',0),(758,22,'2024-07-22',68,'','INV 8905','not_paid','approved',0),(759,19,'2024-07-31',74,'','- LWB - 07-37','not_paid','approved',0),(760,12,'2024-07-27',0,'','Inv B2613','not_paid','approved',0),(761,12,'2024-07-22',63,'','mazin + qais al abri ','not_paid','approved',0),(762,52,'2024-07-28',68,'','invoice 13587','not_paid','approved',0),(763,52,'2024-07-28',68,'','inv 13586','not_paid','approved',0),(764,105,'2024-07-24',0,'','Inv 11413','not_paid','approved',0),(765,27,'2024-07-29',66,'','Inv 03055','not_paid','approved',0),(766,13,'2024-07-25',0,'','Inv 13822','not_paid','approved',0),(767,106,'2024-07-31',0,'','Inv 13295','not_paid','approved',0),(768,107,'2024-07-31',0,'','Inv 1736','not_paid','approved',0),(769,100,'2024-07-13',68,'','Inv 10','not_paid','approved',0),(770,100,'2024-07-15',68,'','Inv 11','not_paid','approved',0),(771,100,'2024-07-15',68,'','Inv 12','not_paid','approved',0),(772,100,'2024-07-20',74,'','Inv 13','not_paid','approved',0),(773,100,'2024-07-21',74,'','Inv 14','not_paid','approved',0),(774,100,'2024-07-22',74,'','Also for Asila ','not_paid','approved',0),(775,100,'2024-07-25',66,'','Inv 16','not_paid','approved',0),(776,100,'2024-07-31',68,'','Inv 17','not_paid','approved',0),(777,16,'2024-08-04',74,'','205 quote','draft','approved',0),(778,16,'2024-08-04',74,'',' No.209','draft','approved',0),(779,19,'2024-08-11',74,'','','not_paid','approved',0),(780,19,'2024-08-21',0,'','QUOT - LWB - 08-48','not_paid','approved',0),(781,19,'2024-08-22',0,'','QUOT - LWB - 08-54','not_paid','approved',0),(782,17,'2024-08-01',68,'','Inv 4305','not_paid','approved',0),(783,108,'2024-08-03',61,'','Inv 13685','not_paid','approved',0),(784,94,'2024-08-04',61,'','Inv 0335','not_paid','approved',0),(785,7,'2024-08-15',0,'','Inv 16-26559','not_paid','approved',0),(786,109,'2024-08-12',74,'','10397','not_paid','approved',0),(787,12,'2024-08-13',0,'','Inv 11437','not_paid','approved',0),(788,24,'2024-08-13',68,'','Inv 19420','not_paid','approved',0),(789,24,'2024-08-12',66,'','Inv 19404','not_paid','approved',0),(790,52,'2024-08-13',68,'','Inv 13804','not_paid','approved',0),(791,35,'2024-08-19',74,'','Inv 17141','not_paid','approved',0),(792,110,'2024-08-20',0,'','Al Masa Project \n13411','not_paid','approved',0),(793,3,'2024-08-22',0,'','AL Masa\n9163426943','not_paid','approved',0),(794,19,'2024-08-26',0,'','QUOT - LWB - 08-62','not_paid','approved',0),(795,11,'2024-08-26',63,'','','draft','approved',0),(796,19,'2024-08-28',0,'','QUOT - LWB - 08-67 R','not_paid','approved',0),(797,19,'2024-08-29',76,'','QUOT - LWB - 08-70','not_paid','approved',0),(798,111,'2024-08-24',0,'','Inv 20743','not_paid','approved',0),(799,54,'2024-08-01',0,'','inv 249','not_paid','approved',0),(800,54,'2024-08-04',68,'','Inv 250','not_paid','approved',0),(801,54,'2024-08-04',61,'','also for Asila\nInv 248','not_paid','approved',0),(802,112,'2024-08-25',0,'','Inv 39667','not_paid','approved',0),(803,4,'2024-08-15',57,'','Inv 008150','not_paid','approved',0),(804,4,'2024-08-15',79,'','Inv 008149','not_paid','approved',0),(805,113,'2024-08-19',74,'','Inv 69933','not_paid','approved',0),(806,114,'2024-08-22',0,'','Inv 59142','not_paid','approved',0),(807,71,'2024-08-17',74,'','Inv 35836','not_paid','approved',0),(808,115,'2024-08-12',0,'','Inv 3710','not_paid','approved',0),(809,13,'2024-08-13',0,'','Inv 13716','not_paid','approved',0),(810,12,'2024-08-15',0,'','Inv 2472','not_paid','approved',0),(811,12,'2024-08-19',0,'','IV00011460\n','not_paid','approved',0),(812,12,'2024-08-26',0,'','IV00011489\n','not_paid','approved',0),(813,52,'2024-08-22',74,'','Inv 13928','not_paid','approved',0),(814,27,'2024-08-12',0,'','Inv 3729','not_paid','approved',0),(815,27,'2024-08-14',0,'','Inv 3593','not_paid','approved',0),(816,27,'2024-08-22',0,'','Inv 3278','not_paid','approved',0),(817,16,'2024-08-04',0,'','Inv 1001418','not_paid','approved',0),(818,16,'2024-08-04',0,'','Inv 1001419','not_paid','approved',0),(819,16,'2024-08-17',0,'','Inv 1001516','not_paid','approved',0),(820,116,'2024-08-28',0,'','Inv 417','draft','approved',0),(821,88,'2024-08-28',0,'','Inv 89311','not_paid','not_approved',0),(822,24,'2024-08-25',74,'','Inv 19555','not_paid','approved',0),(823,117,'2024-09-20',63,'','Inv 0130','not_paid','approved',0),(824,100,'2024-08-03',74,'','Inv 18','not_paid','approved',0),(825,100,'2024-08-04',0,'','Inv 20','not_paid','approved',0),(826,100,'2024-08-08',68,'','Inv 21','not_paid','approved',0),(827,100,'2024-08-12',74,'','Inv 22','not_paid','approved',0),(828,100,'2024-08-13',74,'','Inv 23','not_paid','approved',0),(829,100,'2024-08-25',0,'','Badar+M.Sinani+Ahmed al kindi\nInv 24','not_paid','approved',0),(830,100,'2024-08-27',0,'','Bader + Ahmed Al Kindi \nInv 25','not_paid','approved',0),(831,100,'2024-08-29',0,'','Bader + Ahmed Al Kindi\nInv 26','not_paid','approved',0),(832,100,'2024-08-31',0,'','Bader + M.Sinani\nInv 27','not_paid','approved',0),(833,60,'2024-09-05',0,'','Inv 2309','not_paid','approved',0),(834,15,'2024-08-29',72,'','Inv 19252','not_paid','approved',0),(835,4,'2024-09-05',0,'','Inv 8340','not_paid','approved',0),(836,116,'2024-09-02',0,'','Inv 453\nal masa','not_paid','approved',0),(837,12,'2024-09-01',0,'','Inv 11530','not_paid','approved',0),(838,74,'2024-09-01',66,'','inv 281','not_paid','approved',0),(839,17,'2024-09-08',0,'','Inv 4726','not_paid','approved',0),(840,19,'2024-09-09',67,'','Also for office \nQUOT - LWB - 09-22','not_paid','approved',0),(841,66,'2024-09-05',54,'','also for ministry','not_paid','approved',0),(842,27,'2024-09-08',0,'','Inv 3914','not_paid','approved',0),(843,22,'2024-09-08',0,'','Inv 376','not_paid','approved',0),(844,7,'2024-09-09',0,'','Inv 16-27051','not_paid','approved',0),(845,12,'2024-09-02',0,'','Inv 37663','not_paid','approved',0),(846,12,'2024-09-08',54,'','Inv 2892','not_paid','approved',0),(847,115,'2024-09-09',0,'','COMPANY\ninv 04250','not_paid','approved',0),(848,94,'2024-09-12',54,'','Inv 0336','not_paid','approved',0),(849,67,'2024-09-07',74,'','Inv 206','not_paid','approved',0),(850,67,'2024-09-08',54,'','Inv 214','draft','approved',0),(851,67,'2024-09-08',54,'','Inv 214','not_paid','approved',0),(852,12,'2024-09-16',0,'','Inv 2943','not_paid','approved',0),(853,66,'2024-09-16',0,'','Badar al ruzaiqi + Office','not_paid','approved',0),(854,19,'2024-09-16',0,'','For Office\nINV BR-2200','not_paid','approved',0),(855,112,'2024-09-03',0,'','al masa inv 39737','not_paid','approved',0),(856,116,'2024-09-01',0,'','al masa inv 445','not_paid','approved',0),(857,116,'2024-09-04',0,'','Al Masa Inv 473\n','not_paid','approved',0),(858,83,'2024-09-15',0,'','Al Masa\nInv 41659','not_paid','approved',0),(859,22,'2024-09-17',0,'','For Office','not_paid','approved',0),(860,22,'2024-09-17',45,'','Inv 456','not_paid','approved',0),(861,100,'2024-09-07',0,'','abdul salam & M.sinani','not_paid','approved',0),(862,100,'2024-09-09',0,'','badar + yousaf','not_paid','approved',0),(863,100,'2024-09-12',0,'','ahmed al kindi','not_paid','approved',0),(864,19,'2024-09-26',73,'','LWB-09-67','not_paid','approved',0),(865,4,'2024-09-09',0,'','Inv 8363','not_paid','approved',0),(866,12,'2024-09-17',0,'','Inv 11604','not_paid','approved',0),(867,100,'2024-09-24',0,'','Inv 39','not_paid','approved',0),(868,100,'2024-09-24',0,'','Al masa inv 40','not_paid','approved',0),(869,19,'2024-09-30',0,'','LWB-09-70','not_paid','approved',0),(870,16,'2024-10-01',0,'','Quote no 24','not_paid','approved',0),(871,16,'2024-09-29',0,'','For Office \nInv 1813','draft','approved',0),(872,62,'2024-09-28',0,'','For office \ninv 14243','not_paid','approved',0),(873,94,'2024-09-24',0,'','Bader Al Jawhri\nInv 0337','not_paid','approved',0),(874,22,'2024-09-19',0,'','For Office \nInv 475','not_paid','approved',0),(875,22,'2024-09-30',0,'','For Office Inv 592','not_paid','approved',0),(876,103,'2024-09-26',79,'','Inv 55205','not_paid','approved',0),(877,27,'2024-09-28',0,'','AL Masinv 4332','not_paid','approved',0),(878,17,'2024-09-24',76,'','Inv 5043','not_paid','approved',0),(879,19,'2024-09-18',0,'','Inv 2223','not_paid','approved',0),(880,19,'2024-10-07',0,'','AL Masa , Aida , Hisham\nLWB-10-12','not_paid','approved',0),(881,19,'2024-10-10',0,'','Ref LWB-10-17\nAhmed hamdan\nMinistry of defense \nFaisal al saidi','not_paid','approved',0),(882,119,'2024-10-02',0,'','Inv 0121\nFor CMP','not_paid','approved',0),(883,17,'2024-10-05',0,'','INV 5218\nCUSTOMER \nALMASA , AHMED HAMDAN , ABDUL SALAM','not_paid','approved',0),(884,120,'2024-10-06',0,'','INV 382 \nCOMPANY','draft','approved',0),(885,121,'2024-10-10',63,'','iNV 43115','not_paid','approved',0),(886,35,'2024-10-07',0,'','Inv 1245','not_paid','approved',0),(887,67,'2024-10-03',0,'','iNV 223\nFOR OFFICE','not_paid','approved',0),(888,67,'2024-10-07',0,'','al masa\ninv 230','not_paid','approved',0),(889,93,'2024-10-07',0,'','Inv 5798','not_paid','approved',0),(890,19,'2024-10-16',0,'','Ref LWB-10-22\nMinistry\nFatima\nFaisal\nAhmed Hamdan','not_paid','approved',0),(891,52,'2024-10-09',0,'','Inv 14492','not_paid','approved',0),(892,52,'2024-10-09',0,'','Inv 14493','not_paid','approved',0),(893,52,'2024-10-09',0,'','Inv 14491','not_paid','approved',0),(894,52,'2024-10-09',0,'','Inv 14490','not_paid','approved',0),(895,22,'2024-10-12',0,'','Al Masa\nAhmed Hamdan','not_paid','approved',0),(896,19,'2024-10-13',0,'','AL Masa \nPersonal\nInv BR-2501','not_paid','approved',0),(897,19,'2024-10-26',0,'','LWB-10-35\nMohammad al Sidani','not_paid','approved',0),(898,122,'2024-10-14',0,'','Inv 107340','not_paid','approved',0),(899,118,'2024-10-14',0,'','Inv 4879\nVarious customers','not_paid','approved',0),(900,62,'2024-10-15',80,'','Inv 40945','not_paid','approved',0),(901,66,'2024-10-16',84,'','Inv N-4132','not_paid','approved',0),(902,17,'2024-10-16',85,'','Inv 5387','not_paid','approved',0),(903,4,'2024-10-14',0,'','Inv 8681\nMinistry of Defence','not_paid','approved',0),(904,35,'2024-10-20',0,'','Inv 1305','not_paid','approved',0),(905,12,'2024-10-02',0,'','Inv 11676\nMazin + Hisham','not_paid','approved',0),(906,19,'2024-10-21',0,'','Inv BR-2595\nMazin Wood Works','not_paid','approved',0),(907,123,'2024-10-21',0,'','Inv 874','not_paid','approved',0),(908,7,'2024-10-22',0,'','Inv 27867\nCompany','not_paid','approved',0),(909,12,'2024-10-22',0,'','Fatima\nFaisal\nInv 3190','not_paid','approved',0),(910,66,'2024-10-24',0,'','Al Masa\nA-6037','not_paid','approved',0),(911,124,'2024-09-12',84,'','Inv 500','not_paid','approved',0),(912,124,'2024-09-29',61,'','Inv 501','not_paid','approved',0),(913,124,'2024-09-29',74,'','Inv 502','not_paid','approved',0),(914,124,'2024-09-29',86,'','Inv 503','not_paid','approved',0),(915,124,'2024-09-29',76,'','Inv 504','not_paid','approved',0),(916,124,'2024-09-29',0,'','Inv 505\ncompany','not_paid','approved',0),(917,124,'2024-09-29',0,'','Inv 506\nAL Masa','not_paid','approved',0),(918,12,'2024-10-14',0,'','Hisham\nAL Masa\nQais al abri\nInv 11725','not_paid','approved',0),(919,4,'2024-10-22',0,'','Hisham + Ahmed Hamdan\nInv 8745','not_paid','approved',0),(920,4,'2024-10-27',56,'','Inv 8786','not_paid','approved',0),(921,11,'2024-10-23',0,'','Inv 8422415063\nFor Company','not_paid','approved',0),(922,11,'2024-10-29',0,'','Inv 7922415204\nMazin Wood Works','not_paid','approved',0),(923,12,'2024-11-22',0,'','Inv 11765','not_paid','approved',0),(924,12,'2024-10-23',0,'','IV00011769 \nMazin ','not_paid','approved',0),(925,19,'2024-10-29',0,'','Inv BR-2689\nMazin','not_paid','approved',0),(926,19,'2024-10-30',0,'','Inv BR-2707\nMazin','not_paid','approved',0),(927,125,'2024-10-29',79,'','Inv 16576','not_paid','approved',0),(928,13,'2024-10-02',0,'','Inv 14446\nCMP','not_paid','approved',0),(929,24,'2024-10-30',0,'','Inv 20445\nMinistry','not_paid','approved',0),(930,100,'2024-10-02',0,'','Inv 41\nAl Masa\nYousaf','not_paid','approved',0),(931,100,'2024-10-04',0,'','Inv 42\nAl Masa','not_paid','approved',0),(932,100,'2024-10-05',0,'','Al Masa\nInv 43','not_paid','approved',0),(933,100,'2024-11-05',0,'','Al Masa\nInv 44','not_paid','approved',0),(934,100,'2024-10-06',0,'','Al masa\nInv 45','not_paid','approved',0),(935,100,'2024-10-07',0,'','Inv 46\nM.Sinani','not_paid','approved',0),(936,100,'2024-10-10',76,'','Inv 47\n','not_paid','approved',0),(937,100,'2024-10-10',0,'','Inv 48','not_paid','approved',0),(938,100,'2024-10-14',0,'','al masa\ninv 49','not_paid','approved',0),(939,100,'2024-10-17',0,'','Inv 50\nal masa','not_paid','approved',0),(940,100,'2024-10-19',85,'','Inv 51','not_paid','approved',0),(941,100,'2024-10-20',85,'','Inv 52\n','draft','approved',0),(942,100,'2024-10-23',0,'','Inv 53\nCMP','not_paid','approved',0),(943,100,'2024-10-27',85,'','Inv 54\n','not_paid','approved',0),(944,19,'2024-11-04',0,'','LWB-11-02\nYousaf Al Abri\nAida Al Balushi\nYahya','not_paid','approved',0),(945,19,'2024-11-10',0,'','LWB-11-09\nAL Masa\nM.Al Masahari','not_paid','approved',0),(946,19,'2024-11-10',65,'','LWB-11-08\nHisham Al Rumhi','not_paid','approved',0),(947,12,'2024-11-04',56,'','Rasad Al Rawahi\nInv B3273','not_paid','not_approved',0),(948,11,'2024-11-04',0,'','Inv 8422415717\n','not_paid','approved',0),(949,53,'2024-11-06',67,'','Inv 179','not_paid','approved',0),(950,103,'2024-11-09',0,'','Inv 183\nMajid Sinani','not_paid','approved',0),(951,94,'2024-11-06',0,'','Inv 338\nAl Masa','not_paid','approved',0),(952,126,'2024-11-10',0,'','Inv 21987\nAl masa','not_paid','approved',0),(953,126,'2024-11-11',0,'','inv 22024\n1GANG 2WAY SWITCH ','not_paid','approved',0),(954,12,'2024-11-04',0,'','Inv B3278\nMajid Al Sinani','not_paid','approved',0),(955,26,'2024-03-02',0,'','Inv 105040\nCMP','not_paid','approved',0),(956,26,'2024-03-04',0,'','INV 105819\nCMP','not_paid','approved',0),(957,26,'2024-03-05',0,'','','not_paid','approved',0),(958,26,'2024-03-10',0,'','','not_paid','approved',0),(959,26,'2024-03-07',0,'','','not_paid','approved',0),(960,26,'2024-03-13',0,'','','not_paid','approved',0),(961,26,'2024-03-17',0,'','','not_paid','approved',0),(962,26,'2024-03-18',0,'','','not_paid','approved',0),(963,26,'2024-03-18',0,'','','not_paid','approved',0),(964,26,'2024-03-18',0,'','CMP','not_paid','approved',0),(965,26,'2024-03-20',0,'','CMP','not_paid','approved',0),(966,26,'2024-03-21',0,'','CMP','not_paid','approved',0),(967,26,'2024-03-23',0,'','','not_paid','approved',0),(968,26,'2024-03-26',0,'','','not_paid','approved',0),(969,26,'2024-03-27',0,'','','not_paid','approved',0),(970,26,'2024-03-28',0,'','','not_paid','approved',0),(971,26,'2024-03-28',0,'','','not_paid','approved',0),(972,26,'2024-03-30',0,'','CMP','not_paid','approved',0),(973,26,'2024-04-01',0,'','CMP','not_paid','approved',0),(974,26,'2024-04-06',0,'','CMP','not_paid','approved',0),(975,26,'2024-04-08',0,'','','not_paid','approved',0),(976,26,'2024-04-09',0,'','CMP','not_paid','approved',0),(977,26,'2024-04-09',0,'','CMP','not_paid','approved',0),(978,26,'2024-04-13',0,'','CMP','not_paid','approved',0),(979,26,'2024-04-16',0,'','CMP','not_paid','approved',0),(980,26,'2024-04-18',0,'','CMP','not_paid','approved',0),(981,26,'2024-04-20',0,'','CMP','not_paid','approved',0),(982,26,'2024-04-20',0,'','CMP','not_paid','approved',0),(983,26,'2024-04-21',0,'','CMP','not_paid','approved',0),(984,26,'2024-04-23',0,'','CMP','not_paid','approved',0),(985,26,'2024-04-24',0,'','CMP','not_paid','approved',0),(986,26,'2024-04-25',0,'','CMP','not_paid','approved',0),(987,26,'2024-04-28',0,'','CMP','not_paid','approved',0),(988,26,'2024-04-29',0,'','CMP','not_paid','approved',0),(989,26,'2024-04-29',0,'','CMP','not_paid','approved',0),(990,26,'2024-04-29',0,'','CMP','not_paid','approved',0),(991,26,'2024-04-30',0,'','CMP','not_paid','approved',0),(992,12,'2024-11-04',0,'','Inv : IV00011829\nYousaf\nMazin','not_paid','approved',0),(993,100,'2024-11-05',0,'','','not_paid','approved',0),(994,100,'2024-11-10',0,'','project Al Masa','not_paid','approved',0),(995,100,'2024-11-10',0,'','proj M.Al Mashari','not_paid','approved',0),(996,100,'2024-11-10',0,'','Inv 59\nAl Masa + M.Al Mashari','not_paid','approved',0),(997,26,'2024-05-01',0,'','inv 110423','not_paid','approved',0),(998,26,'2024-05-01',0,'','INV 110424','not_paid','approved',0),(999,26,'2024-05-02',0,'','INV 109548','not_paid','approved',0),(1000,26,'2024-05-04',0,'','INV 110615','not_paid','approved',0),(1001,26,'2024-05-12',0,'','INV 111335','draft','approved',0),(1002,26,'2024-05-12',0,'','INV 110320','not_paid','approved',0),(1003,26,'2024-05-12',0,'','INV 111335','not_paid','approved',0),(1004,26,'2024-05-13',0,'','INV 111438','not_paid','approved',0),(1005,26,'2024-05-14',0,'','INV 111527','not_paid','approved',0),(1006,26,'2024-05-15',0,'','INV 111642','not_paid','approved',0),(1007,26,'2024-05-15',0,'','INV 110613','not_paid','approved',0),(1008,26,'2024-05-18',0,'','INV 111841','not_paid','approved',0),(1009,26,'2024-05-18',0,'','INV 110831','not_paid','approved',0),(1010,26,'2024-05-20',0,'','INV 112046','not_paid','approved',0),(1011,26,'2024-05-22',0,'','INV 112251','not_paid','approved',0),(1012,26,'2024-05-25',0,'','INV 112527','not_paid','approved',0),(1013,26,'2024-05-26',0,'','INV 112566','not_paid','approved',0),(1014,26,'2024-05-26',0,'','INV 112573','not_paid','approved',0),(1015,26,'2024-05-27',0,'','INV 112689','not_paid','approved',0),(1016,26,'2024-05-27',0,'','INV 111547','not_paid','approved',0),(1017,26,'2024-06-01',0,'','INV 111932','not_paid','approved',0),(1018,26,'2024-06-01',0,'','INV 111943','not_paid','approved',0),(1019,26,'2024-06-01',0,'','INV 111944','not_paid','approved',0),(1020,26,'2024-06-02',0,'','inv 113209','not_paid','approved',0),(1021,26,'2024-06-02',0,'','INV 112090','not_paid','approved',0),(1022,26,'2024-06-02',0,'','INV 112098','not_paid','approved',0),(1023,26,'2024-06-04',0,'','INV 112229','not_paid','approved',0),(1024,26,'2024-06-06',0,'','INV 112382','not_paid','approved',0),(1025,26,'2024-06-06',0,'','INV 112383','not_paid','approved',0),(1026,26,'2024-06-06',0,'','INV 113588','not_paid','approved',0),(1027,26,'2024-06-08',0,'','INV 113767','not_paid','approved',0),(1028,26,'2024-06-09',0,'','INV 112581','not_paid','approved',0),(1029,26,'2024-06-09',0,'','INV 112582','not_paid','approved',0),(1030,26,'2024-06-10',0,'','INV 112680','not_paid','approved',0),(1031,26,'2024-06-10',0,'','INV 112708','not_paid','approved',0),(1032,26,'2024-06-10',0,'','INV 112711','not_paid','approved',0),(1033,26,'2024-06-11',0,'','INV 114085','not_paid','approved',0),(1034,26,'2024-06-12',0,'','INV 114124','not_paid','approved',0),(1035,26,'2024-06-12',0,'','INV 114156','not_paid','approved',0),(1036,26,'2024-06-13',0,'','INV 114234','not_paid','approved',0),(1037,26,'2024-06-13',0,'','INV 112975','not_paid','approved',0),(1038,26,'2024-06-13',0,'','INV 112994','not_paid','approved',0),(1039,26,'2024-06-15',0,'','INV 114348','not_paid','approved',0),(1040,26,'2024-06-15',0,'','INV 113085','not_paid','approved',0),(1041,26,'2024-06-19',0,'','INV 114541','not_paid','approved',0),(1042,26,'2024-06-19',0,'','INV 114547','not_paid','approved',0),(1043,26,'2024-06-22',0,'','INV 114676','not_paid','approved',0),(1044,26,'2024-06-22',0,'','INV 114709','not_paid','approved',0),(1045,26,'2024-06-22',0,'','INV 113394','not_paid','approved',0),(1046,26,'2024-06-24',0,'','INV 113485','not_paid','approved',0),(1047,26,'2024-06-25',0,'','INV 113553','not_paid','approved',0),(1048,26,'2024-06-25',0,'','INV 113560','not_paid','approved',0),(1049,26,'2024-06-26',0,'','INV 115050','not_paid','approved',0),(1050,26,'2024-06-26',0,'','INV 113664','not_paid','approved',0),(1051,26,'2024-06-28',0,'','INV 113804','not_paid','approved',0),(1052,26,'2024-06-29',0,'','INV 100321','not_paid','approved',0),(1053,19,'2024-11-16',0,'','LWB-11-18\nMAZIN','not_paid','approved',0),(1054,4,'2024-11-13',0,'','Inv 08915\nAl Masa','not_paid','approved',0),(1055,26,'2024-07-01',0,'','inv 115487','not_paid','approved',0),(1056,26,'2024-07-01',0,'','INV 100351','not_paid','approved',0),(1057,26,'2024-07-04',0,'','INV 114301','not_paid','approved',0),(1058,26,'2024-07-06',0,'','INV 115985','not_paid','approved',0),(1059,26,'2024-07-07',0,'','INV 116009','not_paid','approved',0),(1060,26,'2024-07-11',0,'','INV 116369','not_paid','approved',0),(1061,26,'2024-07-11',0,'','INV 116372','not_paid','approved',0),(1062,26,'2024-07-11',0,'','INV 114804','not_paid','approved',0),(1063,26,'2024-07-13',0,'','inv 116539','not_paid','approved',0),(1064,26,'2024-07-14',0,'','INV 114981','not_paid','approved',0),(1065,26,'2024-07-15',0,'','INV 115034','not_paid','approved',0),(1066,26,'2024-07-16',0,'','INV 116748','not_paid','approved',0),(1067,26,'2024-07-17',0,'','INV 116811','not_paid','approved',0),(1068,26,'2024-07-17',0,'','INV 115180','not_paid','approved',0),(1069,26,'2024-07-18',0,'','INV 116917','not_paid','approved',0),(1070,26,'2024-07-18',0,'','INV 115284','not_paid','approved',0),(1071,26,'2024-07-20',0,'','inv 117036','not_paid','approved',0),(1072,26,'2024-07-21',0,'','INV 115519','not_paid','approved',0),(1073,26,'2024-07-22',0,'','INV 117257','not_paid','approved',0),(1074,26,'2024-07-22',0,'','INV 117283','not_paid','approved',0),(1075,26,'2024-07-23',0,'','INV 117340','not_paid','approved',0),(1076,26,'2024-07-25',0,'','INV 117482','not_paid','approved',0),(1077,26,'2024-07-25',0,'','INV 115846','not_paid','approved',0),(1078,26,'2024-07-29',0,'','INV 116113','not_paid','approved',0),(1079,26,'2024-07-31',0,'','INV 116316','not_paid','approved',0),(1080,26,'2024-07-31',0,'','INV 118017','not_paid','approved',0),(1081,26,'2024-08-01',0,'','inv 118119','draft','approved',0),(1082,26,'2024-08-01',0,'','INV 118120','draft','approved',0),(1083,26,'2024-08-03',0,'','INV 116533','draft','approved',0),(1084,26,'2024-08-05',0,'','INV 118344','draft','approved',0),(1085,26,'2024-08-06',0,'','INV 118434','draft','approved',0),(1086,26,'2024-08-08',0,'','INV 118634','draft','approved',0),(1087,26,'2024-08-10',0,'','INV 118752','draft','approved',0),(1088,26,'2024-08-11',0,'','INV 117230','draft','approved',0),(1089,26,'2024-08-12',0,'','INV 118934','draft','approved',0),(1090,26,'2024-08-13',0,'','INV 117348','draft','approved',0),(1091,26,'2024-08-17',0,'','INV 119326','draft','approved',0),(1092,26,'2024-08-18',0,'','INV 117764','draft','approved',0),(1093,26,'2024-08-18',0,'','INV 119435','draft','approved',0),(1094,13,'2024-11-16',0,'','iNV 14866\nCMP','not_paid','approved',0),(1095,26,'2024-08-18',0,'','INV 119449','draft','approved',0),(1096,26,'2024-08-20',0,'','INV 117879','draft','approved',0),(1097,26,'2024-08-20',0,'','INV 117911','draft','approved',0),(1098,26,'2024-08-22',0,'','INV 119741','draft','approved',0),(1099,26,'2024-08-25',0,'','INV 119938','draft','approved',0),(1100,26,'2024-08-26',0,'','INV 118347','draft','approved',0),(1101,26,'2024-08-28',0,'','INV 120213','draft','approved',0),(1102,26,'2024-08-28',0,'','INV 118556','draft','approved',0),(1103,26,'2024-08-31',0,'','INV 101343','draft','approved',0),(1104,4,'2024-11-19',0,'','CR NO 1/70015/4\nAIDA AL Blochi\nHisam Al rumhi','draft','approved',0),(1105,19,'2024-11-23',0,'','LWB-11-34\n','not_paid','approved',0),(1106,4,'2024-12-01',0,'','INV 012034','not_paid','not_approved',0),(1107,19,'2024-12-01',0,'','Walid Sanedi','not_paid','approved',0),(1108,66,'2024-11-24',0,'','A-6509','draft','approved',0),(1109,19,'2024-11-26',0,'','','draft','approved',0),(1110,12,'2024-11-19',0,'','PROJECT - QAIS AL ABRI\nMAZIN\nMISAMAL RUMNI','draft','approved',0),(1111,19,'2024-11-30',0,'','project Qais Al Abri','not_paid','approved',0),(1112,66,'2024-11-21',0,'','Factory','not_paid','approved',0),(1113,17,'2024-12-04',0,'','Customer Ammar Alryami','not_paid','approved',0),(1114,12,'2024-11-19',0,'','Project- Qais Al Abri\nMazin\nHisam Al Rumni','not_paid','approved',0),(1115,17,'2024-12-05',0,'','customer Ammar Alryami\ninv 6072','not_paid','approved',0),(1116,19,'2024-12-08',0,'','walid sanedi , Mohammed Al mamari,Abu Abdullah','not_paid','approved',0),(1117,19,'2024-12-12',0,'','project Yousuf & Qais Al Abri','not_paid','approved',0),(1118,127,'2024-12-14',0,'','PRO :- MOHAMMAD AL MAWALI','draft','approved',0),(1119,127,'2024-12-12',0,'','PROJECT MOHAMMAD ALMAWALI','not_paid','approved',0),(1120,19,'2024-12-15',0,'','MAZIN,WALID SANEDI','not_paid','approved',0),(1121,17,'2024-11-13',69,'','Inv 5810','not_paid','approved',0),(1122,52,'2024-11-18',0,'','Inv 14903\nAl masa  Quote no 17294','not_paid','approved',0),(1123,27,'2024-11-18',0,'','Inv 5313\nfor company','not_paid','approved',0),(1124,62,'2024-11-18',0,'','Inv 41626\nAida + Faisal al maskari','not_paid','approved',0),(1125,66,'2024-11-21',0,'','inv A-6509','not_paid','approved',0),(1126,27,'2024-12-03',0,'','Inv 05623','not_paid','approved',0),(1127,17,'2024-11-28',0,'','Inv 5992','not_paid','approved',0),(1128,12,'2024-11-19',0,'','IV00011905\nQAIS AL ABRI,MAZIN,HISAM AL RUMNI','not_paid','approved',0),(1129,16,'2024-11-16',0,'','INV 1002301\n','not_paid','approved',0),(1130,52,'2024-11-28',69,'','INV 15016\n','not_paid','approved',0),(1131,12,'2024-11-26',0,'','IV00011925\nMAZIN , WALID , QAIS AL ABRI, HISAM','not_paid','approved',0),(1132,4,'2024-11-23',0,'','INV012015\nAIDA AL BLOCHI','not_paid','approved',0),(1133,12,'2024-12-01',0,'','INV B3456\n','draft','approved',0),(1134,12,'2024-12-01',0,'','INV IV00011949\nMAZIN , MANOJ','not_paid','approved',0),(1135,12,'2024-12-09',0,'','INV IV00011984\nMazin wood working rustaq\n','not_paid','approved',0),(1136,12,'2024-12-15',0,'','inv IV00012009\nMazin wood Working','not_paid','approved',0),(1137,119,'2024-12-15',0,'','INV 0258','not_paid','approved',0),(1138,119,'2024-12-15',0,'','INV 0258','not_paid','approved',0),(1139,128,'2024-12-15',0,'','inv 2481','not_paid','approved',0),(1140,16,'2024-12-02',0,'','INV 1002455','not_paid','approved',0),(1141,129,'2024-12-03',0,'','INV 226247\nPROJECT KHALIL','not_paid','approved',0),(1142,129,'2024-12-03',0,'','INV 226245\nKHALIL','not_paid','approved',0),(1143,17,'2024-12-08',0,'','INV 6110','not_paid','approved',0),(1144,17,'2024-12-09',0,'','INV 1797','not_paid','approved',0),(1145,4,'2024-12-23',80,'','INV 012014\nPROJECT AIDA','not_paid','approved',0),(1146,26,'2024-09-01',0,'','inv 118843','not_paid','approved',0),(1147,26,'2024-12-01',0,'','INV 118891','not_paid','approved',0),(1148,26,'2024-09-02',0,'','INV 120578','not_paid','approved',0),(1149,26,'2024-09-04',0,'','INV 120717','not_paid','approved',0),(1150,26,'2024-09-05',0,'','INV 120807','not_paid','approved',0),(1151,26,'2024-09-08',0,'','INV 120944','not_paid','approved',0),(1152,26,'2024-09-08',0,'','INV 119432','not_paid','approved',0),(1153,26,'2024-09-09',0,'','INV 119525','not_paid','approved',0),(1154,26,'2024-09-11',0,'','INV 119658','not_paid','approved',0),(1155,26,'2024-09-11',0,'','INV 121194','not_paid','approved',0),(1156,26,'2024-09-12',0,'','INV 119775','not_paid','approved',0),(1157,26,'2024-09-15',0,'','INV 119936','not_paid','approved',0),(1158,26,'2024-09-15',0,'','INV 121466','not_paid','approved',0),(1159,26,'2024-09-15',0,'','INV 101726','not_paid','approved',0),(1160,12,'2024-12-18',0,'','INV IV00012028','not_paid','approved',0),(1161,11,'2024-12-17',0,'','INV 8422418055','not_paid','approved',0),(1162,130,'2024-11-25',0,'','inv 10383\n','not_paid','approved',0),(1163,100,'2024-11-25',0,'','Inv 62\nArif al mawali','not_paid','approved',0),(1164,100,'2024-11-25',0,'','Inv 63\nMohammad al mawali','not_paid','approved',0),(1165,100,'2024-11-26',0,'','Inv 64\nM.Al mawali','not_paid','approved',0),(1166,12,'2024-12-24',0,'','inv B3608\nMohammad Al Mawali','not_paid','approved',0),(1167,19,'2024-12-22',0,'','AHEMAD SIDANI & WALID AL SANEDI \nINV BR-3255','not_paid','approved',0),(1168,17,'2024-12-23',0,'','INV 6329\nMOHAMMAD AL RAWAHI','not_paid','approved',0),(1169,17,'2024-12-24',0,'','INV 6330\nMOHAMMAD AL RAWAHI','not_paid','approved',0),(1170,19,'2024-12-26',0,'','AHMED AL SEDHANI','not_paid','approved',0),(1171,12,'2024-12-25',0,'','INV IV00012062\nHISAM AL QASIM \nMOHAMMAD AL RAWAHI\nAHMAD SEDANI\nWALID SANEDI','not_paid','approved',0),(1172,94,'2024-12-15',0,'','INV 0402\nMOHAMMAD AL MAWALI','not_paid','approved',0),(1173,129,'2024-12-28',0,'','Ahamed Sedani & Mohammad Rawahi\ninv 374','not_paid','approved',0),(1174,100,'2024-11-26',0,'','ARIF AL MAWALI\nInv 66','draft','approved',0),(1175,100,'2024-12-02',0,'','Mohammad Al Mawali\ninv 67','draft','approved',0),(1176,100,'2024-12-11',0,'','Mohammad Al Mawali\ninv 68','draft','approved',0),(1177,19,'2024-12-30',0,'','Mohammad Rawahi\n','not_paid','approved',0),(1178,16,'2024-12-29',0,'','INV 2706\nCMP','not_paid','approved',0),(1179,67,'2024-12-15',0,'','inv 265','not_paid','approved',0),(1180,121,'2024-12-26',0,'','WALID AL SANEDI\nINV 43520\nQ NO 5244\n','not_paid','approved',0),(1181,66,'2024-12-11',0,'','Ammar Alyami\nInv 4843','not_paid','approved',0),(1182,66,'2024-12-09',0,'','MOHAMMAD AL MAWALI\nINV 4797','not_paid','approved',0),(1183,7,'2024-12-18',0,'','INV 16-28887','draft','approved',0),(1184,94,'2024-12-05',0,'','INV 0347','not_paid','approved',0),(1185,24,'2024-12-10',0,'','INV  SL20999','not_paid','approved',0),(1186,17,'2024-12-30',0,'','INV 6423','not_paid','approved',0),(1187,17,'2024-12-30',0,'','INV 6400','not_paid','approved',0),(1188,121,'2024-12-31',0,'','WALID AL SANEDI \nINV 43530','not_paid','approved',0),(1189,12,'2025-01-02',0,'','INV B3689','not_paid','approved',0),(1190,12,'2025-01-01',0,'','INV B3678','draft','approved',0),(1191,12,'2025-01-31',0,'','INV B3673','not_paid','approved',0),(1192,19,'2025-01-04',0,'','ISSAM AL QASMI','not_paid','approved',0),(1193,17,'2024-12-18',0,'','INV 6246','not_paid','approved',0),(1194,17,'2024-12-18',0,'','INV 6270','not_paid','approved',0),(1195,131,'2024-12-17',73,'','INV 179','not_paid','approved',0),(1196,132,'2024-12-20',0,'','INV SYL20241220','not_paid','approved',0),(1197,133,'2024-12-23',0,'','Inv 13328\nProject : Mohammad Al Mawali','not_paid','approved',0),(1198,66,'2024-12-28',0,'','INV  N5071\nMOHAMMAD AL RAWAHI','not_paid','approved',0),(1199,7,'2024-12-31',0,'','INV 29146','not_paid','approved',0),(1200,115,'2024-12-30',0,'','INV 644124\n','not_paid','approved',0),(1201,134,'2024-12-31',0,'','Inv 752\nfor office door','not_paid','approved',0),(1202,17,'2024-12-31',63,'','INV 6444\nMOHAMMAD AL RAWAHI','not_paid','approved',0),(1203,13,'2024-12-31',0,'','INV 15358','not_paid','approved',0),(1204,135,'2025-01-06',0,'','Mohammad Al mammari , Ahmed Al Sedani\ninv 25-0040','not_paid','approved',0),(1205,19,'2025-01-09',0,'','Mohammad Al Mamari','not_paid','approved',0),(1206,22,'2025-01-05',0,'','Walid , Mohammad Al Rawahi, Uniq Station','not_paid','approved',0),(1207,100,'2024-10-20',0,'','inv 52','not_paid','approved',0),(1208,100,'2024-12-12',0,'','INV 69','draft','approved',0),(1209,100,'2024-12-19',0,'','INV 70','draft','approved',0),(1210,100,'2024-12-19',0,'','INV 71','draft','approved',0),(1211,122,'2025-01-08',0,'','Inv B020762\nAhemad Al Sedani\n','not_paid','approved',0),(1212,123,'2025-01-05',0,'','INV 306\n','not_paid','approved',0),(1213,26,'2024-09-15',0,'','INV 121474','not_paid','approved',0),(1214,26,'2024-09-17',0,'','INV 120186','not_paid','approved',0),(1215,26,'2024-09-17',0,'','INV 120187','not_paid','approved',0),(1216,26,'2024-09-17',0,'','INV 121616','not_paid','approved',0),(1217,26,'2024-09-18',0,'','INV 120288','not_paid','approved',0),(1218,26,'2024-09-19',0,'','INV 121781','not_paid','approved',0),(1219,26,'2024-09-21',0,'','INV 120425','not_paid','approved',0),(1220,26,'2024-09-22',0,'','INV 121908','not_paid','approved',0),(1221,26,'2024-09-22',0,'','INV 101898','not_paid','approved',0),(1222,26,'2024-09-24',0,'','INV 122083','not_paid','approved',0),(1223,26,'2024-09-28',0,'','INV 121014','not_paid','approved',0),(1224,26,'2024-09-30',0,'','INV 121179','not_paid','approved',0),(1225,26,'2024-09-30',0,'','INV 122540','not_paid','approved',0),(1226,26,'2024-10-02',0,'','INV 121355','not_paid','approved',0),(1227,26,'2024-10-02',0,'','INV 102262','not_paid','approved',0),(1228,26,'2024-10-02',0,'','INV 102263','not_paid','approved',0),(1229,26,'2024-10-02',0,'','INV 101790','draft','approved',0),(1230,26,'2024-10-03',0,'','INV 122754','not_paid','approved',0),(1231,26,'2024-10-06',0,'','inv 122940','not_paid','approved',0),(1232,26,'2024-10-06',0,'','INV 122984','not_paid','approved',0),(1233,26,'2024-10-07',0,'','INV 121746','not_paid','approved',0),(1234,26,'2024-10-07',0,'','INV 102415','not_paid','approved',0),(1235,26,'2024-10-08',0,'','INV 102451','not_paid','approved',0),(1236,26,'2024-10-08',0,'','INV 102451','not_paid','approved',0),(1237,26,'2024-10-10',0,'','INV 123252','not_paid','approved',0),(1238,26,'2024-10-10',0,'','INV 123262','not_paid','approved',0),(1239,136,'2025-01-09',0,'','INV 0497','not_paid','approved',0),(1240,137,'2025-01-14',0,'','INV 0166','not_paid','approved',0),(1241,19,'2025-01-15',0,'','Khlud Masrfi, Al Qasimi, Mohammad Al Rawahi','draft','approved',0),(1242,12,'2025-01-15',0,'','AHEMAD AL SEDANI','not_paid','approved',0),(1243,62,'2025-01-07',0,'','INV 42593','not_paid','approved',0),(1244,13,'2025-01-16',0,'','inv 15453','draft','approved',0),(1245,19,'2025-01-15',0,'','KHULOD MASHRFI,AL QASIMI , MOHAMMAD AL RAWAHI','not_paid','approved',0),(1246,129,'2025-01-18',94,'','','not_paid','approved',0),(1247,19,'2025-01-11',0,'','AL BAKRI','not_paid','approved',0),(1248,16,'2025-01-16',0,'','','not_paid','approved',0),(1249,108,'2025-01-07',0,'','MUATH AL MAWALI','not_paid','approved',0),(1250,138,'2025-01-19',0,'','inv 29','not_paid','approved',0),(1251,139,'2025-01-09',0,'','INV 000458','not_paid','approved',0),(1252,105,'2025-01-19',0,'','inv 10175\nAhemed Sedhani','not_paid','approved',0),(1253,66,'2025-01-15',0,'','Q.NO A-7214\nOFFICE','not_paid','approved',0),(1254,12,'2025-01-19',0,'','INV 12183\nKHULOD , AHEMAD SEDANI, MOHAMMAD HINAY\n','not_paid','approved',0),(1255,136,'2025-01-21',63,'','INV 2030','not_paid','approved',0),(1256,23,'2025-01-20',78,'','INV 7359','not_paid','approved',0),(1257,17,'2025-01-19',87,'','INV 6701','not_paid','approved',0),(1258,140,'2025-01-20',87,'','INV 0243','not_paid','approved',0),(1259,12,'2025-01-22',0,'','INV B3831','not_paid','approved',0),(1260,141,'2025-01-15',0,'','INV 25-4007','not_paid','approved',0),(1261,141,'2025-01-22',0,'','INV 25-4028','not_paid','approved',0),(1262,19,'2025-01-20',0,'','INV BR-208\n','not_paid','approved',0),(1263,19,'2025-01-23',78,'','INV BR-242\nAhmed Al Sethani','not_paid','approved',0),(1264,142,'2025-01-22',0,'','DEVELOPMENT STATION SPC','not_paid','approved',0),(1265,13,'2025-01-25',0,'','INV 15474','draft','approved',0),(1266,100,'2025-01-16',73,'','','draft','approved',0),(1267,100,'2025-01-18',81,'','','draft','approved',0),(1268,100,'2025-01-18',67,'','','draft','approved',0),(1269,122,'2025-01-27',78,'','INV B021483','not_paid','approved',0),(1270,12,'2025-01-26',78,'','INV : IV00012229','not_paid','approved',0),(1271,19,'2025-01-18',0,'','SULAIMAN AL JAWAHRI PRESSING','not_paid','approved',0),(1272,26,'2024-10-12',0,'','INV 122157','not_paid','approved',0),(1273,143,'2025-01-04',0,'','INV 4316\nSCREW MAJID','not_paid','approved',0),(1274,26,'2024-10-13',0,'','INV 123447','not_paid','approved',0),(1275,26,'2024-10-13',0,'','INV 102634','not_paid','approved',0),(1276,88,'2025-01-05',0,'','INV 91851','not_paid','approved',0),(1277,88,'2025-01-04',0,'','INV 91813','not_paid','approved',0),(1278,88,'2025-01-04',0,'','INV 91811','not_paid','approved',0),(1279,26,'2024-10-15',0,'','INV 122417','not_paid','approved',0),(1280,26,'2024-10-15',0,'','INV 123598','not_paid','approved',0),(1281,26,'2024-10-17',0,'','INV 123786','not_paid','approved',0),(1282,26,'2024-10-19',0,'','INV 102800','not_paid','approved',0),(1283,26,'2024-10-19',0,'','INV 122693','not_paid','approved',0),(1284,26,'2024-10-19',0,'','INV 122706','not_paid','approved',0),(1285,26,'2024-10-20',0,'','INV 122830','not_paid','approved',0),(1286,26,'2024-10-22',0,'','INV 102902','not_paid','approved',0),(1287,26,'2024-10-22',0,'','INV 122989','not_paid','approved',0),(1288,26,'2024-10-22',0,'','INV 102924','not_paid','approved',0),(1289,26,'2024-10-23',0,'','INV 102943','not_paid','approved',0),(1290,26,'2024-10-24',0,'','INV 101933','not_paid','approved',0),(1291,26,'2024-10-24',0,'','INV 123177','not_paid','approved',0),(1292,26,'2024-10-26',0,'','INV 124381','not_paid','approved',0),(1293,26,'2024-10-27',0,'','INV 103065','not_paid','approved',0),(1294,26,'2025-10-29',0,'','INV 124603','not_paid','approved',0),(1295,26,'2024-10-29',0,'','INV 124604','not_paid','approved',0),(1296,26,'2024-10-30',0,'','INV 124683','not_paid','approved',0),(1297,26,'2025-01-29',0,'','INV 123497','not_paid','approved',0),(1298,136,'2025-01-16',0,'','INV 0582','draft','approved',0),(1299,124,'2025-02-01',0,'','PJ al MASa','not_paid','approved',0),(1300,100,'2025-01-30',0,'','INV 2508\n','draft','approved',0),(1301,19,'2025-02-04',0,'','ISSAM AL QASMI\nOFFICE DOOR\nMOHAMMAD AL MAMMARI\nMOHAMMAD AL HINAI','not_paid','approved',0),(1302,135,'2025-02-02',0,'','INV 0273','not_paid','approved',0),(1303,89,'2025-02-03',0,'','INV 147505','not_paid','approved',0),(1304,24,'2025-02-02',0,'','INV SL21763','not_paid','approved',0),(1305,144,'2025-02-04',0,'','MOHAMMAD AL MASHARI (AMARAT)','not_paid','approved',0),(1306,4,'2025-02-02',0,'','INV 012171','not_paid','approved',0),(1307,137,'2025-01-30',0,'','INV 0251\nAHMED SEDHANI','not_paid','approved',0),(1308,112,'2025-02-05',0,'','INV 40234','not_paid','approved',0),(1309,138,'2025-02-05',0,'','INV  41','not_paid','approved',0),(1310,19,'2025-02-06',93,'','QUOT LWB 02-07R','not_paid','approved',0),(1311,145,'2025-02-06',0,'','INV 58193','not_paid','approved',0),(1312,60,'2025-02-05',0,'','FAISAL AL MAHDURI ,KHULOD AL MASHRAFI , OFFICE , MOHAMMAD AL HINAI','not_paid','approved',0),(1313,26,'2024-11-03',0,'','INV 123829','not_paid','approved',0),(1314,26,'2024-11-04',0,'','INV 124987','not_paid','approved',0),(1315,26,'2024-11-04',0,'','INV 124989','not_paid','approved',0),(1316,26,'2024-11-04',0,'','INV 124990','not_paid','approved',0),(1317,26,'2024-11-05',0,'','INV 125058','not_paid','approved',0),(1318,26,'2024-11-05',0,'','INV 125080','not_paid','approved',0),(1319,26,'2024-11-05',0,'','INV 124053','not_paid','approved',0),(1320,26,'2024-11-06',0,'','INV 103389','not_paid','approved',0),(1321,26,'2024-11-09',0,'','INV 124310','not_paid','approved',0),(1322,26,'2024-11-10',0,'','INV 124369','not_paid','approved',0),(1323,26,'2024-11-10',0,'','INV 125495','not_paid','approved',0),(1324,26,'2024-11-11',0,'','INV 125540','not_paid','approved',0),(1325,26,'2024-11-12',0,'','INV 125606','not_paid','approved',0),(1326,26,'2024-11-13',0,'','INV 125732','not_paid','approved',0),(1327,26,'2024-11-16',0,'','INV 125872','not_paid','approved',0),(1328,26,'2024-11-17',0,'','INV 125976','not_paid','approved',0),(1329,26,'2024-11-18',0,'','INV 126055','not_paid','approved',0),(1330,26,'2024-11-20',0,'','INV 126183','not_paid','approved',0),(1331,100,'2025-01-25',0,'','INV 73','draft','approved',0),(1332,26,'2024-11-23',0,'','INV 126431','not_paid','approved',0),(1333,26,'2024-11-23',0,'','INV 126433','not_paid','approved',0),(1334,26,'2024-11-23',0,'','INV 103838','not_paid','approved',0),(1335,26,'2024-11-23',0,'','INV 103839','not_paid','approved',0),(1336,26,'2024-11-24',0,'','INV 126472','not_paid','approved',0),(1337,100,'2025-02-05',87,'','INV 74','draft','approved',0),(1338,100,'2025-02-08',0,'','INV 75\nUNIQUE STATION OFFICE TABLE ','draft','approved',0),(1339,26,'2024-11-30',0,'','INV 125884','not_paid','approved',0),(1340,26,'2024-11-30',0,'','INV 125885','not_paid','approved',0),(1341,88,'2025-02-09',0,'','INV 92457\nFOR SHOWROOM','draft','approved',0),(1342,88,'2025-02-09',0,'','INV 92457\nFOR SHOWROOM','not_paid','approved',0),(1343,146,'2025-02-02',0,'','INV 130\nHISHAM','not_paid','approved',0),(1344,100,'2025-02-09',0,'','INV 2511\nMOHAMMAD AL HINAI ','draft','approved',0),(1345,100,'2025-02-09',0,'','INV 2513\nOFFICE SHOWROOM','draft','approved',0),(1346,100,'2025-02-09',0,'','INV 2512\nKHULOD AL MASHRAFI','draft','approved',0),(1347,147,'2025-02-09',0,'','INV 001468\nKHULOD AL MASHRAFI & SHOWROOM','not_paid','approved',0),(1348,148,'2025-02-10',0,'','INV 3377\n','not_paid','approved',0),(1349,19,'2025-02-11',0,'','INV BR-378\n','not_paid','approved',0),(1350,13,'2025-02-11',0,'','INV 15676','not_paid','approved',0),(1351,16,'2025-02-12',0,'','INV 1000454','not_paid','approved',0),(1352,19,'2025-02-15',0,'','YOUSUF AL MANDARI, WALID AL SANEDI,MOHAMMAD AL MAWALI','not_paid','approved',0),(1353,12,'2025-02-13',0,'','INV 12319\nTHURAYA\n','not_paid','approved',0),(1354,115,'2025-02-13',0,'','INV 00802/25\n','not_paid','approved',0),(1355,135,'2025-02-13',0,'','INV 25-0359','not_paid','approved',0),(1356,19,'2025-02-15',0,'','ALI AL GEELANI ','not_paid','approved',0),(1357,12,'2025-02-16',0,'','THURAYA','not_paid','approved',0),(1358,19,'2025-02-16',87,'','Mohammad Al Hinai','not_paid','approved',0),(1359,19,'2025-02-16',87,'','MOHAMMAD ALHINAI\n','not_paid','approved',0),(1360,16,'2025-02-17',0,'','INV 1000501','not_paid','approved',0),(1361,149,'2025-02-15',0,'','QUOTATION  : 724460\nMOHAMMAD AL MAMMARI','not_paid','approved',0),(1362,12,'2025-02-17',0,'','INV  IV00012336\nALI AL HINAI, WALID, THURYA','not_paid','approved',0),(1363,19,'2025-02-17',0,'','ALI AL HINAI','not_paid','approved',0),(1364,19,'2025-02-19',0,'','WALID AL SANEDI','not_paid','approved',0),(1365,17,'2025-02-16',0,'','INV 7116','not_paid','approved',0),(1366,34,'2025-02-19',73,'','INV 00170\nWALID AL SENEDI','not_paid','approved',0),(1367,140,'2025-02-18',0,'','INV 0625\n','not_paid','approved',0),(1368,150,'2025-02-10',0,'','ITEAMS PURCHASE FROM UAE\n\n','not_paid','approved',0),(1369,12,'2025-02-20',0,'','THURAYA','not_paid','approved',0),(1370,27,'2025-02-05',0,'','SEQ. REF 25-1248','not_paid','approved',0),(1371,67,'2025-02-05',0,'','INV 289\nSAIF AL MASKARI','not_paid','approved',0),(1372,67,'2025-02-20',0,'','INV 291\nAL MASA','not_paid','approved',0),(1373,66,'2025-02-09',0,'','QUOT :- N-5809\nKHULOD AL MASHRAFI\n','not_paid','approved',0),(1374,7,'2025-02-13',0,'','INV 16-29999','not_paid','approved',0),(1375,140,'2025-02-05',0,'','INV 0445\nMOHAMMAD AL HINAI','not_paid','approved',0),(1376,17,'2025-02-05',0,'','INV 6965\nMOHAMMAD AL HINAI ','not_paid','approved',0),(1377,151,'2025-02-20',67,'','','not_paid','approved',0),(1378,19,'2025-02-24',73,'','INV BR-553\n','not_paid','approved',0),(1379,19,'2025-02-24',11,'','INV LWB-02-42\nMAZIN','not_paid','approved',0),(1380,12,'2025-02-25',0,'','inv IV00012378\n','not_paid','approved',0),(1381,11,'2025-02-25',0,'','INV -84225052909\n','not_paid','approved',0),(1382,4,'2025-02-24',0,'','INV 0122230\n YOUSUF ','not_paid','approved',0),(1383,13,'2025-02-24',0,'','INV 15695\n','not_paid','approved',0),(1384,100,'2025-02-25',0,'','inv 2515\nmohammad al mawali','draft','approved',0),(1385,100,'2025-03-25',0,'','inv 2516\nAsad Al Sheedi','draft','approved',0),(1386,141,'2025-03-01',0,'','inv 25-4212','not_paid','approved',0),(1387,52,'2025-02-20',87,'','inv 18550','not_paid','approved',0),(1388,66,'2025-02-06',90,'','INV 5763','not_paid','approved',0),(1389,152,'2025-02-18',96,'','INV 832676','not_paid','approved',0),(1390,153,'2025-02-23',93,'','INV 0305\n','not_paid','approved',0),(1391,129,'2025-03-02',73,'','INV 5134','not_paid','approved',0),(1392,143,'2025-03-02',0,'','INV 4715\n','not_paid','approved',0),(1393,19,'2025-03-03',0,'','INV BR-609','not_paid','approved',0),(1394,12,'2025-03-03',64,'','INV B4103','not_paid','approved',0),(1395,67,'2025-02-22',0,'','INV 292\nCustomer Unique Station','not_paid','approved',0),(1396,12,'2025-03-04',73,'','INV B4111','not_paid','approved',0),(1397,62,'2025-03-05',0,'','inv 16103','not_paid','approved',0),(1398,16,'2025-03-05',0,'','INV 01000680','draft','approved',0),(1399,12,'2025-03-05',96,'','INV B4119','not_paid','approved',0),(1400,13,'2025-03-05',0,'','INV 15923','not_paid','approved',0),(1401,100,'2025-02-25',0,'','inv 2515\nmohammad al mawali','draft','approved',0),(1402,100,'2025-02-25',0,'','inv 2516\nAsad Al Shedi','draft','approved',0),(1403,26,'2024-12-02',0,'','inv 104105','not_paid','approved',0),(1404,26,'2024-12-03',0,'','INV 126141','not_paid','approved',0),(1405,26,'2024-12-03',0,'','INV 127236','not_paid','approved',0),(1406,26,'2024-12-07',0,'','INV 127474','not_paid','approved',0),(1407,26,'2024-12-09',0,'','INV 126608','not_paid','approved',0),(1408,26,'2024-12-09',0,'','INV 126609','not_paid','approved',0),(1409,26,'2024-12-10',0,'','INV 126671','not_paid','approved',0),(1410,100,'2025-02-16',0,'','INV 76\nMOHAMMAD AL HINAI , WALID ','draft','approved',0),(1411,100,'2025-02-20',0,'','INV 77\nMOHAMMAD AL HINAI','draft','approved',0),(1412,100,'2025-02-23',0,'','INV 78\nYOUSUF AL MANDARI','draft','approved',0),(1413,26,'2024-12-10',0,'','INV 127723','not_paid','approved',0),(1414,26,'2025-12-11',0,'','INV 126803','not_paid','approved',0),(1415,26,'2025-12-12',0,'','INV 127894','not_paid','approved',0),(1416,26,'2024-12-14',0,'','INV 126967','not_paid','approved',0),(1417,26,'2024-12-14',0,'','INV 104327','not_paid','approved',0),(1418,122,'2025-03-08',0,'','INV B023039\n','not_paid','approved',0),(1419,12,'2025-03-08',0,'','INV B4135\nASAD AL MAWALI','not_paid','approved',0),(1420,27,'2025-03-08',0,'','INV DN-25-01417','not_paid','approved',0),(1421,26,'2024-12-17',0,'','INV 127237','not_paid','approved',0),(1422,26,'2024-12-18',0,'','INV 127318','not_paid','approved',0),(1423,26,'2024-12-19',0,'','INV 127410','not_paid','approved',0),(1424,26,'2024-12-21',0,'','INV 127521','not_paid','approved',0),(1425,26,'2024-12-21',0,'','INV 104479','not_paid','approved',0),(1426,26,'2024-12-22',0,'','INV 104489','not_paid','approved',0),(1427,26,'2024-12-24',0,'','INV 127753','not_paid','approved',0),(1428,26,'2024-12-24',0,'','INV 127757','not_paid','approved',0),(1429,26,'2024-12-25',0,'','INV 127969','not_paid','approved',0),(1430,26,'2024-12-26',0,'','INV 127969','not_paid','approved',0),(1431,26,'2024-12-26',0,'','INV 127970','not_paid','approved',0),(1432,26,'2024-12-28',0,'','INV 128067','not_paid','approved',0),(1433,13,'2025-03-10',73,'','inv 15795','not_paid','approved',0),(1434,25,'2025-03-09',73,'','INV 01-9928','not_paid','approved',0),(1435,129,'2025-03-09',73,'','INV 5575','not_paid','approved',0),(1436,145,'2025-03-08',0,'','INV 61499','not_paid','approved',0),(1437,100,'2025-03-01',73,'','inv 79','draft','approved',0),(1438,100,'2025-03-09',101,'','inv 80\n','draft','approved',0),(1439,19,'2025-03-11',73,'','INV BR-697','not_paid','approved',0),(1440,52,'2025-02-20',87,'','INV 15997','not_paid','approved',0),(1441,52,'2025-03-05',87,'','INV 16185','not_paid','approved',0),(1442,52,'2025-03-02',96,'','INV 16149','not_paid','approved',0),(1443,52,'2025-03-02',87,'','inv 16137','not_paid','approved',0),(1444,67,'2025-03-03',87,'','INV 301\n','not_paid','approved',0),(1445,154,'2025-03-11',64,'','INV 8631/25','not_paid','approved',0),(1446,100,'2025-03-09',0,'','inv 2520','draft','approved',0),(1447,146,'2025-01-28',0,'','inv 101\nHISHAM AL RUMHI','not_paid','approved',0),(1448,155,'2025-03-12',95,'','INV 23887','not_paid','not_approved',0),(1449,66,'2025-03-12',0,'','INV L-444\nOFFICE','not_paid','approved',0),(1450,156,'2025-03-09',0,'','INV 36\nOFFICE','not_paid','approved',0),(1451,137,'2025-03-05',0,'','Inv 0300\nVarious Customers','not_paid','approved',0),(1452,66,'2025-03-15',95,'','INV N-6201','not_paid','approved',0),(1453,25,'2025-03-16',95,'','Inv 9988','not_paid','approved',0),(1454,12,'2025-03-16',96,'','INV IV00012473','not_paid','approved',0),(1455,157,'2025-03-08',95,'','Inv 0772','not_paid','approved',0),(1456,157,'2025-03-18',95,'','Inv 0781','not_paid','approved',0),(1457,12,'2025-03-23',0,'','YOUSIF AL-ABRI + CMP\nINV IV00012513','not_paid','approved',0),(1458,71,'2025-03-22',96,'','Inv 38748','not_paid','approved',0),(1459,7,'2025-03-24',0,'','Inv 30676','not_paid','approved',0),(1460,146,'2025-03-27',95,'','inv 0456','not_paid','approved',0),(1461,157,'2025-03-27',95,'','inv 0794','not_paid','approved',0),(1462,158,'2025-03-18',87,'','','not_paid','approved',0),(1463,159,'2025-03-18',0,'','PJ: ALI AL-GILANI \nPJ: AMED AL-NABI','not_paid','approved',0),(1464,71,'2025-03-29',0,'','MINISTRY ','not_paid','approved',0),(1465,100,'2025-03-31',0,'','pj: MAHA AL-WAHAIBI','draft','approved',0),(1466,100,'2025-03-31',87,'','','draft','approved',0),(1467,100,'2025-03-22',87,'','INV 81','draft','approved',0),(1468,100,'2025-03-26',101,'','INV 82','draft','approved',0),(1469,152,'2025-04-06',101,'','inv bki0012140','not_paid','approved',0),(1470,152,'2025-04-05',101,'','inv BK BKI00120065','not_paid','approved',0),(1471,17,'2025-04-07',101,'','inv 7745','not_paid','approved',0),(1472,141,'2025-04-05',0,'','For company inv INV-OMIN-25-4360 ','not_paid','approved',0),(1473,141,'2025-03-25',0,'','FOR COMPANY INV-OMN-4322','not_paid','approved',0),(1474,19,'2025-04-03',0,'','MANISTRY OF SOCIAL INSSURANCE \nINV BR-896','not_paid','approved',0),(1475,19,'2025-04-06',0,'','MANISTRY OF SOCIAL INSSURANCE\nINV BR-912 ','not_paid','approved',0),(1476,12,'2025-04-05',80,'','INV B4275','not_paid','approved',0),(1477,19,'2025-04-09',98,'','INV 04-10R','not_paid','approved',0),(1478,19,'2025-04-10',100,'','Quote no  LWB-04-25','not_paid','approved',0),(1479,19,'2025-04-12',0,'','','not_paid','approved',0),(1480,3,'2025-03-18',0,'','FOR COMPANY ','not_paid','approved',0),(1481,16,'2025-04-12',0,'','for company ','draft','approved',0),(1482,160,'2025-03-16',0,'','INV 542','not_paid','approved',0),(1483,66,'2025-04-07',38,'','A-8249','not_paid','not_approved',0),(1484,52,'2025-04-12',101,'','INV 16588','not_paid','approved',0),(1485,135,'2025-04-15',0,'','INV 25-0784\nPROJECTS: ALI AL-HINAI , AL AL-GHILANI, AHMAD AL-NABI','not_paid','approved',0),(1486,136,'2025-04-16',0,'','FOR COMPANY ','not_paid','approved',0),(1487,119,'2025-04-16',0,'','FOR COMPANY\nINV 0478','not_paid','approved',0),(1488,161,'2025-04-15',104,'','INV 0314','not_paid','approved',0),(1489,19,'2025-04-19',77,'','','not_paid','approved',0),(1490,19,'2025-04-20',0,'','','not_paid','approved',0),(1491,135,'2025-04-21',100,'','','not_paid','approved',0),(1492,162,'2025-04-20',90,'','INV 701','not_paid','approved',0),(1493,12,'2025-04-20',0,'','INV 12616\nSUROOR , IBRAHIM, KHALIFA','not_paid','approved',0),(1494,131,'2025-04-20',105,'','INV 35','not_paid','approved',0),(1495,145,'2025-04-21',0,'','INV 66050','not_paid','approved',0),(1496,118,'2025-04-21',0,'','inv 02055/25','not_paid','approved',0),(1497,25,'2025-04-23',98,'','INV 10308','draft','approved',0),(1498,25,'2025-04-23',98,'','INV 10308','not_paid','approved',0),(1499,60,'2025-04-21',77,'','INV 001116','not_paid','approved',0),(1500,13,'2025-04-20',0,'','FOR COMPANY ','draft','approved',0),(1501,163,'2025-04-09',80,'','INV 45193','not_paid','approved',0),(1502,164,'2025-04-09',80,'','INV 2118','not_paid','approved',0),(1503,19,'2025-04-26',0,'','ABDULLAH AL YAHMDI\n46-R','not_paid','approved',0),(1504,135,'2025-04-24',0,'','PROJECT NAME: KHALIFA \nINV 0859','not_paid','approved',0),(1505,35,'2025-04-27',0,'','PROJECT: ABDULLAH AL-YAHMADI\nINV 0509','not_paid','approved',0),(1506,141,'2025-04-26',0,'','FOR COMPANY \nINV 44654','not_paid','approved',0),(1507,129,'2025-04-28',105,'','inv 7698','not_paid','approved',0),(1508,11,'2025-04-28',0,'','FOR COMPANY \nINV 8422505976','not_paid','approved',0),(1509,19,'2025-04-29',0,'','FOR OFFICE / ABDULLAH AL-AHMADI\nINV 1151','not_paid','approved',0),(1510,19,'2025-04-21',0,'','AHMAD AL-MAHROQI\nINV 1071','draft','approved',0),(1511,66,'2025-04-21',0,'','AMIN AL-SHAQSI\nINV 101','not_paid','approved',0),(1512,36,'2025-04-17',0,'','INV 328\nFOR COMPANY ','not_paid','approved',0),(1513,36,'2025-04-17',0,'','FOR COMPANY \nINV 333','not_paid','approved',0),(1514,33,'2025-04-17',0,'','INV 173\nFOR COMPANY ','not_paid','approved',0),(1515,129,'2025-04-30',0,'','SUROOR+AHMAD AL-NABI\nINV 7811','not_paid','approved',0),(1516,12,'2025-04-30',0,'','PROJECT: MAZIN + COMPANY \nINV 12661','not_paid','approved',0),(1517,19,'2025-04-30',11,'','INV 1164','not_paid','approved',0),(1518,19,'2025-04-29',100,'','INV 1157','not_paid','approved',0),(1519,165,'2025-04-30',105,'','INV 0406','not_paid','approved',0),(1520,60,'2025-04-30',77,'','INV 1206','not_paid','approved',0),(1521,166,'2025-04-30',0,'','ADHAM \nINV 1179','not_paid','approved',0),(1522,19,'2025-05-01',77,'','inv 05-2','not_paid','approved',0),(1523,26,'2025-04-21',100,'','iNV 108237','not_paid','approved',0),(1524,62,'2025-04-14',100,'','Inv 44561','not_paid','approved',0),(1525,25,'2025-04-21',105,'','INV 01-10279','not_paid','approved',0),(1526,100,'2025-04-27',0,'','Inv 2533\nomer al rayami','not_paid','approved',0),(1527,100,'2025-04-28',0,'','AHMED AL-MACHROQI\nINV 2534','not_paid','approved',0),(1528,100,'2025-04-05',101,'','INV 83','draft','approved',0),(1529,100,'2025-04-06',0,'','OFFICE DRAWER + TABLE \nINV 84','draft','approved',0),(1530,19,'2025-05-17',0,'','Ahmed Al-Nabi , Adham\nquot: LWB-05-29','not_paid','approved',0),(1531,106,'2025-04-09',0,'','INV 5901','not_paid','approved',0),(1532,137,'2025-04-10',0,'','INV 0141\nFOR OFFICE','not_paid','approved',0),(1533,136,'2025-04-12',0,'','INV 3174\nFOR FACTORY ','not_paid','approved',0),(1534,71,'2025-04-12',0,'','khaloud al mashrafi','not_paid','approved',0),(1535,129,'2025-05-12',0,'','Inv 6996','not_paid','approved',0),(1536,93,'2025-04-19',0,'','khalifa + ahmed al nabi + ali al ghilani\ninv 128928','not_paid','approved',0),(1537,167,'2025-04-22',0,'','inv 21353','not_paid','approved',0),(1538,129,'2025-04-26',0,'','inv 7581','not_paid','approved',0),(1539,168,'2025-04-10',0,'','Inv 3506','not_paid','approved',0),(1540,33,'2025-04-10',0,'','Inv 169','not_paid','approved',0),(1541,16,'2025-05-04',0,'','INV 1265\nFOR COMPANY ','not_paid','approved',0),(1542,19,'2025-05-04',77,'','INV 1211','not_paid','approved',0),(1543,13,'2025-05-06',0,'','INV 16457\nFOR COMPANY ','draft','approved',0),(1544,4,'2025-05-07',105,'','INV 12427','not_paid','approved',0),(1545,4,'2025-05-08',105,'','INV 12431, 12433','not_paid','approved',0),(1546,4,'2025-05-08',105,'','INV 12433','not_paid','approved',0),(1547,16,'2025-05-15',0,'','FOR COMPANY \nINV 1395','not_paid','approved',0),(1548,145,'2025-05-18',0,'','FOR COMPANY \nINV 69067','not_paid','approved',0),(1549,169,'2025-05-01',0,'','FOR COMPANY \nINV 1251','not_paid','approved',0),(1550,136,'2025-05-15',0,'','for company \ninv 1488','not_paid','approved',0),(1551,4,'2025-05-10',106,'','inv 9995','not_paid','approved',0),(1552,137,'2025-05-12',105,'','inv 48','not_paid','approved',0),(1553,165,'2025-05-12',105,'','inv 408','not_paid','approved',0),(1554,169,'2025-05-15',112,'','inv 1253','not_paid','approved',0),(1555,4,'2025-05-21',0,'','INV 012487\nADAHM','not_paid','approved',0),(1556,4,'2025-05-21',91,'','INV 012489','not_paid','approved',0),(1557,4,'2025-05-21',91,'','INV 012490','not_paid','approved',0),(1558,19,'2025-05-22',0,'','SUMEER AL-NOKHDI\n','not_paid','approved',0),(1559,4,'2025-05-22',111,'','INV 12497','not_paid','approved',0),(1560,7,'2025-05-10',0,'','INV 31528\nFOR COMAPNY ','not_paid','approved',0),(1561,165,'2025-05-20',0,'','INV 410\nPROJECT: ALI A,L-GHILANI \nALI AL HINAI, AHMED AL NABI ','not_paid','approved',0),(1562,12,'2025-05-22',103,'','INV 12761','not_paid','approved',0),(1563,60,'2025-05-22',103,'','inv 1435','not_paid','approved',0),(1564,141,'2025-05-22',0,'','inv 4583\nfor company ','not_paid','approved',0),(1565,24,'2025-05-31',78,'','INV 23262','not_paid','approved',0),(1566,129,'0000-00-00',0,'','inv 8885\nfor company ','not_paid','approved',0),(1567,19,'2025-05-29',109,'','INV 1526','not_paid','approved',0),(1568,12,'2025-05-05',90,'','Inv B4464','not_paid','approved',0),(1569,35,'2025-05-08',0,'','Inv 555\nAbdullah al yahmadi ','not_paid','approved',0),(1570,25,'2025-05-10',0,'','Inv 10471\nAli al hinai , khalifa al amri , ali al ghilani\n','not_paid','approved',0),(1571,129,'2025-05-12',0,'','Inv 8276\nProjects : Ali al hinai , Ali al ghilani , Ahmed al nabi','not_paid','approved',0),(1572,19,'2025-06-10',0,'','Mariem Al Bahlani\nQuote no 06-11','not_paid','approved',0),(1573,19,'2025-06-12',0,'','Quote no 06-16\nHussain al Aghmi and Khalifa Al Mashrafi','not_paid','approved',0),(1574,159,'2025-05-26',88,'','Inv 312','not_paid','approved',0),(1575,62,'2025-05-28',0,'','Ali al ghilani + ali al hinai\ninv no 16963','not_paid','approved',0),(1576,100,'2025-05-10',106,'','Inv 2536','not_paid','approved',0),(1577,100,'2025-05-13',0,'','Amin al wardi\ninv 2538','not_paid','approved',0),(1578,100,'2025-05-17',0,'','ahmed al mahrouqi\ninv 2539','not_paid','approved',0),(1579,100,'2025-05-28',0,'','ahmed al mahrouqi\ninv 2543','not_paid','approved',0),(1580,124,'2025-05-26',101,'','Inv 69825','draft','approved',0),(1581,129,'2025-05-27',0,'','CMP\nInv 8885','not_paid','approved',0),(1582,137,'2025-05-12',105,'','Inv 0048','not_paid','approved',0),(1583,93,'2025-05-21',0,'','M al aghbari , Suroor , Haitam al amri\nInv 137544','not_paid','approved',0),(1584,19,'2025-06-24',102,'','Quote no LWB-06-35','not_paid','approved',0),(1585,19,'2025-06-24',0,'','Mazin Wood Works\nCMP','not_paid','approved',0),(1586,152,'2025-06-23',116,'','Inv 014915','not_paid','approved',0),(1587,60,'2025-06-18',0,'','Inv 01683','not_paid','approved',0),(1588,71,'2025-06-23',0,'','Sample for Hand Rail\nInv 39727','not_paid','approved',0),(1589,27,'2025-06-23',116,'','Inv 03592','not_paid','approved',0),(1590,60,'2025-06-24',102,'','Inv 1764','not_paid','approved',0),(1591,13,'2025-06-24',0,'','Inv 17008','not_paid','approved',0),(1592,27,'2025-06-26',116,'','Inv 03714','not_paid','approved',0),(1593,160,'2025-06-24',116,'','Inv 1035','not_paid','approved',0),(1594,12,'2025-06-22',111,'','Inv 4720','not_paid','approved',0),(1595,12,'2025-06-22',116,'','Inv 4724\n','not_paid','approved',0),(1596,12,'2025-06-11',0,'','INV 12849\n','not_paid','approved',0),(1597,119,'2025-06-10',0,'','iNV 0593','not_paid','approved',0),(1598,12,'2025-06-16',0,'','INV 12870','not_paid','approved',0),(1599,140,'2025-06-11',116,'','INV 2042','not_paid','approved',0),(1600,118,'2025-06-10',0,'','iNV 2893','not_paid','approved',0),(1601,16,'2025-06-10',0,'','iNV 1640','not_paid','approved',0),(1602,19,'2025-06-04',77,'','iNV br1589','not_paid','approved',0),(1603,124,'2025-06-15',0,'','INV 69831','not_paid','approved',0),(1604,165,'2025-06-15',0,'','iNV 0421\nHAITAM AL AMRI\nM AL AGHBARI','not_paid','approved',0),(1605,27,'2025-06-11',116,'','INV 03375','not_paid','approved',0),(1606,34,'2025-06-18',0,'','M Al Aghbari\nHaitam Al Amri\nInv 0488','not_paid','approved',0),(1607,4,'2025-06-05',77,'','INV 012556','not_paid','approved',0),(1608,4,'2025-06-15',91,'','INV 012584','not_paid','approved',0),(1609,4,'2025-06-15',91,'','iNV 102586','not_paid','approved',0),(1610,4,'2025-06-11',103,'','INV 012570','not_paid','approved',0),(1611,4,'2025-06-05',109,'','INV 012557','not_paid','approved',0),(1612,4,'2025-06-05',91,'','INV 012558','not_paid','approved',0),(1613,153,'2025-06-14',0,'','INV 0320','not_paid','approved',0),(1614,12,'2025-06-15',91,'','INV 4676','not_paid','approved',0),(1615,152,'2025-06-17',116,'','INV 14688','not_paid','approved',0),(1616,119,'2025-06-17',0,'','INV 0606','not_paid','approved',0),(1617,129,'2025-06-23',110,'','INV 9676','not_paid','approved',0),(1618,136,'2025-06-22',116,'','INV 4219','not_paid','approved',0),(1619,12,'2025-06-22',0,'','iNV 12906\nMAZIN WOOD WORKS','not_paid','approved',0),(1620,93,'2025-06-19',0,'','INV 05798','not_paid','approved',0),(1621,91,'2025-06-17',0,'','INV 1253','not_paid','approved',0),(1622,129,'2025-06-11',0,'','INV 9326\nM AL AGHBARI\nHAITAM AL AMRI','not_paid','approved',0),(1623,136,'2025-06-05',111,'','INV 1660','not_paid','approved',0),(1624,136,'2025-06-02',111,'','INV 3928','not_paid','approved',0),(1625,27,'2025-06-30',116,'','Inv 03784','not_paid','approved',0),(1626,137,'2025-06-29',116,'','Inv 0426','not_paid','approved',0),(1627,66,'2025-06-24',0,'','inv S-499\nEbtisam and office tables ','not_paid','approved',0),(1628,19,'2025-07-02',114,'','LWB-07-02','not_paid','approved',0),(1629,19,'2025-07-02',94,'','LWB-07-03','not_paid','approved',0),(1630,19,'2025-07-02',118,'','LWB-07-04','not_paid','approved',0),(1631,35,'2025-06-11',77,'','SMCT25/000676','not_paid','approved',0),(1632,152,'2025-06-30',116,'','inv 15253','not_paid','approved',0),(1633,19,'2025-06-29',77,'','inv BR-1846','not_paid','approved',0),(1634,145,'2025-06-28',0,'','Inv 73465\nCMP','not_paid','approved',0),(1635,4,'2025-06-26',116,'','Inv 012619','not_paid','approved',0),(1636,140,'2025-06-17',116,'','Inv 02110','not_paid','approved',0),(1637,17,'2025-06-01',109,'','Inv 8584','not_paid','approved',0),(1638,25,'2025-06-02',109,'','Inv 10757','not_paid','approved',0),(1639,25,'2025-07-05',109,'','Inv 10702','not_paid','approved',0),(1640,159,'2025-06-02',110,'','inv 328','not_paid','approved',0),(1641,100,'2025-06-05',111,'','inv 2548','not_paid','approved',0),(1642,7,'2025-06-12',0,'','Inv7582','not_paid','approved',0),(1643,100,'2025-06-26',116,'','Inv 2551','not_paid','approved',0),(1644,19,'2025-07-05',0,'','2 customers \nKhalil + Majid\nLWB-07-08','not_paid','approved',0),(1645,100,'2025-06-30',116,'','Inv 85','draft','approved',0),(1646,100,'2025-06-30',102,'','inv 86','draft','approved',0),(1647,100,'2025-06-30',0,'','Mr Younas Al Harthi\nInv 88','draft','approved',0),(1648,19,'2025-07-15',0,'','LWB-07-35\nMazin','not_paid','approved',0),(1649,19,'2025-07-15',0,'','Abdullah Al Yahmadi\nInv BR-2031','not_paid','approved',0),(1650,19,'2025-07-15',0,'','LWB-07-38\nIbtisam\n\nal Aderak','not_paid','approved',0),(1651,19,'2025-07-16',0,'','LWB-07-43','not_paid','approved',0),(1652,19,'2025-07-16',0,'','LWB-07-42\nKhalil & Majid al hahani','not_paid','approved',0),(1653,19,'2025-07-16',115,'','LWB-07-41','not_paid','approved',0),(1654,17,'2025-07-14',117,'','Inv 658','not_paid','approved',0),(1655,12,'2025-07-17',117,'','Mazin wood works & Abdullah al yahmadi\nInv 13055','not_paid','approved',0),(1656,152,'2025-07-20',115,'','also for Younis al nadabi\ninv 16004','not_paid','approved',0),(1657,4,'2025-07-20',113,'','Inv 12739','not_paid','approved',0),(1658,17,'2025-07-17',115,'','khalida + Younis\ninv 735','not_paid','approved',0),(1659,140,'2025-07-19',115,'','Inv 2518','not_paid','approved',0),(1660,7,'2025-07-09',77,'','Inv 7701','not_paid','approved',0),(1661,13,'2025-07-12',0,'','inv 17364 CMP','not_paid','approved',0),(1662,16,'2025-07-08',0,'','inv 1902','not_paid','approved',0),(1663,19,'2025-07-09',75,'','BR-1958\nMr ahmed friend','not_paid','approved',0),(1664,120,'2025-07-09',0,'','Inv 542','not_paid','approved',0),(1665,8,'2025-07-09',109,'','inv 23744','not_paid','approved',0),(1666,131,'2025-07-09',118,'','inv 84','not_paid','approved',0),(1667,135,'2025-07-08',100,'','inv 1521','not_paid','approved',0),(1668,12,'2025-07-23',0,'','Inv B4927','not_paid','approved',0),(1669,66,'2025-07-01',116,'','Inv N-7534','not_paid','approved',0),(1670,66,'2025-07-01',116,'','Inv N-7533','not_paid','approved',0),(1671,100,'2025-07-07',0,'','Inv 91','draft','approved',0),(1672,19,'2025-07-06',118,'','BR-1920','not_paid','approved',0),(1673,19,'2025-07-06',113,'','Inv BR-1919','not_paid','approved',0),(1674,16,'2025-07-26',0,'','Inv 2102','not_paid','approved',0),(1675,94,'2025-07-15',100,'','Inv 0628','not_paid','approved',0),(1676,52,'2025-07-23',112,'','Inv 17699','not_paid','approved',0),(1677,19,'2025-07-06',113,'','Inv BR-1919','draft','not_approved',0),(1678,153,'2025-07-07',104,'','Inv 0324','not_paid','approved',0),(1679,141,'2025-07-06',0,'','inv 4796','not_paid','approved',0),(1680,12,'2025-07-08',0,'','Inv 13001\nAbdul aziz , khalid 1 sheet , muhammad al yahyai','not_paid','approved',0),(1681,170,'2025-07-01',116,'','Inv 8204','not_paid','approved',0),(1682,140,'2025-07-01',102,'','Inv 2272','not_paid','approved',0),(1683,12,'2025-07-01',0,'','Inv 12964\nAli Al Hinai , Suroor , Majid Al Husni , Khalil al Husni','not_paid','approved',0),(1684,52,'2025-07-26',112,'','Inv 17726','not_paid','approved',0),(1685,4,'2025-07-24',107,'','Inv 012760','not_paid','approved',0),(1686,13,'2025-07-26',0,'','Inv 17536','not_paid','approved',0),(1687,93,'2025-07-26',0,'','Inv 05798\nMajid & Khalil al Husni','not_paid','approved',0),(1688,129,'2025-07-22',0,'','Inv 10774\nAl Adrak','not_paid','approved',0),(1689,27,'2025-07-21',0,'','Inv 04284','not_paid','approved',0),(1690,136,'2025-07-06',116,'','Inv 4461','not_paid','approved',0),(1691,118,'2025-07-01',77,'','Inv 3230','not_paid','approved',0),(1692,129,'2025-07-06',0,'','Inv 10115\nMajid & Khalil Al Husni','not_paid','approved',0),(1693,126,'2025-07-06',0,'','Inv 28951','not_paid','approved',0),(1694,12,'2025-07-28',102,'','Inv 13126','not_paid','approved',0),(1695,54,'2025-07-28',103,'','Inv 0263','not_paid','approved',0),(1696,19,'2025-07-26',0,'','Inv BR-2144\nMajid & Khalil Al Husni','not_paid','approved',0),(1697,129,'2025-07-31',0,'','Inv 11142\nVarious Projects','not_paid','approved',0),(1698,11,'2025-07-29',0,'','Inv 8422510425','not_paid','approved',0),(1699,170,'2025-07-23',112,'','Inv 2671','not_paid','approved',0),(1700,140,'2025-07-28',115,'','iNV 2657','not_paid','approved',0),(1701,7,'2025-07-30',77,'','iNV 32985','not_paid','approved',0),(1702,66,'2025-07-30',90,'','INV A-9257','not_paid','approved',0),(1703,141,'2025-08-03',0,'','','not_paid','approved',0),(1704,145,'2025-08-05',0,'','','not_paid','approved',0),(1705,19,'2025-08-04',0,'','Mazin Wood Works','not_paid','approved',0),(1706,27,'2025-08-07',0,'','','not_paid','approved',0),(1707,171,'2025-08-07',0,'','','not_paid','approved',0),(1708,150,'2025-07-10',0,'','INV 0008','not_paid','approved',0),(1709,66,'2025-07-15',0,'','AHMED AL NABI','not_paid','approved',0),(1710,4,'2025-07-25',0,'','','not_paid','approved',0),(1711,161,'2025-07-19',112,'','INV 0326','not_paid','approved',0),(1712,19,'2025-08-11',118,'','','not_paid','approved',0),(1713,13,'2025-08-11',0,'','','not_paid','approved',0),(1714,12,'2025-08-05',0,'','','not_paid','approved',0),(1715,19,'2025-08-07',0,'','','not_paid','approved',0),(1716,12,'2025-07-10',116,'','','draft','approved',0),(1717,27,'2025-07-09',0,'','','draft','approved',0),(1718,145,'2025-08-14',0,'','INV 78797','not_paid','approved',0),(1719,12,'2025-08-14',0,'','INV 13204','not_paid','approved',0),(1720,115,'2025-08-14',0,'','INV 4082/25','not_paid','approved',0),(1721,4,'2025-08-14',115,'','INV 012828','not_paid','approved',0),(1722,4,'2025-08-14',124,'','INV 012829','not_paid','approved',0),(1723,100,'2025-07-23',115,'','Inv 92','draft','approved',0),(1724,100,'2025-07-19',102,'','Inv 2558','not_paid','approved',0),(1725,100,'2025-07-08',116,'','Inv 2556','not_paid','approved',0),(1726,19,'2025-08-25',0,'','LWB-08-38\n','not_paid','approved',0),(1727,12,'2025-08-28',0,'','Inv 13281\nmazin wood works ','not_paid','approved',0),(1728,136,'2025-08-26',115,'','Inv 5151','not_paid','approved',0),(1729,12,'2025-08-26',115,'','inv B5142\nalso forcompany','not_paid','approved',0),(1730,12,'2025-08-23',0,'','Inv 13257','not_paid','approved',0),(1731,136,'2025-08-05',0,'','inv 4913 for unique kitchen','not_paid','approved',0),(1732,91,'2025-08-16',0,'','Inv 03814','not_paid','approved',0),(1733,172,'2025-08-13',0,'','inv 38094','not_paid','approved',0),(1734,62,'2025-08-14',94,'','Inv 47121','not_paid','approved',0),(1735,12,'2025-08-18',115,'','Inv B5088','not_paid','not_approved',0),(1736,66,'2025-08-18',0,'','Inv S944 Younis+Hilal','not_paid','approved',0),(1737,66,'2025-08-21',115,'','Inv A-9513','not_paid','approved',0),(1738,66,'2025-08-21',115,'','Inv S 986','not_paid','approved',0),(1739,66,'2025-08-21',115,'','Inv A-9514','not_paid','approved',0),(1740,141,'2025-08-26',0,'','Inv 5060','not_paid','approved',0),(1741,19,'2025-08-23',115,'','Inv BR-2454','not_paid','approved',0),(1742,12,'2025-08-19',0,'','Inv B5095 al Adrak','not_paid','approved',0),(1743,19,'2025-08-23',0,'','Inv BR 2453','not_paid','approved',0),(1744,19,'2025-08-23',117,'','Inv BR-2452','not_paid','approved',0),(1745,17,'2025-08-18',0,'','Younis + Hussain Inv 01516','not_paid','approved',0),(1746,19,'2025-08-16',0,'','BR-2386\nFor CMP + Hilal + Ali Al Hinai','not_paid','approved',0),(1747,16,'2025-08-16',0,'','Inv 1002347','not_paid','approved',0),(1748,35,'2025-08-24',119,'','Inv 985','not_paid','approved',0),(1749,27,'2025-08-19',120,'','Inv 05074','not_paid','approved',0),(1750,17,'2025-08-24',0,'','Hilal + Younis Inv 01665','not_paid','approved',0),(1751,17,'2025-08-23',107,'','Inv 01616','not_paid','approved',0),(1752,173,'2025-08-17',0,'','For CMP Inv 0404','not_paid','approved',0),(1753,173,'2025-08-11',0,'','inv 0405\nAl adrak','not_paid','approved',0),(1754,4,'2025-08-21',77,'','Inv 012859','not_paid','approved',0),(1755,4,'2025-08-23',77,'','Inv 012868','not_paid','approved',0),(1756,136,'2025-08-31',0,'','Inv 5211','not_paid','approved',0),(1757,12,'2025-08-31',115,'','Inv B5178','not_paid','approved',0),(1758,100,'2025-08-25',102,'','Inv 98','draft','approved',0),(1759,100,'2025-09-07',0,'','Inv 97','draft','approved',0),(1760,100,'2025-08-19',115,'','Inv 96','draft','approved',0),(1761,100,'2025-08-07',0,'','Inv 95','draft','approved',0),(1762,17,'2025-08-25',115,'','Inv 1664','not_paid','approved',0),(1763,27,'2025-08-26',0,'','Inv 05312','not_paid','approved',0),(1764,17,'2025-08-27',0,'','Inv 01782\n','not_paid','approved',0),(1765,19,'2025-08-28',0,'','inv BR-2530','not_paid','approved',0),(1766,60,'2025-08-17',0,'','inv 2349','not_paid','approved',0),(1767,19,'2025-09-08',107,'','LWB-09-11','not_paid','approved',0),(1768,19,'2025-09-08',120,'','LWB-09-10','not_paid','approved',0),(1769,7,'2025-08-11',0,'','Inv 33192','not_paid','approved',0),(1770,140,'2025-08-22',0,'','ahmed al nabi + harith\ninv 3042','not_paid','approved',0),(1771,174,'2025-08-21',0,'','Inv 168','not_paid','approved',0),(1772,60,'2025-08-26',0,'','Muhanna Al Subhi + Essam Al Qasimi\nInv 2456','not_paid','approved',0),(1773,16,'2025-08-16',0,'','Inv 2347','draft','approved',0),(1774,4,'2025-08-27',119,'','Inv 012907','not_paid','approved',0),(1775,4,'2025-08-27',126,'','Inv 012905','not_paid','approved',0),(1776,4,'2025-09-27',94,'','Inv 012913','not_paid','approved',0),(1777,4,'2025-08-28',119,'','Inv 012914','not_paid','approved',0),(1778,100,'2025-08-26',102,'','Inv 2563','not_paid','approved',0),(1779,100,'2025-08-26',115,'','Inv 2566','not_paid','approved',0),(1780,100,'2025-08-26',102,'','Inv 2564','not_paid','approved',0),(1781,100,'2025-08-26',117,'','Inv 2565','not_paid','approved',0),(1782,100,'2025-08-07',115,'','Inv 2560','not_paid','approved',0),(1783,100,'2025-08-11',77,'','Inv 2561','not_paid','approved',0),(1784,19,'2025-09-18',0,'','','not_paid','approved',0),(1785,19,'2025-09-20',127,'','QUOT - LWB - 09 - 26','not_paid','approved',0),(1786,19,'2025-09-21',127,'','LWB-09-27','not_paid','approved',0),(1787,16,'2025-09-20',0,'','CMP','not_paid','approved',0),(1788,17,'2025-09-20',53,'','Inv 2308','not_paid','approved',0),(1789,17,'2025-09-20',53,'','Inv 2308','not_paid','approved',0),(1790,152,'2025-09-20',0,'','For Al masa Booth\nInv BK10018205','not_paid','approved',0),(1791,23,'2025-09-11',120,'','8831','not_paid','approved',0),(1792,4,'2025-09-18',115,'','','not_paid','approved',0),(1793,135,'2025-09-01',115,'','','not_paid','approved',0),(1794,66,'2025-09-03',115,'','N-8110','not_paid','approved',0),(1795,66,'2025-09-03',115,'','A-9616','not_paid','approved',0),(1796,145,'2025-09-07',0,'','INVOICE NO 81617','not_paid','approved',0),(1797,152,'2025-09-22',0,'','BKI0018278','not_paid','approved',0),(1798,13,'2025-09-06',0,'','INV 18298','not_paid','approved',0),(1799,141,'2025-09-04',0,'','INV-OMN-25-5108','not_paid','approved',0),(1800,33,'2025-09-15',0,'','Inv INX-194','not_paid','approved',0),(1801,4,'2025-09-11',0,'','INV 012979','draft','approved',0),(1802,11,'2025-09-02',0,'','INV 8422512247','not_paid','approved',0),(1803,4,'2025-09-11',0,'','INV 012979','not_paid','approved',0),(1804,16,'2025-09-02',0,'','INV ZAINV2509RT001002543','not_paid','approved',0),(1805,141,'2025-09-22',0,'','INV-OMN-25-5174','not_paid','approved',0),(1806,17,'2025-09-03',115,'','INV 01935','not_paid','approved',0),(1807,174,'2025-09-11',0,'','Inv 170','not_paid','approved',0),(1808,173,'2025-09-10',122,'','Inv 0411','not_paid','approved',0),(1809,170,'2025-09-09',122,'','Inv 2826','not_paid','approved',0),(1810,19,'2025-09-13',0,'','inv BR-2676','not_paid','approved',0),(1811,66,'2025-09-15',90,'','QUOT A-9721','not_paid','approved',0),(1812,175,'2025-09-06',115,'','Inv 0374','not_paid','approved',0),(1813,3,'2025-09-13',0,'','INV 9163824985','not_paid','approved',0),(1814,12,'2025-09-20',0,'','INV 00013364','not_paid','approved',0),(1815,66,'2025-09-21',115,'','QUOT S-1200','not_paid','approved',0),(1816,176,'2025-09-21',0,'','al masa booth inv 11111','not_paid','approved',0),(1817,17,'2025-09-22',115,'','INV 02359','not_paid','approved',0),(1818,177,'2025-09-24',0,'','INV 81963                                                                                            FOR AL MASA BOOTH           ','not_paid','approved',0),(1819,178,'2025-09-24',0,'','INV 6244','not_paid','approved',0),(1820,173,'2025-09-24',0,'','Inv 0413 Al Masa Booth','not_paid','approved',0),(1821,179,'2025-09-25',0,'','CMP\nInv 09973','not_paid','approved',0),(1822,178,'2025-09-25',0,'','Al Masa Booth\nInv 4562','not_paid','approved',0),(1823,173,'2025-09-17',115,'','Inv 0412','not_paid','approved',0),(1824,94,'2025-09-18',115,'','Inv 0406','draft','approved',0),(1825,12,'2025-09-08',0,'','Inv B-5233','not_paid','approved',0),(1826,12,'2025-09-04',100,'','Inv B5203','not_paid','approved',0),(1827,12,'2025-09-02',0,'','Inv 13308\nmazin wood works','not_paid','approved',0),(1828,62,'2025-09-02',0,'','Inv 47527','not_paid','approved',0),(1829,12,'2025-09-09',100,'','inv B5239','not_paid','approved',0),(1830,122,'2025-09-15',0,'','Ivn B029330','not_paid','approved',0),(1831,12,'2025-09-15',115,'','Inv B5269','not_paid','approved',0),(1832,107,'2025-09-14',0,'','Inv 1647','not_paid','approved',0),(1833,136,'2025-09-09',122,'','Inv 5321','not_paid','approved',0),(1834,12,'2025-09-20',127,'','also for mazin\nInv 13364','not_paid','approved',0),(1835,46,'2025-09-18',121,'','','not_paid','approved',0),(1836,180,'2025-09-21',0,'','al masa booth','not_paid','approved',0),(1837,27,'2025-09-02',90,'','Inv 05505','not_paid','approved',0),(1838,27,'2025-09-02',0,'','Inv 05507','not_paid','approved',0),(1839,17,'2025-09-30',0,'','3938','not_paid','approved',0),(1840,71,'2025-09-30',0,'','INV 41076','not_paid','approved',0),(1841,71,'2025-09-30',0,'','INV 41099','not_paid','approved',0),(1842,173,'2025-10-30',0,'','INV 049, FOR AL MASA PROJECT','not_paid','approved',0),(1843,152,'2025-09-30',0,'','INV BK10018570','not_paid','approved',0),(1844,19,'2025-09-30',0,'','INV BR-2894','not_paid','approved',0),(1845,88,'2025-09-30',0,'','INV 96631, FOR AL MASA PROJECT.','not_paid','approved',0),(1846,170,'2025-09-14',107,'','INV 8515','not_paid','approved',0),(1847,170,'2025-09-14',100,'','INV 8514','not_paid','approved',0),(1848,170,'2025-09-30',0,'','INV 8559 AL MASA PR0JECT','not_paid','approved',0),(1849,142,'2025-09-23',0,'','Al MASa Inv 6489','not_paid','approved',0),(1850,19,'2025-10-08',129,'','LWB - 10-09','not_paid','approved',0),(1851,100,'2025-09-15',0,'','INV 2567 YOUSUF AL BALUSHI','not_paid','approved',0),(1852,100,'2025-09-30',0,'','INV 2571 ALMASA BOOTH','not_paid','approved',0),(1853,100,'2025-09-21',120,'','INV 2568','not_paid','approved',0),(1854,100,'2025-09-24',0,'','INV 2569 FOR AL MASA BOOTH','not_paid','approved',0),(1855,100,'2025-09-30',0,'','INV 2570 FOR AL MASA BOOTH','not_paid','approved',0),(1856,100,'2025-09-30',0,'','INV 2572 FOR KHALUD AL MASHRAFI','not_paid','approved',0),(1857,100,'2025-09-30',0,'','INV 2573 FOR AL MASA BOOTH','not_paid','approved',0),(1858,100,'2025-09-01',0,'','Oman Oncology & Harith Al Hadabi\nInv 99','draft','approved',0),(1859,100,'2025-09-23',0,'','Al Masa Booth Inv 103','draft','approved',0),(1860,100,'2025-09-30',0,'','Al Masa Booth Inv 104','draft','approved',0),(1861,16,'2025-10-07',0,'','INV ZAIN V2510RT001002916','not_paid','approved',0),(1862,19,'2025-10-09',0,'','INV BR-2991','draft','approved',0),(1863,12,'2025-10-12',0,'','INV B5467','not_paid','approved',0),(1864,7,'2025-09-09',0,'','Inv 16-33702','not_paid','approved',0),(1865,12,'2025-09-18',115,'','Inv B5293','not_paid','approved',0),(1866,19,'2025-10-21',119,'','INV BR-3138','draft','approved',0),(1867,19,'2025-10-21',119,'','INV BR-3138','not_paid','approved',0),(1868,19,'2025-10-21',11,'','INV BR-3135','not_paid','approved',0),(1869,27,'2025-10-13',129,'','INV SI-25-06550','not_paid','approved',0),(1870,11,'2025-10-13',0,'','INV 14481 FOR CMP','not_paid','approved',0),(1871,12,'2025-10-13',0,'','INV 13480 FOR YOUNIS AL HARTHI','not_paid','approved',0),(1872,17,'2025-10-16',131,'','INV 02992','not_paid','approved',0),(1873,17,'2025-10-16',120,'','INV 02990','not_paid','approved',0),(1874,140,'2025-10-18',0,'','INV 3899 FOR AHMED AL MAHROUQI AND ZAHARA AL LAWATI','not_paid','approved',0),(1875,19,'2025-10-18',0,'','INV BR-3091 FOR ZAHRA AL LAWATI AND AHMED AL MAHROUQI PROJECT.','not_paid','approved',0),(1876,12,'2025-10-18',0,'','INV B5514 FOR NIBHAN,ZAHRA AND SALIM PROJECT','not_paid','approved',0),(1877,27,'2025-10-08',129,'','INV SQ-25-07418','not_paid','approved',0),(1878,66,'2025-10-08',115,'','INV A-9832','not_paid','approved',0),(1879,181,'2025-10-11',123,'','INV 4486','draft','not_approved',0),(1880,19,'2025-10-11',0,'','INV BR-3005','not_paid','approved',0),(1881,17,'2025-10-12',123,'','INV 02875','not_paid','approved',0),(1882,19,'2025-10-07',11,'','INV BR-2971','not_paid','approved',0),(1883,19,'2025-10-01',119,'','INV BR-2911','not_paid','approved',0),(1884,27,'2025-10-19',120,'','INV SI-25-06687','not_paid','approved',0),(1885,182,'2025-10-05',0,'','INV Z452149 FOR CMP','not_paid','approved',0),(1886,182,'2025-10-08',0,'','INV Z452166 FOR CMP','not_paid','approved',0),(1887,181,'2025-10-11',123,'','INV 4486','not_paid','approved',0),(1888,88,'2025-10-02',0,'','INV 96689 (MUSTAFA BILL FOR ALMASA BOOTH','not_paid','approved',0),(1889,3,'2025-10-04',0,'','INV 846364(FOR ALMASA BOOTH)','not_paid','approved',0),(1890,183,'2025-10-01',0,'','INV 507328 (CHAIRS FOR ALMASA BOOTH)','not_paid','approved',0),(1891,184,'2025-10-04',0,'','INV 2122(FOR ALMASA BOOTH)','not_paid','approved',0),(1892,4,'2025-10-13',0,'','INV 013171 (FOR MUHANNA AL SUBHI AND HILAL AL JABRI PROJECT)','not_paid','approved',0),(1893,13,'2025-10-07',0,'','INV 18891(FOR COMPAY)','not_paid','approved',0),(1894,19,'2025-10-23',132,'','QUOTATION.  1','not_paid','approved',0),(1895,149,'2025-10-01',0,'','Project Majid and khalil al husni\nInv 727489','not_paid','approved',0),(1896,145,'2025-10-07',0,'','Inv 85052\nCMP','not_paid','approved',0),(1897,12,'2025-10-19',0,'','Customer Muhanna al subhi and zahra al lawati','not_paid','approved',0),(1898,12,'2025-10-19',119,'','Inv B5527','not_paid','approved',0),(1899,4,'2025-10-19',120,'','INV 013203','not_paid','approved',0),(1900,4,'2025-10-20',119,'','INV 013208','not_paid','approved',0),(1901,138,'2025-10-20',0,'','FOR COMPANY (PAID BY MOB NO. 12/10/25)','not_paid','approved',0),(1902,43,'2025-10-25',0,'','INV 180323 ','not_paid','approved',0),(1903,136,'2025-10-21',131,'','INV 5890','not_paid','approved',0),(1904,129,'2025-10-21',129,'','INV 14368','not_paid','approved',0),(1905,62,'2025-10-02',119,'','INV 18281','not_paid','approved',0),(1906,93,'2025-10-14',0,'','INV 05798&PE175576(FOR COMPANY)','not_paid','approved',0),(1907,129,'2025-10-02',0,'','INV 13592 (FOR AL MASA BOOTH)','not_paid','approved',0),(1908,12,'2025-10-06',0,'','INV 13445 (FOR YOUNIS+AL HARTHI+MAZIN PROJECT)','not_paid','approved',0),(1909,185,'2025-10-03',0,'','INV 122407 (FOR AL MASA BOOTH)','not_paid','approved',0),(1910,186,'2025-10-05',0,'','INV 1027380(FOR ALMASA BOOTH)','not_paid','approved',0),(1911,16,'2025-10-28',0,'','INV 1003158','not_paid','approved',0),(1912,16,'2025-10-28',0,'','INV 1003156','not_paid','approved',0),(1913,4,'2025-10-23',115,'','INV 013260','not_paid','approved',0),(1914,4,'2025-10-01',0,'','INV 013108( PAID 28/10/25 FOR MARIAM PROJECT)','not_paid','approved',0),(1915,187,'2025-10-27',0,'','INV 12656 (FOR SHAZIL)','not_paid','approved',0),(1916,19,'2025-10-30',119,'','INC BR-3240','not_paid','approved',0),(1917,188,'2025-10-30',0,'','INV C20081','not_paid','approved',0),(1918,141,'2025-10-26',0,'','INV 5363','not_paid','approved',0),(1919,12,'2025-10-30',120,'','INV B5613','not_paid','approved',0),(1920,126,'2025-10-30',0,'','INV 8755 MR AHMED (FOR MACHINE)','not_paid','approved',0),(1921,62,'2025-10-30',0,'','INV 48914 PAID MR AHMED (FOR WADDAH AL MAHROQI & MUHANNA AL SUBHI)','not_paid','approved',0),(1922,126,'2025-10-30',0,'','INV 8755 (FOR MACHINE)','not_paid','approved',0),(1923,173,'2025-10-27',0,'','INV 0432 - PAID 30-10-2025 (AL ADRAK )','not_paid','approved',0),(1924,12,'2025-10-30',120,'','INV B5614','not_paid','approved',0),(1925,12,'2025-11-02',11,'','INV 13570 (PAID BY MR AHMED)','not_paid','approved',0),(1926,4,'2025-11-02',120,'','INV 013280','draft','approved',0),(1927,27,'2025-10-30',120,'','Inv 08051','not_paid','approved',0),(1928,189,'2025-11-02',129,'','Inv 6','not_paid','approved',0),(1929,19,'2025-11-02',11,'','INV BR-3269','draft','approved',0),(1930,19,'2025-11-02',0,'','INV BR-3272 (CUSTOMER MR AHMED)','draft','approved',0),(1931,100,'2025-10-30',120,'','Inv 2576','not_paid','approved',0),(1932,100,'2025-10-21',129,'','Inv 2575','not_paid','approved',0),(1933,100,'2025-10-15',123,'','Inv 2574','not_paid','approved',0),(1934,100,'2025-10-29',131,'','Inv 106','draft','approved',0),(1935,16,'2025-11-03',129,'','INV 1003210','draft','approved',0),(1936,16,'2025-11-03',0,'','INV 1003209 (FOR COMPANY)','draft','approved',0),(1937,19,'2025-11-04',11,'','INV BR-3304','not_paid','approved',0),(1938,4,'2025-11-05',132,'','INV 13293','draft','approved',0),(1939,17,'2025-11-05',120,'','INV 03427','not_paid','approved',0),(1940,4,'2025-11-05',132,'','INV 13293','draft','approved',0),(1941,13,'2025-11-05',0,'','INV 19962 (FOR COMPANY)','draft','approved',0),(1942,60,'2025-11-05',0,'','INV 003119 (FOR MAZIN WOOD & YOUSUF AL SNINANI PROJECT)','not_paid','approved',0),(1943,13,'2025-11-06',0,'','Inv 19970','draft','approved',0),(1944,141,'2025-11-06',0,'','Inv 5435','not_paid','approved',0),(1945,34,'2025-11-05',120,'','Inv 995','not_paid','approved',0),(1946,52,'2025-11-06',132,'','Inv 18986','not_paid','approved',0),(1947,4,'2025-11-06',119,'','Inv 013301','draft','approved',0),(1948,145,'2025-11-09',0,'','INV 88938 (FOR COMPANY)','not_paid','approved',0),(1949,121,'2025-11-09',118,'','INV 45209','not_paid','approved',0),(1950,141,'2025-11-08',0,'','INV 5444 (FOR COMPANY)','not_paid','approved',0),(1951,145,'2025-11-09',0,'','INV 88938 FOR COMPANY','draft','not_approved',0),(1952,13,'2025-11-11',0,'','INV 20158 ( COMPANY)','not_paid','approved',0),(1953,135,'2025-11-11',137,'','INV 25-2670','not_paid','approved',0),(1954,16,'2025-11-11',137,'','INV 1003317','draft','approved',0),(1955,118,'2025-11-11',0,'','INV 05854/25 FOR COMPANY','not_paid','approved',0),(1956,4,'2025-11-11',137,'','INV 013317','draft','approved',0),(1957,12,'2025-11-11',127,'','INV 13618','not_paid','approved',0),(1958,126,'2025-11-13',0,'','INV 9142 (FOR MACHINE MAINTENANCE)','not_paid','approved',0),(1959,12,'2025-11-11',0,'','INV 0434 (AL ADRAAK PROJECT)','draft','not_approved',0),(1960,173,'2025-11-11',0,'','INV 0434 (FOR AL ADRAAK PROJECT)','not_paid','approved',0),(1961,173,'2025-11-10',0,'','INV 0435 (FOR BADAR AL SUBHI PROJECT)','not_paid','approved',0),(1962,12,'2025-11-15',135,'','INV B5722','not_paid','approved',0),(1963,129,'2025-11-16',0,'','INV 16449 (AL MOHTASAM AL ABRI)\n','not_paid','approved',0),(1964,159,'2025-11-13',0,'','INV 751 (FOR AL MOHTASAM AL ABRI)','not_paid','approved',0),(1965,17,'2025-11-16',135,'','INV 03770','not_paid','approved',0),(1966,66,'2025-11-16',137,'','INV N-8828','not_paid','approved',0),(1967,52,'2025-11-16',107,'','INV 19112','not_paid','approved',0),(1968,25,'2025-11-16',0,'','INV 010501460 (FOR MOHTASIM AL ABRI)','not_paid','approved',0),(1969,135,'2025-11-18',137,'','INV 25-2756','not_paid','approved',0),(1970,19,'2025-11-15',0,'','BR-3431 (FOR SAAD MOHAMMRD PROJECT)','not_paid','approved',0),(1971,19,'2025-11-17',120,'','INV BR-3461','not_paid','approved',0),(1972,19,'2025-11-15',0,'','INV BR-3432 (FOR KAWTHER, MR AHMED, SHAZIL SOFA)','not_paid','approved',0),(1973,173,'2025-11-16',127,'','INV 0436','not_paid','approved',0),(1974,173,'2025-11-16',119,'','INV 0437','not_paid','approved',0),(1975,4,'2025-11-19',135,'','INV 13344','not_paid','approved',0),(1976,52,'2025-11-20',135,'','INV 19160','not_paid','approved',0),(1977,12,'2025-11-19',0,'','INV B5763 (FOR KHALID AL HUSSNI & MAJED AL HUSSNI)','not_paid','approved',0),(1978,12,'2025-11-22',0,'','INV B5783 (CUSTOMER KHALI & MAJID)','not_paid','approved',0),(1979,190,'2025-11-22',137,'','INV 000/72/25 ','not_paid','approved',0),(1980,145,'2025-11-24',0,'','INV 90789 (FOR CMP)','not_paid','approved',0),(1981,12,'2025-11-24',0,'','Inv 13682','not_paid','approved',0),(1982,19,'2025-11-24',0,'','INV BR-3539 (SULIMAN AL JAWHI)','not_paid','approved',0),(1983,66,'2025-11-23',137,'','INV N-8828 ','not_paid','approved',0),(1984,35,'2025-11-23',135,'','INV 001432','not_paid','approved',0),(1985,141,'2025-11-24',0,'','INV 5538 (FOR CMP)','not_paid','approved',0),(1986,173,'2025-11-25',0,'','INV 0439 (FOR MOHTASAM AL ABRI)','not_paid','approved',0),(1987,173,'2025-11-27',0,'','INV 0441 (FOR HAFIZ)','not_paid','approved',0),(1988,193,'2025-11-27',0,'','INV 03377 (MOHTASAM AL ABRI)','not_paid','approved',0),(1989,192,'2025-11-26',137,'','INV 24549','not_paid','approved',0),(1990,191,'2025-11-24',119,'','INV 0001473 ','not_paid','approved',0),(1991,190,'2025-11-26',137,'','INV 00077/25','not_paid','approved',0),(1992,123,'2025-11-26',129,'','INV 2551','not_paid','approved',0),(1993,129,'2025-11-30',0,'','INV 17106 (FOR HAFIZ AL BUSAIDI)','not_paid','approved',0),(1994,136,'2025-11-30',134,'','INV 6517','not_paid','approved',0),(1995,114,'2025-11-30',0,'','INV 79694 (CONSTRUCTION WORK FOR FACTORY)','not_paid','approved',0),(1996,4,'2025-11-30',137,'','INV 013384','draft','approved',0),(1997,19,'2025-11-30',134,'','INV BR-3606','not_paid','approved',0),(1998,181,'2025-12-01',134,'','INV 04087','not_paid','approved',0),(1999,181,'2025-12-01',120,'','INV 04089','not_paid','approved',0),(2000,194,'2025-11-18',0,'','INV 000003 (FOR COMPANY)','not_paid','approved',0),(2001,25,'2025-11-29',0,'','INV  501460 (FOR HAFIZ UM BOSAUDI PROJECT)','not_paid','approved',0),(2002,145,'2025-12-01',0,'','INV 91585 (FOR CMP)','not_paid','approved',0),(2003,194,'2025-11-30',0,'','INV 000004 (VENEER DOOR FROM CHINA)','draft','not_approved',0),(2004,27,'2025-12-03',120,'','INV 07703','not_paid','approved',0),(2005,16,'2025-12-03',0,'','INV 01003602 (FOR CMP)','draft','approved',0),(2006,12,'2025-12-03',11,'','INV 13729','not_paid','approved',0),(2007,60,'2025-12-03',11,'','INV 003401/2025','not_paid','approved',0),(2008,34,'2025-11-05',120,'','INV 00949','not_paid','approved',0),(2009,100,'2025-11-19',135,'','inv 108','draft','approved',0),(2010,100,'2025-11-24',102,'','inv 2578','draft','approved',0),(2011,100,'2025-11-24',119,'','inv 2579','draft','approved',0),(2012,100,'2025-11-27',0,'','inv 2580','draft','approved',0),(2013,100,'2025-11-30',134,'','inv 2581','draft','approved',0),(2014,88,'2025-12-06',120,'','INV 97783','not_paid','approved',0),(2015,187,'2025-12-08',0,'','INV 14296 (FOR ESSAM AL SUBHI)','not_paid','approved',0),(2016,113,'2025-12-08',0,'','INV 28327 (FOR ESSAM AL-SUBHI)','not_paid','approved',0),(2017,19,'2025-12-09',0,'','INV BR-3721 (ESSAM AL SUBHI)','not_paid','approved',0),(2018,13,'2025-12-08',0,'','INV 20762 (CMP)','draft','approved',0),(2019,106,'2025-12-09',0,'','INV C22794 (FOR CMP)','not_paid','approved',0),(2020,12,'2025-12-09',0,'','INV B5920 (CMP) ','not_paid','approved',0),(2021,3,'2025-12-09',0,'','INV 9163917783 (SHAZIL SOFA)','not_paid','approved',0),(2022,19,'2025-12-08',138,'','INV BR-3698 (YOUSSEF AL-ZADIJALI FOR COMMERCIL PLAWOOD 4X8X12 MM MALAYSIA0','not_paid','approved',0),(2023,35,'2025-12-09',138,'','INV 001505','not_paid','approved',0),(2024,152,'2025-12-09',0,'','INV BK10021002 (AL MASA HAYYE AL AZAM)','not_paid','approved',0),(2025,152,'2025-12-09',134,'','INV 20999','not_paid','approved',0),(2026,140,'2025-12-09',0,'','INV 4761 (ESAM ALSUBHI)','not_paid','approved',0),(2027,140,'2025-12-10',0,'','INV 4773 (ESAM AL SUBHI)','not_paid','approved',0),(2028,140,'2025-12-09',0,'','INV 4762 (ESSAM AL SUBHI)','not_paid','approved',0),(2029,195,'2025-12-13',0,'','INV 1997 CMP','not_paid','approved',0),(2030,12,'2025-12-13',127,'','INV 13781','not_paid','approved',0),(2031,196,'2025-12-10',0,'','INV 5000553 (FOR SHAZIL SOFA)','not_paid','approved',0),(2032,136,'2025-12-11',0,'','INV 6716 (FOR CMP)','not_paid','approved',0),(2033,197,'2025-12-10',0,'','INV 8532 SHAZIL SOFA (FOR ESSAM AL SUBHI PROJECT)','not_paid','approved',0),(2034,66,'2025-12-11',0,'','INV S-1764 (AHMED AL MAHROQI & KAWTHER AL RAMDANI)','draft','not_approved',0),(2035,66,'2025-12-02',120,'','INV S-1764 (MIRROR GLASS)','not_paid','approved',0),(2036,66,'2025-12-01',0,'','INV N-8969 (KAWTHER - MIRROR GLASS)','not_paid','approved',0),(2037,66,'2025-12-01',120,'','INV N-8968 (GLASS)','not_paid','approved',0),(2038,118,'2025-12-14',0,'','INV 06509/25 (PAID BY KHALIFA FOR CMP)','not_paid','approved',0),(2039,152,'2025-12-15',0,'','INV 21193 (WALID AL SUBHI)','not_paid','approved',0),(2040,93,'2025-12-14',0,'','INV 192605 (MR AHMED CARD - RENOVATION WORK AT FACTORY FROM INTERNATIONAL KINGDOM FOR BULIDING AND MATERIALS - MAMLKH HOME)','not_paid','approved',0),(2041,19,'2025-12-13',127,'','INV BR-3764','not_paid','approved',0),(2042,4,'2025-12-14',127,'','INV 013448','draft','approved',0),(2043,106,'2025-12-16',0,'','INV 25-C23301 (CMP)','not_paid','approved',0),(2044,12,'2025-12-17',0,'','INV 13807 (MAZIN FOR WOOD WORKS) ','not_paid','approved',0),(2045,19,'2025-12-17',0,'','INV BR-3810 (MAZIN FOR WOOD WORK)','not_paid','approved',0),(2046,173,'2025-12-15',0,'','INV 0440 (PAID BY KHALIFA FOR STEEL FRAME)','not_paid','approved',0),(2047,16,'2025-12-14',0,'','INV 3736 (AMMAR (SOFA))','draft','approved',0),(2048,13,'2025-12-17',0,'','INV 20880 (CMP)','draft','approved',0),(2049,126,'2025-12-20',0,'','INV 10095 (FOR CUTTING MACHINE MAINTENANCE)','not_paid','approved',0),(2050,126,'2025-12-20',0,'','INV 10095 (FOR WOOD CUTTING MACHINE MAINTENANCE)','not_paid','approved',0),(2051,121,'2025-12-18',0,'','INV 4549 (HAFIZ AL BUSAIDI)','not_paid','approved',0),(2052,17,'2025-12-09',134,'','INV 5111 ','not_paid','approved',0),(2053,17,'2025-12-02',135,'','INV 5011','not_paid','approved',0),(2054,152,'2025-12-20',0,'','INV BK70021333 (ESSAM AL SUBHI)','not_paid','approved',0),(2055,152,'2025-12-21',0,'','INV 21385 (ESSAM AL SUBHI)','not_paid','approved',0),(2056,12,'2025-12-22',0,'','INV B6025 (ESSAM AL SUBHI)','not_paid','approved',0),(2057,19,'2025-12-22',0,'','INV BR-3854 (ESSAM AL SUBHI)','not_paid','approved',0),(2058,38,'2025-12-17',0,'','INV 1661 (CMP)','not_paid','approved',0),(2059,12,'2025-12-23',0,'','INV B6032 (ESSAM AL SUBHI)','not_paid','approved',0),(2060,137,'2025-12-23',0,'','INV 0613 (IBRAHIM AL SUBHI)','not_paid','approved',0),(2061,197,'2025-12-22',134,'','INV 8806','draft','approved',0),(2062,198,'2025-12-22',0,'','INV 79591 (ESSAM AL SUBHI)','not_paid','approved',0),(2063,83,'2025-12-22',0,'','INV 113515 (ESSAM AL SUBHI)','not_paid','approved',0),(2064,188,'2025-12-23',0,'','INV 25-C23799 (CMP)','not_paid','approved',0),(2065,52,'2025-12-22',135,'','INV 19499','not_paid','approved',0),(2066,52,'2025-12-22',134,'','INV 19498','not_paid','approved',0),(2067,7,'2025-12-22',0,'','INV 16-8324 (ESSAM AL SUBHI)','not_paid','approved',0),(2068,16,'2025-12-21',0,'','INV 3834 (CMP)','draft','approved',0),(2069,19,'2025-12-27',0,'','INV BR-3887 (ESSAM AL SUBHI)','not_paid','approved',0),(2070,122,'2025-12-27',0,'','INV B033382 (CMP)','not_paid','approved',0),(2071,148,'2025-12-27',0,'','INV 0286 (CMP)','not_paid','approved',0),(2072,12,'2025-12-28',0,'','INV B6073 (ESSAM AL SUBHI)','not_paid','approved',0),(2073,197,'2025-12-25',0,'','INV 8887 (ESSAM AL SUBHI)','not_paid','approved',0),(2074,199,'2025-12-26',0,'','INV AN-14838 (FOR SHAZIL)','not_paid','approved',0),(2075,181,'2025-12-11',0,'','INV 5127 (ALMASA HAYE AL AZEM)','not_paid','approved',0),(2076,16,'2026-01-03',0,'','INV 1000011 (CMP)','not_paid','approved',0),(2077,100,'2025-12-06',0,'','INV 2583 (DEVELOMENT STATION SPC)','draft','not_approved',0),(2078,100,'2025-12-06',107,'','2583','draft','approved',0),(2079,100,'2025-12-16',110,'','INV 2585','draft','approved',0),(2080,100,'2025-12-22',0,'','INV 2586 (ALMASA HAI AL AZAM)','draft','approved',0),(2081,100,'2025-12-22',0,'','INV 2587 (ESSAM AL SUBHI)','draft','approved',0),(2082,100,'2025-12-23',0,'','INV 2588 (ESSAM AL SUBHI)','draft','approved',0),(2083,100,'2025-12-25',0,'','INV 2589 (ALMASA HAI AL AZAM)','draft','approved',0),(2084,100,'2025-12-28',0,'','INV 2590 (NEW DOOR SAMPLE FOR SHOW ROOM FROM CHINA)','draft','approved',0),(2085,100,'2025-12-28',134,'','INV 2591','draft','approved',0),(2086,100,'2025-12-28',0,'','INV 2592 (NEW OFFICE FOR STAFF)','draft','approved',0),(2087,100,'2025-12-31',0,'','INV 2593 (FOR NEW OFFICE & WORKERS ACCOMODATION)','draft','approved',0),(2088,100,'2025-12-03',134,'','INV 109','draft','approved',0),(2089,100,'2025-12-10',0,'','INV 110 (ESSAM AL SUBHI)','draft','approved',0),(2090,100,'2025-12-10',0,'','INV 111 (AL MASA HAI AL AZAM)','draft','approved',0),(2091,100,'2025-12-22',0,'','INV  112 (ESSAM AL SUBHI)','draft','approved',0),(2092,100,'2025-12-23',0,'','INV 113 (MR. AHMED FRIEND)','draft','approved',0),(2093,100,'2025-12-29',134,'','INV 114','draft','approved',0),(2094,137,'2025-12-30',0,'','INV 625 (CMP)','draft','approved',0),(2095,52,'2026-01-06',0,'','INV 19688 (ESSAM AL SUBHI)','draft','not_approved',0),(2096,19,'2026-01-07',0,'','INV BR-81 (MR. AHMED)','not_paid','approved',0),(2097,200,'2026-01-11',0,'','INV B001890 PAID BY MR. AHMED CARD (CMP)','not_paid','approved',0),(2098,145,'2026-01-10',0,'','INV 96043 (CMP)','draft','approved',0),(2099,83,'2026-01-01',0,'','INV 2026//000041 SHAZIL BILL (ESSAM AL SUBHI)','not_paid','approved',0),(2100,197,'2026-01-03',134,'','INV 04041 (SHAZIL SOFA)','not_paid','approved',0),(2101,197,'2026-01-03',0,'','INV 04042 SHAZIL SOFA BILL (ESSAM AL SUBHI)','not_paid','approved',0),(2102,197,'2026-01-11',0,'','INV 04247 SHAZIL SOFA BILL (ESSAM AL SUBHI)','not_paid','approved',0),(2103,106,'2026-01-03',0,'','INV 26-C97 (SHAZIL SOFA)','not_paid','approved',0),(2104,113,'2026-01-15',129,'','INV 150 (SHAZIL SOFA INV)','not_paid','approved',0),(2105,19,'2026-01-17',0,'','INV BR-185 (MOHAMMED AL RABI)','not_paid','approved',0),(2106,152,'2026-01-13',140,'','INV BK10022195','not_paid','approved',0),(2107,200,'2026-01-14',0,'','INV B002030 (CMP)','not_paid','approved',0),(2108,137,'2026-01-12',0,'','INV 0641 (CMP)','not_paid','approved',0),(2109,27,'2026-01-17',0,'','INV SQ - 26-00364 PAID ON 14-01-26 (CUSTOMER AHMED AL MAHROQI &BADR AL BLUSHI & MOHAMMED AL RABI)','not_paid','approved',0),(2110,93,'2026-01-17',0,'','INV 202142 (CMP)','not_paid','approved',0),(2111,140,'2026-01-13',140,'','INV 1000000144 ','draft','approved',0),(2112,140,'2026-01-13',140,'','INV 1000000144','not_paid','approved',0),(2113,121,'2026-01-11',0,'','INV Q8410 (FOR NEW OFFICE)','draft','not_approved',0),(2114,135,'2026-01-19',120,'','INV 26-0151','not_paid','approved',0),(2115,7,'2026-01-19',120,'','INV 16-35843','not_paid','approved',0),(2116,181,'2026-01-20',140,'','INV 00462','not_paid','approved',0),(2117,106,'2026-01-14',0,'','INV 26-C920 (CMP )','not_paid','approved',0),(2118,106,'2026-01-22',0,'','INV 7077 (IBRAHIM AL- SUBHI)','not_paid','approved',0),(2119,140,'2026-01-21',140,'','INV 1000000323 ','not_paid','approved',0),(2120,19,'2026-01-19',0,'','INV BR-223 (HAI AL AZAM)','draft','approved',0),(2121,12,'2026-01-20',0,'','INV B6285 (BADR AL BLUSHI AND MOHAMMED SAEED AL RABI)','not_paid','approved',0),(2122,152,'2026-01-19',0,'','INV BKI0022404 (ALMASA HAI AL AZAM)','not_paid','approved',0),(2123,53,'2026-01-21',0,'','INV 21126 (CMP)','not_paid','approved',0),(2124,137,'2026-01-12',0,'','INV 0641 (CMP)','draft','not_approved',0),(2125,17,'2026-01-19',0,'','INV 00443 (HAI AL AZAM )','not_paid','approved',0),(2126,7,'2026-01-19',120,'','INV 35843','not_paid','approved',0),(2127,129,'2026-01-24',120,'','INV 19352','not_paid','approved',0),(2128,16,'2026-01-24',0,'','INV 1000259 (AMMAR BOUSHER)','not_paid','approved',0),(2129,19,'2026-01-25',120,'','INV BR-295','not_paid','approved',0),(2130,193,'2026-01-26',0,'','INV 0533 (MOHTASIM AL ABRI)','not_paid','approved',0),(2131,152,'2026-01-25',120,'','INV BKI0022627 ','not_paid','approved',0),(2132,140,'2026-01-21',140,'','INV 1000000323','not_paid','approved',0),(2133,52,'2026-01-22',140,'','INV 19900','not_paid','approved',0),(2134,52,'2026-01-22',0,'','INV 19899 (MOHAMMED SAEED AL RABIE)','not_paid','approved',0),(2135,52,'2026-01-22',0,'','INV 19898 (HAI AL AZAM-AL MASA)','not_paid','approved',0),(2136,201,'2026-01-28',0,'','INV 17772 ( CMP )','not_paid','approved',0),(2137,27,'2026-01-29',140,'','INV SI-26-00667','not_paid','approved',0),(2138,131,'2026-01-25',0,'','INV 189 (CMP)','not_paid','approved',0),(2139,4,'2026-01-21',0,'','INV 013599 ( MOHTASIM AL ABRI )','not_paid','approved',0),(2140,4,'2026-01-21',138,'','INV 013598','not_paid','approved',0),(2141,202,'2025-12-17',0,'','INV 0962 SHAZIL BILL ( ESSAM AL SUBHI )','not_paid','approved',0),(2142,197,'2025-12-18',0,'','INV 8728 (ESSAM AL SUBHI)','not_paid','approved',0),(2143,197,'2025-12-16',0,'','INV 3909 (ESSAM AL SUBHI)','not_paid','approved',0),(2144,197,'2025-12-16',0,'','INV 3909 (ESSAM AL SUBHI)','not_paid','approved',0),(2145,197,'2025-12-13',0,'','INV 8597 (ESSAM AL SUBHI)','not_paid','approved',0),(2146,197,'2025-12-13',0,'','INV 8598 (ESSAM AL SUBHI)','not_paid','approved',0),(2147,197,'2025-12-15',0,'','INV 8647 SHAZIL BILL (ESSAM AL SUBHI)','not_paid','approved',0),(2148,198,'2025-12-11',0,'','INV 78485 SHAZIL BILL (ESSAM AL SUBHI)','not_paid','approved',0),(2149,198,'2025-12-11',0,'','INV 78486 SHAZIL BILL (ESSAM AL SUBHI)','not_paid','approved',0),(2150,83,'2025-12-11',0,'','INV 28602 SHAZIL BILL (ESSAM AL SUBHI)','not_paid','approved',0),(2151,197,'2025-12-11',0,'','INV 8570 SHAZIL BILL (ESSAM AL SUBHI)','not_paid','approved',0),(2152,83,'2025-12-11',0,'','INV 11576 SHAZIL BILL (ESSAM AL SUBHI)','not_paid','approved',0),(2153,83,'2025-12-18',0,'','INV 39779 SHAZIL BILL (ESSAM AL SUBHI)','not_paid','approved',0),(2154,83,'2025-12-11',0,'','INV 111578 SHAZIL BILL (ESSAM AL SUBHI)','not_paid','approved',0),(2155,113,'2026-01-26',107,'','INV 253 SHAZIL BILL','not_paid','approved',0),(2156,83,'2026-01-29',0,'','INV 005078 SHAZIL BILL (IBRAHIM AL SUBHI)','not_paid','approved',0),(2157,197,'2026-01-28',107,'','INV 04742 (SHAZIL SOFA BILL) ','not_paid','approved',0),(2158,197,'2026-01-26',0,'','INV 04681 SHAZIL SOFA (AMMAR)','not_paid','approved',0),(2159,198,'2026-01-25',107,'','INV 83055 SHAZIL SOFA','not_paid','approved',0),(2160,12,'2026-01-24',0,'','INV B6327 ( MOHAMMED SAEED AL RABIE)','not_paid','approved',0),(2161,19,'2026-01-22',0,'','INV BR-276 (IBRAHIM AL SUBHI & KHALIDA AL MASHRAFI)','not_paid','approved',0),(2162,184,'2025-11-19',135,'','INV 3340 ( SHAZIL SOFA)','not_paid','approved',0),(2163,187,'2026-01-11',135,'','INV 13376  ( SHAZIL SOFA )','not_paid','approved',0),(2164,176,'2025-12-11',134,'','INV 13037','not_paid','approved',0),(2165,198,'2026-01-31',0,'','INV 79204 SHAZIL SOFA (ESSAM AL SUBHI)','not_paid','approved',0),(2166,204,'2026-01-31',0,'','INV 0855 (ESSAM AL SUBHI)','not_paid','approved',0),(2167,184,'2025-11-08',129,'','INV 3288 SHAZIL SOFA ','not_paid','approved',0),(2168,113,'2025-11-10',129,'','INV 25901 SHAZIL SOFA','not_paid','approved',0),(2169,113,'2025-11-15',129,'','INV 26195 SHAZIL SOFA','not_paid','approved',0),(2170,113,'2025-11-03',129,'','INV 25323 SHAZIL SOFA','not_paid','approved',0),(2171,135,'2026-01-19',120,'','INV 180126-002','not_paid','approved',0),(2172,12,'2026-02-03',142,'','INV 14023','not_paid','approved',0),(2173,115,'2026-02-01',0,'','INV 00586/26 (CUSTOMER IBRAHIM AL SUBHI)','not_paid','approved',0),(2174,140,'2026-01-31',140,'','INV 1000000482','not_paid','approved',0),(2175,16,'2026-02-03',0,'','INV 1000370 ( CMP )','not_paid','approved',0),(2176,13,'2026-01-17',0,'','INV 21692 ( CMP )','not_paid','approved',0),(2177,88,'2026-02-08',120,'','INV 64814','not_paid','approved',0),(2178,12,'2026-02-07',0,'','INV B6443 (CMP )','not_paid','approved',0),(2179,12,'2026-02-05',107,'','INV B6434','not_paid','approved',0),(2180,205,'2026-01-19',120,'','INV 3208','draft','approved',0),(2181,197,'2026-02-08',120,'','INV 05062 ( SHAZIL BILL )','not_paid','approved',0),(2182,173,'2026-01-07',0,'','INV 0453 (MAJID AND KHALEEL AL HUSSNI)','not_paid','approved',0),(2183,173,'2026-02-05',118,'','INV 0458','not_paid','approved',0),(2184,187,'2026-02-07',120,'','INV 1595','not_paid','approved',0),(2185,19,'2026-02-05',0,'','INV BR-462 (KHALEEL & YOUSUF AL HUSSNI)','not_paid','approved',0),(2186,19,'2026-02-05',151,'','INV BR-467','not_paid','approved',0),(2187,27,'2026-02-07',0,'','INV SI-26-00863 ( KHALEEL AL HUSSNI)','not_paid','approved',0),(2188,140,'2026-02-07',0,'','INV 1000000598 (KHALEEL AL-HUSSNI)','not_paid','approved',0),(2189,12,'2026-02-10',118,'','INV B6466','not_paid','approved',0),(2190,12,'2026-02-09',0,'','INV 14056 (MOHAMMED AL-HARTHI)','not_paid','approved',0),(2191,115,'2026-02-09',118,'','INV 727/26','not_paid','approved',0),(2192,140,'2026-02-07',151,'','INV 1000000599','not_paid','approved',0),(2193,19,'2026-02-07',127,'','INV BR-482','not_paid','approved',0),(2194,4,'2026-02-02',120,'','INV 013643','draft','approved',0),(2195,152,'2026-02-05',114,'','INV BK0023115','not_paid','approved',0),(2196,152,'2026-02-07',114,'','INV BKI0023171','not_paid','approved',0),(2197,12,'2026-02-10',118,'','INV B6476','not_paid','approved',0),(2198,27,'2026-02-10',120,'','INV 971','not_paid','approved',0),(2199,145,'2026-02-14',0,'','INV 99841 ( CMP )','not_paid','approved',0),(2200,16,'2026-02-14',0,'','INV 1000487 ( CMP )','not_paid','approved',0),(2201,4,'2026-02-09',120,'','INV 013683 ( AHMED AL SUBHI )','draft','approved',0),(2202,4,'2026-02-07',120,'','INV 013675','draft','approved',0),(2203,52,'2026-02-12',114,'','INV 20159','not_paid','approved',0),(2204,123,'2026-02-15',90,'','INV 7279','not_paid','approved',0),(2205,12,'2026-02-15',127,'','INV B6495','not_paid','approved',0),(2206,12,'2026-02-16',0,'','INV IV00014086 (MAZIN WOOD RUSTAQ & YOUSUF AL HUSSNI)','not_paid','approved',0),(2207,27,'2026-02-15',0,'','INV SI-26-01121 ( NASSER AL NOUMANI)','not_paid','approved',0),(2208,105,'2026-02-16',0,'','INV 11790 (NASSER AL NOUMANI)','not_paid','approved',0),(2209,131,'2026-02-17',127,'','INV 200','not_paid','approved',0),(2210,19,'2026-02-14',118,'','INV BR-569','not_paid','approved',0),(2211,19,'2026-02-16',0,'','INV BR-597 ( MAZIN WOOD )','not_paid','approved',0),(2212,106,'2026-02-18',0,'','INV 26-C3480','not_paid','approved',0),(2213,11,'2026-02-23',0,'','INV 602807 ( CMP )','not_paid','approved',0),(2214,141,'2026-02-21',0,'','INV 6097 CMP )','not_paid','approved',0),(2215,152,'2026-02-23',114,'','INV 23793','not_paid','approved',0),(2216,206,'2026-02-15',120,'','INV 139','not_paid','approved',0),(2217,4,'2026-02-19',138,'','INV 013708','draft','approved',0),(2218,129,'2026-02-22',149,'','INV 20817','not_paid','approved',0),(2219,145,'2026-02-24',0,'','INV 101077 ( CMP )','not_paid','approved',0),(2220,207,'2026-02-12',118,'','INV 00078','not_paid','approved',0),(2221,118,'2026-02-23',0,'','INV 01023/26 ( CMP )','not_paid','approved',0),(2222,140,'2026-02-24',114,'','INV 1000000895','not_paid','approved',0),(2223,25,'2026-02-23',149,'','INV 23226 ','not_paid','approved',0),(2224,198,'2026-02-25',151,'','INV 86749','not_paid','approved',0),(2225,19,'2026-02-25',0,'','INV BR-717','not_paid','approved',0),(2226,16,'2026-02-09',120,'','INV 1000430','not_paid','approved',0),(2227,19,'2026-02-25',0,'','INV BR-717 ( MINISTRY )','not_paid','approved',0),(2228,27,'2026-02-26',0,'','INV SI-26-01382 ( ALSABI','not_paid','approved',0),(2229,19,'2026-02-22',0,'','INV BR-674 ( MINISTRY )','not_paid','approved',0),(2230,19,'2026-01-26',0,'','INV BR-726 ( CMP )','not_paid','approved',0),(2231,131,'2026-02-25',149,'','INV 207','not_paid','approved',0),(2232,52,'2026-02-26',151,'','INV 20335','not_paid','approved',0),(2233,12,'2026-02-24',114,'','INV B6558','not_paid','approved',0),(2234,12,'2026-02-26',0,'','INV 14131 ( YOUSUF AL HUSSNI & AHMED AL RASHIDI-FAHAD ALSAWAFI )','not_paid','approved',0),(2235,188,'2026-03-02',0,'','INV C4144 (CMP)','not_paid','approved',0),(2236,197,'2026-02-26',151,'','INV 05576','not_paid','approved',0),(2237,52,'2026-03-02',0,'','inv 20385 (Majed Al-Hasani)','not_paid','approved',0),(2238,126,'2026-03-04',0,'','INV SL1762 (CMP)','not_paid','approved',0),(2239,25,'2026-03-02',157,'','INV 13389 ','not_paid','approved',0),(2240,129,'2026-03-02',157,'','INV 21165','not_paid','approved',0),(2241,19,'2026-03-08',0,'','INV BR-825','draft','approved',0),(2242,34,'2026-02-26',0,'','INV 2026-00174 ( MINISTRY )','not_paid','approved',0),(2243,19,'2026-03-02',0,'','INV BR-760 ( KHALID )','not_paid','approved',0),(2244,208,'2026-03-09',0,'','INV 26-000416 (AHMED ALSUBHI)','not_paid','approved',0),(2245,12,'2026-03-09',0,'','INV B6645 (NASSER AL-NOUMANI)','not_paid','approved',0),(2246,175,'2026-03-10',120,'','inv 0179','not_paid','approved',0),(2247,181,'2026-03-27',140,'','QUOT 5646','not_paid','approved',0),(2248,27,'2026-03-16',0,'','INV SI-26-01786 ( NASSER AL NOUMANI )','not_paid','approved',0),(2249,106,'2026-03-16',0,'','INV 26-C4975 ( ALSIABI KITCHEN )','not_paid','approved',0),(2250,152,'2026-03-10',0,'','INV BKI0024346 ( NASSER AL NOUMANI )','not_paid','approved',0);

--
-- Table structure for table `nizwa_packing_productspurchase_return_items`
--

CREATE TABLE `nizwa_packing_productspurchase_return_items` (
  `id` int(11) NOT NULL AUTO_INCREMENT,
  `item_id` int(11) NOT NULL,
  `po_item_id` int(11) NOT NULL,
  `quantity` double NOT NULL DEFAULT '0',
  `deleted` int(1) NOT NULL DEFAULT '0',
  `purchase_return_id` int(11) NOT NULL,
  `sort` int(11) NOT NULL DEFAULT '0',
  PRIMARY KEY (`id`)
) ENGINE=InnoDB AUTO_INCREMENT=29 DEFAULT CHARSET=utf8 COLLATE=utf8_unicode_ci;

--
-- Dumping data for table `nizwa_packing_productspurchase_return_items`
--

INSERT INTO `nizwa_packing_productspurchase_return_items` VALUES (1,0,1321,1,0,1,0),(2,336,2931,132,0,2,0),(3,1666,2987,0,0,3,0),(4,0,2988,0,0,3,0),(5,0,2989,0,0,3,0),(6,0,2990,0,0,3,0),(7,1644,2938,20,0,4,0),(8,1645,2939,6,0,4,0),(9,1646,2940,2,0,4,0),(10,1604,3242,12,0,5,0),(11,1768,3243,5,0,5,0),(12,1790,3250,8,0,6,0),(13,870,3251,8.25,0,6,0),(14,1630,3252,5,0,6,0),(15,1656,3253,7,0,6,0),(16,1830,3374,2,0,7,0),(17,1831,3375,2,0,7,0),(18,1832,3376,2,0,7,0),(19,1812,3518,1,0,8,0),(20,1812,3518,1,0,9,0),(21,1812,3518,1,0,10,0),(22,1806,3645,5,0,11,0),(23,1847,3646,3.06,0,11,0),(24,1808,3647,3,0,11,0),(25,968,3648,0.524,0,11,0),(26,1915,3649,4,0,12,0),(27,1915,3650,6,0,12,0),(28,968,3651,41,0,12,0);

--
-- Table structure for table `nizwa_packing_productspurchase_returns`
--

CREATE TABLE `nizwa_packing_productspurchase_returns` (
  `id` int(11) NOT NULL AUTO_INCREMENT,
  `purchase_order_id` int(11) NOT NULL,
  `shipment_id` int(11) DEFAULT NULL,
  `supplier_id` int(11) NOT NULL DEFAULT '0',
  `payment_method_id` int(11) DEFAULT '0',
  `transaction_id` int(11) DEFAULT '0',
  `date` date NOT NULL,
  `status` enum('draft','approved') COLLATE utf8_unicode_ci DEFAULT 'draft',
  `note` text COLLATE utf8_unicode_ci,
  `deleted` int(1) NOT NULL DEFAULT '0',
  PRIMARY KEY (`id`)
) ENGINE=InnoDB AUTO_INCREMENT=13 DEFAULT CHARSET=utf8 COLLATE=utf8_unicode_ci;

--
-- Dumping data for table `nizwa_packing_productspurchase_returns`
--

INSERT INTO `nizwa_packing_productspurchase_returns` VALUES (1,515,NULL,73,4,0,'2024-03-04','approved','Purchase return against himam marketing for company profile 50% advance payment return on 04/03/24',0),(2,1110,NULL,12,4,0,'2024-11-20','approved','',0),(3,1137,NULL,119,4,0,'2024-12-17','approved','',0),(4,1113,NULL,17,4,0,'2024-12-06','approved','',0),(5,1235,NULL,26,4,0,'2024-11-17','approved','',0),(6,1241,NULL,19,4,0,'2025-01-15','approved','',0),(7,1290,NULL,26,4,0,'2024-10-24','approved','',0),(8,1341,NULL,88,4,0,'2025-02-09','approved','',0),(9,1341,NULL,88,4,0,'2025-02-09','approved','',0),(10,1341,NULL,88,4,0,'2025-02-10','approved','return',0),(11,1401,NULL,100,4,0,'2025-03-06','draft','',0),(12,1402,NULL,100,4,0,'2025-03-06','draft','',0);

--
-- Table structure for table `nizwa_packing_productsroles`
--

CREATE TABLE `nizwa_packing_productsroles` (
  `id` int(11) NOT NULL AUTO_INCREMENT,
  `title` varchar(100) COLLATE utf8_unicode_ci NOT NULL,
  `permissions` mediumtext COLLATE utf8_unicode_ci,
  `deleted` tinyint(1) NOT NULL DEFAULT '0',
  PRIMARY KEY (`id`)
) ENGINE=InnoDB AUTO_INCREMENT=10 DEFAULT CHARSET=utf8 COLLATE=utf8_unicode_ci;

--
-- Dumping data for table `nizwa_packing_productsroles`
--

INSERT INTO `nizwa_packing_productsroles` VALUES (1,'test BOM','a:147:{s:5:\"leave\";N;s:14:\"leave_specific\";s:0:\"\";s:10:\"attendance\";N;s:19:\"attendance_specific\";s:0:\"\";s:7:\"invoice\";N;s:8:\"job_info\";N;s:15:\"account_setting\";N;s:16:\"final_settelment\";N;s:8:\"estimate\";N;s:7:\"expense\";N;s:8:\"expiries\";N;s:10:\"petty_cash\";N;s:6:\"client\";N;s:4:\"lead\";N;s:6:\"ticket\";N;s:15:\"ticket_specific\";s:0:\"\";s:12:\"announcement\";N;s:17:\"approve_budgeting\";N;s:23:\"help_and_knowledge_base\";N;s:23:\"can_manage_all_projects\";N;s:19:\"can_create_projects\";N;s:17:\"can_edit_projects\";N;s:19:\"can_delete_projects\";N;s:30:\"can_add_remove_project_members\";N;s:16:\"can_create_tasks\";N;s:14:\"can_edit_tasks\";N;s:16:\"can_delete_tasks\";N;s:20:\"can_comment_on_tasks\";N;s:24:\"show_assigned_tasks_only\";N;s:21:\"can_create_milestones\";N;s:19:\"can_edit_milestones\";N;s:21:\"can_delete_milestones\";N;s:16:\"can_delete_files\";N;s:34:\"can_view_team_members_contact_info\";N;s:34:\"can_view_team_members_social_links\";N;s:29:\"team_member_update_permission\";N;s:38:\"team_member_update_permission_specific\";s:0:\"\";s:27:\"timesheet_manage_permission\";N;s:36:\"timesheet_manage_permission_specific\";N;s:21:\"disable_event_sharing\";N;s:22:\"hide_team_members_list\";N;s:28:\"can_delete_leave_application\";N;s:10:\"accounting\";N;s:7:\"payroll\";N;s:5:\"eroom\";N;s:4:\"logs\";N;s:7:\"reports\";N;s:25:\"can_access_delivery_notes\";N;s:25:\"can_create_delivery_notes\";N;s:23:\"can_edit_delivery_notes\";N;s:25:\"can_delete_delivery_notes\";N;s:31:\"delivery_note_manage_permission\";N;s:40:\"delivery_note_manage_permission_specific\";s:0:\"\";s:20:\"can_access_suppliers\";N;s:20:\"can_create_suppliers\";N;s:18:\"can_edit_suppliers\";N;s:20:\"can_delete_suppliers\";N;s:26:\"supplier_manage_permission\";N;s:35:\"supplier_manage_permission_specific\";s:0:\"\";s:26:\"can_access_purchase_orders\";N;s:26:\"can_create_purchase_orders\";N;s:24:\"can_edit_purchase_orders\";N;s:26:\"can_delete_purchase_orders\";N;s:32:\"purchase_order_manage_permission\";N;s:41:\"purchase_order_manage_permission_specific\";s:0:\"\";s:16:\"can_access_items\";N;s:16:\"can_create_items\";N;s:14:\"can_edit_items\";N;s:16:\"can_delete_items\";N;s:22:\"item_manage_permission\";N;s:31:\"item_manage_permission_specific\";s:0:\"\";s:25:\"can_access_items_category\";N;s:25:\"can_create_items_category\";N;s:23:\"can_edit_items_category\";N;s:25:\"can_delete_items_category\";N;s:31:\"item_category_manage_permission\";N;s:40:\"item_category_manage_permission_specific\";s:0:\"\";s:19:\"can_access_expiries\";N;s:21:\"can_access_petty_cash\";N;s:19:\"can_access_expenses\";N;s:19:\"can_create_expenses\";N;s:17:\"can_edit_expenses\";N;s:19:\"can_delete_expenses\";N;s:25:\"expense_manage_permission\";N;s:34:\"expense_manage_permission_specific\";s:0:\"\";s:20:\"internal_transaction\";N;s:27:\"can_access_invoice_payments\";N;s:27:\"can_create_invoice_payments\";N;s:25:\"can_edit_invoice_payments\";N;s:27:\"can_delete_invoice_payments\";N;s:34:\"can_access_purchase_order_payments\";N;s:34:\"can_create_purchase_order_payments\";N;s:32:\"can_edit_purchase_order_payments\";N;s:34:\"can_delete_purchase_order_payments\";N;s:19:\"can_access_contacts\";N;s:19:\"can_create_contacts\";N;s:17:\"can_edit_contacts\";N;s:19:\"can_delete_contacts\";N;s:25:\"contact_manage_permission\";N;s:34:\"contact_manage_permission_specific\";N;s:18:\"can_access_clients\";N;s:18:\"can_create_clients\";N;s:16:\"can_edit_clients\";N;s:18:\"can_delete_clients\";N;s:24:\"client_manage_permission\";N;s:33:\"client_manage_permission_specific\";s:0:\"\";s:16:\"can_access_leads\";N;s:16:\"can_create_leads\";N;s:14:\"can_edit_leads\";N;s:16:\"can_delete_leads\";N;s:23:\"leads_manage_permission\";N;s:32:\"leads_manage_permission_specific\";s:0:\"\";s:19:\"can_access_invoices\";N;s:19:\"can_create_invoices\";N;s:17:\"can_edit_invoices\";N;s:19:\"can_delete_invoices\";N;s:25:\"invoice_manage_permission\";N;s:34:\"invoice_manage_permission_specific\";s:0:\"\";s:21:\"can_access_job_orders\";s:1:\"1\";s:21:\"can_create_job_orders\";s:1:\"1\";s:19:\"can_edit_job_orders\";N;s:21:\"can_delete_job_orders\";s:1:\"1\";s:28:\"job_orders_manage_permission\";s:0:\"\";s:37:\"job_orders_manage_permission_specific\";s:8:\"member:5\";s:26:\"can_access_invoices_return\";N;s:26:\"can_create_invoices_return\";N;s:24:\"can_edit_invoices_return\";N;s:26:\"can_delete_invoices_return\";N;s:32:\"invoice_return_manage_permission\";N;s:41:\"invoice_return_manage_permission_specific\";s:0:\"\";s:20:\"can_access_estimates\";N;s:20:\"can_create_estimates\";N;s:18:\"can_edit_estimates\";N;s:20:\"can_delete_estimates\";N;s:26:\"estimate_manage_permission\";N;s:35:\"estimate_manage_permission_specific\";s:0:\"\";s:16:\"estimate_request\";N;s:8:\"discount\";i:0;s:8:\"expenses\";N;s:9:\"estimates\";N;s:8:\"invoices\";N;s:16:\"invoice_payments\";N;s:14:\"delivery_notes\";N;s:15:\"purchase_orders\";N;s:23:\"purchase_order_payments\";N;s:8:\"payrolls\";N;s:21:\"internal_transactions\";N;}',1),(2,'Management','a:148:{s:5:\"leave\";s:3:\"all\";s:14:\"leave_specific\";s:0:\"\";s:10:\"attendance\";N;s:19:\"attendance_specific\";s:0:\"\";s:7:\"invoice\";N;s:8:\"job_info\";s:3:\"all\";s:15:\"account_setting\";s:3:\"all\";s:16:\"final_settelment\";s:3:\"all\";s:8:\"estimate\";N;s:7:\"expense\";N;s:8:\"expiries\";s:3:\"all\";s:10:\"petty_cash\";N;s:6:\"client\";N;s:4:\"lead\";s:3:\"all\";s:6:\"ticket\";N;s:15:\"ticket_specific\";s:0:\"\";s:12:\"announcement\";s:3:\"all\";s:17:\"approve_budgeting\";N;s:23:\"help_and_knowledge_base\";s:3:\"all\";s:23:\"can_manage_all_projects\";s:1:\"1\";s:19:\"can_create_projects\";s:1:\"1\";s:17:\"can_edit_projects\";s:1:\"1\";s:19:\"can_delete_projects\";N;s:30:\"can_add_remove_project_members\";s:1:\"1\";s:16:\"can_create_tasks\";s:1:\"1\";s:14:\"can_edit_tasks\";s:1:\"1\";s:16:\"can_delete_tasks\";N;s:20:\"can_comment_on_tasks\";s:1:\"1\";s:24:\"show_assigned_tasks_only\";N;s:21:\"can_create_milestones\";s:1:\"1\";s:19:\"can_edit_milestones\";s:1:\"1\";s:21:\"can_delete_milestones\";N;s:16:\"can_delete_files\";N;s:34:\"can_view_team_members_contact_info\";s:1:\"1\";s:34:\"can_view_team_members_social_links\";N;s:29:\"team_member_update_permission\";s:3:\"all\";s:38:\"team_member_update_permission_specific\";s:0:\"\";s:27:\"timesheet_manage_permission\";N;s:36:\"timesheet_manage_permission_specific\";N;s:21:\"disable_event_sharing\";N;s:22:\"hide_team_members_list\";N;s:28:\"can_delete_leave_application\";N;s:10:\"accounting\";s:3:\"all\";s:7:\"payroll\";s:3:\"all\";s:5:\"eroom\";N;s:4:\"logs\";s:3:\"all\";s:7:\"reports\";s:3:\"all\";s:25:\"can_access_delivery_notes\";s:1:\"1\";s:25:\"can_create_delivery_notes\";s:1:\"1\";s:23:\"can_edit_delivery_notes\";s:1:\"1\";s:25:\"can_delete_delivery_notes\";N;s:31:\"delivery_note_manage_permission\";s:3:\"all\";s:40:\"delivery_note_manage_permission_specific\";s:0:\"\";s:20:\"can_access_suppliers\";s:1:\"1\";s:20:\"can_create_suppliers\";s:1:\"1\";s:18:\"can_edit_suppliers\";s:1:\"1\";s:20:\"can_delete_suppliers\";N;s:26:\"supplier_manage_permission\";s:3:\"all\";s:35:\"supplier_manage_permission_specific\";s:0:\"\";s:26:\"can_access_purchase_orders\";s:1:\"1\";s:26:\"can_create_purchase_orders\";s:1:\"1\";s:24:\"can_edit_purchase_orders\";s:1:\"1\";s:26:\"can_delete_purchase_orders\";N;s:32:\"purchase_order_manage_permission\";s:3:\"all\";s:41:\"purchase_order_manage_permission_specific\";s:0:\"\";s:16:\"can_access_items\";s:1:\"1\";s:16:\"can_create_items\";s:1:\"1\";s:14:\"can_edit_items\";s:1:\"1\";s:16:\"can_delete_items\";N;s:22:\"item_manage_permission\";s:3:\"all\";s:31:\"item_manage_permission_specific\";s:0:\"\";s:25:\"can_access_items_category\";s:1:\"1\";s:25:\"can_create_items_category\";N;s:23:\"can_edit_items_category\";N;s:25:\"can_delete_items_category\";N;s:31:\"item_category_manage_permission\";s:3:\"all\";s:40:\"item_category_manage_permission_specific\";s:0:\"\";s:19:\"can_access_expiries\";N;s:21:\"can_access_petty_cash\";N;s:19:\"can_access_expenses\";s:1:\"1\";s:19:\"can_create_expenses\";s:1:\"1\";s:17:\"can_edit_expenses\";s:1:\"1\";s:19:\"can_delete_expenses\";N;s:25:\"expense_manage_permission\";s:3:\"all\";s:34:\"expense_manage_permission_specific\";s:0:\"\";s:20:\"internal_transaction\";N;s:27:\"can_access_invoice_payments\";s:1:\"1\";s:27:\"can_create_invoice_payments\";s:1:\"1\";s:25:\"can_edit_invoice_payments\";s:1:\"1\";s:27:\"can_delete_invoice_payments\";N;s:34:\"can_access_purchase_order_payments\";s:1:\"1\";s:34:\"can_create_purchase_order_payments\";s:1:\"1\";s:32:\"can_edit_purchase_order_payments\";s:1:\"1\";s:34:\"can_delete_purchase_order_payments\";N;s:19:\"can_access_contacts\";N;s:19:\"can_create_contacts\";N;s:17:\"can_edit_contacts\";N;s:19:\"can_delete_contacts\";N;s:25:\"contact_manage_permission\";N;s:34:\"contact_manage_permission_specific\";N;s:18:\"can_access_clients\";s:1:\"1\";s:18:\"can_create_clients\";s:1:\"1\";s:16:\"can_edit_clients\";s:1:\"1\";s:18:\"can_delete_clients\";N;s:24:\"client_manage_permission\";s:3:\"all\";s:33:\"client_manage_permission_specific\";s:0:\"\";s:16:\"can_access_leads\";s:1:\"1\";s:16:\"can_create_leads\";s:1:\"1\";s:14:\"can_edit_leads\";s:1:\"1\";s:16:\"can_delete_leads\";N;s:23:\"leads_manage_permission\";s:3:\"all\";s:32:\"leads_manage_permission_specific\";s:0:\"\";s:19:\"can_access_invoices\";s:1:\"1\";s:19:\"can_create_invoices\";s:1:\"1\";s:17:\"can_edit_invoices\";s:1:\"1\";s:19:\"can_delete_invoices\";N;s:25:\"invoice_manage_permission\";s:3:\"all\";s:34:\"invoice_manage_permission_specific\";s:0:\"\";s:21:\"can_access_job_orders\";s:1:\"1\";s:21:\"can_create_job_orders\";s:1:\"1\";s:19:\"can_edit_job_orders\";s:1:\"1\";s:21:\"can_delete_job_orders\";N;s:28:\"job_orders_manage_permission\";s:3:\"all\";s:37:\"job_orders_manage_permission_specific\";s:0:\"\";s:26:\"can_access_invoices_return\";s:1:\"1\";s:26:\"can_create_invoices_return\";s:1:\"1\";s:24:\"can_edit_invoices_return\";s:1:\"1\";s:26:\"can_delete_invoices_return\";N;s:32:\"invoice_return_manage_permission\";s:3:\"all\";s:41:\"invoice_return_manage_permission_specific\";s:0:\"\";s:20:\"can_access_estimates\";s:1:\"1\";s:19:\"can_add_team_member\";N;s:20:\"can_create_estimates\";s:1:\"1\";s:18:\"can_edit_estimates\";s:1:\"1\";s:20:\"can_delete_estimates\";N;s:26:\"estimate_manage_permission\";s:3:\"all\";s:35:\"estimate_manage_permission_specific\";s:0:\"\";s:16:\"estimate_request\";N;s:8:\"discount\";i:0;s:8:\"expenses\";s:3:\"all\";s:9:\"estimates\";s:3:\"all\";s:8:\"invoices\";s:3:\"all\";s:16:\"invoice_payments\";s:3:\"all\";s:14:\"delivery_notes\";s:3:\"all\";s:15:\"purchase_orders\";s:3:\"all\";s:23:\"purchase_order_payments\";s:3:\"all\";s:8:\"payrolls\";N;s:21:\"internal_transactions\";N;}',0),(3,'Accountant','a:148:{s:5:\"leave\";s:3:\"all\";s:14:\"leave_specific\";s:0:\"\";s:10:\"attendance\";N;s:19:\"attendance_specific\";s:0:\"\";s:7:\"invoice\";N;s:8:\"job_info\";s:3:\"all\";s:15:\"account_setting\";s:3:\"all\";s:16:\"final_settelment\";s:3:\"all\";s:8:\"estimate\";N;s:7:\"expense\";N;s:8:\"expiries\";s:3:\"all\";s:10:\"petty_cash\";N;s:6:\"client\";N;s:4:\"lead\";s:3:\"all\";s:6:\"ticket\";N;s:15:\"ticket_specific\";s:0:\"\";s:12:\"announcement\";s:3:\"all\";s:17:\"approve_budgeting\";N;s:23:\"help_and_knowledge_base\";s:3:\"all\";s:23:\"can_manage_all_projects\";s:1:\"1\";s:19:\"can_create_projects\";s:1:\"1\";s:17:\"can_edit_projects\";s:1:\"1\";s:19:\"can_delete_projects\";N;s:30:\"can_add_remove_project_members\";N;s:16:\"can_create_tasks\";s:1:\"1\";s:14:\"can_edit_tasks\";s:1:\"1\";s:16:\"can_delete_tasks\";N;s:20:\"can_comment_on_tasks\";s:1:\"1\";s:24:\"show_assigned_tasks_only\";N;s:21:\"can_create_milestones\";s:1:\"1\";s:19:\"can_edit_milestones\";s:1:\"1\";s:21:\"can_delete_milestones\";N;s:16:\"can_delete_files\";N;s:34:\"can_view_team_members_contact_info\";s:1:\"1\";s:34:\"can_view_team_members_social_links\";N;s:29:\"team_member_update_permission\";s:3:\"all\";s:38:\"team_member_update_permission_specific\";s:0:\"\";s:27:\"timesheet_manage_permission\";N;s:36:\"timesheet_manage_permission_specific\";N;s:21:\"disable_event_sharing\";s:1:\"1\";s:22:\"hide_team_members_list\";N;s:28:\"can_delete_leave_application\";s:1:\"1\";s:10:\"accounting\";s:3:\"all\";s:7:\"payroll\";s:3:\"all\";s:5:\"eroom\";N;s:4:\"logs\";s:3:\"all\";s:7:\"reports\";s:3:\"all\";s:25:\"can_access_delivery_notes\";s:1:\"1\";s:25:\"can_create_delivery_notes\";s:1:\"1\";s:23:\"can_edit_delivery_notes\";s:1:\"1\";s:25:\"can_delete_delivery_notes\";s:1:\"1\";s:31:\"delivery_note_manage_permission\";s:0:\"\";s:40:\"delivery_note_manage_permission_specific\";s:0:\"\";s:20:\"can_access_suppliers\";s:1:\"1\";s:20:\"can_create_suppliers\";s:1:\"1\";s:18:\"can_edit_suppliers\";s:1:\"1\";s:20:\"can_delete_suppliers\";s:1:\"1\";s:26:\"supplier_manage_permission\";s:3:\"all\";s:35:\"supplier_manage_permission_specific\";s:0:\"\";s:26:\"can_access_purchase_orders\";s:1:\"1\";s:26:\"can_create_purchase_orders\";s:1:\"1\";s:24:\"can_edit_purchase_orders\";s:1:\"1\";s:26:\"can_delete_purchase_orders\";s:1:\"1\";s:32:\"purchase_order_manage_permission\";s:3:\"all\";s:41:\"purchase_order_manage_permission_specific\";s:0:\"\";s:16:\"can_access_items\";s:1:\"1\";s:16:\"can_create_items\";s:1:\"1\";s:14:\"can_edit_items\";s:1:\"1\";s:16:\"can_delete_items\";s:1:\"1\";s:22:\"item_manage_permission\";s:3:\"all\";s:31:\"item_manage_permission_specific\";s:0:\"\";s:25:\"can_access_items_category\";s:1:\"1\";s:25:\"can_create_items_category\";s:1:\"1\";s:23:\"can_edit_items_category\";s:1:\"1\";s:25:\"can_delete_items_category\";s:1:\"1\";s:31:\"item_category_manage_permission\";s:3:\"all\";s:40:\"item_category_manage_permission_specific\";s:0:\"\";s:19:\"can_access_expiries\";N;s:21:\"can_access_petty_cash\";N;s:19:\"can_access_expenses\";s:1:\"1\";s:19:\"can_create_expenses\";s:1:\"1\";s:17:\"can_edit_expenses\";s:1:\"1\";s:19:\"can_delete_expenses\";N;s:25:\"expense_manage_permission\";s:3:\"all\";s:34:\"expense_manage_permission_specific\";s:0:\"\";s:20:\"internal_transaction\";N;s:27:\"can_access_invoice_payments\";s:1:\"1\";s:27:\"can_create_invoice_payments\";s:1:\"1\";s:25:\"can_edit_invoice_payments\";s:1:\"1\";s:27:\"can_delete_invoice_payments\";s:1:\"1\";s:34:\"can_access_purchase_order_payments\";s:1:\"1\";s:34:\"can_create_purchase_order_payments\";s:1:\"1\";s:32:\"can_edit_purchase_order_payments\";s:1:\"1\";s:34:\"can_delete_purchase_order_payments\";s:1:\"1\";s:19:\"can_access_contacts\";N;s:19:\"can_create_contacts\";N;s:17:\"can_edit_contacts\";N;s:19:\"can_delete_contacts\";N;s:25:\"contact_manage_permission\";N;s:34:\"contact_manage_permission_specific\";N;s:18:\"can_access_clients\";s:1:\"1\";s:18:\"can_create_clients\";s:1:\"1\";s:16:\"can_edit_clients\";s:1:\"1\";s:18:\"can_delete_clients\";s:1:\"1\";s:24:\"client_manage_permission\";s:3:\"all\";s:33:\"client_manage_permission_specific\";s:9:\"member:10\";s:16:\"can_access_leads\";s:1:\"1\";s:16:\"can_create_leads\";s:1:\"1\";s:14:\"can_edit_leads\";s:1:\"1\";s:16:\"can_delete_leads\";s:1:\"1\";s:23:\"leads_manage_permission\";s:8:\"specific\";s:32:\"leads_manage_permission_specific\";s:9:\"member:10\";s:19:\"can_access_invoices\";s:1:\"1\";s:19:\"can_create_invoices\";s:1:\"1\";s:17:\"can_edit_invoices\";s:1:\"1\";s:19:\"can_delete_invoices\";s:1:\"1\";s:25:\"invoice_manage_permission\";s:3:\"all\";s:34:\"invoice_manage_permission_specific\";s:9:\"member:10\";s:21:\"can_access_job_orders\";s:1:\"1\";s:21:\"can_create_job_orders\";s:1:\"1\";s:19:\"can_edit_job_orders\";s:1:\"1\";s:21:\"can_delete_job_orders\";s:1:\"1\";s:28:\"job_orders_manage_permission\";s:3:\"all\";s:37:\"job_orders_manage_permission_specific\";s:0:\"\";s:26:\"can_access_invoices_return\";s:1:\"1\";s:26:\"can_create_invoices_return\";s:1:\"1\";s:24:\"can_edit_invoices_return\";s:1:\"1\";s:26:\"can_delete_invoices_return\";s:1:\"1\";s:32:\"invoice_return_manage_permission\";s:3:\"all\";s:41:\"invoice_return_manage_permission_specific\";s:0:\"\";s:20:\"can_access_estimates\";s:1:\"1\";s:19:\"can_add_team_member\";N;s:20:\"can_create_estimates\";s:1:\"1\";s:18:\"can_edit_estimates\";s:1:\"1\";s:20:\"can_delete_estimates\";s:1:\"1\";s:26:\"estimate_manage_permission\";s:3:\"all\";s:35:\"estimate_manage_permission_specific\";s:9:\"member:10\";s:16:\"estimate_request\";N;s:8:\"discount\";s:2:\"50\";s:8:\"expenses\";s:3:\"all\";s:9:\"estimates\";s:3:\"all\";s:8:\"invoices\";s:3:\"all\";s:16:\"invoice_payments\";s:3:\"all\";s:14:\"delivery_notes\";s:3:\"all\";s:15:\"purchase_orders\";s:3:\"all\";s:23:\"purchase_order_payments\";s:3:\"all\";s:8:\"payrolls\";N;s:21:\"internal_transactions\";s:3:\"all\";}',0),(4,'Sales','a:148:{s:5:\"leave\";s:0:\"\";s:14:\"leave_specific\";s:0:\"\";s:10:\"attendance\";N;s:19:\"attendance_specific\";s:0:\"\";s:7:\"invoice\";N;s:8:\"job_info\";s:0:\"\";s:15:\"account_setting\";s:0:\"\";s:16:\"final_settelment\";s:0:\"\";s:8:\"estimate\";N;s:7:\"expense\";N;s:8:\"expiries\";s:0:\"\";s:10:\"petty_cash\";N;s:6:\"client\";N;s:4:\"lead\";s:3:\"all\";s:6:\"ticket\";N;s:15:\"ticket_specific\";s:0:\"\";s:12:\"announcement\";s:0:\"\";s:17:\"approve_budgeting\";N;s:23:\"help_and_knowledge_base\";s:0:\"\";s:23:\"can_manage_all_projects\";s:1:\"1\";s:19:\"can_create_projects\";s:1:\"1\";s:17:\"can_edit_projects\";s:1:\"1\";s:19:\"can_delete_projects\";N;s:30:\"can_add_remove_project_members\";s:1:\"1\";s:16:\"can_create_tasks\";s:1:\"1\";s:14:\"can_edit_tasks\";s:1:\"1\";s:16:\"can_delete_tasks\";N;s:20:\"can_comment_on_tasks\";s:1:\"1\";s:24:\"show_assigned_tasks_only\";N;s:21:\"can_create_milestones\";s:1:\"1\";s:19:\"can_edit_milestones\";s:1:\"1\";s:21:\"can_delete_milestones\";N;s:16:\"can_delete_files\";N;s:34:\"can_view_team_members_contact_info\";s:1:\"1\";s:34:\"can_view_team_members_social_links\";N;s:29:\"team_member_update_permission\";s:3:\"all\";s:38:\"team_member_update_permission_specific\";s:0:\"\";s:27:\"timesheet_manage_permission\";N;s:36:\"timesheet_manage_permission_specific\";N;s:21:\"disable_event_sharing\";s:1:\"0\";s:22:\"hide_team_members_list\";N;s:28:\"can_delete_leave_application\";N;s:10:\"accounting\";s:0:\"\";s:7:\"payroll\";s:0:\"\";s:5:\"eroom\";N;s:4:\"logs\";s:0:\"\";s:7:\"reports\";s:0:\"\";s:25:\"can_access_delivery_notes\";s:1:\"1\";s:25:\"can_create_delivery_notes\";N;s:23:\"can_edit_delivery_notes\";N;s:25:\"can_delete_delivery_notes\";N;s:31:\"delivery_note_manage_permission\";N;s:40:\"delivery_note_manage_permission_specific\";s:0:\"\";s:20:\"can_access_suppliers\";N;s:20:\"can_create_suppliers\";N;s:18:\"can_edit_suppliers\";N;s:20:\"can_delete_suppliers\";N;s:26:\"supplier_manage_permission\";N;s:35:\"supplier_manage_permission_specific\";s:0:\"\";s:26:\"can_access_purchase_orders\";N;s:26:\"can_create_purchase_orders\";N;s:24:\"can_edit_purchase_orders\";N;s:26:\"can_delete_purchase_orders\";N;s:32:\"purchase_order_manage_permission\";N;s:41:\"purchase_order_manage_permission_specific\";s:0:\"\";s:16:\"can_access_items\";s:1:\"1\";s:16:\"can_create_items\";s:1:\"1\";s:14:\"can_edit_items\";s:1:\"1\";s:16:\"can_delete_items\";s:1:\"1\";s:22:\"item_manage_permission\";N;s:31:\"item_manage_permission_specific\";s:0:\"\";s:25:\"can_access_items_category\";s:1:\"1\";s:25:\"can_create_items_category\";s:1:\"1\";s:23:\"can_edit_items_category\";s:1:\"1\";s:25:\"can_delete_items_category\";s:1:\"1\";s:31:\"item_category_manage_permission\";N;s:40:\"item_category_manage_permission_specific\";s:0:\"\";s:19:\"can_access_expiries\";N;s:21:\"can_access_petty_cash\";N;s:19:\"can_access_expenses\";N;s:19:\"can_create_expenses\";N;s:17:\"can_edit_expenses\";N;s:19:\"can_delete_expenses\";N;s:25:\"expense_manage_permission\";N;s:34:\"expense_manage_permission_specific\";s:0:\"\";s:20:\"internal_transaction\";N;s:27:\"can_access_invoice_payments\";s:1:\"1\";s:27:\"can_create_invoice_payments\";s:1:\"1\";s:25:\"can_edit_invoice_payments\";s:1:\"1\";s:27:\"can_delete_invoice_payments\";N;s:34:\"can_access_purchase_order_payments\";N;s:34:\"can_create_purchase_order_payments\";N;s:32:\"can_edit_purchase_order_payments\";N;s:34:\"can_delete_purchase_order_payments\";N;s:19:\"can_access_contacts\";N;s:19:\"can_create_contacts\";N;s:17:\"can_edit_contacts\";N;s:19:\"can_delete_contacts\";N;s:25:\"contact_manage_permission\";N;s:34:\"contact_manage_permission_specific\";N;s:18:\"can_access_clients\";s:1:\"1\";s:18:\"can_create_clients\";s:1:\"1\";s:16:\"can_edit_clients\";s:1:\"1\";s:18:\"can_delete_clients\";N;s:24:\"client_manage_permission\";s:3:\"all\";s:33:\"client_manage_permission_specific\";s:0:\"\";s:16:\"can_access_leads\";s:1:\"1\";s:16:\"can_create_leads\";s:1:\"1\";s:14:\"can_edit_leads\";s:1:\"1\";s:16:\"can_delete_leads\";N;s:23:\"leads_manage_permission\";s:3:\"all\";s:32:\"leads_manage_permission_specific\";s:0:\"\";s:19:\"can_access_invoices\";s:1:\"1\";s:19:\"can_create_invoices\";s:1:\"1\";s:17:\"can_edit_invoices\";s:1:\"1\";s:19:\"can_delete_invoices\";N;s:25:\"invoice_manage_permission\";s:3:\"all\";s:34:\"invoice_manage_permission_specific\";s:0:\"\";s:21:\"can_access_job_orders\";N;s:21:\"can_create_job_orders\";N;s:19:\"can_edit_job_orders\";N;s:21:\"can_delete_job_orders\";N;s:28:\"job_orders_manage_permission\";N;s:37:\"job_orders_manage_permission_specific\";s:0:\"\";s:26:\"can_access_invoices_return\";s:1:\"1\";s:26:\"can_create_invoices_return\";s:1:\"1\";s:24:\"can_edit_invoices_return\";s:1:\"1\";s:26:\"can_delete_invoices_return\";N;s:32:\"invoice_return_manage_permission\";s:3:\"all\";s:41:\"invoice_return_manage_permission_specific\";s:0:\"\";s:20:\"can_access_estimates\";s:1:\"1\";s:19:\"can_add_team_member\";N;s:20:\"can_create_estimates\";s:1:\"1\";s:18:\"can_edit_estimates\";s:1:\"1\";s:20:\"can_delete_estimates\";N;s:26:\"estimate_manage_permission\";s:3:\"all\";s:35:\"estimate_manage_permission_specific\";s:0:\"\";s:16:\"estimate_request\";N;s:8:\"discount\";s:2:\"50\";s:8:\"expenses\";s:0:\"\";s:9:\"estimates\";s:3:\"all\";s:8:\"invoices\";s:3:\"all\";s:16:\"invoice_payments\";s:3:\"all\";s:14:\"delivery_notes\";s:0:\"\";s:15:\"purchase_orders\";s:0:\"\";s:23:\"purchase_order_payments\";s:0:\"\";s:8:\"payrolls\";N;s:21:\"internal_transactions\";s:0:\"\";}',0),(5,'Design','a:148:{s:5:\"leave\";N;s:14:\"leave_specific\";s:0:\"\";s:10:\"attendance\";N;s:19:\"attendance_specific\";s:0:\"\";s:7:\"invoice\";N;s:8:\"job_info\";N;s:15:\"account_setting\";N;s:16:\"final_settelment\";N;s:8:\"estimate\";N;s:7:\"expense\";N;s:8:\"expiries\";N;s:10:\"petty_cash\";N;s:6:\"client\";N;s:4:\"lead\";N;s:6:\"ticket\";N;s:15:\"ticket_specific\";s:0:\"\";s:12:\"announcement\";N;s:17:\"approve_budgeting\";N;s:23:\"help_and_knowledge_base\";N;s:23:\"can_manage_all_projects\";s:1:\"1\";s:19:\"can_create_projects\";s:1:\"1\";s:17:\"can_edit_projects\";s:1:\"1\";s:19:\"can_delete_projects\";N;s:30:\"can_add_remove_project_members\";N;s:16:\"can_create_tasks\";s:1:\"1\";s:14:\"can_edit_tasks\";s:1:\"1\";s:16:\"can_delete_tasks\";N;s:20:\"can_comment_on_tasks\";s:1:\"1\";s:24:\"show_assigned_tasks_only\";N;s:21:\"can_create_milestones\";s:1:\"1\";s:19:\"can_edit_milestones\";s:1:\"1\";s:21:\"can_delete_milestones\";N;s:16:\"can_delete_files\";N;s:34:\"can_view_team_members_contact_info\";N;s:34:\"can_view_team_members_social_links\";N;s:29:\"team_member_update_permission\";N;s:38:\"team_member_update_permission_specific\";s:0:\"\";s:27:\"timesheet_manage_permission\";N;s:36:\"timesheet_manage_permission_specific\";N;s:21:\"disable_event_sharing\";N;s:22:\"hide_team_members_list\";N;s:28:\"can_delete_leave_application\";N;s:10:\"accounting\";s:0:\"\";s:7:\"payroll\";s:0:\"\";s:5:\"eroom\";N;s:4:\"logs\";s:0:\"\";s:7:\"reports\";s:0:\"\";s:25:\"can_access_delivery_notes\";N;s:25:\"can_create_delivery_notes\";N;s:23:\"can_edit_delivery_notes\";N;s:25:\"can_delete_delivery_notes\";N;s:31:\"delivery_note_manage_permission\";N;s:40:\"delivery_note_manage_permission_specific\";s:0:\"\";s:20:\"can_access_suppliers\";N;s:20:\"can_create_suppliers\";N;s:18:\"can_edit_suppliers\";N;s:20:\"can_delete_suppliers\";N;s:26:\"supplier_manage_permission\";N;s:35:\"supplier_manage_permission_specific\";s:0:\"\";s:26:\"can_access_purchase_orders\";N;s:26:\"can_create_purchase_orders\";N;s:24:\"can_edit_purchase_orders\";N;s:26:\"can_delete_purchase_orders\";N;s:32:\"purchase_order_manage_permission\";N;s:41:\"purchase_order_manage_permission_specific\";s:0:\"\";s:16:\"can_access_items\";s:1:\"1\";s:16:\"can_create_items\";N;s:14:\"can_edit_items\";N;s:16:\"can_delete_items\";N;s:22:\"item_manage_permission\";N;s:31:\"item_manage_permission_specific\";s:0:\"\";s:25:\"can_access_items_category\";s:1:\"1\";s:25:\"can_create_items_category\";N;s:23:\"can_edit_items_category\";N;s:25:\"can_delete_items_category\";N;s:31:\"item_category_manage_permission\";N;s:40:\"item_category_manage_permission_specific\";s:0:\"\";s:19:\"can_access_expiries\";N;s:21:\"can_access_petty_cash\";N;s:19:\"can_access_expenses\";N;s:19:\"can_create_expenses\";N;s:17:\"can_edit_expenses\";N;s:19:\"can_delete_expenses\";N;s:25:\"expense_manage_permission\";N;s:34:\"expense_manage_permission_specific\";s:0:\"\";s:20:\"internal_transaction\";N;s:27:\"can_access_invoice_payments\";N;s:27:\"can_create_invoice_payments\";N;s:25:\"can_edit_invoice_payments\";N;s:27:\"can_delete_invoice_payments\";N;s:34:\"can_access_purchase_order_payments\";N;s:34:\"can_create_purchase_order_payments\";N;s:32:\"can_edit_purchase_order_payments\";N;s:34:\"can_delete_purchase_order_payments\";N;s:19:\"can_access_contacts\";N;s:19:\"can_create_contacts\";N;s:17:\"can_edit_contacts\";N;s:19:\"can_delete_contacts\";N;s:25:\"contact_manage_permission\";N;s:34:\"contact_manage_permission_specific\";N;s:18:\"can_access_clients\";s:1:\"1\";s:18:\"can_create_clients\";N;s:16:\"can_edit_clients\";N;s:18:\"can_delete_clients\";N;s:24:\"client_manage_permission\";N;s:33:\"client_manage_permission_specific\";s:0:\"\";s:16:\"can_access_leads\";s:1:\"1\";s:16:\"can_create_leads\";N;s:14:\"can_edit_leads\";N;s:16:\"can_delete_leads\";N;s:23:\"leads_manage_permission\";N;s:32:\"leads_manage_permission_specific\";s:0:\"\";s:19:\"can_access_invoices\";N;s:19:\"can_create_invoices\";N;s:17:\"can_edit_invoices\";N;s:19:\"can_delete_invoices\";N;s:25:\"invoice_manage_permission\";N;s:34:\"invoice_manage_permission_specific\";s:0:\"\";s:21:\"can_access_job_orders\";s:1:\"1\";s:21:\"can_create_job_orders\";N;s:19:\"can_edit_job_orders\";N;s:21:\"can_delete_job_orders\";N;s:28:\"job_orders_manage_permission\";N;s:37:\"job_orders_manage_permission_specific\";s:0:\"\";s:26:\"can_access_invoices_return\";N;s:26:\"can_create_invoices_return\";N;s:24:\"can_edit_invoices_return\";N;s:26:\"can_delete_invoices_return\";N;s:32:\"invoice_return_manage_permission\";N;s:41:\"invoice_return_manage_permission_specific\";s:0:\"\";s:20:\"can_access_estimates\";N;s:19:\"can_add_team_member\";N;s:20:\"can_create_estimates\";N;s:18:\"can_edit_estimates\";N;s:20:\"can_delete_estimates\";N;s:26:\"estimate_manage_permission\";N;s:35:\"estimate_manage_permission_specific\";s:0:\"\";s:16:\"estimate_request\";N;s:8:\"discount\";i:0;s:8:\"expenses\";s:0:\"\";s:9:\"estimates\";s:0:\"\";s:8:\"invoices\";s:0:\"\";s:16:\"invoice_payments\";s:0:\"\";s:14:\"delivery_notes\";s:0:\"\";s:15:\"purchase_orders\";s:0:\"\";s:23:\"purchase_order_payments\";s:0:\"\";s:8:\"payrolls\";N;s:21:\"internal_transactions\";N;}',0),(6,'HR','a:148:{s:5:\"leave\";s:3:\"all\";s:14:\"leave_specific\";s:0:\"\";s:10:\"attendance\";N;s:19:\"attendance_specific\";s:0:\"\";s:7:\"invoice\";N;s:8:\"job_info\";s:3:\"all\";s:15:\"account_setting\";N;s:16:\"final_settelment\";s:3:\"all\";s:8:\"estimate\";N;s:7:\"expense\";N;s:8:\"expiries\";N;s:10:\"petty_cash\";N;s:6:\"client\";N;s:4:\"lead\";s:3:\"all\";s:6:\"ticket\";N;s:15:\"ticket_specific\";s:0:\"\";s:12:\"announcement\";s:3:\"all\";s:17:\"approve_budgeting\";N;s:23:\"help_and_knowledge_base\";s:3:\"all\";s:23:\"can_manage_all_projects\";N;s:19:\"can_create_projects\";N;s:17:\"can_edit_projects\";N;s:19:\"can_delete_projects\";N;s:30:\"can_add_remove_project_members\";N;s:16:\"can_create_tasks\";N;s:14:\"can_edit_tasks\";N;s:16:\"can_delete_tasks\";N;s:20:\"can_comment_on_tasks\";s:1:\"1\";s:24:\"show_assigned_tasks_only\";N;s:21:\"can_create_milestones\";N;s:19:\"can_edit_milestones\";N;s:21:\"can_delete_milestones\";N;s:16:\"can_delete_files\";N;s:34:\"can_view_team_members_contact_info\";s:1:\"1\";s:34:\"can_view_team_members_social_links\";N;s:29:\"team_member_update_permission\";s:3:\"all\";s:38:\"team_member_update_permission_specific\";s:0:\"\";s:27:\"timesheet_manage_permission\";N;s:36:\"timesheet_manage_permission_specific\";N;s:21:\"disable_event_sharing\";s:1:\"1\";s:22:\"hide_team_members_list\";N;s:28:\"can_delete_leave_application\";s:1:\"1\";s:10:\"accounting\";s:0:\"\";s:7:\"payroll\";s:3:\"all\";s:5:\"eroom\";N;s:4:\"logs\";s:0:\"\";s:7:\"reports\";s:0:\"\";s:25:\"can_access_delivery_notes\";N;s:25:\"can_create_delivery_notes\";N;s:23:\"can_edit_delivery_notes\";N;s:25:\"can_delete_delivery_notes\";N;s:31:\"delivery_note_manage_permission\";N;s:40:\"delivery_note_manage_permission_specific\";s:0:\"\";s:20:\"can_access_suppliers\";N;s:20:\"can_create_suppliers\";N;s:18:\"can_edit_suppliers\";N;s:20:\"can_delete_suppliers\";N;s:26:\"supplier_manage_permission\";N;s:35:\"supplier_manage_permission_specific\";s:0:\"\";s:26:\"can_access_purchase_orders\";N;s:26:\"can_create_purchase_orders\";N;s:24:\"can_edit_purchase_orders\";N;s:26:\"can_delete_purchase_orders\";N;s:32:\"purchase_order_manage_permission\";N;s:41:\"purchase_order_manage_permission_specific\";s:0:\"\";s:16:\"can_access_items\";N;s:16:\"can_create_items\";N;s:14:\"can_edit_items\";N;s:16:\"can_delete_items\";N;s:22:\"item_manage_permission\";N;s:31:\"item_manage_permission_specific\";s:0:\"\";s:25:\"can_access_items_category\";N;s:25:\"can_create_items_category\";N;s:23:\"can_edit_items_category\";N;s:25:\"can_delete_items_category\";N;s:31:\"item_category_manage_permission\";N;s:40:\"item_category_manage_permission_specific\";s:0:\"\";s:19:\"can_access_expiries\";N;s:21:\"can_access_petty_cash\";N;s:19:\"can_access_expenses\";N;s:19:\"can_create_expenses\";N;s:17:\"can_edit_expenses\";N;s:19:\"can_delete_expenses\";N;s:25:\"expense_manage_permission\";N;s:34:\"expense_manage_permission_specific\";s:0:\"\";s:20:\"internal_transaction\";N;s:27:\"can_access_invoice_payments\";N;s:27:\"can_create_invoice_payments\";N;s:25:\"can_edit_invoice_payments\";N;s:27:\"can_delete_invoice_payments\";N;s:34:\"can_access_purchase_order_payments\";N;s:34:\"can_create_purchase_order_payments\";N;s:32:\"can_edit_purchase_order_payments\";N;s:34:\"can_delete_purchase_order_payments\";N;s:19:\"can_access_contacts\";N;s:19:\"can_create_contacts\";N;s:17:\"can_edit_contacts\";N;s:19:\"can_delete_contacts\";N;s:25:\"contact_manage_permission\";N;s:34:\"contact_manage_permission_specific\";N;s:18:\"can_access_clients\";s:1:\"1\";s:18:\"can_create_clients\";N;s:16:\"can_edit_clients\";N;s:18:\"can_delete_clients\";N;s:24:\"client_manage_permission\";N;s:33:\"client_manage_permission_specific\";s:0:\"\";s:16:\"can_access_leads\";s:1:\"1\";s:16:\"can_create_leads\";N;s:14:\"can_edit_leads\";N;s:16:\"can_delete_leads\";N;s:23:\"leads_manage_permission\";N;s:32:\"leads_manage_permission_specific\";s:0:\"\";s:19:\"can_access_invoices\";s:1:\"1\";s:19:\"can_create_invoices\";N;s:17:\"can_edit_invoices\";N;s:19:\"can_delete_invoices\";N;s:25:\"invoice_manage_permission\";N;s:34:\"invoice_manage_permission_specific\";s:0:\"\";s:21:\"can_access_job_orders\";N;s:21:\"can_create_job_orders\";N;s:19:\"can_edit_job_orders\";N;s:21:\"can_delete_job_orders\";N;s:28:\"job_orders_manage_permission\";N;s:37:\"job_orders_manage_permission_specific\";s:0:\"\";s:26:\"can_access_invoices_return\";N;s:26:\"can_create_invoices_return\";N;s:24:\"can_edit_invoices_return\";N;s:26:\"can_delete_invoices_return\";N;s:32:\"invoice_return_manage_permission\";N;s:41:\"invoice_return_manage_permission_specific\";s:0:\"\";s:20:\"can_access_estimates\";N;s:19:\"can_add_team_member\";s:1:\"1\";s:20:\"can_create_estimates\";N;s:18:\"can_edit_estimates\";N;s:20:\"can_delete_estimates\";N;s:26:\"estimate_manage_permission\";N;s:35:\"estimate_manage_permission_specific\";s:0:\"\";s:16:\"estimate_request\";N;s:8:\"discount\";i:0;s:8:\"expenses\";s:0:\"\";s:9:\"estimates\";s:0:\"\";s:8:\"invoices\";s:0:\"\";s:16:\"invoice_payments\";s:0:\"\";s:14:\"delivery_notes\";s:0:\"\";s:15:\"purchase_orders\";s:0:\"\";s:23:\"purchase_order_payments\";s:0:\"\";s:8:\"payrolls\";N;s:21:\"internal_transactions\";N;}',0),(7,'Client','a:141:{s:5:\"leave\";N;s:14:\"leave_specific\";s:0:\"\";s:10:\"attendance\";N;s:19:\"attendance_specific\";s:0:\"\";s:7:\"invoice\";N;s:8:\"job_info\";N;s:15:\"account_setting\";N;s:16:\"final_settelment\";N;s:8:\"estimate\";N;s:7:\"expense\";N;s:8:\"expiries\";N;s:10:\"petty_cash\";N;s:6:\"client\";N;s:4:\"lead\";N;s:6:\"ticket\";N;s:15:\"ticket_specific\";s:0:\"\";s:12:\"announcement\";N;s:17:\"approve_budgeting\";N;s:23:\"help_and_knowledge_base\";N;s:23:\"can_manage_all_projects\";s:1:\"0\";s:19:\"can_create_projects\";N;s:17:\"can_edit_projects\";N;s:19:\"can_delete_projects\";N;s:30:\"can_add_remove_project_members\";N;s:16:\"can_create_tasks\";N;s:14:\"can_edit_tasks\";N;s:16:\"can_delete_tasks\";N;s:20:\"can_comment_on_tasks\";N;s:24:\"show_assigned_tasks_only\";N;s:21:\"can_create_milestones\";N;s:19:\"can_edit_milestones\";N;s:21:\"can_delete_milestones\";N;s:16:\"can_delete_files\";N;s:34:\"can_view_team_members_contact_info\";N;s:34:\"can_view_team_members_social_links\";N;s:29:\"team_member_update_permission\";N;s:38:\"team_member_update_permission_specific\";s:0:\"\";s:27:\"timesheet_manage_permission\";N;s:36:\"timesheet_manage_permission_specific\";N;s:21:\"disable_event_sharing\";N;s:22:\"hide_team_members_list\";N;s:28:\"can_delete_leave_application\";N;s:10:\"accounting\";N;s:7:\"payroll\";N;s:5:\"eroom\";N;s:4:\"logs\";N;s:7:\"reports\";N;s:25:\"can_access_delivery_notes\";N;s:25:\"can_create_delivery_notes\";N;s:23:\"can_edit_delivery_notes\";N;s:25:\"can_delete_delivery_notes\";N;s:31:\"delivery_note_manage_permission\";N;s:40:\"delivery_note_manage_permission_specific\";s:0:\"\";s:20:\"can_access_suppliers\";N;s:20:\"can_create_suppliers\";N;s:18:\"can_edit_suppliers\";N;s:20:\"can_delete_suppliers\";N;s:26:\"supplier_manage_permission\";N;s:35:\"supplier_manage_permission_specific\";s:0:\"\";s:26:\"can_access_purchase_orders\";N;s:26:\"can_create_purchase_orders\";N;s:24:\"can_edit_purchase_orders\";N;s:26:\"can_delete_purchase_orders\";N;s:32:\"purchase_order_manage_permission\";N;s:41:\"purchase_order_manage_permission_specific\";s:0:\"\";s:16:\"can_access_items\";N;s:16:\"can_create_items\";N;s:14:\"can_edit_items\";N;s:16:\"can_delete_items\";N;s:22:\"item_manage_permission\";N;s:31:\"item_manage_permission_specific\";s:0:\"\";s:25:\"can_access_items_category\";N;s:25:\"can_create_items_category\";N;s:23:\"can_edit_items_category\";N;s:25:\"can_delete_items_category\";N;s:31:\"item_category_manage_permission\";N;s:40:\"item_category_manage_permission_specific\";s:0:\"\";s:19:\"can_access_expiries\";N;s:21:\"can_access_petty_cash\";N;s:19:\"can_access_expenses\";N;s:19:\"can_create_expenses\";N;s:17:\"can_edit_expenses\";N;s:19:\"can_delete_expenses\";N;s:25:\"expense_manage_permission\";N;s:34:\"expense_manage_permission_specific\";s:0:\"\";s:20:\"internal_transaction\";N;s:27:\"can_access_invoice_payments\";N;s:27:\"can_create_invoice_payments\";N;s:25:\"can_edit_invoice_payments\";N;s:27:\"can_delete_invoice_payments\";N;s:34:\"can_access_purchase_order_payments\";N;s:34:\"can_create_purchase_order_payments\";N;s:32:\"can_edit_purchase_order_payments\";N;s:34:\"can_delete_purchase_order_payments\";N;s:19:\"can_access_contacts\";N;s:19:\"can_create_contacts\";N;s:17:\"can_edit_contacts\";N;s:19:\"can_delete_contacts\";N;s:25:\"contact_manage_permission\";N;s:34:\"contact_manage_permission_specific\";N;s:18:\"can_access_clients\";N;s:18:\"can_create_clients\";N;s:16:\"can_edit_clients\";N;s:18:\"can_delete_clients\";N;s:24:\"client_manage_permission\";N;s:33:\"client_manage_permission_specific\";s:0:\"\";s:16:\"can_access_leads\";N;s:16:\"can_create_leads\";N;s:14:\"can_edit_leads\";N;s:16:\"can_delete_leads\";N;s:23:\"leads_manage_permission\";N;s:32:\"leads_manage_permission_specific\";s:0:\"\";s:19:\"can_access_invoices\";N;s:19:\"can_create_invoices\";N;s:17:\"can_edit_invoices\";N;s:19:\"can_delete_invoices\";N;s:25:\"invoice_manage_permission\";N;s:34:\"invoice_manage_permission_specific\";s:0:\"\";s:26:\"can_access_invoices_return\";N;s:26:\"can_create_invoices_return\";N;s:24:\"can_edit_invoices_return\";N;s:26:\"can_delete_invoices_return\";N;s:32:\"invoice_return_manage_permission\";N;s:41:\"invoice_return_manage_permission_specific\";s:0:\"\";s:20:\"can_access_estimates\";N;s:20:\"can_create_estimates\";N;s:18:\"can_edit_estimates\";N;s:20:\"can_delete_estimates\";N;s:26:\"estimate_manage_permission\";N;s:35:\"estimate_manage_permission_specific\";s:0:\"\";s:16:\"estimate_request\";N;s:8:\"discount\";i:0;s:8:\"expenses\";N;s:9:\"estimates\";N;s:8:\"invoices\";N;s:16:\"invoice_payments\";N;s:14:\"delivery_notes\";N;s:15:\"purchase_orders\";N;s:23:\"purchase_order_payments\";N;s:8:\"payrolls\";N;s:21:\"internal_transactions\";N;}',0),(8,'test role','a:148:{s:5:\"leave\";N;s:14:\"leave_specific\";s:0:\"\";s:10:\"attendance\";N;s:19:\"attendance_specific\";s:0:\"\";s:7:\"invoice\";N;s:8:\"job_info\";N;s:15:\"account_setting\";N;s:16:\"final_settelment\";N;s:8:\"estimate\";N;s:7:\"expense\";N;s:8:\"expiries\";N;s:10:\"petty_cash\";N;s:6:\"client\";N;s:4:\"lead\";N;s:6:\"ticket\";N;s:15:\"ticket_specific\";s:0:\"\";s:12:\"announcement\";N;s:17:\"approve_budgeting\";N;s:23:\"help_and_knowledge_base\";N;s:23:\"can_manage_all_projects\";N;s:19:\"can_create_projects\";N;s:17:\"can_edit_projects\";N;s:19:\"can_delete_projects\";N;s:30:\"can_add_remove_project_members\";N;s:16:\"can_create_tasks\";N;s:14:\"can_edit_tasks\";N;s:16:\"can_delete_tasks\";N;s:20:\"can_comment_on_tasks\";N;s:24:\"show_assigned_tasks_only\";N;s:21:\"can_create_milestones\";N;s:19:\"can_edit_milestones\";N;s:21:\"can_delete_milestones\";N;s:16:\"can_delete_files\";N;s:34:\"can_view_team_members_contact_info\";s:1:\"1\";s:34:\"can_view_team_members_social_links\";N;s:29:\"team_member_update_permission\";s:3:\"all\";s:38:\"team_member_update_permission_specific\";s:0:\"\";s:27:\"timesheet_manage_permission\";N;s:36:\"timesheet_manage_permission_specific\";N;s:21:\"disable_event_sharing\";N;s:22:\"hide_team_members_list\";N;s:28:\"can_delete_leave_application\";N;s:10:\"accounting\";N;s:7:\"payroll\";N;s:5:\"eroom\";N;s:4:\"logs\";N;s:7:\"reports\";N;s:25:\"can_access_delivery_notes\";N;s:25:\"can_create_delivery_notes\";N;s:23:\"can_edit_delivery_notes\";N;s:25:\"can_delete_delivery_notes\";N;s:31:\"delivery_note_manage_permission\";N;s:40:\"delivery_note_manage_permission_specific\";s:0:\"\";s:20:\"can_access_suppliers\";N;s:20:\"can_create_suppliers\";N;s:18:\"can_edit_suppliers\";N;s:20:\"can_delete_suppliers\";N;s:26:\"supplier_manage_permission\";N;s:35:\"supplier_manage_permission_specific\";s:0:\"\";s:26:\"can_access_purchase_orders\";N;s:26:\"can_create_purchase_orders\";N;s:24:\"can_edit_purchase_orders\";N;s:26:\"can_delete_purchase_orders\";N;s:32:\"purchase_order_manage_permission\";N;s:41:\"purchase_order_manage_permission_specific\";s:0:\"\";s:16:\"can_access_items\";N;s:16:\"can_create_items\";N;s:14:\"can_edit_items\";N;s:16:\"can_delete_items\";N;s:22:\"item_manage_permission\";N;s:31:\"item_manage_permission_specific\";s:0:\"\";s:25:\"can_access_items_category\";N;s:25:\"can_create_items_category\";N;s:23:\"can_edit_items_category\";N;s:25:\"can_delete_items_category\";N;s:31:\"item_category_manage_permission\";N;s:40:\"item_category_manage_permission_specific\";s:0:\"\";s:19:\"can_access_expiries\";N;s:21:\"can_access_petty_cash\";N;s:19:\"can_access_expenses\";N;s:19:\"can_create_expenses\";N;s:17:\"can_edit_expenses\";N;s:19:\"can_delete_expenses\";N;s:25:\"expense_manage_permission\";N;s:34:\"expense_manage_permission_specific\";s:0:\"\";s:20:\"internal_transaction\";N;s:27:\"can_access_invoice_payments\";N;s:27:\"can_create_invoice_payments\";N;s:25:\"can_edit_invoice_payments\";N;s:27:\"can_delete_invoice_payments\";N;s:34:\"can_access_purchase_order_payments\";N;s:34:\"can_create_purchase_order_payments\";N;s:32:\"can_edit_purchase_order_payments\";N;s:34:\"can_delete_purchase_order_payments\";N;s:19:\"can_access_contacts\";N;s:19:\"can_create_contacts\";N;s:17:\"can_edit_contacts\";N;s:19:\"can_delete_contacts\";N;s:25:\"contact_manage_permission\";N;s:34:\"contact_manage_permission_specific\";N;s:18:\"can_access_clients\";N;s:18:\"can_create_clients\";N;s:16:\"can_edit_clients\";N;s:18:\"can_delete_clients\";N;s:24:\"client_manage_permission\";N;s:33:\"client_manage_permission_specific\";s:0:\"\";s:16:\"can_access_leads\";N;s:16:\"can_create_leads\";N;s:14:\"can_edit_leads\";N;s:16:\"can_delete_leads\";N;s:23:\"leads_manage_permission\";N;s:32:\"leads_manage_permission_specific\";s:0:\"\";s:19:\"can_access_invoices\";N;s:19:\"can_create_invoices\";N;s:17:\"can_edit_invoices\";N;s:19:\"can_delete_invoices\";N;s:25:\"invoice_manage_permission\";N;s:34:\"invoice_manage_permission_specific\";s:0:\"\";s:21:\"can_access_job_orders\";N;s:21:\"can_create_job_orders\";N;s:19:\"can_edit_job_orders\";N;s:21:\"can_delete_job_orders\";N;s:28:\"job_orders_manage_permission\";N;s:37:\"job_orders_manage_permission_specific\";s:0:\"\";s:26:\"can_access_invoices_return\";N;s:26:\"can_create_invoices_return\";N;s:24:\"can_edit_invoices_return\";N;s:26:\"can_delete_invoices_return\";N;s:32:\"invoice_return_manage_permission\";N;s:41:\"invoice_return_manage_permission_specific\";s:0:\"\";s:20:\"can_access_estimates\";N;s:19:\"can_add_team_member\";s:1:\"1\";s:20:\"can_create_estimates\";N;s:18:\"can_edit_estimates\";N;s:20:\"can_delete_estimates\";N;s:26:\"estimate_manage_permission\";N;s:35:\"estimate_manage_permission_specific\";s:0:\"\";s:16:\"estimate_request\";N;s:8:\"discount\";i:0;s:8:\"expenses\";N;s:9:\"estimates\";N;s:8:\"invoices\";N;s:16:\"invoice_payments\";N;s:14:\"delivery_notes\";N;s:15:\"purchase_orders\";N;s:23:\"purchase_order_payments\";N;s:8:\"payrolls\";N;s:21:\"internal_transactions\";N;}',0),(9,'Supervisor','a:148:{s:5:\"leave\";N;s:14:\"leave_specific\";s:0:\"\";s:10:\"attendance\";N;s:19:\"attendance_specific\";s:0:\"\";s:7:\"invoice\";N;s:8:\"job_info\";N;s:15:\"account_setting\";N;s:16:\"final_settelment\";N;s:8:\"estimate\";N;s:7:\"expense\";N;s:8:\"expiries\";N;s:10:\"petty_cash\";N;s:6:\"client\";N;s:4:\"lead\";N;s:6:\"ticket\";N;s:15:\"ticket_specific\";s:0:\"\";s:12:\"announcement\";N;s:17:\"approve_budgeting\";N;s:23:\"help_and_knowledge_base\";N;s:23:\"can_manage_all_projects\";s:1:\"1\";s:19:\"can_create_projects\";s:1:\"1\";s:17:\"can_edit_projects\";N;s:19:\"can_delete_projects\";N;s:30:\"can_add_remove_project_members\";s:1:\"1\";s:16:\"can_create_tasks\";s:1:\"1\";s:14:\"can_edit_tasks\";N;s:16:\"can_delete_tasks\";N;s:20:\"can_comment_on_tasks\";s:1:\"1\";s:24:\"show_assigned_tasks_only\";N;s:21:\"can_create_milestones\";s:1:\"1\";s:19:\"can_edit_milestones\";N;s:21:\"can_delete_milestones\";N;s:16:\"can_delete_files\";N;s:34:\"can_view_team_members_contact_info\";N;s:34:\"can_view_team_members_social_links\";N;s:29:\"team_member_update_permission\";N;s:38:\"team_member_update_permission_specific\";s:0:\"\";s:27:\"timesheet_manage_permission\";N;s:36:\"timesheet_manage_permission_specific\";N;s:21:\"disable_event_sharing\";N;s:22:\"hide_team_members_list\";N;s:28:\"can_delete_leave_application\";N;s:10:\"accounting\";N;s:7:\"payroll\";N;s:5:\"eroom\";N;s:4:\"logs\";N;s:7:\"reports\";N;s:25:\"can_access_delivery_notes\";N;s:25:\"can_create_delivery_notes\";N;s:23:\"can_edit_delivery_notes\";N;s:25:\"can_delete_delivery_notes\";N;s:31:\"delivery_note_manage_permission\";N;s:40:\"delivery_note_manage_permission_specific\";s:0:\"\";s:20:\"can_access_suppliers\";N;s:20:\"can_create_suppliers\";N;s:18:\"can_edit_suppliers\";N;s:20:\"can_delete_suppliers\";N;s:26:\"supplier_manage_permission\";N;s:35:\"supplier_manage_permission_specific\";s:0:\"\";s:26:\"can_access_purchase_orders\";N;s:26:\"can_create_purchase_orders\";N;s:24:\"can_edit_purchase_orders\";N;s:26:\"can_delete_purchase_orders\";N;s:32:\"purchase_order_manage_permission\";N;s:41:\"purchase_order_manage_permission_specific\";s:0:\"\";s:16:\"can_access_items\";N;s:16:\"can_create_items\";N;s:14:\"can_edit_items\";N;s:16:\"can_delete_items\";N;s:22:\"item_manage_permission\";N;s:31:\"item_manage_permission_specific\";s:0:\"\";s:25:\"can_access_items_category\";N;s:25:\"can_create_items_category\";N;s:23:\"can_edit_items_category\";N;s:25:\"can_delete_items_category\";N;s:31:\"item_category_manage_permission\";N;s:40:\"item_category_manage_permission_specific\";s:0:\"\";s:19:\"can_access_expiries\";N;s:21:\"can_access_petty_cash\";N;s:19:\"can_access_expenses\";N;s:19:\"can_create_expenses\";N;s:17:\"can_edit_expenses\";N;s:19:\"can_delete_expenses\";N;s:25:\"expense_manage_permission\";N;s:34:\"expense_manage_permission_specific\";s:0:\"\";s:20:\"internal_transaction\";N;s:27:\"can_access_invoice_payments\";N;s:27:\"can_create_invoice_payments\";N;s:25:\"can_edit_invoice_payments\";N;s:27:\"can_delete_invoice_payments\";N;s:34:\"can_access_purchase_order_payments\";N;s:34:\"can_create_purchase_order_payments\";N;s:32:\"can_edit_purchase_order_payments\";N;s:34:\"can_delete_purchase_order_payments\";N;s:19:\"can_access_contacts\";N;s:19:\"can_create_contacts\";N;s:17:\"can_edit_contacts\";N;s:19:\"can_delete_contacts\";N;s:25:\"contact_manage_permission\";N;s:34:\"contact_manage_permission_specific\";N;s:18:\"can_access_clients\";s:1:\"1\";s:18:\"can_create_clients\";s:1:\"1\";s:16:\"can_edit_clients\";s:1:\"1\";s:18:\"can_delete_clients\";s:1:\"1\";s:24:\"client_manage_permission\";s:0:\"\";s:33:\"client_manage_permission_specific\";s:0:\"\";s:16:\"can_access_leads\";N;s:16:\"can_create_leads\";N;s:14:\"can_edit_leads\";N;s:16:\"can_delete_leads\";N;s:23:\"leads_manage_permission\";N;s:32:\"leads_manage_permission_specific\";s:0:\"\";s:19:\"can_access_invoices\";N;s:19:\"can_create_invoices\";N;s:17:\"can_edit_invoices\";N;s:19:\"can_delete_invoices\";N;s:25:\"invoice_manage_permission\";N;s:34:\"invoice_manage_permission_specific\";s:0:\"\";s:21:\"can_access_job_orders\";N;s:21:\"can_create_job_orders\";N;s:19:\"can_edit_job_orders\";N;s:21:\"can_delete_job_orders\";N;s:28:\"job_orders_manage_permission\";N;s:37:\"job_orders_manage_permission_specific\";s:0:\"\";s:26:\"can_access_invoices_return\";N;s:26:\"can_create_invoices_return\";N;s:24:\"can_edit_invoices_return\";N;s:26:\"can_delete_invoices_return\";N;s:32:\"invoice_return_manage_permission\";N;s:41:\"invoice_return_manage_permission_specific\";s:0:\"\";s:20:\"can_access_estimates\";N;s:19:\"can_add_team_member\";N;s:20:\"can_create_estimates\";N;s:18:\"can_edit_estimates\";N;s:20:\"can_delete_estimates\";N;s:26:\"estimate_manage_permission\";N;s:35:\"estimate_manage_permission_specific\";s:0:\"\";s:16:\"estimate_request\";N;s:8:\"discount\";i:0;s:8:\"expenses\";N;s:9:\"estimates\";N;s:8:\"invoices\";N;s:16:\"invoice_payments\";N;s:14:\"delivery_notes\";N;s:15:\"purchase_orders\";N;s:23:\"purchase_order_payments\";N;s:8:\"payrolls\";N;s:21:\"internal_transactions\";N;}',0);

--
-- Table structure for table `nizwa_packing_productssalary_advance`
--

CREATE TABLE `nizwa_packing_productssalary_advance` (
  `id` int(11) NOT NULL AUTO_INCREMENT,
  `user_id` int(11) DEFAULT NULL,
  `amount` float NOT NULL DEFAULT '0',
  `date` date DEFAULT NULL,
  `deleted` tinyint(1) DEFAULT '0',
  PRIMARY KEY (`id`)
) ENGINE=InnoDB DEFAULT CHARSET=utf8 COLLATE=utf8_unicode_ci;

--
-- Dumping data for table `nizwa_packing_productssalary_advance`
--


--
-- Table structure for table `nizwa_packing_productssale_return_items`
--

CREATE TABLE `nizwa_packing_productssale_return_items` (
  `id` int(11) NOT NULL AUTO_INCREMENT,
  `sale_return_id` int(11) NOT NULL,
  `item_id` int(11) NOT NULL,
  `invoice_item_id` int(11) NOT NULL,
  `quantity` double NOT NULL DEFAULT '0',
  `deleted` int(1) NOT NULL DEFAULT '0',
  `sort` int(11) NOT NULL DEFAULT '0',
  PRIMARY KEY (`id`)
) ENGINE=InnoDB AUTO_INCREMENT=35 DEFAULT CHARSET=utf8 COLLATE=utf8_unicode_ci;

--
-- Dumping data for table `nizwa_packing_productssale_return_items`
--

INSERT INTO `nizwa_packing_productssale_return_items` VALUES (1,1,1159,363,1,0,0),(2,1,1895,364,10,0,0),(3,1,10,365,1,0,0),(4,2,1895,407,16,0,0),(5,2,1896,408,14,0,0),(6,3,2019,481,24,0,0),(7,4,1287,527,1,0,0),(8,4,10,528,1,0,0),(9,4,10,529,1,0,0),(10,4,10,530,1,0,0),(11,4,1157,531,7,0,0),(12,4,10,532,9,0,0),(13,4,10,533,1,0,0),(14,4,10,534,2,0,0),(15,4,10,535,1,0,0),(16,4,10,536,1,0,0),(17,4,10,537,1,0,0),(18,5,1164,554,7,0,0),(19,6,10,567,1,0,0),(20,7,10,634,1,0,0),(21,7,10,635,1,0,0),(22,7,10,636,1,0,0),(23,7,10,637,1,0,0),(24,7,10,638,1,0,0),(25,8,10,678,1,0,0),(26,8,10,679,1,0,0),(27,8,10,680,1,0,0),(28,8,10,681,1,0,0),(29,8,10,682,1,0,0),(30,8,10,683,1,0,0),(31,8,10,684,1,0,0),(32,8,10,686,1,0,0),(33,8,10,687,1,0,0),(34,8,10,688,1,0,0);

--
-- Table structure for table `nizwa_packing_productssale_returns`
--

CREATE TABLE `nizwa_packing_productssale_returns` (
  `id` int(11) NOT NULL AUTO_INCREMENT,
  `invoice_id` int(11) NOT NULL,
  `client_id` int(11) NOT NULL DEFAULT '0',
  `payment_method_id` int(11) DEFAULT '0',
  `transaction_id` int(11) DEFAULT '0',
  `date` date NOT NULL,
  `status` enum('draft','approved') COLLATE utf8_unicode_ci DEFAULT 'draft',
  `note` text COLLATE utf8_unicode_ci,
  `deleted` int(1) NOT NULL DEFAULT '0',
  PRIMARY KEY (`id`)
) ENGINE=InnoDB AUTO_INCREMENT=9 DEFAULT CHARSET=utf8 COLLATE=utf8_unicode_ci;

--
-- Dumping data for table `nizwa_packing_productssale_returns`
--

INSERT INTO `nizwa_packing_productssale_returns` VALUES (1,200,440,4,0,'2025-04-10','approved','problem issue we will make new ',0),(2,219,356,4,0,'2025-05-04','approved','BECUSE THE ROOM DOORS SHOULD CLIDDING FROM BOTH SIDE ',0),(3,248,426,4,0,'2025-07-12','approved','wrong invoice',0),(4,257,398,4,0,'2025-07-29','approved','ما عملت تخفيض فيها لذلك اريد اكنسلها',0),(5,262,546,4,0,'2025-08-14','approved','كاتبه المواد خطا ',0),(6,271,550,4,0,'2025-08-24','draft','sales@ee-om.com\nBarka industrial As Saqsuq\nAl Batinah South. Sultanate of Oman \n P.O Box 20 Postal code 320\n',0),(7,291,539,4,0,'2025-10-12','draft','',0),(8,312,588,4,0,'2025-11-15','approved','الضمانات ناقصه والعميل مادفع',0);

--
-- Table structure for table `nizwa_packing_productssaleorder_status`
--

CREATE TABLE `nizwa_packing_productssaleorder_status` (
  `id` int(11) NOT NULL AUTO_INCREMENT,
  `title` varchar(100) COLLATE utf8_unicode_ci NOT NULL,
  `key_name` varchar(100) COLLATE utf8_unicode_ci NOT NULL,
  `color` varchar(7) COLLATE utf8_unicode_ci NOT NULL,
  `sort` int(11) NOT NULL,
  `deleted` tinyint(1) NOT NULL DEFAULT '0',
  PRIMARY KEY (`id`)
) ENGINE=InnoDB AUTO_INCREMENT=5 DEFAULT CHARSET=utf8 COLLATE=utf8_unicode_ci;

--
-- Dumping data for table `nizwa_packing_productssaleorder_status`
--

INSERT INTO `nizwa_packing_productssaleorder_status` VALUES (1,'Pending','pending','#F9A52D',0,0),(2,'Ready','ready','#1672B9',1,0),(3,'In Progress','in_progress','#00B393',2,0),(4,'Finished','finished','#aab7b7',3,0);

--
-- Table structure for table `nizwa_packing_productssales_items`
--

CREATE TABLE `nizwa_packing_productssales_items` (
  `id` int(11) NOT NULL AUTO_INCREMENT,
  `title` text COLLATE utf8_unicode_ci NOT NULL,
  `sale_account_id` int(11) NOT NULL,
  `sale_cost_account_id` int(11) NOT NULL,
  `deleted` tinyint(1) NOT NULL DEFAULT '0',
  PRIMARY KEY (`id`) USING BTREE
) ENGINE=InnoDB AUTO_INCREMENT=2 DEFAULT CHARSET=utf8 COLLATE=utf8_unicode_ci ROW_FORMAT=DYNAMIC;

--
-- Dumping data for table `nizwa_packing_productssales_items`
--

INSERT INTO `nizwa_packing_productssales_items` VALUES (1,'Default Sales',70,62,0);

--
-- Table structure for table `nizwa_packing_productssettings`
--

CREATE TABLE `nizwa_packing_productssettings` (
  `setting_name` varchar(100) COLLATE utf8_unicode_ci NOT NULL,
  `setting_value` mediumtext COLLATE utf8_unicode_ci NOT NULL,
  `type` varchar(20) COLLATE utf8_unicode_ci NOT NULL DEFAULT 'app',
  `deleted` tinyint(1) NOT NULL DEFAULT '0',
  UNIQUE KEY `setting_name` (`setting_name`)
) ENGINE=InnoDB DEFAULT CHARSET=utf8 COLLATE=utf8_unicode_ci;

--
-- Dumping data for table `nizwa_packing_productssettings`
--

INSERT INTO `nizwa_packing_productssettings` VALUES ('accepted_file_formats','jpg,jpeg,doc,pdf,csv,pptx,xlsx,docx,png,rar','app',0),('allow_partial_invoice_payment_from_clients','','app',0),('allowed_ip_addresses','','app',0),('app_title','مــحطة التــطوير ش ش و  DEVELOPMENT STATION SPC','app',0),('attendance_password','94269935','app',0),('banks_accounts_parent','25','app',0),('cash_on_hand_accounts_parent','24','app',0),('client_can_add_project_files','1','app',0),('client_can_comment_on_files','1','app',0),('client_can_comment_on_tasks','1','app',0),('client_can_create_projects','1','app',0),('client_can_create_tasks','1','app',0),('client_can_edit_tasks','1','app',0),('client_can_view_activity','1','app',0),('client_can_view_gantt','1','app',0),('client_can_view_milestones','1','app',0),('client_can_view_overview','1','app',0),('client_can_view_project_files','1','app',0),('client_can_view_tasks','1','app',0),('client_default_dashboard','','app',0),('client_message_own_contacts','1','app',0),('client_message_users','5','app',0),('clients_accounts_parent','19','app',0),('clients_parent','','app',0),('company_address','DEVELOPMENT STATION SPC\nVATIN:OM1100157076\n CR No:1350506\nصناعية بركاء. السقسوق\nالباطنة جنوب. سلطنة عمان \nهاتف 72713000/72712000 \ninfo@eengravingom.com','app',0),('company_email','info@eengravingom.com','app',0),('company_name','مــحطة التــطوير ش ش و     ','app',0),('company_phone','','app',0),('company_vat_number','1100157076','app',0),('company_website','','app',0),('cost_of_goods_sold','62','app',0),('currency_position','right','app',0),('currency_symbol',' /OMR','app',0),('date_format','d-m-Y','app',0),('decimal_separator','.','app',0),('default_bank','61','app',0),('default_cash_on_hand','12','app',0),('default_currency','OMR','app',0),('default_due_date_after_billing_date','30','app',0),('default_git','75','app',0),('default_inventory','18','app',0),('default_job_order','93','app',0),('default_sales','70','app',0),('dimensies_rate','2','app',0),('disable_client_login','1','app',0),('disable_client_signup','1','app',0),('discount','60','app',0),('email_protocol','','app',0),('email_sent_from_address','info@teamway.om','app',0),('email_sent_from_name','Teamway','app',0),('email_smtp_host','','app',0),('email_smtp_pass','','app',0),('email_smtp_port','','app',0),('email_smtp_security_type','none','app',0),('email_smtp_user','','app',0),('enable_attendance','','app',0),('enable_email_piping','','app',0),('enable_google_calendar_api','1','app',0),('enable_push_notification','','app',0),('enable_recurring_option_for_tasks','1','app',0),('enable_rich_text_editor','0','app',0),('estimate_color','#058b8c','app',0),('estimate_logo','a:1:{s:9:\"file_name\";s:36:\"_file64aa3e9a0f8f2-estimate-logo.png\";}','app',0),('expenses_accounts_parent','56','app',0),('favicon','a:1:{s:9:\"file_name\";s:30:\"_file643b836a06640-favicon.png\";}','app',0),('financial_year_end','2022-01-01','app',0),('first_day_of_week','0','app',0),('hidden_client_menus','','app',0),('imap_email','info@teamway.om','app',0),('imap_host','','app',0),('imap_password','00000','app',0),('imap_port','','app',0),('imap_ssl_enabled','1','app',0),('initial_number_of_the_estimate','266','app',0),('initial_number_of_the_invoice','128','app',0),('invoice_color','#058b8c','app',0),('invoice_footer','<p><br></p>','app',0),('invoice_logo','a:1:{s:9:\"file_name\";s:35:\"_file64aa48bfd0106-invoice-logo.png\";}','app',0),('invoice_prefix','AMI/','app',0),('item_purchase_code','53434654','app',0),('language','english','app',0),('leave_salary_expenses','4','app',0),('module_announcement','1','app',0),('module_attendance','','app',0),('module_chat','1','app',0),('module_estimate','1','app',0),('module_estimate_request','','app',0),('module_event','1','app',0),('module_expense','1','app',0),('module_help','','app',0),('module_invoice','1','app',0),('module_knowledge_base','1','app',0),('module_lead','1','app',0),('module_leave','1','app',0),('module_message','1','app',0),('module_note','1','app',0),('module_project_timesheet','','app',0),('module_ticket','','app',0),('module_timeline','1','app',0),('module_todo','1','app',0),('no_of_decimals','0','app',0),('payable_cheques','43','app',0),('payable_EOS_benefits','15','app',0),('payable_job_security','9','app',0),('payable_leave_salaries','15','app',0),('payable_PASI','53','app',0),('payable_salaries','46','app',0),('petty_cash_parent','16','app',0),('products_account','94','app',0),('project_reference_in_tickets','1','app',0),('project_task_deadline_overdue_reminder','30','app',0),('project_task_deadline_pre_reminder','2','app',0),('project_task_reminder_on_the_day_of_deadline','1','app',0),('pusher_app_id','929038','app',0),('pusher_cluster','eu','app',0),('pusher_key','2cbc86a72bfa9a85b0e5','app',0),('pusher_secret','53077cbb420c5e79c8f6','app',0),('raw_materials_account','95','app',0),('receivable_cheques','21','app',0),('rows_per_page','100','app',0),('salary_advances','66','app',0),('salary_expenses','65','app',0),('scrollbar','native','app',0),('send_bcc_to','info@eengravingom.com','app',0),('send_estimate_bcc_to','info@eengravingom.com','app',0),('show_background_image_in_signin_page','yes','app',0),('show_logo_in_signin_page','yes','app',0),('show_recent_ticket_comments_at_the_top','1','app',0),('signin_page_background','a:4:{s:9:\"file_name\";s:57:\"system_file6524eab98ecb8-Screenshot-2023-10-10-094945.png\";s:9:\"file_size\";s:6:\"429537\";s:7:\"file_id\";N;s:12:\"service_type\";N;}','app',0),('site_logo','a:1:{s:9:\"file_name\";s:32:\"_file643b82ed89abc-site-logo.png\";}','app',0),('suppliers_accounts_parent','37','app',0),('ticket_prefix','','app',0),('time_format','24_hours','app',0),('timezone','Asia/Muscat','app',0),('treasury_accounts_parent','12','app',0),('user_1_allowed_distance','100000','user',0),('user_1_dashboard','','user',0),('user_1_disable_push_notification','0','user',0),('user_1_hidden_topbar_menus','','user',0),('user_1_location','23.620058326708097,58.24233084570313','user',0),('user_1_notification_sound_volume','4','user',0),('user_1_personal_language','english','user',0),('user_10_dashboard','','user',0),('user_10_personal_language','arabic','user',0),('user_11_dashboard','','user',0),('user_12_dashboard','','user',0),('user_14_dashboard','','user',0),('user_15_dashboard','','user',0),('user_16_dashboard','','user',0),('user_2_dashboard','','user',0),('user_2_personal_language','english','user',0),('user_21_dashboard','','user',0),('user_21_personal_language','english','user',0),('user_23_dashboard','','user',0),('user_24_dashboard','','user',0),('user_24_personal_language','arabic','user',0),('user_25_dashboard','','user',0),('user_25_personal_language','english','user',0),('user_3_dashboard','','user',0),('user_36_dashboard','','user',0),('user_37_dashboard','','user',0),('user_37_personal_language','english','user',0),('user_38_dashboard','','user',0),('user_39_dashboard','','user',0),('user_39_personal_language','english','user',0),('user_4_dashboard','','user',0),('user_40_dashboard','','user',0),('user_42_dashboard','','user',0),('user_42_personal_language','english','user',0),('user_43_dashboard','','user',0),('user_43_personal_language','arabic','user',0),('user_44_dashboard','','user',0),('user_45_dashboard','','user',0),('user_46_dashboard','','user',0),('user_47_dashboard','','user',0),('user_48_dashboard','','user',0),('user_48_personal_language','english','user',0),('user_49_dashboard','','user',0),('user_5_allowed_distance','100000000','user',0),('user_5_dashboard','','user',0),('user_5_disable_push_notification','1','user',0),('user_5_hidden_topbar_menus','','user',0),('user_5_location','23.673522614041882,57.680654820312505','user',0),('user_5_notification_sound_volume','7','user',0),('user_5_personal_language','english','user',0),('user_53_dashboard','','user',0),('user_53_personal_language','arabic','user',0),('user_54_dashboard','','user',0),('user_54_personal_language','arabic','user',0),('user_57_personal_language','arabic','user',0),('user_58_dashboard','','user',0),('user_58_personal_language','arabic','user',0),('user_59_dashboard','','user',0),('user_59_personal_language','arabic','user',0),('user_6_dashboard','','user',0),('user_6_personal_language','arabic','user',0),('user_60_dashboard','','user',0),('user_60_personal_language','arabic','user',0),('user_64_dashboard','','user',0),('user_65_dashboard','','user',0),('user_66_dashboard','','user',0),('user_69_dashboard','','user',0),('user_7_dashboard','','user',0),('user_70_dashboard','','user',0),('user_72_dashboard','','user',0),('user_8_dashboard','','user',0),('user_8_personal_language','english','user',0),('user_9_dashboard','','user',0),('VAT_expense','21','app',0),('VAT_in','35','app',0),('VAT_out','27','app',0),('weekend','5,6','app',0);

--
-- Table structure for table `nizwa_packing_productsshipment_items`
--

CREATE TABLE `nizwa_packing_productsshipment_items` (
  `id` int(11) NOT NULL AUTO_INCREMENT,
  `item_id` int(11) NOT NULL,
  `po_item_id` int(11) NOT NULL,
  `quantity` double NOT NULL DEFAULT '0',
  `deleted` int(1) NOT NULL DEFAULT '0',
  `shipment_id` int(11) NOT NULL,
  `sort` int(11) NOT NULL DEFAULT '0',
  PRIMARY KEY (`id`)
) ENGINE=InnoDB AUTO_INCREMENT=576 DEFAULT CHARSET=utf8 COLLATE=utf8_unicode_ci;

--
-- Dumping data for table `nizwa_packing_productsshipment_items`
--

INSERT INTO `nizwa_packing_productsshipment_items` VALUES (2,1,1,200,0,2,0),(3,1,1,-197,0,3,0),(4,5,2,30,0,4,0),(5,373,521,6,0,5,0),(6,491,503,10,0,6,0),(7,186,504,30,0,6,0),(8,189,505,30,0,6,0),(9,165,506,30,0,6,0),(10,492,507,30,0,7,0),(11,487,501,48.208,0,8,0),(12,326,494,2,0,9,0),(13,408,495,2,0,9,0),(14,329,496,1,0,9,0),(15,330,497,1,0,9,0),(16,331,498,1,0,9,0),(17,489,500,6,0,9,0),(18,336,489,78.8,0,10,0),(19,190,490,34.77,0,11,0),(20,14,515,10,0,12,0),(21,189,516,10,0,12,0),(22,186,517,10,0,12,0),(23,18,518,10,0,12,0),(24,19,519,10,0,12,0),(25,165,520,20,0,12,0),(26,494,509,1,0,13,0),(27,495,510,1,0,13,0),(28,496,511,6,0,13,0),(29,497,512,8,0,13,0),(30,493,508,45.8,0,14,0),(31,498,513,4,0,15,0),(32,186,514,10,0,15,0),(33,499,531,6,0,16,0),(34,0,532,12,0,17,0),(35,0,533,1,0,17,0),(36,0,535,10,0,17,0),(37,0,536,1,0,17,0),(38,0,537,1,0,17,0),(39,500,549,2,0,18,0),(40,500,550,6,0,19,0),(41,509,551,400,0,20,0),(42,510,552,200,0,20,0),(43,511,553,40,0,20,0),(44,512,538,57,0,21,0),(45,513,542,30,0,21,0),(46,514,543,10,0,21,0),(47,515,544,8,0,21,0),(48,516,545,10,0,21,0),(49,348,484,2,0,22,0),(50,526,567,10,0,22,0),(51,369,450,206.83,0,23,0),(52,470,451,1,0,24,0),(53,471,452,8,0,25,0),(54,472,453,10,0,25,0),(55,473,454,1,0,25,0),(56,474,455,30,0,25,0),(57,475,456,6,0,26,0),(58,199,457,1,0,26,0),(59,363,458,3,0,26,0),(60,476,459,5,0,26,0),(61,198,460,5,0,26,0),(62,241,461,6,0,26,0),(63,460,462,3,0,26,0),(64,461,463,3,0,26,0),(65,462,464,3,0,26,0),(66,437,465,200,0,26,0),(67,477,466,200,0,26,0),(68,478,467,200,0,26,0),(69,269,469,10,0,27,0),(70,479,468,10,0,28,0),(71,480,470,94.3,0,29,0),(72,481,471,29.075,0,29,0),(73,482,472,2,0,30,0),(74,468,473,1,0,30,0),(75,350,474,4,0,31,0),(76,0,475,4,0,31,0),(77,336,476,160.27,0,32,0),(78,190,477,82.23,0,32,0),(79,484,480,26,0,33,0),(80,485,481,42.592,0,34,0),(81,190,482,44.18,0,35,0),(82,453,483,67.28,0,35,0),(83,393,322,2,0,36,0),(84,394,323,1,0,37,0),(85,274,324,1,0,37,0),(86,395,325,15,0,37,0),(87,210,326,1,0,37,0),(88,221,327,1,0,37,0),(89,202,328,1,0,37,0),(90,396,329,1,0,37,0),(91,198,330,1,0,38,0),(92,397,331,1,0,38,0),(93,398,332,10,0,38,0),(94,399,333,2,0,39,0),(95,255,334,6,0,40,0),(96,114,335,10,0,40,0),(97,401,336,2,0,41,0),(98,402,337,1,0,41,0),(99,403,338,1,0,41,0),(100,204,339,1,0,41,0),(101,385,340,10,0,42,0),(102,404,341,1,0,42,0),(103,405,342,1,0,42,0),(104,406,343,10,0,43,0),(105,407,344,1,0,44,0),(106,408,345,1,0,45,0),(107,169,346,1,0,45,0),(108,336,347,115.48,0,46,0),(109,385,348,15,0,47,0),(110,409,349,2,0,47,0),(111,410,350,1,0,47,0),(112,411,351,8,0,47,0),(113,267,352,1,0,48,0),(114,412,353,1,0,49,0),(115,413,354,1,0,49,0),(116,414,355,1,0,50,0),(117,415,356,1,0,51,0),(118,408,357,1,0,52,0),(119,165,358,30,0,53,0),(120,416,359,100,0,54,0),(121,385,360,10,0,55,0),(122,409,361,1,0,55,0),(123,417,362,5,0,55,0),(124,398,363,5,0,55,0),(125,418,364,2,0,55,0),(126,419,365,2,0,55,0),(127,420,366,2,0,55,0),(128,421,367,1,0,56,0),(129,422,368,2,0,56,0),(130,423,369,2,0,56,0),(131,424,370,10,0,56,0),(132,425,371,2,0,57,0),(133,426,372,2,0,57,0),(134,427,373,1,0,57,0),(135,428,374,2,0,57,0),(136,406,375,4,0,58,0),(137,460,438,3,0,59,0),(138,461,439,3,0,59,0),(139,462,440,3,0,59,0),(140,352,441,30,0,59,0),(141,463,442,5,0,60,0),(142,464,443,1,0,60,0),(143,465,444,2,0,60,0),(144,202,391,1,0,61,0),(145,352,392,30,0,62,0),(146,378,393,1,0,62,0),(147,437,394,500,0,62,0),(148,79,395,5,0,62,0),(149,438,396,2,0,62,0),(150,439,397,2,0,62,0),(151,440,398,1,0,62,0),(152,441,399,2,0,62,0),(153,198,400,3,0,62,0),(154,220,401,1,0,62,0),(155,114,402,24,0,62,0),(156,256,403,1,0,62,0),(157,210,404,1,0,62,0),(158,227,405,1.7,0,63,0),(159,442,406,10,0,63,0),(160,443,407,1,0,63,0),(161,444,408,1,0,63,0),(162,454,428,10,0,64,0),(163,455,429,5,0,64,0),(164,456,430,5,0,64,0),(165,207,431,1,0,64,0),(166,457,432,3,0,64,0),(167,458,433,50,0,64,0),(168,459,434,20,0,64,0),(169,89,435,36,0,64,0),(170,108,436,18,0,64,0),(171,211,437,1,0,64,0),(172,366,376,6,0,65,0),(173,121,377,1,0,66,0),(174,210,378,1,0,67,0),(175,255,379,6,0,68,0),(176,238,380,1,0,68,0),(177,429,381,10,0,68,0),(178,186,382,5,0,69,0),(179,189,383,20,0,69,0),(180,430,384,8,0,70,0),(181,431,385,2,0,70,0),(182,0,386,3,0,71,0),(183,433,387,5,0,71,0),(184,434,388,12.5,0,71,0),(185,435,389,25,0,71,0),(186,436,390,5,0,71,0),(187,445,409,26,0,72,0),(188,186,414,10,0,73,0),(189,189,415,25,0,73,0),(190,102,416,30,0,73,0),(191,165,417,50,0,73,0),(192,452,424,5,0,74,0),(193,191,425,16.8,0,75,0),(194,453,426,21.12,0,75,0),(195,53,427,54.77,0,75,0),(196,48,449,121.09,0,76,0),(197,446,418,1,0,77,0),(198,447,419,2,0,77,0),(199,448,420,2,0,77,0),(200,449,421,8,0,77,0),(201,450,422,1,0,77,0),(202,451,423,1,0,77,0),(203,375,410,3,0,78,0),(204,376,411,6,0,78,0),(205,374,412,3,0,78,0),(206,373,413,10,0,78,0),(207,339,244,1,0,79,0),(208,337,242,1,0,80,0),(209,338,243,1,0,80,0),(210,447,558,2,0,81,0),(211,448,559,3,0,81,0),(212,449,560,10,0,81,0),(213,375,561,4,0,81,0),(214,376,562,8,0,81,0),(215,373,563,6,0,81,0),(216,49,564,6,0,81,0),(217,524,565,4,0,81,0),(218,519,541,4,0,82,0),(219,187,554,4,0,83,0),(220,521,555,50,0,84,0),(221,522,556,2,0,84,0),(222,523,557,2,0,84,0),(223,18,568,2,0,85,0),(224,0,539,1,0,86,0),(225,0,540,1,0,86,0),(226,0,18,108.08,0,87,0),(227,0,10,2,0,88,0),(228,0,11,3,0,88,0),(229,500,768,6,0,89,0),(230,635,769,6,0,89,0),(231,636,770,3,0,89,0),(232,637,762,2,0,90,0),(233,541,763,2,0,90,0),(234,638,764,2,0,90,0),(235,639,765,2,0,90,0),(236,640,766,2,0,90,0),(237,641,767,2,0,90,0),(238,644,774,2,0,91,0),(239,645,775,2,0,91,0),(240,457,776,1,0,91,0),(241,642,771,0,0,92,0),(242,618,740,24,0,93,0),(243,0,818,1,0,94,0),(244,463,654,4,0,95,0),(245,583,655,3,0,95,0),(246,394,656,2,0,96,0),(247,208,657,2,0,96,0),(248,584,658,2,0,96,0),(249,352,659,30,0,97,0),(250,589,660,1,0,98,0),(251,590,661,1,0,98,0),(252,202,662,1,0,98,0),(253,591,663,1,0,98,0),(254,114,664,24,0,98,0),(255,199,665,1,0,98,0),(256,475,666,6,0,98,0),(257,477,667,500,0,98,0),(258,592,668,500,0,98,0),(259,212,669,10,0,98,0),(260,239,670,10,0,98,0),(261,457,671,2,0,98,0),(262,207,672,1,0,98,0),(263,585,673,20,0,98,0),(264,586,674,1,0,98,0),(265,587,675,1,0,98,0),(266,588,676,2,0,98,0),(267,593,677,1,0,99,0),(268,594,678,1,0,99,0),(269,597,683,1,0,100,0),(270,211,705,1,0,101,0),(271,211,679,1,0,102,0),(272,274,680,1,0,102,0),(273,595,681,1,0,102,0),(274,596,682,1,0,102,0),(275,584,684,3,0,103,0),(276,202,685,3,0,103,0),(277,463,687,1,0,104,0),(278,202,688,1,0,104,0),(279,598,689,1,0,105,0),(280,599,690,3,0,105,0),(281,82,691,60,0,105,0),(282,202,692,2,0,105,0),(283,389,693,4,0,105,0),(284,600,694,1,0,105,0),(285,198,695,2,0,105,0),(286,360,696,1,0,105,0),(287,588,697,8,0,105,0),(288,461,698,2,0,105,0),(289,199,699,1,0,105,0),(290,0,700,1,0,105,0),(291,602,701,3,0,105,0),(292,603,702,7.005,0,105,0),(293,263,703,1,0,105,0),(294,584,704,1,0,106,0),(295,584,706,1,0,107,0),(296,604,707,1,0,107,0),(297,584,708,5,0,108,0),(298,605,709,1,0,108,0),(299,606,710,52,0,109,0),(300,211,711,2,0,110,0),(301,607,712,1,0,110,0),(302,608,713,1,0,110,0),(303,609,714,1,0,110,0),(304,610,715,1,0,110,0),(305,403,716,1,0,111,0),(306,611,717,1,0,111,0),(307,584,718,4,0,112,0),(308,604,719,1,0,112,0),(309,117,720,4,0,112,0),(310,612,721,10,0,113,0),(311,212,722,10,0,113,0),(312,0,723,3,0,113,0),(313,614,724,3,0,113,0),(314,615,725,3,0,113,0),(315,77,726,3,0,113,0),(316,199,727,2,0,113,0),(317,114,728,12,0,113,0),(318,198,729,2,0,113,0),(319,220,730,1,0,113,0),(320,610,731,1,0,113,0),(321,238,732,1,0,113,0),(322,616,733,60,0,113,0),(323,202,734,2,0,113,0),(324,584,735,4,0,113,0),(325,108,736,18,0,113,0),(326,617,737,1,0,114,0),(327,210,738,1,0,114,0),(328,227,585,0.6,0,115,0),(329,545,586,1,0,115,0),(330,546,587,10,0,116,0),(331,547,588,10,0,116,0),(332,548,589,2,0,116,0),(333,549,590,2,0,116,0),(334,550,591,5,0,117,0),(335,551,592,10,0,117,0),(336,552,593,10,0,117,0),(337,198,594,2,0,117,0),(338,210,595,1,0,117,0),(339,553,596,5,0,117,0),(340,554,597,4,0,117,0),(341,555,598,10,0,117,0),(342,0,599,1,0,118,0),(343,0,600,1,0,118,0),(344,558,601,400,0,119,0),(345,477,602,100,0,119,0),(346,441,603,2,0,119,0),(347,559,604,1,0,119,0),(348,560,605,1,0,119,0),(349,562,606,1,0,120,0),(350,561,607,1,0,120,0),(351,563,608,24,0,121,0),(352,360,609,1,0,122,0),(353,564,610,3,0,123,0),(354,565,611,5,0,123,0),(355,566,612,2,0,124,0),(356,567,613,2,0,124,0),(357,568,614,40,0,124,0),(358,227,615,0.6,0,124,0),(359,569,616,1,0,124,0),(360,570,617,4,0,124,0),(361,571,618,2,0,124,0),(362,683,823,4,0,125,0),(363,684,824,75,0,125,0),(364,685,825,26,0,125,0),(365,686,826,26,0,125,0),(366,186,846,20,0,126,0),(367,15,847,15,0,126,0),(368,695,848,1,0,126,0),(369,572,619,1,0,127,0),(370,573,620,10,0,127,0),(371,551,621,10,0,127,0),(372,574,622,10,0,127,0),(373,224,623,2,0,127,0),(374,575,624,2,0,127,0),(375,227,625,0.5,0,127,0),(376,210,626,1,0,128,0),(377,211,627,1,0,128,0),(378,475,628,6,0,129,0),(379,212,629,10,0,129,0),(380,458,630,50,0,129,0),(381,108,631,18,0,129,0),(382,89,632,36,0,129,0),(383,222,633,12,0,129,0),(384,198,634,2,0,129,0),(385,199,635,1,0,129,0),(386,114,636,12,0,129,0),(387,576,637,30,0,130,0),(388,0,638,200,0,130,0),(389,202,639,2,0,130,0),(390,260,640,35,0,130,0),(391,577,641,12,0,130,0),(392,487,851,63.493,0,131,0),(393,701,855,16,0,132,0),(394,702,856,5,0,132,0),(395,698,852,4,0,133,0),(396,693,844,6,0,134,0),(397,694,845,1,0,134,0),(398,0,777,3,0,135,0),(399,699,853,16,0,136,0),(400,700,854,2,0,136,0),(401,642,882,0,0,137,0),(402,711,886,2,0,138,0),(403,712,887,1,0,138,0),(404,713,888,1,0,138,0),(405,714,889,3,0,139,0),(406,715,890,2,0,139,0),(407,716,891,30,0,139,0),(408,717,892,2,0,139,0),(409,718,893,2,0,139,0),(410,430,894,10,0,140,0),(411,715,895,1,0,140,0),(412,720,896,15,0,141,0),(413,718,897,2,0,142,0),(414,624,898,4,0,142,0),(415,624,751,2,0,143,0),(416,625,752,1,0,143,0),(417,721,899,1,0,144,0),(418,722,900,2,0,145,0),(419,723,901,2,0,145,0),(420,725,903,24,0,145,0),(421,726,904,1,0,145,0),(422,724,905,24,0,146,0),(423,729,912,0.833,0,147,0),(424,730,913,8,0,147,0),(425,619,883,30,0,148,0),(426,102,884,50,0,148,0),(427,719,885,20,0,148,0),(428,642,771,7,0,149,0),(429,484,739,26,0,150,0),(430,628,755,56,0,151,0),(431,642,882,8,0,152,0),(432,684,906,75,0,153,0),(433,623,907,115.46,0,154,0),(434,0,908,1,0,155,0),(435,728,909,310,0,156,0),(436,500,914,9,0,157,0),(437,66,527,45.1,0,158,0),(438,337,910,2,0,159,0),(439,338,911,2,0,159,0),(440,335,741,11.66,0,160,0),(441,696,849,2,0,161,0),(442,697,850,75,0,161,0),(443,731,915,8.16,0,162,0),(444,642,916,10,0,163,0),(445,0,917,3,0,163,0),(446,0,918,3,0,163,0),(447,0,919,8,0,163,0),(448,737,922,4,0,164,0),(449,738,923,150,0,164,0),(450,685,924,27,0,164,0),(451,686,925,27,0,164,0),(452,72,928,7,0,165,0),(453,767,961,1,0,166,0),(454,768,962,1,0,166,0),(455,384,959,50,0,167,0),(456,72,951,5,0,168,0),(457,72,950,9.162,0,169,0),(458,736,921,4,0,170,0),(459,751,939,3,0,171,0),(460,739,926,1,0,172,0),(461,369,967,43.63,0,173,0),(462,731,968,6,0,173,0),(463,712,963,4,0,174,0),(464,0,958,2,0,175,0),(465,0,938,19,0,176,0),(466,0,948,1,0,177,0),(467,782,979,5.958,0,178,0),(468,0,949,40,0,179,0),(469,787,984,45.043,0,180,0),(470,642,996,7,0,181,0),(471,0,975,1,0,182,0),(472,0,976,1,0,182,0),(473,0,1016,1,0,183,0),(474,790,993,10,0,184,0),(475,0,994,2,0,185,0),(476,812,1018,2,0,186,0),(477,718,1022,1,0,187,0),(478,500,1023,6,0,188,0),(479,637,1024,2,0,188,0),(480,638,1025,2,0,188,0),(481,541,1026,4,0,188,0),(482,802,1008,160.576,0,189,0),(483,803,1009,226.466,0,190,0),(484,804,1010,40.1,0,190,0),(485,805,1011,17.664,0,191,0),(486,49,28,4,0,192,0),(487,50,29,4,0,192,0),(488,58,30,3,0,192,0),(489,59,31,3,0,192,0),(490,60,32,1,0,192,0),(491,61,33,1,0,192,0),(492,62,34,1,0,192,0),(493,63,35,1,0,192,0),(494,64,36,1,0,192,0),(495,65,37,1,0,192,0),(496,699,1006,16,0,193,0),(497,0,1017,11.45,0,194,0),(498,0,1015,1,0,195,0),(499,201,1037,24,0,196,0),(500,811,1038,14.055,0,197,0),(501,827,1042,1,0,198,0),(502,827,1043,2,0,199,0),(503,827,1044,27,0,200,0),(504,825,1039,17,0,201,0),(505,737,1048,1,0,202,0),(506,830,1049,7,0,202,0),(507,686,1050,7,0,202,0),(508,0,1005,1,0,203,0),(509,0,997,1,0,204,0),(510,0,998,1,0,205,0),(511,0,1053,5,0,206,0),(512,837,1061,10,0,207,0),(513,0,1040,1,0,208,0),(514,739,1041,1,0,208,0),(515,0,999,1,0,209,0),(516,0,1000,1,0,209,0),(517,0,1001,1,0,209,0),(518,0,1002,1,0,209,0),(519,0,1003,1,0,209,0),(520,0,1004,1,0,209,0),(521,487,1079,46.806,0,210,0),(522,0,1095,2,0,211,0),(523,0,1096,1,0,212,0),(524,0,1093,9,0,213,0),(525,716,1094,50,0,214,0),(526,642,1098,11,0,215,0),(527,733,1099,4,0,215,0),(528,868,1102,1,0,216,0),(529,866,1100,44,0,217,0),(530,867,1101,5.34,0,217,0),(531,0,1103,3.265,0,218,0),(532,870,1104,4.125,0,219,0),(533,874,1117,8,0,220,0),(534,871,1116,10,0,221,0),(535,845,1074,2,0,222,0),(536,475,1129,4,0,223,0),(537,0,1130,8,0,224,0),(538,0,1145,2,0,225,0),(539,0,1144,1,0,226,0),(540,884,1137,22.032,0,227,0),(541,0,1148,1,0,228,0),(542,0,1156,9,0,229,0),(543,0,1157,10,0,230,0),(544,899,1158,3,0,231,0),(545,904,1175,2,0,232,0),(546,787,1244,13.104,0,233,0),(547,844,1220,6,0,234,0),(548,913,1221,50,0,235,0),(549,884,1222,9.644,0,236,0),(550,891,1241,1,0,237,0),(551,696,1246,15,0,238,0),(552,788,1247,6,0,238,0),(553,375,1208,2,0,239,0),(554,376,1209,4,0,239,0),(555,524,1210,2,0,239,0),(556,834,1211,3,0,239,0),(557,836,1212,3,0,239,0),(558,447,1213,1,0,239,0),(559,449,1214,4,0,239,0),(560,448,1215,1,0,239,0),(561,373,1216,3,0,239,0),(562,918,1245,250,0,240,0),(563,870,1258,75.625,0,241,0),(564,922,1259,10,0,242,0),(565,888,1223,1,0,243,0),(566,888,1224,1,0,243,0),(567,888,1225,1,0,244,0),(568,888,1226,1,0,245,0),(569,888,1227,1,0,245,0),(570,888,1228,1,0,245,0),(571,898,1255,1,0,246,0),(572,0,1256,4,0,247,0),(573,0,1257,5.2,0,248,0),(574,0,1260,14,0,249,0),(575,0,1261,25,0,249,0);

--
-- Table structure for table `nizwa_packing_productsshipments`
--

CREATE TABLE `nizwa_packing_productsshipments` (
  `id` int(11) NOT NULL AUTO_INCREMENT,
  `purchase_order_id` int(11) NOT NULL,
  `supplier_id` int(11) NOT NULL DEFAULT '0',
  `date` date NOT NULL,
  `invoice_number` varchar(255) COLLATE utf8_unicode_ci DEFAULT NULL,
  `invoice_date` date DEFAULT NULL,
  `delivery_note_number` varchar(255) COLLATE utf8_unicode_ci DEFAULT NULL,
  `delivery_note_date` date DEFAULT NULL,
  `status` enum('draft','approved') COLLATE utf8_unicode_ci DEFAULT NULL,
  `note` text COLLATE utf8_unicode_ci,
  `deleted` int(1) NOT NULL DEFAULT '0',
  PRIMARY KEY (`id`)
) ENGINE=InnoDB AUTO_INCREMENT=250 DEFAULT CHARSET=utf8 COLLATE=utf8_unicode_ci;

--
-- Dumping data for table `nizwa_packing_productsshipments`
--

INSERT INTO `nizwa_packing_productsshipments` VALUES (2,1,2,'2023-01-02','1000','2023-01-02','212312','2023-01-02','approved','',0),(3,2,2,'2023-05-23','2','2023-05-23','3','2023-05-23','approved','',0),(4,3,2,'2023-05-24','3','2023-05-24','','0000-00-00',NULL,'',0),(5,185,16,'2023-07-10','1320','2023-07-10','1320','2023-07-10',NULL,'',0),(6,179,11,'2023-07-19','2764','2023-07-27','','2023-07-27',NULL,'',0),(7,180,3,'2023-07-19','9162960071','2023-07-19','','0000-00-00',NULL,'',0),(8,177,19,'2023-07-23','46221','2023-07-23','45457','2023-07-23',NULL,'',0),(9,176,24,'2023-07-26','SL 15655','2023-07-26','','0000-00-00',NULL,'',0),(10,173,12,'2023-07-21','9744','2023-07-23','','0000-00-00',NULL,'',0),(11,174,12,'2023-07-27','9773','2023-07-27','','0000-00-00',NULL,'',0),(12,184,11,'2023-07-03','2539','2023-07-03','','0000-00-00',NULL,'',0),(13,182,11,'2023-07-09','2624','2023-07-09','','0000-00-00',NULL,'',0),(14,181,12,'2023-07-16','9717','2023-07-16','','0000-00-00',NULL,'',0),(15,183,11,'2023-07-12','2653','2023-07-12','','0000-00-00',NULL,'',0),(16,188,36,'2023-09-07','921/23','2023-09-07','','0000-00-00',NULL,'',0),(17,189,37,'2023-07-27','1640','2023-07-27','','0000-00-00',NULL,'',0),(18,195,13,'2023-07-06','8172','2023-07-06','','0000-00-00',NULL,'',0),(19,196,13,'2023-07-24','8179','2023-07-24','','0000-00-00',NULL,'',0),(20,197,41,'2023-07-06','48260','2023-07-06','','0000-00-00',NULL,'',0),(21,190,4,'2023-07-08','5261','2023-07-08','','0000-00-00',NULL,'',0),(22,171,27,'2023-06-18','01988','2023-06-18','','0000-00-00',NULL,'',0),(23,157,12,'2023-06-01','9533','2023-06-01','','0000-00-00',NULL,'',0),(24,158,16,'2023-06-03','64996','2023-06-03','1052','2023-06-03',NULL,'',0),(25,159,26,'2023-06-03','112332','2023-06-03','','0000-00-00',NULL,'',0),(26,160,26,'2023-06-04','112485','2023-06-04','','0000-00-00',NULL,'',0),(27,162,26,'2023-06-05','112386','2023-06-05','','0000-00-00',NULL,'',0),(28,161,26,'2023-06-05','112560','2023-06-05','','0000-00-00',NULL,'',0),(29,163,29,'2023-06-05','18124','2023-06-05','17752','2023-06-05',NULL,'',0),(30,164,27,'2023-06-03','00575','2023-06-03','','0000-00-00',NULL,'',0),(31,165,27,'2023-06-07','00456','2023-06-07','','0000-00-00',NULL,'',0),(32,166,12,'2023-06-11','9561','2023-06-11','','0000-00-00',NULL,'',0),(33,168,20,'2023-06-13','001','2023-06-13','','0000-00-00',NULL,'',0),(34,169,35,'2023-06-15','707','2023-06-15','745','0000-00-00',NULL,'',0),(35,170,12,'2023-06-18','9607','2023-06-18','','0000-00-00',NULL,'',0),(36,112,26,'2023-05-01','109542','2023-05-01','','0000-00-00',NULL,'',0),(37,113,26,'2023-05-01','09558','2023-05-01','','0000-00-00',NULL,'',0),(38,114,26,'2023-05-01','109664','2023-05-01','','0000-00-00',NULL,'',0),(39,115,26,'2023-05-01','09665','2023-05-01','','0000-00-00',NULL,'',0),(40,116,26,'2023-05-01','109582','2023-05-01','','0000-00-00',NULL,'',0),(41,117,26,'2023-05-01','109700','2023-05-01','','0000-00-00',NULL,'',0),(42,118,26,'2023-05-01','109615','2023-05-01','','0000-00-00',NULL,'',0),(43,119,23,'2023-05-02','3642','2023-05-02','2695','0000-00-00',NULL,'',0),(44,120,24,'2023-05-02','14834','2023-05-02','','0000-00-00',NULL,'',0),(45,121,24,'2023-05-03','14846','2023-05-03','','0000-00-00',NULL,'',0),(46,122,12,'2023-05-03','9411','2023-05-03','','0000-00-00',NULL,'',0),(47,123,26,'2023-05-03','109842','2023-05-03','','0000-00-00',NULL,'',0),(48,124,26,'2023-05-04','109939','2023-05-04','','0000-00-00',NULL,'',0),(49,125,26,'2023-05-04','109973','2023-05-04','','0000-00-00',NULL,'',0),(50,126,26,'2023-05-04','109859','2023-05-04','','0000-00-00',NULL,'',0),(51,127,24,'2023-05-04','14861','2023-05-04','','0000-00-00',NULL,'',0),(52,128,24,'2023-05-04','14864','2023-05-04','','0000-00-00',NULL,'',0),(53,130,11,'2023-05-04','301709','2023-05-04','','0000-00-00',NULL,'',0),(54,131,26,'2023-05-05','110034','2023-05-05','','0000-00-00',NULL,'',0),(55,132,26,'2023-05-06','109917','2023-05-06','','0000-00-00',NULL,'',0),(56,133,26,'2023-05-06','109992','2023-05-06','','0000-00-00',NULL,'',0),(57,134,26,'2023-05-07','110044','2023-05-07','','0000-00-00',NULL,'',0),(58,135,23,'2023-05-07','3667','2023-05-07','2720','0000-00-00',NULL,'',0),(59,153,26,'2023-05-28','111750','2023-05-28','','0000-00-00',NULL,'',0),(60,154,26,'2023-05-29','111990','2023-05-29','','0000-00-00',NULL,'',0),(61,143,26,'2023-05-15','110832','2023-05-15','','0000-00-00',NULL,'',0),(62,144,26,'2023-05-17','111019','2023-05-17','','0000-00-00',NULL,'',0),(63,145,26,'2023-05-20','111210','2023-05-20','','0000-00-00',NULL,'',0),(64,152,26,'2023-05-27','111807','2023-05-27','','0000-00-00',NULL,'',0),(65,136,26,'2023-05-09','110258','2023-05-09','','0000-00-00',NULL,'',0),(66,137,26,'2023-05-10','110341','2023-05-10','','0000-00-00',NULL,'',0),(67,138,26,'2023-05-13','110687','2023-05-13','','0000-00-00',NULL,'',0),(68,139,26,'2023-05-14','110797','2023-05-14','','0000-00-00',NULL,'',0),(69,140,11,'2023-05-14','7922301868','2023-05-14','','0000-00-00',NULL,'',0),(70,141,7,'2023-05-15','3873','2023-05-15','','0000-00-00',NULL,'',0),(71,142,34,'2023-05-15','00311','2023-05-15','','0000-00-00',NULL,'',0),(72,146,3,'2023-05-20','9162886998','2023-05-20','','0000-00-00',NULL,'',0),(73,148,11,'2023-05-24','7922302017','2023-05-24','','0000-00-00',NULL,'',0),(74,150,12,'2023-05-25','31993','2023-05-25','','0000-00-00',NULL,'',0),(75,151,12,'2023-05-25','9499','2023-05-25','','0000-00-00',NULL,'',0),(76,156,15,'2023-05-30','18264','2023-05-30','','0000-00-00',NULL,'',0),(77,149,16,'2023-05-25','64996','2023-05-25','00097','2023-05-25',NULL,'',0),(78,147,16,'2023-05-20','64996','2023-05-20','','0000-00-00',NULL,'',0),(79,84,16,'2023-03-15','64996','2023-03-15','00498','0000-00-00',NULL,'',0),(80,83,16,'2023-03-22','64996','2023-03-22','','0000-00-00',NULL,'',0),(81,200,16,'2023-09-14','64996','2023-09-14','001889','2023-09-14',NULL,'',0),(82,192,39,'2023-09-09','177650','2023-09-09','','0000-00-00',NULL,'',0),(83,198,11,'2023-09-07','12676','2023-09-07','','0000-00-00',NULL,'',0),(84,199,36,'2023-09-05','919/23','2023-09-05','','0000-00-00',NULL,'',0),(85,202,11,'2023-09-16','3446','2023-09-16','','0000-00-00',NULL,'',0),(86,191,38,'2023-09-09','0129','2023-09-09','','0000-00-00',NULL,'',0),(87,17,12,'2023-08-13','9835','2023-08-13','','0000-00-00',NULL,'',0),(88,12,11,'2023-08-13','3083','2023-08-13','','0000-00-00',NULL,'',0),(89,261,13,'2023-08-02','9323','2023-08-02','','0000-00-00',NULL,'',0),(90,260,13,'2023-09-07','8184','2023-09-07','','0000-00-00',NULL,'',0),(91,265,26,'2023-09-18','120814','2023-09-18','','0000-00-00',NULL,'credit',0),(92,262,48,'2023-09-12','','2023-09-12','','0000-00-00',NULL,'',0),(93,247,12,'2023-09-16','B1071','2023-09-16','','0000-00-00',NULL,'',0),(94,276,38,'2023-09-17','0049','2023-09-17','','0000-00-00',NULL,'',0),(95,225,26,'2023-06-10','112929','2023-06-10','','0000-00-00',NULL,'',0),(96,226,26,'2023-06-10','112966','2023-06-10','','0000-00-00',NULL,'',0),(97,227,26,'2023-06-15','113169','2023-06-15','','0000-00-00',NULL,'',0),(98,228,26,'2023-06-24','113958','2023-06-24','','0000-00-00',NULL,'',0),(99,229,26,'2023-06-25','114006','2023-06-25','','0000-00-00',NULL,'',0),(100,231,26,'2023-07-05','114711','2022-07-05','','0000-00-00',NULL,'',0),(101,237,26,'2023-07-18','115721','2023-07-18','','0000-00-00',NULL,'',0),(102,230,26,'2023-07-02','114510','2023-07-02','','0000-00-00',NULL,'',0),(103,232,26,'2023-07-05','114767','2023-07-05','','0000-00-00',NULL,'',0),(104,234,26,'2023-07-12','115252','2023-07-12','','0000-00-00',NULL,'',0),(105,235,26,'2023-07-13','115384','2023-07-13','','0000-00-00',NULL,'',0),(106,236,26,'2023-07-18','115744','2023-07-18','','0000-00-00',NULL,'',0),(107,238,26,'2023-07-20','115929','2023-07-20','','0000-00-00',NULL,'',0),(108,239,26,'2023-07-27','116417','2023-07-27','','0000-00-00',NULL,'',0),(109,240,26,'2023-07-27','116478','2023-07-27','','0000-00-00',NULL,'',0),(110,241,26,'2023-07-27','116478','2023-07-27','','0000-00-00',NULL,'',0),(111,242,26,'2023-08-02','116955','2023-08-02','','0000-00-00',NULL,'',0),(112,243,26,'2023-08-02','116825','2023-08-02','','0000-00-00',NULL,'',0),(113,244,26,'2023-08-03','116918','2023-08-03','','0000-00-00',NULL,'',0),(114,245,26,'2023-08-05','117162','2023-08-05','','0000-00-00',NULL,'',0),(115,210,26,'2023-08-06','117049','2023-08-06','','0000-00-00',NULL,'',0),(116,211,26,'2023-08-09','117571','2023-08-09','','0000-00-00',NULL,'',0),(117,212,26,'2023-08-17','117990','2023-08-17','','0000-00-00',NULL,'',0),(118,213,26,'2023-08-19','118085','2023-08-19','','0000-00-00',NULL,'',0),(119,214,26,'2023-08-20','118204','2023-08-20','','0000-00-00',NULL,'',0),(120,215,26,'2023-08-21','118586','2023-08-21','','0000-00-00',NULL,'',0),(121,216,26,'2023-08-22','118397','2023-08-22','','0000-00-00',NULL,'',0),(122,217,26,'2023-08-24','118908','2023-08-24','','0000-00-00',NULL,'',0),(123,218,26,'2023-08-24','118827','2023-08-24','','0000-00-00',NULL,'',0),(124,219,26,'2023-08-24','118519','2023-08-24','','0000-00-00',NULL,'',0),(125,280,27,'2023-09-21','0040','2023-09-23','03303','0000-00-00',NULL,'',0),(126,286,11,'2023-09-23','3530','2023-09-23','','0000-00-00',NULL,'',0),(127,220,26,'2023-08-26','119017','2023-08-26','','0000-00-00',NULL,'',0),(128,221,26,'2023-08-27','119096','2023-08-27','','0000-00-00',NULL,'',0),(129,222,26,'2023-08-30','119362','2023-08-30','','0000-00-00',NULL,'',0),(130,223,26,'2023-08-31','119463','2023-08-31','','0000-00-00',NULL,'',0),(131,288,19,'2023-09-24','47191','2023-09-24','46559','2023-09-24',NULL,'FULL PAID',0),(132,291,13,'2023-09-24','10208','2023-09-24','00','0000-00-00',NULL,'',0),(133,289,24,'2023-09-23','SL16192','2023-09-23','','0000-00-00',NULL,'',0),(134,285,26,'2023-09-19','S120909','2023-09-19','','0000-00-00',NULL,'',0),(135,266,49,'2023-09-26','0171','2023-09-26','','0000-00-00',NULL,'',0),(136,290,13,'2023-09-13','10206','2023-09-13','001','0000-00-00',NULL,'CREDIT',0),(137,294,48,'2023-09-25','0525','2023-09-25','','0000-00-00',NULL,'',0),(138,296,7,'2023-09-25','16-4552','2023-09-25','','0000-00-00',NULL,'',0),(139,297,7,'2023-09-25','16-4552','2023-09-25','','0000-00-00',NULL,'',0),(140,298,7,'2023-08-14','16-4332','2023-08-14','','0000-00-00',NULL,'',0),(141,299,7,'2023-08-14','16-4332','2023-08-14','','0000-00-00',NULL,'',0),(142,300,7,'2023-08-10','16-4311','2023-08-10','','0000-00-00',NULL,'',0),(143,256,7,'2023-08-01','16-4266','2023-08-01','','0000-00-00',NULL,'',0),(144,301,7,'2023-07-31','16-4262','2023-07-31','','0000-00-00',NULL,'',0),(145,302,7,'2023-07-17','16-4206','2023-07-17','','0000-00-00',NULL,'',0),(146,255,7,'2023-07-17','16-4206','2023-07-17','','0000-00-00',NULL,'',0),(147,308,19,'2023-09-27','47248','2023-09-27','46622','0000-00-00',NULL,'',0),(148,295,11,'2023-09-26','303557','2023-09-26','','0000-00-00','approved','',0),(149,262,48,'2023-09-12','00000','2023-09-12','','0000-00-00',NULL,'',0),(150,246,20,'2023-09-18','68410','2023-09-18','','0000-00-00',NULL,'',0),(151,258,47,'2023-09-17','743','2023-09-17','','0000-00-00',NULL,'',0),(152,294,48,'2023-09-25','0525','2023-09-25','','0000-00-00',NULL,'',0),(153,303,27,'2023-09-26','03350','2023-09-26','','0000-00-00',NULL,'',0),(154,304,35,'2023-10-27','1130','2023-09-27','','0000-00-00',NULL,'',0),(155,305,52,'2023-09-27','10039','2023-09-27','','0000-00-00',NULL,'',0),(156,306,7,'2023-09-26','164557','2023-09-26','','0000-00-00',NULL,'',0),(157,309,13,'2023-09-28','10210','2023-09-28','','0000-00-00',NULL,'',0),(158,187,19,'2023-09-03','46894','2023-09-03','46181','0000-00-00',NULL,'',0),(159,307,16,'2023-09-21','64496','2023-09-21','1967','0000-00-00',NULL,'',0),(160,248,12,'2023-09-11','9976','2023-09-11','','0000-00-00',NULL,'',0),(161,287,17,'2023-09-21','986','2023-09-21','','0000-00-00',NULL,'',0),(162,310,12,'2023-09-27','10062','2023-09-27','','0000-00-00',NULL,'',0),(163,311,48,'2023-09-30','0010','2023-09-30','','0000-00-00',NULL,'',0),(164,314,27,'2023-10-01','00040','2023-10-01','','0000-00-00','approved','',0),(165,318,19,'2023-10-03','BR -89','2023-10-03','46793','0000-00-00',NULL,'',0),(166,333,13,'2023-08-21','9587','2023-08-21','','0000-00-00',NULL,'',0),(167,328,19,'2023-10-02','47311','2023-10-02','46690','0000-00-00',NULL,'',0),(168,327,19,'2023-10-04','101','2023-10-04','46852','0000-00-00',NULL,'',0),(169,326,19,'2023-10-04','BR-101','2023-10-04','46865','0000-00-00',NULL,'',0),(170,313,11,'2023-10-02','3640','2023-10-02','','0000-00-00',NULL,'',0),(171,321,56,'2023-10-02','17453','2023-10-02','','0000-00-00',NULL,'',0),(172,315,53,'2023-10-02','184','2023-10-02','','0000-00-00',NULL,'',0),(173,338,12,'2023-10-07','0099','2023-10-07','','0000-00-00',NULL,'',0),(174,334,7,'2023-10-05','4608','2023-10-05','','0000-00-00',NULL,'',0),(175,331,42,'2023-10-09','331','2023-10-04','','0000-00-00',NULL,'',0),(176,320,9,'2023-10-09','320','2023-10-04','','0000-00-00',NULL,'',0),(177,324,9,'2023-10-09','324','2023-10-04','','0000-00-00',NULL,'',0),(178,342,19,'2023-10-09','47426','2023-10-09','46981','0000-00-00',NULL,'',0),(179,325,9,'2023-10-10','325','2023-10-01','','0000-00-00',NULL,'',0),(180,344,60,'2023-10-10','23','2023-10-10','10/40/23','0000-00-00',NULL,'',0),(181,354,48,'2023-10-12','354','2023-10-12','','0000-00-00',NULL,'',0),(182,339,52,'2023-10-12','10213','2023-10-12','11472','2023-10-12',NULL,'',0),(183,365,26,'2023-10-15','114400','2023-10-15','','0000-00-00',NULL,'',0),(184,345,19,'2023-10-12','BR-137','2023-10-12','46900','0000-00-00',NULL,'',0),(185,352,19,'2023-10-12','BR-137','2023-10-12','46900','0000-00-00',NULL,'',0),(186,367,63,'2023-10-16','2063','2023-10-16','','0000-00-00',NULL,'',0),(187,369,7,'2023-10-16','16-4666','2023-10-16','','0000-00-00',NULL,'OLD FACTORY ',0),(188,370,13,'2023-10-16','10219','2023-10-16','','0000-00-00',NULL,'',0),(189,361,62,'2023-08-31','33893','2023-10-31','','0000-00-00',NULL,'',0),(190,362,62,'2023-08-31','33893','2023-08-31','','0000-00-00',NULL,'',0),(191,363,62,'2023-08-31','33893','2023-09-30','','0000-00-00',NULL,'',0),(192,22,13,'2023-08-14','8187','2023-08-14','','0000-00-00',NULL,'',0),(193,359,13,'2023-10-14','10217','2023-10-14','','0000-00-00',NULL,'',0),(194,366,60,'2023-10-17','002907','2023-10-17','','0000-00-00',NULL,'',0),(195,364,53,'2023-10-19','199','2023-10-16','','0000-00-00',NULL,'',0),(196,377,64,'2023-10-18','21808','2023-10-18','','0000-00-00',NULL,'',0),(197,378,60,'2023-10-19','SV/002924','2023-10-19','','0000-00-00',NULL,'',0),(198,381,19,'2023-10-19','BR-166','2023-10-19','','0000-00-00',NULL,'',0),(199,382,19,'2023-10-19','BR-166','2023-10-19','47035','0000-00-00',NULL,'',0),(200,383,19,'2023-10-19','BR-166','2023-10-19','47035','0000-00-00',NULL,'',0),(201,379,11,'2023-10-19','3868','2023-10-19','','0000-00-00',NULL,'',0),(202,387,27,'2023-10-21','03763','2023-10-21','','0000-00-00',NULL,'',0),(203,358,40,'2023-10-16','0542','2023-10-16','','0000-00-00',NULL,'',0),(204,355,40,'2023-10-16','0542','2023-10-16','','0000-00-00',NULL,'',0),(205,356,40,'2023-10-16','542','2023-10-16','','0000-00-00',NULL,'',0),(206,389,24,'2023-10-24','16470','2023-10-24','','0000-00-00',NULL,'',0),(207,391,53,'2023-10-25','212','2023-10-23','','0000-00-00',NULL,'',0),(208,380,53,'2023-10-25','204','2023-10-19','','0000-00-00',NULL,'',0),(209,357,52,'2023-10-25','10372','2023-10-12','11645','0000-00-00',NULL,'',0),(210,401,19,'2023-10-28','BR-213','2023-10-28','48150','0000-00-00',NULL,'',0),(211,409,65,'2023-10-24','12000','2023-10-24','','0000-00-00',NULL,'',0),(212,410,65,'2023-10-24','12000','2023-10-24','','0000-00-00',NULL,'',0),(213,407,7,'2023-10-25','4734','2023-10-25','','0000-00-00',NULL,'',0),(214,408,7,'2023-10-16','4734','2023-10-16','','0000-00-00',NULL,'',0),(215,412,48,'2023-10-28','412','2023-10-28','','0000-00-00',NULL,'',0),(216,414,11,'2023-10-30','4005','2023-10-30','','0000-00-00',NULL,'',0),(217,413,19,'2023-10-30','BR-223','2023-10-30','48169','0000-00-00',NULL,'',0),(218,415,19,'2023-10-30','BR-223','2023-10-30','48169','0000-00-00',NULL,'',0),(219,416,19,'2023-10-30','BR-222','2023-10-30','48163','0000-00-00',NULL,'',0),(220,420,19,'2023-10-31','BR-231','2023-10-31','48177','0000-00-00',NULL,'',0),(221,419,26,'2023-10-31','4438','2023-10-31','','0000-00-00',NULL,'',0),(222,397,24,'2023-10-31','16543','2023-10-31','','0000-00-00',NULL,'',0),(223,424,26,'2023-11-02','4650','2023-11-02','','0000-00-00',NULL,'',0),(224,425,48,'2023-11-04','425','2023-11-04','','0000-00-00',NULL,'',0),(225,432,67,'2023-11-06','56','2023-11-06','','0000-00-00',NULL,'',0),(226,431,52,'2023-11-05','10500','2023-11-05','','0000-00-00',NULL,'',0),(227,427,19,'2023-11-06','BR-258','2023-11-06','48211','2023-11-06',NULL,'',0),(228,435,17,'2023-11-07','1297','2023-11-07','','0000-00-00',NULL,'',0),(229,439,68,'2023-11-08','049','2023-11-08','','0000-00-00',NULL,'',0),(230,440,68,'2023-11-09','049','2023-11-08','','0000-00-00',NULL,'',0),(231,441,68,'2023-11-09','049','2023-11-08','','0000-00-00',NULL,'',0),(232,444,65,'2023-11-11','72712000','2023-11-11','','0000-00-00',NULL,'',0),(233,469,60,'2023-11-14','0031802023','2023-11-14','','0000-00-00',NULL,'',0),(234,456,19,'2023-11-14','BR-307','2023-11-15','47275','0000-00-00',NULL,'',0),(235,457,19,'2023-11-14','BR-307','2023-11-14','47275','0000-00-00',NULL,'',0),(236,458,19,'2023-11-14','BR-307','2023-11-14','47275','0000-00-00',NULL,'',0),(237,467,17,'2023-11-14','1351','2023-11-14','','0000-00-00',NULL,'',0),(238,471,17,'2023-11-15','1353','2023-11-15','','0000-00-00',NULL,'',0),(239,453,16,'2023-11-13','PFI-377','2023-11-13','','0000-00-00',NULL,'',0),(240,470,15,'2023-11-11','18624','2023-11-11','','0000-00-00',NULL,'',0),(241,480,19,'2023-11-19','BR-335','2023-11-20','47314','0000-00-00',NULL,'',0),(242,481,19,'2023-11-19','BR-335','2023-11-20','47314','0000-00-00',NULL,'',0),(243,459,52,'2023-11-19','10670','2023-11-19','11967','0000-00-00',NULL,'',0),(244,460,52,'2023-11-19','10670','2023-11-19','11965','0000-00-00',NULL,'',0),(245,461,52,'2023-11-19','10670','2023-11-19','11966','0000-00-00',NULL,'',0),(246,477,68,'2023-11-18','046','2023-11-18','','0000-00-00',NULL,'',0),(247,478,70,'2023-11-19','0225','2023-11-19','','0000-00-00',NULL,'',0),(248,479,71,'2023-11-18','32337','2023-11-18','','0000-00-00',NULL,'',0),(249,482,19,'2023-11-27','BR-382','2023-11-27','47375','2023-11-26',NULL,'',0);

--
-- Table structure for table `nizwa_packing_productssocial_links`
--

CREATE TABLE `nizwa_packing_productssocial_links` (
  `id` int(11) NOT NULL,
  `user_id` int(11) NOT NULL,
  `facebook` text COLLATE utf8_unicode_ci,
  `twitter` text COLLATE utf8_unicode_ci,
  `linkedin` text COLLATE utf8_unicode_ci,
  `googleplus` text COLLATE utf8_unicode_ci,
  `digg` text COLLATE utf8_unicode_ci,
  `youtube` text COLLATE utf8_unicode_ci,
  `pinterest` text COLLATE utf8_unicode_ci,
  `instagram` text COLLATE utf8_unicode_ci,
  `github` text COLLATE utf8_unicode_ci,
  `tumblr` text COLLATE utf8_unicode_ci,
  `vine` text COLLATE utf8_unicode_ci,
  `deleted` tinyint(1) NOT NULL DEFAULT '0',
  PRIMARY KEY (`id`)
) ENGINE=InnoDB DEFAULT CHARSET=utf8 COLLATE=utf8_unicode_ci;

--
-- Dumping data for table `nizwa_packing_productssocial_links`
--

INSERT INTO `nizwa_packing_productssocial_links` VALUES (44,44,'','','','','','','','','','','',0);

--
-- Table structure for table `nizwa_packing_productsstock_adjustments`
--

CREATE TABLE `nizwa_packing_productsstock_adjustments` (
  `id` int(11) NOT NULL AUTO_INCREMENT,
  `item_id` int(11) NOT NULL,
  `quantity` double NOT NULL DEFAULT '0',
  `note` text COLLATE utf8_unicode_ci,
  `deleted` int(11) NOT NULL DEFAULT '0',
  PRIMARY KEY (`id`)
) ENGINE=InnoDB DEFAULT CHARSET=utf8 COLLATE=utf8_unicode_ci;

--
-- Dumping data for table `nizwa_packing_productsstock_adjustments`
--


--
-- Table structure for table `nizwa_packing_productssuppliers`
--

CREATE TABLE `nizwa_packing_productssuppliers` (
  `id` int(11) NOT NULL AUTO_INCREMENT,
  `company_name` varchar(150) COLLATE utf8_unicode_ci NOT NULL,
  `contact_name` varchar(150) COLLATE utf8_unicode_ci DEFAULT NULL,
  `email` varchar(150) COLLATE utf8_unicode_ci DEFAULT NULL,
  `address` text COLLATE utf8_unicode_ci,
  `city` varchar(50) COLLATE utf8_unicode_ci DEFAULT NULL,
  `state` varchar(50) COLLATE utf8_unicode_ci DEFAULT NULL,
  `zip` varchar(50) COLLATE utf8_unicode_ci DEFAULT NULL,
  `country` varchar(20) COLLATE utf8_unicode_ci DEFAULT NULL,
  `created_date` date DEFAULT NULL,
  `website` text COLLATE utf8_unicode_ci,
  `phone` varchar(20) COLLATE utf8_unicode_ci DEFAULT NULL,
  `alternative_phone` varchar(20) COLLATE utf8_unicode_ci DEFAULT NULL,
  `currency_symbol` varchar(20) COLLATE utf8_unicode_ci DEFAULT NULL,
  `currency` varchar(3) COLLATE utf8_unicode_ci DEFAULT NULL,
  `vat_number` text COLLATE utf8_unicode_ci,
  `note` mediumtext COLLATE utf8_unicode_ci NOT NULL,
  `account_id` int(11) NOT NULL DEFAULT '0',
  `advance_account_id` int(11) NOT NULL DEFAULT '0',
  `deleted` tinyint(4) NOT NULL DEFAULT '0',
  PRIMARY KEY (`id`)
) ENGINE=MyISAM AUTO_INCREMENT=209 DEFAULT CHARSET=utf8 COLLATE=utf8_unicode_ci;

--
