-- Table structure for table `item_categories`
--

CREATE TABLE `item_categories` (
  `id` int(11) NOT NULL AUTO_INCREMENT,
  `title` varchar(255) COLLATE utf8_unicode_ci NOT NULL,
  `deleted` tinyint(1) NOT NULL DEFAULT '0',
  PRIMARY KEY (`id`)
) ENGINE=MyISAM AUTO_INCREMENT=21 DEFAULT CHARSET=utf8 COLLATE=utf8_unicode_ci;

--
-- Dumping data for table `item_categories`
--

INSERT INTO `item_categories` VALUES (1,'ریل سافت کلوز',0),(2,'ریل مگنتی',0),(3,'پیچ',0),(4,'الکتریکی',0),(5,'لولا',0),(6,'چسب',0),(7,'جک درب',0),(8,'پایه',0),(9,'نبشی و نوار',0),(10,'شاپان',0),(11,'متفرقه',0),(12,'سهم پیمانکار',0),(13,'mdf',0),(14,'MDF HMR',0),(15,'WPVC',0),(16,'appliances',0),(17,'marble',0),(18,'accssesoris',0),(19,'glass',0),(20,'mirror',0);

--
-- Table structure for table `item_uom`
--

CREATE TABLE `item_uom` (
  `id` int(11) NOT NULL AUTO_INCREMENT,
  `title` varchar(255) COLLATE utf8_unicode_ci NOT NULL,
  `deleted` tinyint(1) NOT NULL DEFAULT '0',
  PRIMARY KEY (`id`) USING BTREE
) ENGINE=MyISAM AUTO_INCREMENT=14 DEFAULT CHARSET=utf8 COLLATE=utf8_unicode_ci ROW_FORMAT=DYNAMIC;

--
-- Dumping data for table `item_uom`
--

INSERT INTO `item_uom` VALUES (1,'جفت',0),(2,'pic',0),(3,'جعبه',0),(4,'متر',0),(5,'حلقه',0),(6,'شاخه',0),(7,'قوطی',0),(8,'شیت',0),(9,'لیتر',0),(10,'پروژه',0),(11,'sheet',0),(12,'m',0),(13,'project',0);

--
-- Table structure for table `item_uom_copy`
--

CREATE TABLE `item_uom_copy` (
  `id` int(11) NOT NULL AUTO_INCREMENT,
  `title` varchar(255) COLLATE utf8_unicode_ci NOT NULL,
  `deleted` tinyint(1) NOT NULL DEFAULT '0',
  PRIMARY KEY (`id`) USING BTREE
) ENGINE=InnoDB DEFAULT CHARSET=utf8 COLLATE=utf8_unicode_ci ROW_FORMAT=DYNAMIC;

--
-- Dumping data for table `item_uom_copy`
--


--
-- Table structure for table `items`
--

CREATE TABLE `items` (
  `id` int(11) NOT NULL AUTO_INCREMENT,
  `title` text COLLATE utf8_unicode_ci NOT NULL,
  `description` text COLLATE utf8_unicode_ci,
  `unit_type` int(11) NOT NULL DEFAULT '0',
  `cost` double NOT NULL,
  `rate` double NOT NULL,
  `category_id` int(11) NOT NULL,
  `item_type` enum('product','service') COLLATE utf8_unicode_ci NOT NULL DEFAULT 'product',
  `raw_material` tinyint(1) NOT NULL DEFAULT '0',
  `deleted` tinyint(1) NOT NULL DEFAULT '0',
  PRIMARY KEY (`id`)
) ENGINE=InnoDB AUTO_INCREMENT=152 DEFAULT CHARSET=utf8 COLLATE=utf8_unicode_ci;

--
-- Dumping data for table `items`
--

INSERT INTO `items` VALUES (1,'Test','',1,1,10,1,'product',0,1),(2,'Kitchen','',12,10,60,1,'service',0,0),(3,'Wood','',1,10,20,1,'product',1,1),(4,'Paint','',1,5,9,1,'product',1,1),(5,'Accessories','',1,5,10,1,'product',1,1),(6,'لولا گازر','لیاسلای',1,0.15,0.3,1,'product',1,1),(7,'نصب و اجرا','تایتازیز',0,40,300,1,'product',0,1),(8,'Dressing Room','Dressing Room',2,40,60,1,'service',0,0),(9,'Bedroom','Bedroom',2,40,60,1,'service',0,0),(10,'Entrance','Entrance (مدخل)',2,40,60,1,'service',0,0),(11,'TW Wall','TV wall',2,40,60,1,'service',0,0),(12,'Understair','Understair (زیرپله)',2,40,60,1,'service',0,0),(13,'Pantry','Pantry',2,40,60,1,'service',0,0),(14,'ریل سافت 25','',1,0,0,1,'product',1,0),(15,'ریل سافت 30','',1,0,0,1,'product',1,0),(16,'ریل سافت 35','',1,0,0,1,'product',1,0),(17,'ریل سافت 40','',1,0,0,1,'product',1,0),(18,'ریل سافت 45','',1,0,0,1,'product',1,0),(19,'ریل سافت 50','',1,0,0,1,'product',1,0),(20,'ریل سافت 55','',1,0,0,1,'product',1,0),(21,'ریل مگنتی 30','',1,0,0,2,'product',1,0),(22,'ریل مگنتی 35','',1,0,0,2,'product',1,0),(23,'ریل مگنتی 40','',1,0,0,2,'product',1,0),(24,'ریل مگنتی 45','',1,0,0,2,'product',1,0),(25,'ریل مگنتی 50','',1,0,0,2,'product',1,0),(26,'ریل مگنتی 55','',1,0,0,2,'product',1,0),(27,'پیچ و رول پلاک نمره 8','',2,0,0,3,'product',1,0),(28,'پیچ 1.5','',3,0,0,3,'product',1,0),(29,'پیچ 2','',3,0,0,3,'product',1,0),(30,'پیچ 2.5','',3,0,0,3,'product',1,0),(31,'پیچ 3','',3,0,0,3,'product',1,0),(32,'پیچ 4','',3,0,0,3,'product',1,0),(33,'پیچ 5','',3,0,0,3,'product',1,0),(34,'لایت لاشیاری','',4,0,0,4,'product',1,0),(35,'لایت پشت چسبی','',4,0,0,4,'product',1,0),(36,'سوکت لایت لاشیاری','',2,0,0,4,'product',1,0),(37,'سوکت لایت پشت چسبی','',2,0,0,4,'product',1,0),(38,'سیم دوبل افشان 1.5','',4,0,0,4,'product',1,0),(39,'کلید بین راهی','',2,0,0,4,'product',1,0),(40,'ترمینال برق نمره 6','',1,0,0,4,'product',1,0),(41,'ترمینال برق کلید','',2,0,0,4,'product',1,0),(42,'لایت لولا','',2,0,0,4,'product',1,0),(43,'لولا گازر ساده','',2,0,0,5,'product',1,0),(44,'لولا ارامبند استییل','',2,0,0,5,'product',1,0),(45,'لولا ارامبند کرم','',2,0,0,5,'product',1,0),(46,'لولا گازر 135 درجه','',2,0,0,5,'product',1,0),(47,'لولا گازر شیشه','',2,0,0,5,'product',1,0),(48,'لولا گازر 45 درجه','',2,0,0,5,'product',1,0),(49,'لولا گازر توکار','',2,0,0,5,'product',1,0),(50,'لولا گازر 180 درجه(خرچنگی)','',2,0,0,5,'product',1,0),(51,'لولا گازر 90 درجه','',2,0,0,5,'product',1,0),(52,'لولا فرنگی(تخت)','',2,0,0,5,'product',1,0),(53,'چسب کاغذی','',5,0,0,6,'product',1,0),(54,'نوار چسب برق','',5,0,0,6,'product',1,0),(55,'چسب 123','',2,0,0,6,'product',1,0),(56,'چسب پاتکس','',2,0,0,6,'product',1,0),(57,'چسب اهن','',2,0,0,6,'product',1,0),(58,'چسب چوب','',2,0,0,6,'product',1,0),(59,'چسب اینه','',2,0,0,6,'product',1,0),(60,'چسب سلیکون شفاف','',2,0,0,6,'product',1,0),(61,'چسب سلیکون کرم','',2,0,0,6,'product',1,0),(62,'چسب سلیکون سفید','',2,0,0,6,'product',1,0),(63,'چسب سلیکون مشکی','',2,0,0,6,'product',1,0),(64,'چسب سلیکون ماربل','',2,0,0,6,'product',1,0),(65,'چسب 5سانتی شفاف','',5,0,0,6,'product',1,0),(66,'جک 80 نیوتون','',2,0,0,7,'product',1,0),(67,'جک 100 نیوتون','',2,0,0,7,'product',1,0),(68,'جک 120 نیوتون','',2,0,0,7,'product',1,0),(69,'جک 150 نیوتون','',2,0,0,7,'product',1,0),(70,'پایه کابینت پلاستیکی 10 سانتی','',2,0,0,8,'product',1,0),(71,'پایه بیسکوییتی سفید','',2,0,0,8,'product',1,0),(72,'پایه بیسکوییتی مشکی','',2,0,0,8,'product',1,0),(73,'پایه تخم مرغی','',2,0,0,8,'product',1,0),(74,'پایه استیل 5','',2,0,0,8,'product',1,0),(75,'پایه استیل 10','',2,0,0,8,'product',1,0),(76,'پایه استیل 12','',2,0,0,8,'product',1,0),(77,'نبشی کنج روکش دار بزرگ','',2,0,0,9,'product',1,0),(78,'نبشی استیل نمره 2','',6,0,0,9,'product',1,0),(79,'نبشی استیل نمره 3','',6,0,0,9,'product',1,0),(80,'نبشی طلایی نمره 2','',6,0,0,9,'product',1,0),(81,'نبشی طلایی نمره 3','',6,0,0,9,'product',1,0),(82,'نبشی پلاستیکی سفید','',2,0,0,9,'product',1,0),(83,'نبشی پلاستیکی مشکی','',2,0,0,9,'product',1,0),(84,'نوار استیل نمره 2','',6,0,0,9,'product',1,0),(85,'نوار استیل نمره 3','',6,0,0,9,'product',1,0),(86,'نوار طلایی نمره 2','',6,0,0,9,'product',1,0),(87,'نوار طلایی نمره 3','',6,0,0,9,'product',1,0),(88,'شاپان قهوه ای','',7,0,0,10,'product',1,0),(89,'شاپان مشکی','',7,0,0,10,'product',1,0),(90,'مگنت تک درب','',2,0,0,11,'product',1,0),(91,'لوله استیل کمد','',4,0,0,11,'product',1,0),(92,'پایه لوله استیل کمد','',2,0,0,11,'product',1,0),(93,'پین طبقه','',2,0,0,11,'product',1,0),(94,'تینر','',9,0,0,11,'product',1,0),(95,'پولک سفید','',8,0,0,11,'product',1,0),(96,'پولک مشکی','',8,0,0,11,'product',1,0),(97,'پلاستیک حبابدار','',4,0,0,11,'product',1,0),(98,'نوار سلفون','',2,0,0,11,'product',1,0),(99,'قفل کمدی','',2,0,0,11,'product',1,0),(100,'جک رو صفحه','',2,0,0,11,'product',1,0),(101,'دستگیره توکار مشکی','',2,0,0,11,'product',1,0),(102,'دستگیره تو کار استیل','',2,0,0,11,'product',1,0),(103,'دستگیره توکار سفید','',2,0,0,11,'product',1,0),(104,'جاکابلی طلایی','',2,0,0,11,'product',1,0),(105,'جاکابلی استیل','',2,0,0,11,'product',1,0),(106,'غلتک چرخان','',2,0,0,11,'product',1,0),(107,'پین چوبی','',2,0,0,11,'product',1,0),(108,'لوله هود','',2,0,0,11,'product',1,0),(109,'ریل خزینه','',4,0,0,11,'product',1,0),(110,'قرقره درب کشویی','',2,0,0,11,'product',1,0),(111,'لوله خرطومی برق','',4,0,0,11,'product',1,0),(112,'ضربه گیر درب','',2,0,0,11,'product',1,0),(113,'نصب','20 درصد',10,250,0,12,'service',0,0),(114,'3d design','',13,50,70,11,'service',0,0),(115,'test','',12,0,10,13,'service',0,0),(116,'partition','',12,30,55,13,'service',0,0),(117,'cabinet','',12,45,70,14,'service',0,0),(118,'console','',2,35,55,14,'service',0,0),(119,'clading','',12,15,35,14,'service',0,0),(120,'vanity','',2,85,140,15,'service',0,0),(121,'make-up table','',2,85,140,14,'service',0,0),(122,'bed','',2,150,250,14,'service',0,0),(123,'behind the bed','',2,150,250,14,'service',0,0),(124,'study table','',2,200,350,14,'service',0,0),(125,'hidden door','',2,100,250,14,'service',0,0),(126,'mirror','',2,70,100,20,'service',0,0),(127,'glass door','',2,38,50,19,'service',0,0),(128,'oven','',2,100,122,16,'service',0,0),(129,'hob','',2,120,142,16,'service',0,0),(130,'microwave','',2,85,100,16,'service',0,0),(131,'dishwasher','',2,165,190,16,'service',0,0),(132,'refrigerator','',2,150,172,16,'service',0,0),(133,'freezer','',2,320,355,16,'service',0,0),(134,'chimney hood','',2,100,130,16,'service',0,0),(135,'island','',12,100,150,14,'service',0,0),(136,'quartez','',12,55,70,17,'service',0,0),(137,'pull-out basket','',2,25,30,18,'service',0,0),(138,'multi-purpose basket','',2,25,30,18,'service',0,0),(139,'magic corner','',2,35,46,18,'service',0,0),(140,'larder basket','',2,65,88,18,'service',0,0),(141,'elevator basket','',2,45,56,18,'service',0,0),(142,'dish rack','',2,5,10,18,'service',0,0),(143,'cutlery tray','',2,5,10,18,'service',0,0),(144,'waste bin','',2,45,56,18,'service',0,0),(145,'nano sink','',2,55,78,18,'service',0,0),(146,'nano sink full','',2,105,140,18,'service',0,0),(147,'mixer','',2,25,39,18,'service',0,0),(148,'clading','',12,15,35,14,'service',0,0),(149,' Drawer ','',0,1,1,14,'service',0,0),(150,'BATHROOMS ','',1,1,1,15,'service',0,0),(151,'LUNDRY','',0,1,1,14,'service',0,0);

--
-- Table structure for table `items_levels`
--

CREATE TABLE `items_levels` (
  `id` int(11) NOT NULL AUTO_INCREMENT,
  `level_name` varchar(150) COLLATE utf8_unicode_ci NOT NULL,
  `deleted` tinyint(1) NOT NULL,
  PRIMARY KEY (`id`)
) ENGINE=MyISAM AUTO_INCREMENT=2 DEFAULT CHARSET=utf8 COLLATE=utf8_unicode_ci;

--
-- Dumping data for table `items_levels`
--

INSERT INTO `items_levels` VALUES (1,'Default',0);

--
-- Table structure for table `itemsx`
--

CREATE TABLE `itemsx` (
  `id` int(11) NOT NULL AUTO_INCREMENT,
  `title` text COLLATE utf8_unicode_ci NOT NULL,
  `description` text COLLATE utf8_unicode_ci,
  `unit_type` int(11) NOT NULL DEFAULT '0',
  `cost` double NOT NULL,
  `rate` double NOT NULL,
  `category_id` int(11) NOT NULL,
  `item_type` enum('product','service') COLLATE utf8_unicode_ci NOT NULL DEFAULT 'product',
  `raw_material` tinyint(1) NOT NULL DEFAULT '0',
  `deleted` tinyint(1) NOT NULL DEFAULT '0',
  PRIMARY KEY (`id`) USING BTREE
) ENGINE=InnoDB AUTO_INCREMENT=100 DEFAULT CHARSET=utf8 COLLATE=utf8_unicode_ci ROW_FORMAT=DYNAMIC;

--
-- Dumping data for table `itemsx`
--

INSERT INTO `itemsx` VALUES (1,'ریل سافت 25','',1,0,0,1,'product',1,0),(2,'ریل سافت 30','',1,0,0,1,'product',1,0),(3,'ریل سافت 35','',1,0,0,1,'product',1,0),(4,'ریل سافت 40','',1,0,0,1,'product',1,0),(5,'ریل سافت 45','',1,0,0,1,'product',1,0),(6,'ریل سافت 50','',1,0,0,1,'product',1,0),(7,'ریل سافت 55','',1,0,0,1,'product',1,0),(8,'ریل مگنتی 30','',1,0,0,2,'product',1,0),(9,'ریل مگنتی 35','',1,0,0,2,'product',1,0),(10,'ریل مگنتی 40','',1,0,0,2,'product',1,0),(11,'ریل مگنتی 45','',1,0,0,2,'product',1,0),(12,'ریل مگنتی 50','',1,0,0,2,'product',1,0),(13,'ریل مگنتی 55','',1,0,0,2,'product',1,0),(14,'پیچ و رول پلاک نمره 8','',2,0,0,3,'product',1,0),(15,'پیچ 1.5','',3,0,0,3,'product',1,0),(16,'پیچ 2','',3,0,0,3,'product',1,0),(17,'پیچ 2.5','',3,0,0,3,'product',1,0),(18,'پیچ 3','',3,0,0,3,'product',1,0),(19,'پیچ 4','',3,0,0,3,'product',1,0),(20,'پیچ 5','',3,0,0,3,'product',1,0),(21,'لایت لاشیاری','',4,0,0,4,'product',1,0),(22,'لایت پشت چسبی','',4,0,0,4,'product',1,0),(23,'سوکت لایت لاشیاری','',2,0,0,4,'product',1,0),(24,'سوکت لایت پشت چسبی','',2,0,0,4,'product',1,0),(25,'سیم دوبل افشان 1.5','',4,0,0,4,'product',1,0),(26,'کلید بین راهی','',2,0,0,4,'product',1,0),(27,'ترمینال برق نمره 6','',1,0,0,4,'product',1,0),(28,'ترمینال برق کلید','',2,0,0,4,'product',1,0),(29,'لایت لولا','',2,0,0,4,'product',1,0),(30,'لولا گازر ساده','',2,0,0,5,'product',1,0),(31,'لولا ارامبند استییل','',2,0,0,5,'product',1,0),(32,'لولا ارامبند کرم','',2,0,0,5,'product',1,0),(33,'لولا گازر 135 درجه','',2,0,0,5,'product',1,0),(34,'لولا گازر شیشه','',2,0,0,5,'product',1,0),(35,'لولا گازر 45 درجه','',2,0,0,5,'product',1,0),(36,'لولا گازر توکار','',2,0,0,5,'product',1,0),(37,'لولا گازر 180 درجه(خرچنگی)','',2,0,0,5,'product',1,0),(38,'لولا گازر 90 درجه','',2,0,0,5,'product',1,0),(39,'لولا فرنگی(تخت)','',2,0,0,5,'product',1,0),(40,'چسب کاغذی','',5,0,0,6,'product',1,0),(41,'نوار چسب برق','',5,0,0,6,'product',1,0),(42,'چسب 123','',2,0,0,6,'product',1,0),(43,'چسب پاتکس','',2,0,0,6,'product',1,0),(44,'چسب اهن','',2,0,0,6,'product',1,0),(45,'چسب چوب','',2,0,0,6,'product',1,0),(46,'چسب اینه','',2,0,0,6,'product',1,0),(47,'چسب سلیکون شفاف','',2,0,0,6,'product',1,0),(48,'چسب سلیکون کرم','',2,0,0,6,'product',1,0),(49,'چسب سلیکون سفید','',2,0,0,6,'product',1,0),(50,'چسب سلیکون مشکی','',2,0,0,6,'product',1,0),(51,'چسب سلیکون ماربل','',2,0,0,6,'product',1,0),(52,'چسب 5سانتی شفاف','',5,0,0,6,'product',1,0),(53,'جک 80 نیوتون','',2,0,0,7,'product',1,0),(54,'جک 100 نیوتون','',2,0,0,7,'product',1,0),(55,'جک 120 نیوتون','',2,0,0,7,'product',1,0),(56,'جک 150 نیوتون','',2,0,0,7,'product',1,0),(57,'پایه کابینت پلاستیکی 10 سانتی','',2,0,0,8,'product',1,0),(58,'پایه بیسکوییتی سفید','',2,0,0,8,'product',1,0),(59,'پایه بیسکوییتی مشکی','',2,0,0,8,'product',1,0),(60,'پایه تخم مرغی','',2,0,0,8,'product',1,0),(61,'پایه استیل 5','',2,0,0,8,'product',1,0),(62,'پایه استیل 10','',2,0,0,8,'product',1,0),(63,'پایه استیل 12','',2,0,0,8,'product',1,0),(64,'نبشی کنج روکش دار بزرگ','',2,0,0,9,'product',1,0),(65,'نبشی استیل نمره 2','',6,0,0,9,'product',1,0),(66,'نبشی استیل نمره 3','',6,0,0,9,'product',1,0),(67,'نبشی طلایی نمره 2','',6,0,0,9,'product',1,0),(68,'نبشی طلایی نمره 3','',6,0,0,9,'product',1,0),(69,'نبشی پلاستیکی سفید','',2,0,0,9,'product',1,0),(70,'نبشی پلاستیکی مشکی','',2,0,0,9,'product',1,0),(71,'نوار استیل نمره 2','',6,0,0,9,'product',1,0),(72,'نوار استیل نمره 3','',6,0,0,9,'product',1,0),(73,'نوار طلایی نمره 2','',6,0,0,9,'product',1,0),(74,'نوار طلایی نمره 3','',6,0,0,9,'product',1,0),(75,'شاپان قهوه ای','',7,0,0,10,'product',1,0),(76,'شاپان مشکی','',7,0,0,10,'product',1,0),(77,'مگنت تک درب','',2,0,0,11,'product',1,0),(78,'لوله استیل کمد','',4,0,0,11,'product',1,0),(79,'پایه لوله استیل کمد','',2,0,0,11,'product',1,0),(80,'پین طبقه','',2,0,0,11,'product',1,0),(81,'تینر','',9,0,0,11,'product',1,0),(82,'پولک سفید','',8,0,0,11,'product',1,0),(83,'پولک مشکی','',8,0,0,11,'product',1,0),(84,'پلاستیک حبابدار','',4,0,0,11,'product',1,0),(85,'نوار سلفون','',2,0,0,11,'product',1,0),(86,'قفل کمدی','',2,0,0,11,'product',1,0),(87,'جک رو صفحه','',2,0,0,11,'product',1,0),(88,'دستگیره توکار مشکی','',2,0,0,11,'product',1,0),(89,'دستگیره تو کار استیل','',2,0,0,11,'product',1,0),(90,'دستگیره توکار سفید','',2,0,0,11,'product',1,0),(91,'جاکابلی طلایی','',2,0,0,11,'product',1,0),(92,'جاکابلی استیل','',2,0,0,11,'product',1,0),(93,'غلتک چرخان','',2,0,0,11,'product',1,0),(94,'پین چوبی','',2,0,0,11,'product',1,0),(95,'لوله هود','',2,0,0,11,'product',1,0),(96,'ریل خزینه','',4,0,0,11,'product',1,0),(97,'قرقره درب کشویی','',2,0,0,11,'product',1,0),(98,'لوله خرطومی برق','',4,0,0,11,'product',1,0),(99,'ضربه گیر درب','',2,0,0,11,'product',1,0);

--
-- Table structure for table `itemsx_copy`
--

CREATE TABLE `itemsx_copy` (
  `id` int(11) NOT NULL AUTO_INCREMENT,
  `title` text COLLATE utf8_unicode_ci NOT NULL,
  `description` text COLLATE utf8_unicode_ci,
  `unit_type` int(11) NOT NULL DEFAULT '0',
  `cost` double NOT NULL,
  `rate` double NOT NULL,
  `category_id` int(11) NOT NULL,
  `item_type` enum('product','service') COLLATE utf8_unicode_ci NOT NULL DEFAULT 'product',
  `raw_material` tinyint(1) NOT NULL DEFAULT '0',
  `deleted` tinyint(1) NOT NULL DEFAULT '0',
  PRIMARY KEY (`id`) USING BTREE
) ENGINE=InnoDB AUTO_INCREMENT=100 DEFAULT CHARSET=utf8 COLLATE=utf8_unicode_ci ROW_FORMAT=DYNAMIC;

--
-- Dumping data for table `itemsx_copy`
--

INSERT INTO `itemsx_copy` VALUES (1,'ریل سافت 25','',1,0,0,1,'product',1,0),(2,'ریل سافت 30','',1,0,0,1,'product',1,0),(3,'ریل سافت 35','',1,0,0,1,'product',1,0),(4,'ریل سافت 40','',1,0,0,1,'product',1,0),(5,'ریل سافت 45','',1,0,0,1,'product',1,0),(6,'ریل سافت 50','',1,0,0,1,'product',1,0),(7,'ریل سافت 55','',1,0,0,1,'product',1,0),(8,'ریل مگنتی 30','',1,0,0,2,'product',1,0),(9,'ریل مگنتی 35','',1,0,0,2,'product',1,0),(10,'ریل مگنتی 40','',1,0,0,2,'product',1,0),(11,'ریل مگنتی 45','',1,0,0,2,'product',1,0),(12,'ریل مگنتی 50','',1,0,0,2,'product',1,0),(13,'ریل مگنتی 55','',1,0,0,2,'product',1,0),(14,'پیچ و رول پلاک نمره 8','',2,0,0,3,'product',1,0),(15,'پیچ 1.5','',3,0,0,3,'product',1,0),(16,'پیچ 2','',3,0,0,3,'product',1,0),(17,'پیچ 2.5','',3,0,0,3,'product',1,0),(18,'پیچ 3','',3,0,0,3,'product',1,0),(19,'پیچ 4','',3,0,0,3,'product',1,0),(20,'پیچ 5','',3,0,0,3,'product',1,0),(21,'لایت لاشیاری','',4,0,0,4,'product',1,0),(22,'لایت پشت چسبی','',4,0,0,4,'product',1,0),(23,'سوکت لایت لاشیاری','',2,0,0,4,'product',1,0),(24,'سوکت لایت پشت چسبی','',2,0,0,4,'product',1,0),(25,'سیم دوبل افشان 1.5','',4,0,0,4,'product',1,0),(26,'کلید بین راهی','',2,0,0,4,'product',1,0),(27,'ترمینال برق نمره 6','',1,0,0,4,'product',1,0),(28,'ترمینال برق کلید','',2,0,0,4,'product',1,0),(29,'لایت لولا','',2,0,0,4,'product',1,0),(30,'لولا گازر ساده','',2,0,0,5,'product',1,0),(31,'لولا ارامبند استییل','',2,0,0,5,'product',1,0),(32,'لولا ارامبند کرم','',2,0,0,5,'product',1,0),(33,'لولا گازر 135 درجه','',2,0,0,5,'product',1,0),(34,'لولا گازر شیشه','',2,0,0,5,'product',1,0),(35,'لولا گازر 45 درجه','',2,0,0,5,'product',1,0),(36,'لولا گازر توکار','',2,0,0,5,'product',1,0),(37,'لولا گازر 180 درجه(خرچنگی)','',2,0,0,5,'product',1,0),(38,'لولا گازر 90 درجه','',2,0,0,5,'product',1,0),(39,'لولا فرنگی(تخت)','',2,0,0,5,'product',1,0),(40,'چسب کاغذی','',5,0,0,6,'product',1,0),(41,'نوار چسب برق','',5,0,0,6,'product',1,0),(42,'چسب 123','',2,0,0,6,'product',1,0),(43,'چسب پاتکس','',2,0,0,6,'product',1,0),(44,'چسب اهن','',2,0,0,6,'product',1,0),(45,'چسب چوب','',2,0,0,6,'product',1,0),(46,'چسب اینه','',2,0,0,6,'product',1,0),(47,'چسب سلیکون شفاف','',2,0,0,6,'product',1,0),(48,'چسب سلیکون کرم','',2,0,0,6,'product',1,0),(49,'چسب سلیکون سفید','',2,0,0,6,'product',1,0),(50,'چسب سلیکون مشکی','',2,0,0,6,'product',1,0),(51,'چسب سلیکون ماربل','',2,0,0,6,'product',1,0),(52,'چسب 5سانتی شفاف','',5,0,0,6,'product',1,0),(53,'جک 80 نیوتون','',2,0,0,7,'product',1,0),(54,'جک 100 نیوتون','',2,0,0,7,'product',1,0),(55,'جک 120 نیوتون','',2,0,0,7,'product',1,0),(56,'جک 150 نیوتون','',2,0,0,7,'product',1,0),(57,'پایه کابینت پلاستیکی 10 سانتی','',2,0,0,8,'product',1,0),(58,'پایه بیسکوییتی سفید','',2,0,0,8,'product',1,0),(59,'پایه بیسکوییتی مشکی','',2,0,0,8,'product',1,0),(60,'پایه تخم مرغی','',2,0,0,8,'product',1,0),(61,'پایه استیل 5','',2,0,0,8,'product',1,0),(62,'پایه استیل 10','',2,0,0,8,'product',1,0),(63,'پایه استیل 12','',2,0,0,8,'product',1,0),(64,'نبشی کنج روکش دار بزرگ','',2,0,0,9,'product',1,0),(65,'نبشی استیل نمره 2','',6,0,0,9,'product',1,0),(66,'نبشی استیل نمره 3','',6,0,0,9,'product',1,0),(67,'نبشی طلایی نمره 2','',6,0,0,9,'product',1,0),(68,'نبشی طلایی نمره 3','',6,0,0,9,'product',1,0),(69,'نبشی پلاستیکی سفید','',2,0,0,9,'product',1,0),(70,'نبشی پلاستیکی مشکی','',2,0,0,9,'product',1,0),(71,'نوار استیل نمره 2','',6,0,0,9,'product',1,0),(72,'نوار استیل نمره 3','',6,0,0,9,'product',1,0),(73,'نوار طلایی نمره 2','',6,0,0,9,'product',1,0),(74,'نوار طلایی نمره 3','',6,0,0,9,'product',1,0),(75,'شاپان قهوه ای','',7,0,0,10,'product',1,0),(76,'شاپان مشکی','',7,0,0,10,'product',1,0),(77,'مگنت تک درب','',2,0,0,11,'product',1,0),(78,'لوله استیل کمد','',4,0,0,11,'product',1,0),(79,'پایه لوله استیل کمد','',2,0,0,11,'product',1,0),(80,'پین طبقه','',2,0,0,11,'product',1,0),(81,'تینر','',9,0,0,11,'product',1,0),(82,'پولک سفید','',8,0,0,11,'product',1,0),(83,'پولک مشکی','',8,0,0,11,'product',1,0),(84,'پلاستیک حبابدار','',4,0,0,11,'product',1,0),(85,'نوار سلفون','',2,0,0,11,'product',1,0),(86,'قفل کمدی','',2,0,0,11,'product',1,0),(87,'جک رو صفحه','',2,0,0,11,'product',1,0),(88,'دستگیره توکار مشکی','',2,0,0,11,'product',1,0),(89,'دستگیره تو کار استیل','',2,0,0,11,'product',1,0),(90,'دستگیره توکار سفید','',2,0,0,11,'product',1,0),(91,'جاکابلی طلایی','',2,0,0,11,'product',1,0),(92,'جاکابلی استیل','',2,0,0,11,'product',1,0),(93,'غلتک چرخان','',2,0,0,11,'product',1,0),(94,'پین چوبی','',2,0,0,11,'product',1,0),(95,'لوله هود','',2,0,0,11,'product',1,0),(96,'ریل خزینه','',4,0,0,11,'product',1,0),(97,'قرقره درب کشویی','',2,0,0,11,'product',1,0),(98,'لوله خرطومی برق','',4,0,0,11,'product',1,0),(99,'ضربه گیر درب','',2,0,0,11,'product',1,0);

--
-- Table structure for table `job_orders`
--

CREATE TABLE `job_orders` (
  `id` int(8) NOT NULL AUTO_INCREMENT,
  `invoice_item_id` int(8) DEFAULT NULL,
  `name` varchar(20) DEFAULT NULL,
  `quantity` int(8) NOT NULL,
  `scheduled_start_date` date DEFAULT NULL,
  `expected_duration` int(8) DEFAULT NULL,
  `actual_duration` date DEFAULT NULL,
  `worksheet` text,
  `priority` enum('1','2','3','4','5') DEFAULT NULL,
  `stages` text,
  `current_stage` varchar(50) DEFAULT NULL,
  `operation_cost` int(8) DEFAULT NULL,
  `total_cost` int(8) DEFAULT NULL,
  `team_member` int(8) DEFAULT NULL,
  `created_at` timestamp NOT NULL DEFAULT CURRENT_TIMESTAMP ON UPDATE CURRENT_TIMESTAMP,
  `created_by` int(8) DEFAULT NULL,
  `deleted` tinyint(1) NOT NULL DEFAULT '0',
  `completed` tinyint(1) NOT NULL DEFAULT '0',
  PRIMARY KEY (`id`)
) ENGINE=InnoDB AUTO_INCREMENT=7 DEFAULT CHARSET=utf8mb4;

--
-- Dumping data for table `job_orders`
--

INSERT INTO `job_orders` VALUES (1,2,'2',7,'2024-11-13',20,'0000-00-00','a:0:{}','1','Finished','Finished',100,200,0,'2025-03-02 13:01:25',NULL,0,0),(2,2,'2',1,'2024-11-13',20,'0000-00-00','a:0:{}','1','In Progress,Waiting For A Step,Ready,Finished','In Progress',300,557,3,'2025-02-26 07:17:17',NULL,0,0),(3,2,'2',1,NULL,NULL,NULL,NULL,NULL,NULL,NULL,NULL,142,NULL,'2024-11-19 07:19:27',NULL,0,0),(4,2,'2',6,'2024-11-19',30,'0000-00-00','a:0:{}','1','Finished','In Progress',500,1104,3,'2025-02-26 07:17:18',NULL,0,0),(5,2,'2',1,'0000-00-00',0,'0000-00-00','a:0:{}','1','In Progress,Waiting For A Step,Ready,Finished','In Progress',100,100,0,'2025-02-26 08:27:02',NULL,0,0),(6,2,'2',1,'0000-00-00',0,'0000-00-00','a:0:{}','1','In Progress,Waiting For A Step,Ready,Finished','In Progress',0,0,0,'2025-03-02 12:45:49',NULL,0,0);

--
-- Table structure for table `joborder_status`
--

CREATE TABLE `joborder_status` (
  `id` int(11) NOT NULL AUTO_INCREMENT,
  `title` varchar(100) COLLATE utf8_unicode_ci NOT NULL,
  `key_name` varchar(100) COLLATE utf8_unicode_ci NOT NULL,
  `color` varchar(7) COLLATE utf8_unicode_ci NOT NULL,
  `sort` int(11) NOT NULL,
  `deleted` tinyint(1) NOT NULL DEFAULT '0',
  PRIMARY KEY (`id`)
) ENGINE=InnoDB AUTO_INCREMENT=5 DEFAULT CHARSET=utf8 COLLATE=utf8_unicode_ci;

--
-- Dumping data for table `joborder_status`
--

INSERT INTO `joborder_status` VALUES (1,'In Progress','in_progress','#F9A52D',0,0),(2,'Waiting For A Step','stepa','#1672B9',1,0),(3,'Ready','ready','#00B393',2,0),(4,'Finished','finished','#aab7b7',3,0);

--
-- Table structure for table `lead_source`
--

CREATE TABLE `lead_source` (
  `id` int(11) NOT NULL AUTO_INCREMENT,
  `title` varchar(100) COLLATE utf8_unicode_ci NOT NULL,
  `sort` int(11) NOT NULL,
  `deleted` tinyint(1) NOT NULL DEFAULT '0',
  PRIMARY KEY (`id`)
) ENGINE=InnoDB AUTO_INCREMENT=5 DEFAULT CHARSET=utf8 COLLATE=utf8_unicode_ci;

--
-- Dumping data for table `lead_source`
--

INSERT INTO `lead_source` VALUES (1,'Social media',1,0),(2,'Showroom',2,0),(3,'Exhibitions',3,0),(4,'Friends & Families',4,0);

--
-- Table structure for table `lead_status`
--

CREATE TABLE `lead_status` (
  `id` int(11) NOT NULL AUTO_INCREMENT,
  `title` varchar(100) COLLATE utf8_unicode_ci NOT NULL,
  `color` varchar(7) COLLATE utf8_unicode_ci NOT NULL,
  `sort` int(11) NOT NULL,
  `deleted` tinyint(1) NOT NULL DEFAULT '0',
  PRIMARY KEY (`id`)
) ENGINE=InnoDB AUTO_INCREMENT=6 DEFAULT CHARSET=utf8 COLLATE=utf8_unicode_ci;

--
-- Dumping data for table `lead_status`
--

INSERT INTO `lead_status` VALUES (1,'فقط تماس','#f1c40f',1,0),(2,'حضور داشته','#83c340',2,0),(3,'اندازه گیری شده و حضور داشته','#ad159e',3,0),(4,'اندازه گیری شده بدون حضور مشتری','#e74c3c',4,0),(5,'درخواست اندازه گیری','#83c340',5,0);

--
-- Table structure for table `leads`
--

CREATE TABLE `leads` (
  `id` int(11) NOT NULL AUTO_INCREMENT,
  `company_name` varchar(150) COLLATE utf8_unicode_ci NOT NULL,
  `first_name` varchar(150) COLLATE utf8_unicode_ci NOT NULL,
  `last_name` varchar(150) COLLATE utf8_unicode_ci NOT NULL,
  `email` varchar(150) COLLATE utf8_unicode_ci NOT NULL,
  `address` text COLLATE utf8_unicode_ci,
  `city` varchar(50) COLLATE utf8_unicode_ci DEFAULT NULL,
  `state` varchar(50) COLLATE utf8_unicode_ci DEFAULT NULL,
  `zip` varchar(50) COLLATE utf8_unicode_ci DEFAULT NULL,
  `country` varchar(50) COLLATE utf8_unicode_ci DEFAULT NULL,
  `created_date` date NOT NULL,
  `website` text COLLATE utf8_unicode_ci,
  `phone` varchar(20) COLLATE utf8_unicode_ci DEFAULT NULL,
  `deleted` tinyint(1) NOT NULL DEFAULT '0',
  PRIMARY KEY (`id`)
) ENGINE=InnoDB DEFAULT CHARSET=utf8 COLLATE=utf8_unicode_ci;

--
-- Dumping data for table `leads`
--


--
-- Table structure for table `leave_applications`
--

CREATE TABLE `leave_applications` (
  `id` int(11) NOT NULL AUTO_INCREMENT,
  `leave_type_id` int(11) NOT NULL,
  `start_date` date NOT NULL,
  `end_date` date NOT NULL,
  `total_hours` decimal(7,2) NOT NULL,
  `total_days` decimal(5,2) NOT NULL,
  `applicant_id` int(11) NOT NULL,
  `reason` mediumtext COLLATE utf8_unicode_ci NOT NULL,
  `status` enum('pending','approved','rejected','canceled') COLLATE utf8_unicode_ci NOT NULL DEFAULT 'pending',
  `created_at` datetime NOT NULL,
  `created_by` int(11) NOT NULL,
  `checked_at` datetime DEFAULT NULL,
  `checked_by` int(11) NOT NULL DEFAULT '0',
  `paid_unpaid` tinyint(1) DEFAULT '1',
  `deleted` int(1) NOT NULL DEFAULT '0',
  PRIMARY KEY (`id`),
  KEY `leave_type_id` (`leave_type_id`),
  KEY `user_id` (`applicant_id`),
  KEY `checked_by` (`checked_by`)
) ENGINE=InnoDB AUTO_INCREMENT=6 DEFAULT CHARSET=utf8 COLLATE=utf8_unicode_ci;

--
-- Dumping data for table `leave_applications`
--

INSERT INTO `leave_applications` VALUES (1,1,'2024-11-12','2024-11-27',128.00,16.00,1,'213','approved','2024-11-12 08:24:30',0,'2024-11-12 08:24:59',1,0,1),(2,2,'2024-11-15','2024-11-18',32.00,4.00,3,'ئشلال','','2024-11-14 07:22:10',1,'2024-11-14 07:22:10',1,1,1),(3,1,'2024-11-20','2024-11-20',8.00,1.00,1,'سطس','approved','2024-11-14 07:30:07',0,'2024-11-14 07:31:04',1,0,0),(4,2,'2025-01-21','2025-01-21',8.00,1.00,7,'sickness ','approved','2025-01-20 14:47:17',0,'2025-01-20 14:47:38',1,0,0),(5,1,'2025-03-04','2025-03-25',176.00,22.00,1,'khastam','approved','2025-02-26 09:10:11',0,'2025-02-26 09:11:18',1,1,0);

--
-- Table structure for table `leave_types`
--

CREATE TABLE `leave_types` (
  `id` int(11) NOT NULL AUTO_INCREMENT,
  `title` varchar(100) COLLATE utf8_unicode_ci NOT NULL,
  `status` enum('active','inactive') COLLATE utf8_unicode_ci NOT NULL DEFAULT 'active',
  `color` varchar(7) COLLATE utf8_unicode_ci NOT NULL,
  `description` text COLLATE utf8_unicode_ci,
  `max_allowed` int(11) DEFAULT '1',
  `deleted` int(1) NOT NULL DEFAULT '0',
  PRIMARY KEY (`id`)
) ENGINE=InnoDB AUTO_INCREMENT=5 DEFAULT CHARSET=utf8 COLLATE=utf8_unicode_ci;

--
-- Dumping data for table `leave_types`
--

INSERT INTO `leave_types` VALUES (1,'annual leave','active','#83c340','',30,0),(2,'Sick Leave','active','#e74c3c','',14,0),(3,'Annual Leave - Non Omani','active','#83c340','',200,1),(4,'إجازة الأمومة','active','#dbadff','',90,1);

--
-- Table structure for table `loans`
--

CREATE TABLE `loans` (
  `id` int(11) NOT NULL AUTO_INCREMENT,
  `user_id` int(11) DEFAULT NULL,
  `amount` double DEFAULT NULL,
  `date` date DEFAULT NULL,
  `deleted` tinyint(1) NOT NULL DEFAULT '0',
  PRIMARY KEY (`id`)
) ENGINE=InnoDB DEFAULT CHARSET=utf8 COLLATE=utf8_unicode_ci;

--
-- Dumping data for table `loans`
--


--
-- Table structure for table `material_request`
--

CREATE TABLE `material_request` (
  `id` int(11) NOT NULL AUTO_INCREMENT,
  `supplier_id` int(11) DEFAULT '0',
  `material_request_date` date NOT NULL,
  `project_id` int(11) NOT NULL DEFAULT '0',
  `labels` text COLLATE utf8_unicode_ci NOT NULL,
  `note` mediumtext COLLATE utf8_unicode_ci,
  `status` enum('draft','not_paid') COLLATE utf8_unicode_ci NOT NULL DEFAULT 'draft',
  `approval_status` enum('not_approved','request_approval','approved') COLLATE utf8_unicode_ci NOT NULL DEFAULT 'not_approved',
  `deleted` tinyint(1) NOT NULL DEFAULT '0',
  PRIMARY KEY (`id`)
) ENGINE=InnoDB DEFAULT CHARSET=utf8 COLLATE=utf8_unicode_ci;

--
-- Dumping data for table `material_request`
--


--
-- Table structure for table `material_request_items`
--

CREATE TABLE `material_request_items` (
  `id` int(11) NOT NULL AUTO_INCREMENT,
  `item_id` int(11) NOT NULL DEFAULT '0',
  `title` text COLLATE utf8_unicode_ci NOT NULL,
  `description` text COLLATE utf8_unicode_ci,
  `quantity` double NOT NULL,
  `unit_type` varchar(20) COLLATE utf8_unicode_ci NOT NULL DEFAULT '',
  `rate` double DEFAULT NULL,
  `total` double DEFAULT NULL,
  `sort` int(11) NOT NULL DEFAULT '0',
  `material_request_id` int(11) DEFAULT NULL,
  `tax_id` int(11) DEFAULT '0',
  `tax_id2` int(11) DEFAULT '0',
  `deleted` tinyint(1) NOT NULL DEFAULT '0',
  PRIMARY KEY (`id`)
) ENGINE=InnoDB DEFAULT CHARSET=utf8 COLLATE=utf8_unicode_ci;

--
-- Dumping data for table `material_request_items`
--


--
-- Table structure for table `material_request_payments`
--

CREATE TABLE `material_request_payments` (
  `id` int(11) NOT NULL AUTO_INCREMENT,
  `amount` double NOT NULL,
  `payment_date` date NOT NULL,
  `payment_method_id` int(11) NOT NULL,
  `cheque_due_date` date DEFAULT NULL,
  `cheque_description` varchar(255) COLLATE utf8_unicode_ci DEFAULT NULL,
  `cheque_account` varchar(150) COLLATE utf8_unicode_ci DEFAULT NULL,
  `cheque_number` varchar(150) COLLATE utf8_unicode_ci DEFAULT NULL,
  `cheque_transaction_id` int(11) NOT NULL DEFAULT '0',
  `note` text COLLATE utf8_unicode_ci,
  `material_request_id` int(11) NOT NULL,
  `status` enum('draft','request_approval','approved') COLLATE utf8_unicode_ci NOT NULL DEFAULT 'draft',
  `deleted` tinyint(1) NOT NULL DEFAULT '0',
  `transaction_id` int(11) DEFAULT '0',
  `prepayment_transaction_id` int(11) NOT NULL DEFAULT '0',
  `created_by` int(11) DEFAULT '1',
  `created_at` datetime DEFAULT NULL,
  PRIMARY KEY (`id`),
  KEY `id` (`id`),
  KEY `id_2` (`id`)
) ENGINE=InnoDB DEFAULT CHARSET=utf8 COLLATE=utf8_unicode_ci;

--
-- Dumping data for table `material_request_payments`
--


--
-- Table structure for table `materials_bill`
--

CREATE TABLE `materials_bill` (
  `id` int(8) NOT NULL AUTO_INCREMENT,
  `item_id` int(8) NOT NULL,
  `quantity` int(8) NOT NULL,
  `cost` int(8) NOT NULL,
  `current_stock` float DEFAULT NULL,
  `job_id` int(8) NOT NULL,
  `is_used` tinyint(1) NOT NULL DEFAULT '0',
  `created_at` timestamp NOT NULL DEFAULT CURRENT_TIMESTAMP,
  PRIMARY KEY (`id`)
) ENGINE=InnoDB AUTO_INCREMENT=53 DEFAULT CHARSET=utf8mb4;

--
-- Dumping data for table `materials_bill`
--

INSERT INTO `materials_bill` VALUES (14,3,10,50,-17,3,1,'2024-11-19 07:19:28'),(15,4,6,36,-60,3,1,'2024-11-19 07:19:28'),(16,5,7,56,-56,3,1,'2024-11-19 07:19:28'),(32,3,12,155,-10,2,1,'2024-12-23 14:00:59'),(33,4,6,36,-60,2,1,'2024-12-23 14:00:59'),(34,5,7,56,-56,2,1,'2024-12-23 14:00:59'),(35,6,10,10,0,2,1,'2024-12-23 14:00:59'),(50,75,10,20,0,5,0,'2025-02-26 08:27:27'),(51,76,6,0,0,5,0,'2025-02-26 08:27:27'),(52,70,7,0,0,5,0,'2025-02-26 08:27:27');

--
-- Table structure for table `messages`
--

CREATE TABLE `messages` (
  `id` int(11) NOT NULL AUTO_INCREMENT,
  `subject` varchar(255) COLLATE utf8_unicode_ci NOT NULL DEFAULT 'Untitled',
  `message` mediumtext COLLATE utf8_unicode_ci NOT NULL,
  `created_at` datetime NOT NULL,
  `from_user_id` int(11) NOT NULL,
  `to_user_id` int(11) NOT NULL,
  `status` enum('unread','read') COLLATE utf8_unicode_ci NOT NULL DEFAULT 'unread',
  `message_id` int(11) NOT NULL DEFAULT '0',
  `deleted` int(1) NOT NULL DEFAULT '0',
  `files` longtext COLLATE utf8_unicode_ci NOT NULL,
  `deleted_by_users` text COLLATE utf8_unicode_ci NOT NULL,
  PRIMARY KEY (`id`),
  KEY `message_from` (`from_user_id`),
  KEY `message_to` (`to_user_id`)
) ENGINE=InnoDB AUTO_INCREMENT=2 DEFAULT CHARSET=utf8 COLLATE=utf8_unicode_ci;

--
-- Dumping data for table `messages`
--

INSERT INTO `messages` VALUES (1,'test','test','2025-04-14 15:19:19',1,13,'unread',0,0,'a:0:{}','');

--
-- Table structure for table `milestones`
--

CREATE TABLE `milestones` (
  `id` int(11) NOT NULL AUTO_INCREMENT,
  `title` text COLLATE utf8_unicode_ci NOT NULL,
  `project_id` int(11) NOT NULL,
  `due_date` date NOT NULL,
  `description` text COLLATE utf8_unicode_ci NOT NULL,
  `deleted` tinyint(11) NOT NULL DEFAULT '0',
  PRIMARY KEY (`id`)
) ENGINE=InnoDB AUTO_INCREMENT=34 DEFAULT CHARSET=utf8 COLLATE=utf8_unicode_ci;

--
-- Dumping data for table `milestones`
--

INSERT INTO `milestones` VALUES (1,'طراحی',1,'2024-11-17','توسط محمد طراحی شود',0),(2,'انالیز',1,'2024-11-20','نیزتای',0),(3,'برش',1,'2024-11-23','',0),(4,'design',3,'2024-11-22','ds',1),(5,'measurement',4,'2024-11-21','sdfsa',1),(6,'طراحی',6,'2025-01-16','کد فلان',1),(7,'cutting',3,'2025-02-18','',1),(8,'assemble',3,'2025-02-19','',1),(9,'انالیز',9,'2025-03-04','تست',1),(10,'کنترل کیفی',9,'2025-03-31','سنسن',1),(11,'design',10,'2025-04-03','hshgs',1),(12,'cutting',10,'2025-04-06','cutt',1),(13,'طراحی',11,'2025-04-11','کد رنگ 1440 و 99 و طراحی مینیمال با جزییات کم',1),(14,'مونتاژ',11,'2025-04-18','همه ی لبه ها فارسی باشند',1),(15,'نصب',11,'2025-04-25','ارتفاع زیاد است نیاز به نردبان بلند',1),(16,'کنترل کیفی',11,'2025-04-28','فیلم برداری و تاییدیه مشتری انجام شود',1),(17,'rozmare',12,'2025-04-30','test',0),(18,'طراحی',13,'2025-04-09','رنگ های روشن استفاده شود طرح مدرن باشد',1),(19,'مونتاژ',13,'2025-04-12','همه ی لبه ها فارسی شود',1),(20,'نصب',13,'2025-04-18','ارتفاع بالاست نردبان لازم است',1),(21,'کنترل کیفی و فیلم برداری',13,'2025-04-22','توسط نیکیار دیده شود',1),(22,'تصميم',15,'2025-04-21','اريد لون فاتح',0),(23,'finish',22,'2025-05-05','alireza & homayoon',0),(24,'     Contractor Measurement',22,'2025-05-01','     Contractor Measurement',0),(25,'     Contractor Analysis',22,'2025-05-02','     Contractor Analysis',0),(26,'     Contractor Assembly',22,'2025-05-03','     Contractor Assembly',0),(27,'Cut',22,'2025-05-03','Cut',0),(28,'Transfer',22,'2025-05-04','Transfer',0),(29,'Installition',22,'2025-05-05','Installition',0),(30,'Quality Control',22,'2025-05-06','Quality Control',0),(31,'Check Before Delivery',22,'2025-05-04','Check Before Delivery',0),(32,'اجرا',23,'2025-05-20','اجرا',0),(33,'اجرا',24,'2025-05-27','اجرا',0);

--
-- Table structure for table `nationality`
--

CREATE TABLE `nationality` (
  `id` int(11) NOT NULL AUTO_INCREMENT,
  `title` varchar(255) COLLATE utf8_unicode_ci NOT NULL,
  `deleted` tinyint(1) NOT NULL DEFAULT '0',
  PRIMARY KEY (`id`) USING BTREE
) ENGINE=MyISAM AUTO_INCREMENT=10 DEFAULT CHARSET=utf8 COLLATE=utf8_unicode_ci ROW_FORMAT=DYNAMIC;

--
-- Dumping data for table `nationality`
--

INSERT INTO `nationality` VALUES (1,'Oman',1),(2,'Omani',0),(3,'Sudani',1),(4,'Indian',0),(5,'Bengali',0),(6,'Nigeria',0),(7,'Pakistani',0),(8,'irani',0),(9,'Egyptian ',0);

--
-- Table structure for table `notes`
--

CREATE TABLE `notes` (
  `id` int(11) NOT NULL AUTO_INCREMENT,
  `created_by` int(11) NOT NULL,
  `created_at` datetime NOT NULL,
  `title` text COLLATE utf8_unicode_ci NOT NULL,
  `description` mediumtext COLLATE utf8_unicode_ci,
  `project_id` int(11) NOT NULL DEFAULT '0',
  `client_id` int(11) NOT NULL DEFAULT '0',
  `user_id` int(11) NOT NULL DEFAULT '0',
  `labels` text COLLATE utf8_unicode_ci,
  `files` mediumtext COLLATE utf8_unicode_ci NOT NULL,
  `is_public` tinyint(1) NOT NULL DEFAULT '0',
  `deleted` tinyint(1) NOT NULL DEFAULT '0',
  PRIMARY KEY (`id`)
) ENGINE=InnoDB AUTO_INCREMENT=51 DEFAULT CHARSET=utf8 COLLATE=utf8_unicode_ci;

--
-- Dumping data for table `notes`
--

INSERT INTO `notes` VALUES (1,1,'2025-02-26 08:09:29','color ','1305 , 525 , 4440 ',0,12,0,'hmr','a:2:{i:0;a:4:{s:9:\"file_name\";s:45:\"note_file67becc391bae4-0_W3ExOEaq0h8TF7UE.png\";s:9:\"file_size\";s:6:\"428655\";s:7:\"file_id\";N;s:12:\"service_type\";N;}i:1;a:4:{s:9:\"file_name\";s:28:\"note_file67becc391c08f-3.png\";s:9:\"file_size\";s:6:\"612257\";s:7:\"file_id\";N;s:12:\"service_type\";N;}}',0,0),(2,1,'2025-02-26 08:11:16','accessories ','cata and wonderfull \ncode 21212\nmicrovaw 50 cm',0,12,0,'zarori','a:1:{i:0;a:4:{s:9:\"file_name\";s:42:\"note_file67becca4bb422-علی-فرد10.jpg\";s:9:\"file_size\";s:6:\"774949\";s:7:\"file_id\";N;s:12:\"service_type\";N;}}',0,0),(3,12,'2025-02-26 15:49:26','design','hghfgs',0,14,0,'Important','a:0:{}',0,0),(4,12,'2025-02-26 15:54:15','location','https://maps.app.goo.gl/uauvJz8eV3tBrsU39',0,14,0,'','a:0:{}',0,0),(5,1,'2025-03-02 13:14:59','location','testssss',0,14,0,'zarori','a:0:{}',0,0),(6,12,'2025-04-01 14:51:17','measurement ','tv wall and kitchen and etc.',0,16,0,'','a:1:{i:0;a:4:{s:9:\"file_name\";s:39:\"note_file67ebfd658f3d3-Quotation-58.pdf\";s:9:\"file_size\";s:5:\"80799\";s:7:\"file_id\";N;s:12:\"service_type\";N;}}',0,0),(7,12,'2025-04-01 14:51:36','design ','hshdh',0,16,0,'','a:0:{}',0,0),(8,12,'2025-04-01 14:55:29','location','',0,16,0,'','a:0:{}',0,0),(9,17,'2025-04-02 11:11:09','اسكتش اوليه','',0,19,0,'','a:6:{i:0;a:4:{s:9:\"file_name\";s:64:\"note_file67ed1b4d8ab6d-0c19f1af-bfdb-4c0e-b82a-ebe3a0813225.jpeg\";s:9:\"file_size\";s:6:\"113258\";s:7:\"file_id\";N;s:12:\"service_type\";N;}i:1;a:4:{s:9:\"file_name\";s:64:\"note_file67ed1b4d8adde-8b52d8d0-38e3-4625-84e8-16e675077406.jpeg\";s:9:\"file_size\";s:6:\"146848\";s:7:\"file_id\";N;s:12:\"service_type\";N;}i:2;a:4:{s:9:\"file_name\";s:64:\"note_file67ed1b4d8af3b-41b2076a-6f78-4dcf-b7ac-ab7b1ddd6b27.jpeg\";s:9:\"file_size\";s:5:\"73355\";s:7:\"file_id\";N;s:12:\"service_type\";N;}i:3;a:4:{s:9:\"file_name\";s:64:\"note_file67ed1b4d8b073-ac0d9c9c-42b5-48e4-aa54-5b507ce93b7c.jpeg\";s:9:\"file_size\";s:6:\"136672\";s:7:\"file_id\";N;s:12:\"service_type\";N;}i:4;a:4:{s:9:\"file_name\";s:64:\"note_file67ed1b4d8b1bc-e1c45d1e-1c49-4aa8-9f7b-5d081383243e.jpeg\";s:9:\"file_size\";s:5:\"71045\";s:7:\"file_id\";N;s:12:\"service_type\";N;}i:5;a:4:{s:9:\"file_name\";s:64:\"note_file67ed1b4d8b2b6-fead96f2-a344-4ea7-9411-3c1ddb40b75c.jpeg\";s:9:\"file_size\";s:5:\"86167\";s:7:\"file_id\";N;s:12:\"service_type\";N;}}',0,0),(10,17,'2025-04-02 11:15:11','اشكتس اوليه','',0,18,0,'','a:5:{i:0;a:4:{s:9:\"file_name\";s:64:\"note_file67ed1c3f48343-57519706-f6f8-44f5-8db1-848034be9aad.jpeg\";s:9:\"file_size\";s:5:\"82718\";s:7:\"file_id\";N;s:12:\"service_type\";N;}i:1;a:4:{s:9:\"file_name\";s:64:\"note_file67ed1c3f48543-aca65b45-cce5-4fd2-be3a-b1d37293db4b.jpeg\";s:9:\"file_size\";s:6:\"129896\";s:7:\"file_id\";N;s:12:\"service_type\";N;}i:2;a:4:{s:9:\"file_name\";s:64:\"note_file67ed1c3f4867d-b0353942-55ad-42f0-b2b3-7f771454fd5f.jpeg\";s:9:\"file_size\";s:5:\"80081\";s:7:\"file_id\";N;s:12:\"service_type\";N;}i:3;a:4:{s:9:\"file_name\";s:64:\"note_file67ed1c3f48766-c8790646-82cd-4e53-8e0a-1711a4bcebb6.jpeg\";s:9:\"file_size\";s:6:\"115172\";s:7:\"file_id\";N;s:12:\"service_type\";N;}i:4;a:4:{s:9:\"file_name\";s:64:\"note_file67ed1c3f48895-ffd0c786-6f4d-425e-841e-849758b8b526.jpeg\";s:9:\"file_size\";s:5:\"74466\";s:7:\"file_id\";N;s:12:\"service_type\";N;}}',0,0),(11,17,'2025-04-02 11:16:37','اسكتش اوليه','',0,17,0,'','a:4:{i:0;a:4:{s:9:\"file_name\";s:64:\"note_file67ed1c9586cbe-03573a94-43b1-4dc9-816c-69993156cb23.jpeg\";s:9:\"file_size\";s:6:\"100876\";s:7:\"file_id\";N;s:12:\"service_type\";N;}i:1;a:4:{s:9:\"file_name\";s:64:\"note_file67ed1c9586eee-571122cc-b1ef-4b74-8bd7-819eac57dd91.jpeg\";s:9:\"file_size\";s:5:\"82746\";s:7:\"file_id\";N;s:12:\"service_type\";N;}i:2;a:4:{s:9:\"file_name\";s:64:\"note_file67ed1c9587008-d50e3798-0b9e-4c9a-ba6f-376389b642bd.jpeg\";s:9:\"file_size\";s:5:\"85799\";s:7:\"file_id\";N;s:12:\"service_type\";N;}i:3;a:4:{s:9:\"file_name\";s:64:\"note_file67ed1c9587121-f4bb41d7-b281-4b8a-8851-7421a4f5d7b3.jpeg\";s:9:\"file_size\";s:5:\"82373\";s:7:\"file_id\";N;s:12:\"service_type\";N;}}',0,0),(12,12,'2025-04-06 13:30:43','loc','https://maps.app.goo.gl/PiJ8z7nHq7XhHhMg8?g_st=iw',0,30,0,'','a:2:{i:0;a:4:{s:9:\"file_name\";s:65:\"note_file67f282036ad8c-WhatsApp-Image-2025-04-06-at-12.11.47.jpeg\";s:9:\"file_size\";s:6:\"128086\";s:7:\"file_id\";N;s:12:\"service_type\";N;}i:1;a:4:{s:9:\"file_name\";s:65:\"note_file67f282036b1d0-WhatsApp-Image-2025-04-06-at-12.11.14.jpeg\";s:9:\"file_size\";s:6:\"251486\";s:7:\"file_id\";N;s:12:\"service_type\";N;}}',0,0),(13,17,'2025-04-09 07:58:13','الاسكتش الاولى ','',0,39,0,'','a:6:{i:0;a:4:{s:9:\"file_name\";s:64:\"note_file67f628954ec2d-0f64c599-484c-4945-a21c-db7a8237f22a.jpeg\";s:9:\"file_size\";s:5:\"88903\";s:7:\"file_id\";N;s:12:\"service_type\";N;}i:1;a:4:{s:9:\"file_name\";s:64:\"note_file67f628954ee2b-6da502b0-0225-4c38-8130-a7c2219758e2.jpeg\";s:9:\"file_size\";s:5:\"82006\";s:7:\"file_id\";N;s:12:\"service_type\";N;}i:2;a:4:{s:9:\"file_name\";s:64:\"note_file67f628954efa2-537f1820-5534-4987-b3ad-21eb44a05e04.jpeg\";s:9:\"file_size\";s:5:\"79956\";s:7:\"file_id\";N;s:12:\"service_type\";N;}i:3;a:4:{s:9:\"file_name\";s:64:\"note_file67f628954f0c9-2389e5b5-713b-44a4-9d38-fd7537bd0f0e.jpeg\";s:9:\"file_size\";s:6:\"112845\";s:7:\"file_id\";N;s:12:\"service_type\";N;}i:4;a:4:{s:9:\"file_name\";s:64:\"note_file67f628954f20d-4327c0f4-d110-4bdc-9b76-6dd4eaf1db9b.jpeg\";s:9:\"file_size\";s:6:\"100745\";s:7:\"file_id\";N;s:12:\"service_type\";N;}i:5;a:4:{s:9:\"file_name\";s:64:\"note_file67f628954f3cb-6075ef2c-02e6-42b9-822d-860d50ee0011.jpeg\";s:9:\"file_size\";s:5:\"72414\";s:7:\"file_id\";N;s:12:\"service_type\";N;}}',0,0),(14,17,'2025-04-09 07:59:29','الاسكتش الاولى','',0,40,0,'','a:2:{i:0;a:4:{s:9:\"file_name\";s:64:\"note_file67f628e1ad1de-14eaf3de-3be4-4aaf-aad8-36b4fd5001ad.jpeg\";s:9:\"file_size\";s:5:\"91515\";s:7:\"file_id\";N;s:12:\"service_type\";N;}i:1;a:4:{s:9:\"file_name\";s:64:\"note_file67f628e1ad49e-ec0f9363-b1d7-4be9-a1d2-45e42880ab43.jpeg\";s:9:\"file_size\";s:5:\"83092\";s:7:\"file_id\";N;s:12:\"service_type\";N;}}',0,0),(15,13,'2025-04-09 12:54:39','قبل از عيد قربان يا بعد از عيد قربان مياد','',0,42,0,'','a:0:{}',0,0),(16,17,'2025-04-09 14:22:31','اسكتش اوليه','',0,43,0,'','a:3:{i:0;a:4:{s:9:\"file_name\";s:64:\"note_file67f682a7087d5-8d9285a9-77ef-4e67-b323-af3c1acd3ade.jpeg\";s:9:\"file_size\";s:5:\"73676\";s:7:\"file_id\";N;s:12:\"service_type\";N;}i:1;a:4:{s:9:\"file_name\";s:64:\"note_file67f682a708a6c-23a86ae2-be94-47a1-89f4-9adab47a69f3.jpeg\";s:9:\"file_size\";s:5:\"98908\";s:7:\"file_id\";N;s:12:\"service_type\";N;}i:2;a:4:{s:9:\"file_name\";s:64:\"note_file67f682a708c8e-ad9af60b-0d15-49de-951c-a944f4ce31ac.jpeg\";s:9:\"file_size\";s:5:\"70472\";s:7:\"file_id\";N;s:12:\"service_type\";N;}}',0,0),(17,17,'2025-04-09 14:23:59','اسكتش اوليه','',0,44,0,'','a:4:{i:0;a:4:{s:9:\"file_name\";s:64:\"note_file67f682ff1f06d-8b42e87d-465c-406a-9f8c-90cd203f9fe0.jpeg\";s:9:\"file_size\";s:6:\"100393\";s:7:\"file_id\";N;s:12:\"service_type\";N;}i:1;a:4:{s:9:\"file_name\";s:64:\"note_file67f682ff1f246-33ee78cc-015e-4555-960a-a18385f5cc22.jpeg\";s:9:\"file_size\";s:5:\"83457\";s:7:\"file_id\";N;s:12:\"service_type\";N;}i:2;a:4:{s:9:\"file_name\";s:64:\"note_file67f682ff1f353-2923b378-1fbb-48c0-9bc9-9651380b471b.jpeg\";s:9:\"file_size\";s:5:\"67937\";s:7:\"file_id\";N;s:12:\"service_type\";N;}i:3;a:4:{s:9:\"file_name\";s:64:\"note_file67f682ff1f437-a677fb42-2066-425e-83e1-81f68f2a4142.jpeg\";s:9:\"file_size\";s:5:\"93855\";s:7:\"file_id\";N;s:12:\"service_type\";N;}}',0,0),(18,17,'2025-04-09 14:25:00','اسكتش اوليه','',0,45,0,'','a:5:{i:0;a:4:{s:9:\"file_name\";s:64:\"note_file67f6833c81e14-4d4a435e-874d-4324-9033-e392cbec4682.jpeg\";s:9:\"file_size\";s:5:\"54858\";s:7:\"file_id\";N;s:12:\"service_type\";N;}i:1;a:4:{s:9:\"file_name\";s:64:\"note_file67f6833c81fe5-7ba4c777-c443-4d09-9241-c00006eb9a20.jpeg\";s:9:\"file_size\";s:5:\"85427\";s:7:\"file_id\";N;s:12:\"service_type\";N;}i:2;a:4:{s:9:\"file_name\";s:64:\"note_file67f6833c82107-41d8eacf-03e1-4152-a3dd-bb62e3a3ad07.jpeg\";s:9:\"file_size\";s:6:\"151238\";s:7:\"file_id\";N;s:12:\"service_type\";N;}i:3;a:4:{s:9:\"file_name\";s:64:\"note_file67f6833c82274-b4896b6b-40d6-4d23-ab6f-5e6a085ab63f.jpeg\";s:9:\"file_size\";s:6:\"106077\";s:7:\"file_id\";N;s:12:\"service_type\";N;}i:4;a:4:{s:9:\"file_name\";s:64:\"note_file67f6833c8238d-ba177052-6335-4d0c-b6e0-63f77c03adfb.jpeg\";s:9:\"file_size\";s:6:\"114532\";s:7:\"file_id\";N;s:12:\"service_type\";N;}}',0,0),(19,17,'2025-04-09 14:26:06','اسكتش اوليه','',0,46,0,'','a:4:{i:0;a:4:{s:9:\"file_name\";s:64:\"note_file67f6837ea4839-9b3b54a2-cfe2-4101-929d-3710fab863ac.jpeg\";s:9:\"file_size\";s:6:\"117268\";s:7:\"file_id\";N;s:12:\"service_type\";N;}i:1;a:4:{s:9:\"file_name\";s:64:\"note_file67f6837ea4a75-00290f32-3ad1-4565-9c41-3da5e5a69848.jpeg\";s:9:\"file_size\";s:5:\"86797\";s:7:\"file_id\";N;s:12:\"service_type\";N;}i:2;a:4:{s:9:\"file_name\";s:64:\"note_file67f6837ea4b8b-a22b24ba-8f74-4794-b923-306858ebfcf7.jpeg\";s:9:\"file_size\";s:6:\"121133\";s:7:\"file_id\";N;s:12:\"service_type\";N;}i:3;a:4:{s:9:\"file_name\";s:64:\"note_file67f6837ea4cc5-a551cf79-66f2-4225-b1c4-a36d2fa2c62b.jpeg\";s:9:\"file_size\";s:6:\"137108\";s:7:\"file_id\";N;s:12:\"service_type\";N;}}',0,0),(20,17,'2025-04-09 14:27:56','اسكتش اوليه','',0,47,0,'','a:2:{i:0;a:4:{s:9:\"file_name\";s:64:\"note_file67f683ec74343-3a6edcac-aa9e-4799-8f7b-46fe7786c68a.jpeg\";s:9:\"file_size\";s:5:\"82696\";s:7:\"file_id\";N;s:12:\"service_type\";N;}i:1;a:4:{s:9:\"file_name\";s:64:\"note_file67f683ec7454f-7836bd92-cfb9-4549-88f1-ab9d489cfe31.jpeg\";s:9:\"file_size\";s:6:\"149939\";s:7:\"file_id\";N;s:12:\"service_type\";N;}}',0,0),(21,17,'2025-04-09 14:30:00','اسكتش اوليه','',0,48,0,'','a:2:{i:0;a:4:{s:9:\"file_name\";s:64:\"note_file67f68468e3de7-3b6dbe2e-803a-457e-bde1-5ec1185a2eb1.jpeg\";s:9:\"file_size\";s:6:\"117374\";s:7:\"file_id\";N;s:12:\"service_type\";N;}i:1;a:4:{s:9:\"file_name\";s:64:\"note_file67f68468e404b-61399fcf-02b7-4b16-9133-0ef58228b0a6.jpeg\";s:9:\"file_size\";s:5:\"94421\";s:7:\"file_id\";N;s:12:\"service_type\";N;}}',0,0),(22,17,'2025-04-09 14:31:05','اسكتش اوليه','',0,49,0,'','a:3:{i:0;a:4:{s:9:\"file_name\";s:68:\"note_file67f684a979334-7d6f69d5-7a22-4f27-94c7-8be26b87c6df--1-.jpeg\";s:9:\"file_size\";s:5:\"78694\";s:7:\"file_id\";N;s:12:\"service_type\";N;}i:1;a:4:{s:9:\"file_name\";s:64:\"note_file67f684a97953f-7d6f69d5-7a22-4f27-94c7-8be26b87c6df.jpeg\";s:9:\"file_size\";s:5:\"78694\";s:7:\"file_id\";N;s:12:\"service_type\";N;}i:2;a:4:{s:9:\"file_name\";s:64:\"note_file67f684a9796b8-d1ab1ae7-617b-4021-bf84-38c81c53a78f.jpeg\";s:9:\"file_size\";s:6:\"151351\";s:7:\"file_id\";N;s:12:\"service_type\";N;}}',0,0),(23,17,'2025-04-09 14:32:59','اسكتش اوليه','',0,50,0,'','a:5:{i:0;a:4:{s:9:\"file_name\";s:64:\"note_file67f6851b12213-57519706-f6f8-44f5-8db1-848034be9aad.jpeg\";s:9:\"file_size\";s:5:\"82718\";s:7:\"file_id\";N;s:12:\"service_type\";N;}i:1;a:4:{s:9:\"file_name\";s:64:\"note_file67f6851b12410-aca65b45-cce5-4fd2-be3a-b1d37293db4b.jpeg\";s:9:\"file_size\";s:6:\"129896\";s:7:\"file_id\";N;s:12:\"service_type\";N;}i:2;a:4:{s:9:\"file_name\";s:64:\"note_file67f6851b12577-b0353942-55ad-42f0-b2b3-7f771454fd5f.jpeg\";s:9:\"file_size\";s:5:\"80081\";s:7:\"file_id\";N;s:12:\"service_type\";N;}i:3;a:4:{s:9:\"file_name\";s:64:\"note_file67f6851b12678-c8790646-82cd-4e53-8e0a-1711a4bcebb6.jpeg\";s:9:\"file_size\";s:6:\"115172\";s:7:\"file_id\";N;s:12:\"service_type\";N;}i:4;a:4:{s:9:\"file_name\";s:64:\"note_file67f6851b1279f-ffd0c786-6f4d-425e-841e-849758b8b526.jpeg\";s:9:\"file_size\";s:5:\"74466\";s:7:\"file_id\";N;s:12:\"service_type\";N;}}',0,0),(24,17,'2025-04-09 14:34:18','اسكتش اوليه','',0,51,0,'','a:4:{i:0;a:4:{s:9:\"file_name\";s:64:\"note_file67f6856aecea8-03573a94-43b1-4dc9-816c-69993156cb23.jpeg\";s:9:\"file_size\";s:6:\"100876\";s:7:\"file_id\";N;s:12:\"service_type\";N;}i:1;a:4:{s:9:\"file_name\";s:64:\"note_file67f6856aed06b-571122cc-b1ef-4b74-8bd7-819eac57dd91.jpeg\";s:9:\"file_size\";s:5:\"82746\";s:7:\"file_id\";N;s:12:\"service_type\";N;}i:2;a:4:{s:9:\"file_name\";s:64:\"note_file67f6856aed167-d50e3798-0b9e-4c9a-ba6f-376389b642bd.jpeg\";s:9:\"file_size\";s:5:\"85799\";s:7:\"file_id\";N;s:12:\"service_type\";N;}i:3;a:4:{s:9:\"file_name\";s:64:\"note_file67f6856aed26d-f4bb41d7-b281-4b8a-8851-7421a4f5d7b3.jpeg\";s:9:\"file_size\";s:5:\"82373\";s:7:\"file_id\";N;s:12:\"service_type\";N;}}',0,0),(25,17,'2025-04-09 14:36:48','اسكتش اوليه','',0,52,0,'','a:5:{i:0;a:4:{s:9:\"file_name\";s:64:\"note_file67f6860022e1c-3fcddef3-6a66-4518-9067-553b7906b5dd.jpeg\";s:9:\"file_size\";s:5:\"98736\";s:7:\"file_id\";N;s:12:\"service_type\";N;}i:1;a:4:{s:9:\"file_name\";s:64:\"note_file67f6860023008-76c70614-89e6-4129-83b9-68d53999a046.jpeg\";s:9:\"file_size\";s:6:\"113874\";s:7:\"file_id\";N;s:12:\"service_type\";N;}i:2;a:4:{s:9:\"file_name\";s:64:\"note_file67f6860023134-679c12b0-3995-4ef7-bf9e-7549f19585c0.jpeg\";s:9:\"file_size\";s:5:\"72341\";s:7:\"file_id\";N;s:12:\"service_type\";N;}i:3;a:4:{s:9:\"file_name\";s:64:\"note_file67f686002321e-2932c1c9-e7af-4583-9c2c-ca14b17c6f12.jpeg\";s:9:\"file_size\";s:5:\"90540\";s:7:\"file_id\";N;s:12:\"service_type\";N;}i:4;a:4:{s:9:\"file_name\";s:64:\"note_file67f686002338d-c958f456-e318-4823-910a-c42cea4ae3f8.jpeg\";s:9:\"file_size\";s:5:\"66126\";s:7:\"file_id\";N;s:12:\"service_type\";N;}}',0,0),(26,17,'2025-04-09 14:37:01','كوتيشن','',0,52,0,'','a:1:{i:0;a:4:{s:9:\"file_name\";s:64:\"note_file67f6860d467e8-2932c1c9-e7af-4583-9c2c-ca14b17c6f12.jpeg\";s:9:\"file_size\";s:5:\"90540\";s:7:\"file_id\";N;s:12:\"service_type\";N;}}',0,0),(27,17,'2025-04-09 14:57:12','اسكتش اوليه','',0,54,0,'','a:6:{i:0;a:4:{s:9:\"file_name\";s:64:\"note_file67f68ac83a64b-0c19f1af-bfdb-4c0e-b82a-ebe3a0813225.jpeg\";s:9:\"file_size\";s:6:\"113258\";s:7:\"file_id\";N;s:12:\"service_type\";N;}i:1;a:4:{s:9:\"file_name\";s:64:\"note_file67f68ac83a845-8b52d8d0-38e3-4625-84e8-16e675077406.jpeg\";s:9:\"file_size\";s:6:\"146848\";s:7:\"file_id\";N;s:12:\"service_type\";N;}i:2;a:4:{s:9:\"file_name\";s:64:\"note_file67f68ac83a9b0-41b2076a-6f78-4dcf-b7ac-ab7b1ddd6b27.jpeg\";s:9:\"file_size\";s:5:\"73355\";s:7:\"file_id\";N;s:12:\"service_type\";N;}i:3;a:4:{s:9:\"file_name\";s:64:\"note_file67f68ac83aadc-ac0d9c9c-42b5-48e4-aa54-5b507ce93b7c.jpeg\";s:9:\"file_size\";s:6:\"136672\";s:7:\"file_id\";N;s:12:\"service_type\";N;}i:4;a:4:{s:9:\"file_name\";s:64:\"note_file67f68ac83ac29-e1c45d1e-1c49-4aa8-9f7b-5d081383243e.jpeg\";s:9:\"file_size\";s:5:\"71045\";s:7:\"file_id\";N;s:12:\"service_type\";N;}i:5;a:4:{s:9:\"file_name\";s:64:\"note_file67f68ac83ad32-fead96f2-a344-4ea7-9411-3c1ddb40b75c.jpeg\";s:9:\"file_size\";s:5:\"86167\";s:7:\"file_id\";N;s:12:\"service_type\";N;}}',0,0),(28,17,'2025-04-10 21:12:43','التصميم','كود \n8754\n5440',0,54,0,'Important','a:5:{i:0;a:4:{s:9:\"file_name\";s:28:\"note_file67f8344b5f0a3-1.jpg\";s:9:\"file_size\";s:7:\"4617595\";s:7:\"file_id\";N;s:12:\"service_type\";N;}i:1;a:4:{s:9:\"file_name\";s:28:\"note_file67f8344b609a4-2.jpg\";s:9:\"file_size\";s:7:\"7220184\";s:7:\"file_id\";N;s:12:\"service_type\";N;}i:2;a:4:{s:9:\"file_name\";s:28:\"note_file67f8344b62f6d-3.jpg\";s:9:\"file_size\";s:7:\"7768140\";s:7:\"file_id\";N;s:12:\"service_type\";N;}i:3;a:4:{s:9:\"file_name\";s:28:\"note_file67f8344b6563a-4.jpg\";s:9:\"file_size\";s:7:\"7633163\";s:7:\"file_id\";N;s:12:\"service_type\";N;}i:4;a:4:{s:9:\"file_name\";s:28:\"note_file67f8344b68268-5.jpg\";s:9:\"file_size\";s:7:\"6491932\";s:7:\"file_id\";N;s:12:\"service_type\";N;}}',0,0),(29,17,'2025-04-16 15:55:41','اسكتش اوليه','',0,95,0,'','a:3:{i:0;a:4:{s:9:\"file_name\";s:64:\"note_file67ffd2fd5e3b7-7fada15f-663c-4896-b6ee-181aaa069142.jpeg\";s:9:\"file_size\";s:5:\"56055\";s:7:\"file_id\";N;s:12:\"service_type\";N;}i:1;a:4:{s:9:\"file_name\";s:64:\"note_file67ffd2fd5e6d4-af2c93fd-933b-46a4-bf06-61e368275645.jpeg\";s:9:\"file_size\";s:5:\"48284\";s:7:\"file_id\";N;s:12:\"service_type\";N;}i:2;a:4:{s:9:\"file_name\";s:64:\"note_file67ffd2fd5e7c2-d60735b8-b712-42c5-9f20-26e10ace7f68.jpeg\";s:9:\"file_size\";s:5:\"57206\";s:7:\"file_id\";N;s:12:\"service_type\";N;}}',0,0),(30,17,'2025-04-16 15:56:49','اسكتش اوليه','',0,96,0,'','a:3:{i:0;a:4:{s:9:\"file_name\";s:64:\"note_file67ffd341032da-2344eba9-09d5-4206-be5a-44894576469d.jpeg\";s:9:\"file_size\";s:5:\"67349\";s:7:\"file_id\";N;s:12:\"service_type\";N;}i:1;a:4:{s:9:\"file_name\";s:64:\"note_file67ffd341034dc-92397af0-f9a0-4a30-81ea-9978f7a680bc.jpeg\";s:9:\"file_size\";s:5:\"54227\";s:7:\"file_id\";N;s:12:\"service_type\";N;}i:2;a:4:{s:9:\"file_name\";s:64:\"note_file67ffd341035c5-c90add06-e96f-4446-bdb2-59b4920656e5.jpeg\";s:9:\"file_size\";s:5:\"61709\";s:7:\"file_id\";N;s:12:\"service_type\";N;}}',0,0),(31,17,'2025-04-16 15:57:45','اسكتش اوليه','',0,97,0,'','a:3:{i:0;a:4:{s:9:\"file_name\";s:64:\"note_file67ffd3797be0a-20c39a13-da0d-499b-9c12-1e549de9fb52.jpeg\";s:9:\"file_size\";s:5:\"73866\";s:7:\"file_id\";N;s:12:\"service_type\";N;}i:1;a:4:{s:9:\"file_name\";s:64:\"note_file67ffd3797bff8-b738ea59-9075-4c3e-9593-8c3f9cced2c5.jpeg\";s:9:\"file_size\";s:5:\"56361\";s:7:\"file_id\";N;s:12:\"service_type\";N;}i:2;a:4:{s:9:\"file_name\";s:64:\"note_file67ffd3797c0fe-d3d832ff-036b-4169-a97e-57f7f66c5d8c.jpeg\";s:9:\"file_size\";s:5:\"76545\";s:7:\"file_id\";N;s:12:\"service_type\";N;}}',0,0),(32,17,'2025-04-16 15:58:53','اسكتش اوليه','',0,98,0,'','a:3:{i:0;a:4:{s:9:\"file_name\";s:64:\"note_file67ffd3bdf33f7-78cd1656-18ca-486d-843a-20d4ed3f81f2.jpeg\";s:9:\"file_size\";s:5:\"86267\";s:7:\"file_id\";N;s:12:\"service_type\";N;}i:1;a:4:{s:9:\"file_name\";s:64:\"note_file67ffd3bdf35bb-01319f72-1bf7-422c-b206-ab1bd2efb569.jpeg\";s:9:\"file_size\";s:5:\"56684\";s:7:\"file_id\";N;s:12:\"service_type\";N;}i:2;a:4:{s:9:\"file_name\";s:64:\"note_file67ffd3bdf36d1-3474c2dd-2cc1-4214-a9d9-3d894f2bd497.jpeg\";s:9:\"file_size\";s:5:\"76187\";s:7:\"file_id\";N;s:12:\"service_type\";N;}}',0,0),(33,17,'2025-04-16 15:59:53','اسكتش اوليه','',0,99,0,'','a:3:{i:0;a:4:{s:9:\"file_name\";s:64:\"note_file67ffd3f95180c-2c47a833-ab86-48f9-952d-2391136a1bef.jpeg\";s:9:\"file_size\";s:5:\"62339\";s:7:\"file_id\";N;s:12:\"service_type\";N;}i:1;a:4:{s:9:\"file_name\";s:64:\"note_file67ffd3f951a0b-9664d02c-48fd-4cfc-96c7-2e9e90617ec8.jpeg\";s:9:\"file_size\";s:5:\"63289\";s:7:\"file_id\";N;s:12:\"service_type\";N;}i:2;a:4:{s:9:\"file_name\";s:64:\"note_file67ffd3f951b2d-bf28bac8-be4f-4fd6-90cd-e1a86357284e.jpeg\";s:9:\"file_size\";s:5:\"69055\";s:7:\"file_id\";N;s:12:\"service_type\";N;}}',0,0),(34,17,'2025-04-16 16:06:10','اسكتش اوليه','',0,100,0,'','a:6:{i:0;a:4:{s:9:\"file_name\";s:64:\"note_file67ffd572320d4-3c5d0610-df53-4ccc-8e82-f9274244df58.jpeg\";s:9:\"file_size\";s:5:\"75218\";s:7:\"file_id\";N;s:12:\"service_type\";N;}i:1;a:4:{s:9:\"file_name\";s:64:\"note_file67ffd572322b0-4e944e4c-0a33-4d0f-a5cc-44faeef809f3.jpeg\";s:9:\"file_size\";s:5:\"79038\";s:7:\"file_id\";N;s:12:\"service_type\";N;}i:2;a:4:{s:9:\"file_name\";s:64:\"note_file67ffd572323af-7aee838d-e569-44a4-87a0-8500994bce9c.jpeg\";s:9:\"file_size\";s:5:\"77373\";s:7:\"file_id\";N;s:12:\"service_type\";N;}i:3;a:4:{s:9:\"file_name\";s:64:\"note_file67ffd572324c1-67a2268c-7d1b-4a5c-8a87-d5d8160d3362.jpeg\";s:9:\"file_size\";s:5:\"74638\";s:7:\"file_id\";N;s:12:\"service_type\";N;}i:4;a:4:{s:9:\"file_name\";s:64:\"note_file67ffd5723259f-1119295f-9c10-4ac1-8126-5a2cbe43e3f4.jpeg\";s:9:\"file_size\";s:5:\"85938\";s:7:\"file_id\";N;s:12:\"service_type\";N;}i:5;a:4:{s:9:\"file_name\";s:64:\"note_file67ffd572326d8-19955994-79e2-4bc3-bd1c-7dd0be25bad5.jpeg\";s:9:\"file_size\";s:5:\"71593\";s:7:\"file_id\";N;s:12:\"service_type\";N;}}',0,0),(35,17,'2025-04-18 12:13:41','اسكتش اوليه','',0,108,0,'','a:17:{i:0;a:4:{s:9:\"file_name\";s:64:\"note_file680241f54eedb-0aa9ff5d-bb95-4408-b1f3-c7b21420a4fc.jpeg\";s:9:\"file_size\";s:6:\"116631\";s:7:\"file_id\";N;s:12:\"service_type\";N;}i:1;a:4:{s:9:\"file_name\";s:64:\"note_file680241f54f20e-2a0d959f-8526-4b0c-8a1a-42df1d056828.jpeg\";s:9:\"file_size\";s:6:\"107873\";s:7:\"file_id\";N;s:12:\"service_type\";N;}i:2;a:4:{s:9:\"file_name\";s:64:\"note_file680241f54f403-3a9c2d8a-5d38-4859-b36b-9a765dab92f3.jpeg\";s:9:\"file_size\";s:6:\"123589\";s:7:\"file_id\";N;s:12:\"service_type\";N;}i:3;a:4:{s:9:\"file_name\";s:64:\"note_file680241f54f5e8-3bdda8d7-164a-41e0-9e7c-4ce9bfb63edd.jpeg\";s:9:\"file_size\";s:5:\"71895\";s:7:\"file_id\";N;s:12:\"service_type\";N;}i:4;a:4:{s:9:\"file_name\";s:64:\"note_file680241f54f770-8a1fab45-1128-492d-869f-263805e588bd.jpeg\";s:9:\"file_size\";s:6:\"121110\";s:7:\"file_id\";N;s:12:\"service_type\";N;}i:5;a:4:{s:9:\"file_name\";s:64:\"note_file680241f54f95c-49f6379f-c47a-4e5c-9a2a-b25b4a78b9cd.jpeg\";s:9:\"file_size\";s:6:\"121398\";s:7:\"file_id\";N;s:12:\"service_type\";N;}i:6;a:4:{s:9:\"file_name\";s:64:\"note_file680241f54fb67-467ac070-4eaa-44e7-bf3d-e2c9de115313.jpeg\";s:9:\"file_size\";s:6:\"118056\";s:7:\"file_id\";N;s:12:\"service_type\";N;}i:7;a:4:{s:9:\"file_name\";s:64:\"note_file680241f54fd6d-955a42f4-62b7-4633-8840-eb6979b9f8fb.jpeg\";s:9:\"file_size\";s:6:\"109252\";s:7:\"file_id\";N;s:12:\"service_type\";N;}i:8;a:4:{s:9:\"file_name\";s:64:\"note_file680241f54ff2a-7567b7a5-1a91-4a37-b0f9-4f40eda2f2dd.jpeg\";s:9:\"file_size\";s:5:\"93233\";s:7:\"file_id\";N;s:12:\"service_type\";N;}i:9;a:4:{s:9:\"file_name\";s:64:\"note_file680241f5500c0-4176066d-5842-4fa4-9fdd-c61aeb5aed08.jpeg\";s:9:\"file_size\";s:6:\"129398\";s:7:\"file_id\";N;s:12:\"service_type\";N;}i:10;a:4:{s:9:\"file_name\";s:64:\"note_file680241f550424-a2e2f52a-ed18-40cd-9fe1-dc0ee23d83cb.jpeg\";s:9:\"file_size\";s:5:\"89884\";s:7:\"file_id\";N;s:12:\"service_type\";N;}i:11;a:4:{s:9:\"file_name\";s:64:\"note_file680241f5505a9-a51df8b6-db82-476f-a3f1-4f6f787eeea9.jpeg\";s:9:\"file_size\";s:6:\"110746\";s:7:\"file_id\";N;s:12:\"service_type\";N;}i:12;a:4:{s:9:\"file_name\";s:64:\"note_file680241f550750-adcafe59-6920-4e32-b8df-5faedfaf1430.jpeg\";s:9:\"file_size\";s:6:\"134820\";s:7:\"file_id\";N;s:12:\"service_type\";N;}i:13;a:4:{s:9:\"file_name\";s:64:\"note_file680241f5508ba-b82468f9-4104-434d-8e47-1c099bde8403.jpeg\";s:9:\"file_size\";s:6:\"128596\";s:7:\"file_id\";N;s:12:\"service_type\";N;}i:14;a:4:{s:9:\"file_name\";s:64:\"note_file680241f550b62-bafd4fb2-723b-4dfb-9f58-d44c61980858.jpeg\";s:9:\"file_size\";s:5:\"73766\";s:7:\"file_id\";N;s:12:\"service_type\";N;}i:15;a:4:{s:9:\"file_name\";s:64:\"note_file680241f550cc6-c54848b4-b650-4d3a-8941-c91b75553bfd.jpeg\";s:9:\"file_size\";s:6:\"150069\";s:7:\"file_id\";N;s:12:\"service_type\";N;}i:16;a:4:{s:9:\"file_name\";s:64:\"note_file680241f550e56-de9335cb-d789-44a1-b0fd-b2b78e262688.jpeg\";s:9:\"file_size\";s:5:\"93548\";s:7:\"file_id\";N;s:12:\"service_type\";N;}}',0,0),(36,26,'2025-04-19 08:03:15','الموقع','لينك',0,23,0,'','a:0:{}',0,0),(37,17,'2025-04-19 11:16:14','اسكتش اوليه','',0,110,0,'','a:4:{i:0;a:4:{s:9:\"file_name\";s:64:\"note_file680385fe31e5b-13d752fc-37b4-4663-ab42-ec3eccb0cdd6.jpeg\";s:9:\"file_size\";s:5:\"84650\";s:7:\"file_id\";N;s:12:\"service_type\";N;}i:1;a:4:{s:9:\"file_name\";s:64:\"note_file680385fe32086-5289045f-4e86-4824-872e-20ff23f3e1d2.jpeg\";s:9:\"file_size\";s:6:\"124147\";s:7:\"file_id\";N;s:12:\"service_type\";N;}i:2;a:4:{s:9:\"file_name\";s:64:\"note_file680385fe321dc-cc606af3-1ff0-429f-a2e1-0297ac3029cb.jpeg\";s:9:\"file_size\";s:5:\"62003\";s:7:\"file_id\";N;s:12:\"service_type\";N;}i:3;a:4:{s:9:\"file_name\";s:64:\"note_file680385fe322cb-f5472003-4e73-46e2-a35b-b0f1c1b783f3.jpeg\";s:9:\"file_size\";s:5:\"57954\";s:7:\"file_id\";N;s:12:\"service_type\";N;}}',0,0),(38,17,'2025-04-20 13:08:35','اسكتش وليه','',0,124,0,'','a:5:{i:0;a:4:{s:9:\"file_name\";s:64:\"note_file6804f1d39cf98-0bb4be20-f0e1-4b41-8c69-ca0ef73c6329.jpeg\";s:9:\"file_size\";s:5:\"87376\";s:7:\"file_id\";N;s:12:\"service_type\";N;}i:1;a:4:{s:9:\"file_name\";s:64:\"note_file6804f1d39d2d3-1d5cfcaf-9a6d-49d2-8e29-1ee083e17ed8.jpeg\";s:9:\"file_size\";s:5:\"67868\";s:7:\"file_id\";N;s:12:\"service_type\";N;}i:2;a:4:{s:9:\"file_name\";s:64:\"note_file6804f1d39d3f8-6ac1f99a-9466-4238-b1e7-673632aeace4.jpeg\";s:9:\"file_size\";s:5:\"64365\";s:7:\"file_id\";N;s:12:\"service_type\";N;}i:3;a:4:{s:9:\"file_name\";s:64:\"note_file6804f1d39d522-b5b2d006-7cb2-4859-8e4a-b35afff92c9f.jpeg\";s:9:\"file_size\";s:5:\"89952\";s:7:\"file_id\";N;s:12:\"service_type\";N;}i:4;a:4:{s:9:\"file_name\";s:64:\"note_file6804f1d39d626-c906ac9c-7963-4d1e-8da4-2d5430b3c557.jpeg\";s:9:\"file_size\";s:5:\"82085\";s:7:\"file_id\";N;s:12:\"service_type\";N;}}',0,0),(39,17,'2025-04-21 06:53:06','اسكتش اوليه','',0,149,0,'','a:3:{i:0;a:4:{s:9:\"file_name\";s:64:\"note_file6805eb5239075-0d2a2354-066d-422d-a1e1-c6cf41f20162.jpeg\";s:9:\"file_size\";s:5:\"58487\";s:7:\"file_id\";N;s:12:\"service_type\";N;}i:1;a:4:{s:9:\"file_name\";s:64:\"note_file6805eb523925f-38a1d1e6-ed45-457b-a9b2-0dda4c549103.jpeg\";s:9:\"file_size\";s:5:\"65807\";s:7:\"file_id\";N;s:12:\"service_type\";N;}i:2;a:4:{s:9:\"file_name\";s:64:\"note_file6805eb5239368-e360989f-b04c-41a6-8c0a-c29bc1edc27e.jpeg\";s:9:\"file_size\";s:5:\"83907\";s:7:\"file_id\";N;s:12:\"service_type\";N;}}',0,0),(40,17,'2025-04-21 06:54:54','اسكتش اوليه','',0,150,0,'','a:6:{i:0;a:4:{s:9:\"file_name\";s:64:\"note_file6805ebbec38e1-46c8cd05-61c3-45fe-9090-519978c02481.jpeg\";s:9:\"file_size\";s:5:\"61530\";s:7:\"file_id\";N;s:12:\"service_type\";N;}i:1;a:4:{s:9:\"file_name\";s:64:\"note_file6805ebbec3ae4-74a535a6-da85-4c5e-a935-d2afdb207f57.jpeg\";s:9:\"file_size\";s:5:\"61090\";s:7:\"file_id\";N;s:12:\"service_type\";N;}i:2;a:4:{s:9:\"file_name\";s:64:\"note_file6805ebbec3c24-675d7036-87fd-45ba-92e2-10e26df16e46.jpeg\";s:9:\"file_size\";s:5:\"64144\";s:7:\"file_id\";N;s:12:\"service_type\";N;}i:3;a:4:{s:9:\"file_name\";s:64:\"note_file6805ebbec3d24-1877950f-3791-4ab5-bd72-b9bf003f9f3a.jpeg\";s:9:\"file_size\";s:5:\"65209\";s:7:\"file_id\";N;s:12:\"service_type\";N;}i:4;a:4:{s:9:\"file_name\";s:64:\"note_file6805ebbec3e2c-99756988-5b97-40cd-bba9-8640b7374e34.jpeg\";s:9:\"file_size\";s:5:\"72162\";s:7:\"file_id\";N;s:12:\"service_type\";N;}i:5;a:4:{s:9:\"file_name\";s:64:\"note_file6805ebbec3f54-acc11a6e-c739-42c9-8ec2-4e567dbd49b2.jpeg\";s:9:\"file_size\";s:5:\"51646\";s:7:\"file_id\";N;s:12:\"service_type\";N;}}',0,0),(41,17,'2025-04-21 06:56:14','اسكتش اوليه','',0,151,0,'','a:3:{i:0;a:4:{s:9:\"file_name\";s:64:\"note_file6805ec0e72f9e-34e9c4d0-ba51-4356-8a65-a64c0c52a503.jpeg\";s:9:\"file_size\";s:5:\"92391\";s:7:\"file_id\";N;s:12:\"service_type\";N;}i:1;a:4:{s:9:\"file_name\";s:64:\"note_file6805ec0e731a5-40de6e02-958f-4b06-bbce-521ad3369d0b.jpeg\";s:9:\"file_size\";s:5:\"75806\";s:7:\"file_id\";N;s:12:\"service_type\";N;}i:2;a:4:{s:9:\"file_name\";s:64:\"note_file6805ec0e732ca-bff0596a-4631-437c-a8e2-207080b08c14.jpeg\";s:9:\"file_size\";s:5:\"78223\";s:7:\"file_id\";N;s:12:\"service_type\";N;}}',0,0),(42,17,'2025-04-22 06:50:58','اسكتش اوليه','',0,159,0,'','a:6:{i:0;a:4:{s:9:\"file_name\";s:64:\"note_file68073c5230710-03db3b77-60bd-4e40-bee4-0f7d7deebb81.jpeg\";s:9:\"file_size\";s:6:\"119300\";s:7:\"file_id\";N;s:12:\"service_type\";N;}i:1;a:4:{s:9:\"file_name\";s:64:\"note_file68073c5230a93-120faaac-5305-40f5-a259-5f29fdb6531b.jpeg\";s:9:\"file_size\";s:6:\"107402\";s:7:\"file_id\";N;s:12:\"service_type\";N;}i:2;a:4:{s:9:\"file_name\";s:64:\"note_file68073c5230d18-a24293aa-c862-455d-ad41-c07e533c9bbf.jpeg\";s:9:\"file_size\";s:5:\"92859\";s:7:\"file_id\";N;s:12:\"service_type\";N;}i:3;a:4:{s:9:\"file_name\";s:64:\"note_file68073c5230ee2-aa1eaf51-b73e-4d6c-92dc-5b2341ad909f.jpeg\";s:9:\"file_size\";s:5:\"93636\";s:7:\"file_id\";N;s:12:\"service_type\";N;}i:4;a:4:{s:9:\"file_name\";s:64:\"note_file68073c5231068-b1af6c7d-6846-4f69-839e-a367ac0e6ed4.jpeg\";s:9:\"file_size\";s:6:\"114140\";s:7:\"file_id\";N;s:12:\"service_type\";N;}i:5;a:4:{s:9:\"file_name\";s:64:\"note_file68073c52311d0-b6520509-945a-4f74-ac4f-e196ac42f40b.jpeg\";s:9:\"file_size\";s:5:\"88433\";s:7:\"file_id\";N;s:12:\"service_type\";N;}}',0,0),(43,13,'2025-04-22 08:27:39','location','link location',0,153,0,'Important','a:0:{}',0,0),(44,17,'2025-04-23 06:33:59','اسكتش اوليه','',0,116,0,'','a:9:{i:0;a:4:{s:9:\"file_name\";s:64:\"note_file680889d7eca35-00d0299d-ac82-420d-85e6-1aeb38a327e9.jpeg\";s:9:\"file_size\";s:6:\"104884\";s:7:\"file_id\";N;s:12:\"service_type\";N;}i:1;a:4:{s:9:\"file_name\";s:64:\"note_file680889d7ecd4a-1edf0d74-c884-4eb3-bcda-bb3aeee514b8.jpeg\";s:9:\"file_size\";s:5:\"66862\";s:7:\"file_id\";N;s:12:\"service_type\";N;}i:2;a:4:{s:9:\"file_name\";s:64:\"note_file680889d7ece72-3b327a5f-7147-4ed8-9b26-898525ca8496.jpeg\";s:9:\"file_size\";s:5:\"59842\";s:7:\"file_id\";N;s:12:\"service_type\";N;}i:3;a:4:{s:9:\"file_name\";s:64:\"note_file680889d7ecfae-3cc207ce-b198-4314-8b7e-51e3b99e934e.jpeg\";s:9:\"file_size\";s:5:\"57282\";s:7:\"file_id\";N;s:12:\"service_type\";N;}i:4;a:4:{s:9:\"file_name\";s:64:\"note_file680889d7ed0a1-96ab8862-2dec-428b-8464-7de28fb964f9.jpeg\";s:9:\"file_size\";s:5:\"80160\";s:7:\"file_id\";N;s:12:\"service_type\";N;}i:5;a:4:{s:9:\"file_name\";s:64:\"note_file680889d7ed329-2694dfc3-ab88-402a-8779-315cb85bae83.jpeg\";s:9:\"file_size\";s:6:\"115728\";s:7:\"file_id\";N;s:12:\"service_type\";N;}i:6;a:4:{s:9:\"file_name\";s:64:\"note_file680889d7ed463-260998f8-8a26-403d-95c4-9521aa568092.jpeg\";s:9:\"file_size\";s:5:\"79176\";s:7:\"file_id\";N;s:12:\"service_type\";N;}i:7;a:4:{s:9:\"file_name\";s:64:\"note_file680889d7ed57a-a138266d-d4d9-4811-b72b-46f2f68aa2c1.jpeg\";s:9:\"file_size\";s:5:\"86632\";s:7:\"file_id\";N;s:12:\"service_type\";N;}i:8;a:4:{s:9:\"file_name\";s:64:\"note_file680889d7ed6aa-aa323ac8-971e-425c-9537-5518327aceff.jpeg\";s:9:\"file_size\";s:5:\"49201\";s:7:\"file_id\";N;s:12:\"service_type\";N;}}',0,0),(45,17,'2025-04-23 06:35:24','اسكتش اوليه','',0,165,0,'','a:6:{i:0;a:4:{s:9:\"file_name\";s:64:\"note_file68088a2ccac48-2d66e4c8-ee1f-4b4a-8c97-f65a36305a39.jpeg\";s:9:\"file_size\";s:5:\"40453\";s:7:\"file_id\";N;s:12:\"service_type\";N;}i:1;a:4:{s:9:\"file_name\";s:64:\"note_file68088a2ccaf30-57d7aa5f-7400-434f-9287-a16840879bbf.jpeg\";s:9:\"file_size\";s:5:\"59621\";s:7:\"file_id\";N;s:12:\"service_type\";N;}i:2;a:4:{s:9:\"file_name\";s:64:\"note_file68088a2ccb0b2-69d73921-8f63-4e13-8501-1683314e87df.jpeg\";s:9:\"file_size\";s:5:\"70119\";s:7:\"file_id\";N;s:12:\"service_type\";N;}i:3;a:4:{s:9:\"file_name\";s:64:\"note_file68088a2ccb227-ac0d0fe3-d283-4ccf-8b5d-04b1ea68c6a1.jpeg\";s:9:\"file_size\";s:5:\"98943\";s:7:\"file_id\";N;s:12:\"service_type\";N;}i:4;a:4:{s:9:\"file_name\";s:64:\"note_file68088a2ccb43f-ac4fe53f-4979-47a7-9fe0-cdc8ea8c2e63.jpeg\";s:9:\"file_size\";s:5:\"82550\";s:7:\"file_id\";N;s:12:\"service_type\";N;}i:5;a:4:{s:9:\"file_name\";s:64:\"note_file68088a2ccb611-d5fa4c48-72f2-4b11-b17e-d1596fd0e4d4.jpeg\";s:9:\"file_size\";s:5:\"81287\";s:7:\"file_id\";N;s:12:\"service_type\";N;}}',0,0),(46,17,'2025-04-23 06:36:25','اسكتش اوليه','',0,166,0,'','a:3:{i:0;a:4:{s:9:\"file_name\";s:64:\"note_file68088a69ae871-1398679d-f269-4543-aa26-68de4f505915.jpeg\";s:9:\"file_size\";s:6:\"107661\";s:7:\"file_id\";N;s:12:\"service_type\";N;}i:1;a:4:{s:9:\"file_name\";s:64:\"note_file68088a69aea78-a082805a-d30f-4013-bdec-ef7e59245e90.jpeg\";s:9:\"file_size\";s:6:\"140835\";s:7:\"file_id\";N;s:12:\"service_type\";N;}i:2;a:4:{s:9:\"file_name\";s:64:\"note_file68088a69aebed-bcaa3d50-84e4-49b0-8206-88b367ada05c.jpeg\";s:9:\"file_size\";s:5:\"75150\";s:7:\"file_id\";N;s:12:\"service_type\";N;}}',0,0),(47,17,'2025-04-26 05:55:55','اسكتش اوليه','',0,176,0,'','a:4:{i:0;a:4:{s:9:\"file_name\";s:64:\"note_file680c756bbc882-2fa95591-0fbc-489f-93f1-acfae82fc0b2.jpeg\";s:9:\"file_size\";s:5:\"82842\";s:7:\"file_id\";N;s:12:\"service_type\";N;}i:1;a:4:{s:9:\"file_name\";s:64:\"note_file680c756bbca69-60c0f244-33a2-4662-83cd-d21362176649.jpeg\";s:9:\"file_size\";s:6:\"117870\";s:7:\"file_id\";N;s:12:\"service_type\";N;}i:2;a:4:{s:9:\"file_name\";s:64:\"note_file680c756bbcbca-70b83c1a-141b-40f2-a778-c554d7aad4f1.jpeg\";s:9:\"file_size\";s:6:\"116578\";s:7:\"file_id\";N;s:12:\"service_type\";N;}i:3;a:4:{s:9:\"file_name\";s:64:\"note_file680c756bbcceb-4156c6bd-50f9-449b-bf66-7658783f6e67.jpeg\";s:9:\"file_size\";s:5:\"63478\";s:7:\"file_id\";N;s:12:\"service_type\";N;}}',0,0),(48,17,'2025-04-26 08:10:45','اسكتش اوليه','',0,179,0,'','a:2:{i:0;a:4:{s:9:\"file_name\";s:64:\"note_file680c9505940e6-4732d3fa-c601-42c0-adf9-97f500a27d5b.jpeg\";s:9:\"file_size\";s:5:\"50690\";s:7:\"file_id\";N;s:12:\"service_type\";N;}i:1;a:4:{s:9:\"file_name\";s:64:\"note_file680c9505942c7-aee2ae95-0f45-44ac-87f3-a53c5c89c3a2.jpeg\";s:9:\"file_size\";s:5:\"82497\";s:7:\"file_id\";N;s:12:\"service_type\";N;}}',0,0),(49,17,'2025-04-26 08:11:37','اسكتش اوليه','',0,178,0,'','a:3:{i:0;a:4:{s:9:\"file_name\";s:64:\"note_file680c9539ba544-150335c6-0a50-4701-b07d-d806cabaed2a.jpeg\";s:9:\"file_size\";s:5:\"54660\";s:7:\"file_id\";N;s:12:\"service_type\";N;}i:1;a:4:{s:9:\"file_name\";s:64:\"note_file680c9539ba738-a1f7f9f3-79e4-4f3a-88ad-8ed7b7078daf.jpeg\";s:9:\"file_size\";s:6:\"112842\";s:7:\"file_id\";N;s:12:\"service_type\";N;}i:2;a:4:{s:9:\"file_name\";s:64:\"note_file680c9539ba889-cbc51a5d-b384-4297-bfc0-0b3a85d2687a.jpeg\";s:9:\"file_size\";s:5:\"90701\";s:7:\"file_id\";N;s:12:\"service_type\";N;}}',0,0),(50,17,'2025-04-26 08:13:25','اسكتش اوليه','',0,180,0,'','a:2:{i:0;a:4:{s:9:\"file_name\";s:64:\"note_file680c95a55ca95-7b5686cf-bcff-461e-9247-5ec058ea3a99.jpeg\";s:9:\"file_size\";s:5:\"84666\";s:7:\"file_id\";N;s:12:\"service_type\";N;}i:1;a:4:{s:9:\"file_name\";s:64:\"note_file680c95a55cc5a-2452fefc-837c-49b4-b1d5-7271c68cfa84.jpeg\";s:9:\"file_size\";s:5:\"59195\";s:7:\"file_id\";N;s:12:\"service_type\";N;}}',0,0);

--
-- Table structure for table `notification_settings`
--

CREATE TABLE `notification_settings` (
  `id` int(11) NOT NULL AUTO_INCREMENT,
  `event` varchar(250) NOT NULL,
  `category` varchar(50) NOT NULL,
  `enable_email` int(1) NOT NULL DEFAULT '0',
  `enable_web` int(1) NOT NULL DEFAULT '0',
  `notify_to_team` text NOT NULL,
  `notify_to_team_members` text NOT NULL,
  `notify_to_terms` text NOT NULL,
  `sort` int(11) NOT NULL,
  `deleted` int(1) NOT NULL DEFAULT '0',
  PRIMARY KEY (`id`),
  KEY `event` (`event`)
) ENGINE=InnoDB AUTO_INCREMENT=53 DEFAULT CHARSET=latin1;

--
-- Dumping data for table `notification_settings`
--

INSERT INTO `notification_settings` VALUES (1,'project_created','project',0,1,'1','','client_primary_contact,client_all_contacts',1,0),(2,'project_deleted','project',0,1,'1','','project_members,client_primary_contact,client_all_contacts',2,0),(3,'project_task_created','project',0,1,'','5','project_members,task_assignee',3,0),(4,'project_task_updated','project',0,1,'1','','task_assignee',4,0),(5,'project_task_assigned','project',0,1,'','','task_assignee',5,0),(7,'project_task_started','project',0,1,'','5','project_members,client_primary_contact,client_all_contacts',7,0),(8,'project_task_finished','project',0,1,'1','','',8,0),(9,'project_task_reopened','project',0,1,'1','','',9,0),(10,'project_task_deleted','project',0,1,'1','','task_assignee',10,0),(11,'project_task_commented','project',0,1,'1','','task_assignee',11,0),(12,'project_member_added','project',0,1,'1','','project_members',12,0),(13,'project_member_deleted','project',0,1,'1','','project_members',13,0),(14,'project_file_added','project',0,1,'1','','project_members',14,0),(15,'project_file_deleted','project',0,1,'1','','project_members',15,0),(16,'project_file_commented','project',0,1,'1','','project_members',16,0),(17,'project_comment_added','project',0,1,'1','','project_members',17,0),(18,'project_comment_replied','project',0,1,'1','','project_members,comment_creator',18,0),(19,'project_customer_feedback_added','project',0,1,'1','','project_members',19,0),(20,'project_customer_feedback_replied','project',0,1,'1','','project_members,comment_creator',20,0),(21,'client_signup','client',0,0,'','','',21,0),(22,'invoice_online_payment_received','invoice',0,0,'','','',22,0),(23,'leave_application_submitted','leave',0,0,'','','',23,0),(24,'leave_approved','leave',0,1,'','','leave_applicant',24,0),(25,'leave_assigned','leave',0,1,'','','leave_applicant',25,0),(26,'leave_rejected','leave',0,1,'','','leave_applicant',26,0),(27,'leave_canceled','leave',0,0,'','','',27,0),(28,'ticket_created','ticket',0,1,'','6,7,5,11,12,1','client_all_contacts',28,0),(29,'ticket_commented','ticket',0,1,'','','client_primary_contact,ticket_creator',29,0),(30,'ticket_closed','ticket',0,1,'','','client_primary_contact,ticket_creator',30,0),(31,'ticket_reopened','ticket',0,1,'','','client_primary_contact,ticket_creator',31,0),(32,'estimate_request_received','estimate',0,0,'','','',32,0),(33,'estimate_sent','estimate',0,0,'','','',33,0),(34,'estimate_accepted','estimate',0,0,'','','',34,0),(35,'estimate_rejected','estimate',0,0,'','','',35,0),(36,'new_message_sent','message',0,0,'','','',36,0),(37,'message_reply_sent','message',0,0,'','','',37,0),(38,'invoice_payment_confirmation','invoice',0,0,'','','',22,0),(39,'new_event_added_in_calendar','event',0,0,'','','',39,0),(40,'recurring_invoice_created_vai_cron_job','invoice',0,0,'','','',22,0),(41,'new_announcement_created','announcement',1,1,'','','recipient',41,0),(42,'invoice_due_reminder_before_due_date','invoice',0,0,'','','',22,0),(43,'invoice_overdue_reminder','invoice',0,0,'','','',22,0),(44,'recurring_invoice_creation_reminder','invoice',0,0,'','','',22,0),(45,'project_completed','project',0,1,'1','','',2,0),(46,'lead_created','lead',0,0,'','','',21,0),(47,'client_created_from_lead','lead',0,0,'','','',21,0),(48,'project_task_deadline_pre_reminder','project',0,1,'1','','task_assignee',20,0),(49,'project_task_reminder_on_the_day_of_deadline','project',0,1,'1','','task_assignee',20,0),(50,'project_task_deadline_overdue_reminder','project',0,1,'1','','task_assignee',20,0),(51,'recurring_task_created_via_cron_job','project',0,1,'1','','project_members,task_assignee',20,0),(52,'calendar_event_modified','event',0,0,'','','',39,0);

--
-- Table structure for table `notifications`
--

CREATE TABLE `notifications` (
  `id` int(11) NOT NULL AUTO_INCREMENT,
  `user_id` int(11) NOT NULL,
  `description` longtext COLLATE utf8_unicode_ci NOT NULL,
  `created_at` datetime NOT NULL,
  `notify_to` mediumtext COLLATE utf8_unicode_ci NOT NULL,
  `read_by` mediumtext COLLATE utf8_unicode_ci NOT NULL,
  `event` varchar(250) COLLATE utf8_unicode_ci NOT NULL,
  `project_id` int(11) NOT NULL,
  `task_id` int(11) NOT NULL,
  `project_comment_id` int(11) NOT NULL,
  `ticket_id` int(11) NOT NULL,
  `ticket_comment_id` int(11) NOT NULL,
  `project_file_id` int(11) NOT NULL,
  `leave_id` int(11) NOT NULL,
  `post_id` int(11) NOT NULL,
  `to_user_id` int(11) NOT NULL,
  `activity_log_id` int(11) NOT NULL,
  `client_id` int(11) NOT NULL,
  `lead_id` int(11) NOT NULL,
  `invoice_payment_id` int(11) NOT NULL,
  `invoice_id` int(11) NOT NULL,
  `estimate_id` int(11) NOT NULL,
  `estimate_request_id` int(11) NOT NULL,
  `actual_message_id` int(11) NOT NULL,
  `parent_message_id` int(11) NOT NULL,
  `event_id` int(11) NOT NULL,
  `announcement_id` int(11) NOT NULL,
  `deleted` int(1) NOT NULL DEFAULT '0',
  PRIMARY KEY (`id`),
  KEY `user_id` (`user_id`)
) ENGINE=InnoDB DEFAULT CHARSET=utf8 COLLATE=utf8_unicode_ci;

--
-- Dumping data for table `notifications`
--


--
-- Table structure for table `payment_methods`
--

CREATE TABLE `payment_methods` (
  `id` int(11) NOT NULL AUTO_INCREMENT,
  `title` text COLLATE utf8_unicode_ci NOT NULL,
  `type` varchar(100) COLLATE utf8_unicode_ci NOT NULL DEFAULT 'custom',
  `description` text COLLATE utf8_unicode_ci NOT NULL,
  `online_payable` tinyint(1) NOT NULL DEFAULT '0',
  `available_on_invoice` tinyint(1) NOT NULL DEFAULT '0',
  `minimum_payment_amount` double NOT NULL DEFAULT '0',
  `settings` longtext COLLATE utf8_unicode_ci NOT NULL,
  `deleted` tinyint(1) NOT NULL DEFAULT '0',
  PRIMARY KEY (`id`)
) ENGINE=InnoDB AUTO_INCREMENT=6 DEFAULT CHARSET=utf8 COLLATE=utf8_unicode_ci;

--
-- Dumping data for table `payment_methods`
--

INSERT INTO `payment_methods` VALUES (1,'Cash','custom','',0,0,0,'a:0:{}',0),(4,'Bank transfer / Card','custom','',0,0,0,'a:0:{}',0),(5,'Cheque','custom','',0,0,0,'a:0:{}',0);

--
-- Table structure for table `paypal_ipn`
--

CREATE TABLE `paypal_ipn` (
  `id` int(11) NOT NULL AUTO_INCREMENT,
  `transaction_id` tinytext COLLATE utf8_unicode_ci,
  `ipn_hash` longtext COLLATE utf8_unicode_ci NOT NULL,
  `ipn_data` longtext COLLATE utf8_unicode_ci NOT NULL,
  `deleted` tinyint(1) NOT NULL DEFAULT '0',
  PRIMARY KEY (`id`)
) ENGINE=InnoDB DEFAULT CHARSET=utf8 COLLATE=utf8_unicode_ci;

--
-- Dumping data for table `paypal_ipn`
--


--
-- Table structure for table `payroll`
--

CREATE TABLE `payroll` (
  `id` int(11) NOT NULL AUTO_INCREMENT,
  `month` date NOT NULL,
  `status` varchar(255) COLLATE utf8_unicode_ci NOT NULL DEFAULT 'draft',
  `deleted` int(11) NOT NULL DEFAULT '0',
  `payment_item_id` int(11) NOT NULL DEFAULT '0',
  PRIMARY KEY (`id`)
) ENGINE=MyISAM AUTO_INCREMENT=3 DEFAULT CHARSET=utf8 COLLATE=utf8_unicode_ci;

--
-- Dumping data for table `payroll`
--

INSERT INTO `payroll` VALUES (1,'2025-03-01','draft',0,0),(2,'2025-04-01','pending',0,0);

--
-- Table structure for table `payroll_detail`
--

CREATE TABLE `payroll_detail` (
  `id` int(11) NOT NULL AUTO_INCREMENT,
  `payroll_id` int(11) NOT NULL,
  `employee_id` int(11) NOT NULL,
  `salary` float(8,3) NOT NULL,
  `manual_deduction` float(8,3) NOT NULL,
  `manual_deduction_reason` text COLLATE utf8_unicode_ci,
  `manual_bounce` float(8,3) NOT NULL,
  `manual_bonus_reason` text COLLATE utf8_unicode_ci,
  `advance` float(10,3) NOT NULL,
  `loan` float(10,3) NOT NULL,
  `pasi_company` double DEFAULT '0',
  `pasi_employee` double DEFAULT '0',
  `job_s_company` double DEFAULT '0',
  `job_s_employee` double DEFAULT '0',
  `deleted` int(11) NOT NULL DEFAULT '0',
  PRIMARY KEY (`id`)
) ENGINE=MyISAM AUTO_INCREMENT=30 DEFAULT CHARSET=utf8 COLLATE=utf8_unicode_ci;

--
-- Dumping data for table `payroll_detail`
--

INSERT INTO `payroll_detail` VALUES (1,1,1,0.000,0.000,NULL,0.000,NULL,0.000,0.000,0,0,0,0,0),(2,1,12,0.000,0.000,NULL,0.000,NULL,0.000,0.000,0,0,0,0,0),(3,1,13,0.000,0.000,NULL,0.000,NULL,0.000,0.000,0,0,0,0,0),(4,1,14,0.000,0.000,NULL,0.000,NULL,0.000,0.000,0,0,0,0,0),(5,1,5,0.000,0.000,NULL,0.000,NULL,0.000,0.000,0,0,0,0,0),(6,1,3,300.000,0.000,NULL,0.000,NULL,0.000,0.000,0,0,0,0,0),(7,1,4,200.000,0.000,NULL,0.000,NULL,0.000,0.000,0,0,0,0,0),(8,1,15,0.000,0.000,NULL,0.000,NULL,0.000,0.000,0,0,0,0,0),(9,1,7,100.000,0.000,NULL,0.000,NULL,0.000,0.000,0,0,0,0,0),(10,1,6,0.000,0.000,NULL,0.000,NULL,0.000,0.000,0,0,0,0,0),(11,1,11,0.000,0.000,NULL,0.000,NULL,0.000,0.000,0,0,0,0,0),(12,1,8,0.000,0.000,NULL,0.000,NULL,0.000,0.000,0,0,0,0,0),(13,2,1,0.000,0.000,NULL,0.000,NULL,0.000,0.000,0,0,0,0,0),(14,2,12,0.000,0.000,NULL,0.000,NULL,0.000,0.000,0,0,0,0,0),(15,2,27,3500.000,0.000,NULL,0.000,NULL,0.000,0.000,0,0,0,0,0),(16,2,13,0.000,0.000,NULL,0.000,NULL,0.000,0.000,0,0,0,0,0),(17,2,14,0.000,0.000,NULL,0.000,NULL,0.000,0.000,0,0,0,0,0),(18,2,18,400.000,0.000,NULL,0.000,NULL,0.000,0.000,0,0,0,0,0),(19,2,22,200.000,0.000,NULL,0.000,NULL,0.000,0.000,0,0,0,0,0),(20,2,20,300.000,0.000,NULL,0.000,NULL,0.000,0.000,0,0,0,0,0),(21,2,26,162.500,0.000,NULL,0.000,NULL,0.000,0.000,0,0,0,0,0),(22,2,25,0.000,0.000,NULL,0.000,NULL,0.000,0.000,0,0,0,0,0),(23,2,3,300.000,0.000,NULL,0.000,NULL,0.000,0.000,0,0,0,0,0),(24,2,23,300.000,0.000,NULL,0.000,NULL,0.000,0.000,0,0,0,0,0),(25,2,4,200.000,0.000,NULL,0.000,NULL,0.000,0.000,0,0,0,0,0),(26,2,19,200.000,0.000,NULL,0.000,NULL,0.000,0.000,0,0,0,0,0),(27,2,17,300.000,0.000,NULL,0.000,NULL,0.000,0.000,0,0,0,0,0),(28,2,6,0.000,0.000,NULL,0.000,NULL,0.000,0.000,0,0,0,0,0),(29,2,21,200.000,0.000,NULL,0.000,NULL,0.000,0.000,0,0,0,0,0);

--
-- Table structure for table `posts`
--

CREATE TABLE `posts` (
  `id` int(11) NOT NULL AUTO_INCREMENT,
  `created_by` int(11) NOT NULL,
  `created_at` datetime NOT NULL,
  `description` mediumtext COLLATE utf8_unicode_ci NOT NULL,
  `post_id` int(11) NOT NULL,
  `share_with` text COLLATE utf8_unicode_ci,
  `files` longtext COLLATE utf8_unicode_ci,
  `deleted` tinyint(1) NOT NULL DEFAULT '0',
  PRIMARY KEY (`id`)
) ENGINE=InnoDB DEFAULT CHARSET=utf8 COLLATE=utf8_unicode_ci;

--
-- Dumping data for table `posts`
--


--
-- Table structure for table `product_settings`
--

CREATE TABLE `product_settings` (
  `id` int(11) NOT NULL AUTO_INCREMENT,
  `item_id` int(11) NOT NULL,
  `raw_material` int(11) NOT NULL,
  `uom_id` int(11) NOT NULL,
  `qty` int(11) NOT NULL,
  `cost` double NOT NULL,
  `single` tinyint(4) NOT NULL,
  `deleted` tinyint(4) NOT NULL DEFAULT '0',
  PRIMARY KEY (`id`)
) ENGINE=InnoDB AUTO_INCREMENT=4 DEFAULT CHARSET=latin1;

--
-- Dumping data for table `product_settings`
--

INSERT INTO `product_settings` VALUES (1,2,3,1,10,5,0,0),(2,2,4,1,6,6,0,0),(3,2,5,1,7,8,0,0);

--
-- Table structure for table `proforma_invoice_items`
--

CREATE TABLE `proforma_invoice_items` (
  `id` int(11) NOT NULL AUTO_INCREMENT,
  `item_id` int(11) NOT NULL DEFAULT '0',
  `title` text COLLATE utf8_unicode_ci NOT NULL,
  `cost` double NOT NULL,
  `description` text COLLATE utf8_unicode_ci,
  `quantity` double NOT NULL,
  `unit_type` varchar(20) COLLATE utf8_unicode_ci NOT NULL DEFAULT '',
  `rate` double NOT NULL,
  `total` double NOT NULL,
  `sort` int(11) NOT NULL DEFAULT '0',
  `invoice_id` int(11) NOT NULL,
  `deleted` tinyint(1) NOT NULL DEFAULT '0',
  `old_id` int(11) DEFAULT '0',
  `tax_id` int(11) DEFAULT '0',
  `tax_id2` int(11) DEFAULT '0',
  PRIMARY KEY (`id`)
) ENGINE=InnoDB DEFAULT CHARSET=utf8 COLLATE=utf8_unicode_ci;

--
-- Dumping data for table `proforma_invoice_items`
--


--
-- Table structure for table `proforma_invoice_payments`
--

CREATE TABLE `proforma_invoice_payments` (
  `id` int(11) NOT NULL AUTO_INCREMENT,
  `amount` double NOT NULL,
  `payment_date` date NOT NULL,
  `payment_method_id` int(11) NOT NULL,
  `cheque_due_date` date DEFAULT NULL,
  `cheque_description` varchar(150) COLLATE utf8_unicode_ci DEFAULT NULL,
  `cheque_account` varchar(150) COLLATE utf8_unicode_ci DEFAULT NULL,
  `cheque_number` varchar(150) COLLATE utf8_unicode_ci DEFAULT NULL,
  `cheque_transaction_id` int(11) NOT NULL DEFAULT '0',
  `note` text COLLATE utf8_unicode_ci,
  `invoice_id` int(11) NOT NULL,
  `status` enum('draft','request_approval','approved','bounce','deposited','refunded','cancelled','delayed','on_hold') COLLATE utf8_unicode_ci NOT NULL DEFAULT 'draft',
  `deleted` tinyint(1) NOT NULL DEFAULT '0',
  `transaction_id` tinytext COLLATE utf8_unicode_ci,
  `account_transaction_id` int(11) NOT NULL DEFAULT '0',
  `advance_transaction_id` int(11) NOT NULL DEFAULT '0',
  `created_by` int(11) DEFAULT '1',
  `created_at` datetime DEFAULT NULL,
  `files` varchar(255) COLLATE utf8_unicode_ci DEFAULT NULL,
  `bank` int(11) DEFAULT NULL,
  PRIMARY KEY (`id`),
  KEY `id` (`id`),
  KEY `id_2` (`id`)
) ENGINE=InnoDB DEFAULT CHARSET=utf8 COLLATE=utf8_unicode_ci;

--
-- Dumping data for table `proforma_invoice_payments`
--


--
-- Table structure for table `proforma_invoices`
--

CREATE TABLE `proforma_invoices` (
  `id` int(11) NOT NULL AUTO_INCREMENT,
  `quotation_id` int(11) NOT NULL,
  `client_id` int(11) NOT NULL,
  `project_id` int(11) NOT NULL DEFAULT '0',
  `bill_date` date NOT NULL,
  `due_date` date NOT NULL,
  `note` mediumtext COLLATE utf8_unicode_ci,
  `labels` text COLLATE utf8_unicode_ci,
  `last_email_sent_date` date DEFAULT NULL,
  `status` enum('draft','not_paid','cancelled') COLLATE utf8_unicode_ci NOT NULL DEFAULT 'draft',
  `delivery_status` enum('delivered','not_delivered') COLLATE utf8_unicode_ci NOT NULL DEFAULT 'not_delivered',
  `approval_status` enum('not_approved','request_approval','approved') COLLATE utf8_unicode_ci NOT NULL DEFAULT 'not_approved',
  `tax_id` int(11) NOT NULL DEFAULT '0',
  `tax_id2` int(11) NOT NULL DEFAULT '0',
  `recurring` tinyint(4) NOT NULL DEFAULT '0',
  `recurring_invoice_id` int(11) NOT NULL DEFAULT '0',
  `repeat_every` int(11) NOT NULL DEFAULT '0',
  `repeat_type` enum('days','weeks','months','years') COLLATE utf8_unicode_ci DEFAULT NULL,
  `no_of_cycles` int(11) NOT NULL DEFAULT '0',
  `next_recurring_date` date DEFAULT NULL,
  `no_of_cycles_completed` int(11) NOT NULL DEFAULT '0',
  `due_reminder_date` date DEFAULT NULL,
  `recurring_reminder_date` date DEFAULT NULL,
  `discount_amount` double NOT NULL,
  `discount_amount_type` enum('percentage','fixed_amount') COLLATE utf8_unicode_ci NOT NULL,
  `discount_type` enum('before_tax','after_tax') COLLATE utf8_unicode_ci DEFAULT NULL,
  `cancelled_at` datetime DEFAULT NULL,
  `cancelled_by` int(11) NOT NULL,
  `owner` int(11) NOT NULL,
  `revised` int(11) NOT NULL,
  `deleted` tinyint(1) NOT NULL DEFAULT '0',
  `old_project` int(11) DEFAULT '0',
  `old_invoice_no` varchar(255) COLLATE utf8_unicode_ci DEFAULT NULL,
  `old_quotation_id` int(11) DEFAULT '0',
  `department` int(11) NOT NULL DEFAULT '0',
  PRIMARY KEY (`id`)
) ENGINE=InnoDB DEFAULT CHARSET=utf8 COLLATE=utf8_unicode_ci;

--
-- Dumping data for table `proforma_invoices`
--


--
-- Table structure for table `project_comments`
--

CREATE TABLE `project_comments` (
  `id` int(11) NOT NULL AUTO_INCREMENT,
  `created_by` int(11) NOT NULL,
  `created_at` datetime NOT NULL,
  `description` mediumtext COLLATE utf8_unicode_ci NOT NULL,
  `project_id` int(11) NOT NULL DEFAULT '0',
  `comment_id` int(11) NOT NULL DEFAULT '0',
  `task_id` int(11) NOT NULL DEFAULT '0',
  `file_id` int(11) NOT NULL DEFAULT '0',
  `customer_feedback_id` int(11) NOT NULL DEFAULT '0',
  `files` longtext COLLATE utf8_unicode_ci,
  `deleted` tinyint(1) NOT NULL DEFAULT '0',
  PRIMARY KEY (`id`)
) ENGINE=InnoDB AUTO_INCREMENT=6 DEFAULT CHARSET=utf8 COLLATE=utf8_unicode_ci;

--
-- Dumping data for table `project_comments`
--

INSERT INTO `project_comments` VALUES (1,1,'2025-01-16 09:27:41','',6,0,3,0,0,'a:1:{i:0;a:4:{s:9:\"file_name\";s:62:\"project_comment_file6788d10d563b5-anahita-driving-license-.jpg\";s:9:\"file_size\";s:6:\"126816\";s:7:\"file_id\";N;s:12:\"service_type\";N;}}',1),(2,1,'2025-04-07 14:13:09','',11,0,9,0,0,'a:1:{i:0;a:4:{s:9:\"file_name\";s:53:\"project_comment_file67f3dd75e74e2-Screenshot--31-.png\";s:9:\"file_size\";s:5:\"48313\";s:7:\"file_id\";N;s:12:\"service_type\";N;}}',1),(3,1,'2025-04-07 14:19:26','فثسقی',11,0,0,0,0,'a:0:{}',1),(4,1,'2025-04-07 14:19:33','ییی',11,3,0,0,0,'a:0:{}',1),(5,1,'2025-04-07 15:46:44','',13,0,15,0,0,'a:2:{i:0;a:4:{s:9:\"file_name\";s:53:\"project_comment_file67f3f3640ebda-Screenshot--16-.png\";s:9:\"file_size\";s:5:\"36940\";s:7:\"file_id\";N;s:12:\"service_type\";N;}i:1;a:4:{s:9:\"file_name\";s:53:\"project_comment_file67f3f3640ed7a-Screenshot--17-.png\";s:9:\"file_size\";s:5:\"36513\";s:7:\"file_id\";N;s:12:\"service_type\";N;}}',1);

--
-- Table structure for table `project_files`
--

CREATE TABLE `project_files` (
  `id` int(11) NOT NULL AUTO_INCREMENT,
  `file_name` text COLLATE utf8_unicode_ci NOT NULL,
  `file_id` text COLLATE utf8_unicode_ci,
  `service_type` varchar(20) COLLATE utf8_unicode_ci DEFAULT NULL,
  `description` mediumtext COLLATE utf8_unicode_ci,
  `file_size` double NOT NULL,
  `created_at` datetime NOT NULL,
  `project_id` int(11) NOT NULL,
  `uploaded_by` int(11) NOT NULL,
  `deleted` tinyint(1) NOT NULL DEFAULT '0',
  PRIMARY KEY (`id`)
) ENGINE=InnoDB AUTO_INCREMENT=34 DEFAULT CHARSET=utf8 COLLATE=utf8_unicode_ci;

--
-- Dumping data for table `project_files`
--

INSERT INTO `project_files` VALUES (1,'_file67c45d3fdd6e0-1db9b9eb-3c31-481d-acf1-4c83ff3cc047.png','','','عکس اناهیتاست چیز خاصی نیست',1692558,'2025-03-02 13:29:35',9,1,1),(2,'_file67f8380104579-1.jpg','','','',4617595,'2025-04-10 21:28:33',14,17,0),(3,'_file67f83801477f0-2.jpg','','','',7220184,'2025-04-10 21:28:33',14,17,0),(4,'_file67f83801820de-3.jpg','','','',7768140,'2025-04-10 21:28:33',14,17,0),(5,'_file67f83801bd70c-4.jpg','','','',7633163,'2025-04-10 21:28:33',14,17,0),(6,'_file67f8380204f3e-5.jpg','','','',6491932,'2025-04-10 21:28:33',14,17,0),(7,'_file6805ee3c05fd5-عامر-البلوشي--1-.jpg','','','',9834920,'2025-04-21 07:05:32',16,17,1),(8,'_file6805ee3c49e6d-عامر-البلوشي--2-.jpg','','','',3214605,'2025-04-21 07:05:32',16,17,1),(9,'_file6805ee3c8915c-عامر-البلوشي--3-.jpg','','','',5091704,'2025-04-21 07:05:32',16,17,1),(10,'_file6805ee3cc8a8b-عامر-البلوشي--4-.jpg','','','',3902043,'2025-04-21 07:05:32',16,17,1),(11,'_file6805ef7d9f155-عامر-البلوشي--1-.jpg','','','',9834920,'2025-04-21 07:10:53',17,17,0),(12,'_file6805ef7ddd7fd-عامر-البلوشي--2-.jpg','','','',3214605,'2025-04-21 07:10:53',17,17,0),(13,'_file6805ef7e241c4-عامر-البلوشي--3-.jpg','','','',5091704,'2025-04-21 07:10:53',17,17,0),(14,'_file6805ef7e65268-عامر-البلوشي--4-.jpg','','','',3902043,'2025-04-21 07:10:53',17,17,0),(15,'_file681074a328a91-Mr.-Haitham-Saif--4-.jpg','','','',4813507,'2025-04-29 06:41:39',19,17,0),(16,'_file681074a37777b-Mr.-Haitham-Saif--1---1-.jpg','','','',5464017,'2025-04-29 06:41:39',19,17,0),(17,'_file681074a3c4ba4-Mr.-Haitham-Saif--2---1-.jpg','','','',6546029,'2025-04-29 06:41:39',19,17,0),(18,'_file681074a4216e8-Mr.-Haitham-Saif--3---1-.jpg','','','',6620982,'2025-04-29 06:41:39',19,17,0),(19,'_file681074a4728cc-Mr.-Haitham-Saif--5---1-.jpg','','','',4518968,'2025-04-29 06:41:39',19,17,0),(20,'_file681209880063e-تعديل-تلبيس-اللفت-تحت.jpg','','','',3665407,'2025-04-30 11:29:11',20,17,0),(21,'_file6812098840381-تعديل-تلبيس-اللفت-فوق.jpg','','','',4752390,'2025-04-30 11:29:11',20,17,0),(22,'_file6812098881c13-تعديل-غرفة-الماستر.jpg','','','',3186443,'2025-04-30 11:29:11',20,17,0),(23,'_file68120988bd953-غرفة-الصلاه.jpg','','','',4794848,'2025-04-30 11:29:11',20,17,0),(24,'_file681209890a1c2-تحت-مغسلة-.jpg','','','',3178197,'2025-04-30 11:29:11',20,17,0),(25,'_file68120af9226ee-الصالة--1-.jpg','','','',6204751,'2025-04-30 11:35:21',21,17,0),(26,'_file68120af966615-تعديل-المجلس--1-.jpg','','','',3343174,'2025-04-30 11:35:21',21,17,0),(27,'_file681b91bf7fa3a-Design-Mr.-Wael-Al-Kayoumi.pdf','','','',22317703,'2025-05-07 17:00:47',25,17,0),(28,'_file681b941c65a3c-Mr.-Younis-Al-Shaidi--1-.jpg','','','',7128571,'2025-05-07 17:10:52',26,17,0),(29,'_file681b941cae5e1-Mr.-Younis-Al-Shaidi--2-.jpg','','','',6389679,'2025-05-07 17:10:52',26,17,0),(30,'_file681b941d043ee-Mr.-Younis-Al-Shaidi--3-.jpg','','','',6100651,'2025-05-07 17:10:52',26,17,0),(31,'_file681b941d4a8d6-Mr.-Younis-Al-Shaidi--5-.jpg','','','',7243518,'2025-05-07 17:10:52',26,17,0),(32,'_file681b941d88a91-Mr.-Younis-Al-Shaidi--4-.jpg','','','',4328221,'2025-05-07 17:10:52',26,17,0),(33,'_file681b941dcb353-Mr.-Younis-Al-Shaidi--6-.jpg','','','',1758231,'2025-05-07 17:10:52',26,17,0);

--
-- Table structure for table `project_members`
--

CREATE TABLE `project_members` (
  `id` int(11) NOT NULL AUTO_INCREMENT,
  `user_id` int(11) NOT NULL,
  `project_id` int(11) NOT NULL,
  `is_leader` tinyint(1) DEFAULT '0',
  `deleted` tinyint(1) NOT NULL DEFAULT '0',
  PRIMARY KEY (`id`)
) ENGINE=InnoDB AUTO_INCREMENT=67 DEFAULT CHARSET=utf8 COLLATE=utf8_unicode_ci;

--
-- Dumping data for table `project_members`
--

INSERT INTO `project_members` VALUES (1,1,1,1,0),(2,3,1,0,0),(3,1,2,1,0),(4,1,3,1,0),(5,1,4,1,0),(6,1,5,1,0),(7,1,6,1,0),(8,1,7,1,0),(9,8,8,1,0),(10,1,9,1,0),(11,12,9,0,0),(12,3,9,0,0),(13,1,10,1,0),(14,12,10,0,0),(15,13,10,0,0),(16,4,10,0,0),(17,1,11,1,0),(18,12,11,0,0),(19,18,11,0,0),(20,3,11,0,0),(21,23,11,0,0),(22,1,12,1,0),(23,12,12,0,0),(24,18,12,0,0),(25,1,13,1,0),(26,17,14,1,0),(27,3,14,0,0),(28,26,15,1,0),(29,25,15,0,0),(30,1,15,0,0),(31,3,15,0,0),(32,17,16,1,0),(33,3,16,0,0),(34,17,17,1,0),(35,3,17,0,0),(36,1,18,1,0),(37,4,18,0,0),(38,18,18,0,0),(39,14,18,0,0),(40,27,18,0,0),(41,17,19,1,0),(42,3,19,0,0),(43,18,19,0,0),(44,17,20,1,0),(45,17,21,1,0),(46,3,21,0,0),(47,18,21,0,0),(48,3,20,0,0),(49,18,20,0,0),(50,3,22,1,0),(51,12,22,0,0),(52,23,22,0,0),(53,3,23,1,0),(54,3,24,1,0),(55,17,25,1,0),(56,18,25,0,0),(57,3,25,0,0),(58,17,26,1,0),(59,18,26,0,0),(60,3,26,0,0),(61,3,27,1,0),(62,3,28,1,0),(63,3,29,1,0),(64,3,30,1,0),(65,3,31,1,0),(66,3,32,1,0);

--
-- Table structure for table `project_settings`
--

CREATE TABLE `project_settings` (
  `project_id` int(11) NOT NULL,
  `setting_name` varchar(100) COLLATE utf8_unicode_ci NOT NULL,
  `setting_value` mediumtext COLLATE utf8_unicode_ci NOT NULL,
  `deleted` tinyint(1) NOT NULL DEFAULT '0',
  UNIQUE KEY `unique_index` (`project_id`,`setting_name`)
) ENGINE=InnoDB DEFAULT CHARSET=utf8 COLLATE=utf8_unicode_ci;

--
-- Dumping data for table `project_settings`
--


--
-- Table structure for table `project_time`
--

CREATE TABLE `project_time` (
  `id` int(11) NOT NULL AUTO_INCREMENT,
  `project_id` int(11) NOT NULL,
  `user_id` int(11) NOT NULL,
  `start_time` datetime NOT NULL,
  `end_time` datetime DEFAULT NULL,
  `status` enum('open','logged','approved') COLLATE utf8_unicode_ci NOT NULL DEFAULT 'logged',
  `note` text COLLATE utf8_unicode_ci,
  `task_id` int(11) NOT NULL DEFAULT '0',
  `deleted` tinyint(1) NOT NULL DEFAULT '0',
  PRIMARY KEY (`id`)
) ENGINE=InnoDB DEFAULT CHARSET=utf8 COLLATE=utf8_unicode_ci;

--
-- Dumping data for table `project_time`
--


--
-- Table structure for table `projects`
--

CREATE TABLE `projects` (
  `id` int(11) NOT NULL AUTO_INCREMENT,
  `title` text COLLATE utf8_unicode_ci NOT NULL,
  `description` mediumtext COLLATE utf8_unicode_ci,
  `start_date` date DEFAULT NULL,
  `deadline` date DEFAULT NULL,
  `client_id` int(11) NOT NULL,
  `created_date` date DEFAULT NULL,
  `created_by` int(11) NOT NULL DEFAULT '0',
  `status` enum('open','completed','hold','canceled','pending','') COLLATE utf8_unicode_ci NOT NULL DEFAULT 'pending',
  `labels` text COLLATE utf8_unicode_ci,
  `price` double NOT NULL DEFAULT '0',
  `starred_by` mediumtext COLLATE utf8_unicode_ci NOT NULL,
  `estimate_id` int(11) NOT NULL,
  `geo_location` varchar(255) COLLATE utf8_unicode_ci DEFAULT NULL,
  `deleted` tinyint(1) NOT NULL DEFAULT '0',
  PRIMARY KEY (`id`)
) ENGINE=InnoDB AUTO_INCREMENT=33 DEFAULT CHARSET=utf8 COLLATE=utf8_unicode_ci;

--
-- Dumping data for table `projects`
--

INSERT INTO `projects` VALUES (1,'اشپزخانه','باید سریه نتیذزای','2024-11-14','2024-11-26',3,'2024-11-14',1,'completed','ضروری,حساس',1000,'',0,NULL,0),(2,'فیی','یی','2024-11-15','2024-11-18',3,'2024-11-14',1,'open','',0,'',0,NULL,1),(3,'ئئند','',NULL,NULL,3,'2024-11-14',1,'open','',0,'',0,NULL,1),(4,'INV/4','gvd','2024-11-20','2024-11-30',4,'2024-11-19',1,'open','حساس',0,'',0,NULL,1),(5,'test','kitchen dressing room pantry','2024-11-20','2024-12-06',4,'2024-11-19',1,'open','ضروری',8000,'',0,NULL,1),(6,'closet','sdeede','2025-01-17','2025-01-31',3,'2025-01-16',1,'open','حساس',800,'',0,NULL,1),(7,'kitchen','test','2025-01-28','2025-02-07',3,'2025-01-28',1,'open','حساس',1000,'',0,NULL,1),(8,'kitchen','deressing - kitchen','2025-02-04','2025-02-25',10,'2025-02-02',8,'open','',1000,'',0,NULL,1),(9,'kitchen','کد رنگ فلان رو خواسته و.........','2025-03-03','2025-04-03',14,'2025-03-02',1,'open','ضروری,حساس',1500,'',0,NULL,1),(10,'salah kitchen ','','2025-04-01','2025-04-30',16,'2025-04-01',1,'open','',0,'',0,NULL,1),(11,'test','مشتری ترجیح میده رنگ کار روشن باشه','2025-04-08','2025-04-28',23,'2025-04-07',1,'open','مسیر دور',0,'',0,NULL,1),(12,'anahita','','2025-04-07','2025-04-11',36,'2025-04-07',1,'open','',0,'',0,NULL,0),(13,'test','test','2025-04-08','2025-04-30',35,'2025-04-07',1,'open','ضروری',0,'',0,NULL,1),(14,'شناص - لؤى الخزيمي','','2025-04-12','2025-05-03',54,'2025-04-10',17,'completed','ضروری',2100,'',0,'',0),(15,'مطبخ','','2025-04-19','2025-05-19',23,'2025-04-19',26,'open','',0,'',0,NULL,0),(16,'البريمي','مطبخ - عامر البلوشى \nارتفاع 2.4 سنتى \nو تسكير تاتش فوق المطبخ الى السقف \nعلى حسب التصميم','2025-04-22','2025-05-20',37,'2025-04-21',17,'open','ضروری',1486,'',0,NULL,1),(17,'البريمي - عامر البلوشى','مطبخ ارتفاع 2.4 سنتى\nتاتش فوق المطبخ كامل\n','2025-04-22','2025-05-20',39,'2025-04-21',17,'open','ضروری',1486,'',0,NULL,0),(18,'مرتب سازی و مشخص کردن وضعیت فروش','',NULL,NULL,36,'2025-04-23',1,'open','',0,'',0,NULL,0),(19,'صحار - هيثم سيف','دريسنج حرف L مع تسريحة و تلبيس خشبى ','2025-05-01','2025-05-30',176,'2025-04-29',17,'completed','',2000,'',0,NULL,0),(20,'البريمى - خليفة اليحيائى','تلبس خشب + تحت مغسلة','2025-04-30','2025-05-30',124,'2025-04-30',17,'open','',1050,'',0,NULL,0),(21,'صحار-راشد سيف','2 تى فى وال \nالمجلس كد 738-5440\nالصالة كد 1146-5440','2025-04-30','2025-05-21',98,'2025-04-30',17,'completed','',750,'',0,NULL,0),(22,'table','825','2025-04-14','2025-05-05',94,'2025-05-04',3,'open','حساس',0,'',0,NULL,0),(23,'محمد الهنایی','علیرضا و همایون','2025-05-04','2025-05-30',114,'2025-05-04',3,'open','',0,'',0,NULL,0),(24,'امجد العبری','مهدی','2025-05-06','2025-05-29',81,'2025-05-05',3,'open','ضروری',0,'',0,NULL,0),(25,'وائل الكيومى - صحار','دريسنج - تسريحة - تحت الدرج','2025-05-05','2025-05-30',52,'2025-05-07',17,'completed','',1580,'',0,NULL,0),(26,'يونس الشيدى - صحم ','','2025-05-05','2025-05-20',116,'2025-05-07',17,'completed','',1800,'',0,NULL,0),(27,'احمد الحارثی کلاته','کلاته','2025-05-28','2025-06-24',237,'2025-05-27',3,'open','حساس',0,'',0,NULL,0),(28,'محمد الهنایی علیرضا و همایون','محمد الهنایی علیرضا و همایون','2025-05-01','2025-05-31',114,'2025-05-28',3,'open','',0,'',0,NULL,0),(29,'احمد ااصغری کمالیان','احمد ااصغری کمالیان','2025-05-30','2025-06-23',31,'2025-05-29',3,'open','حساس',0,'',0,NULL,0),(30,'خلیفه سعید جمشید','خلیفه سعید جمشید','2025-06-01','2025-07-01',167,'2025-06-01',3,'open','',0,'',0,NULL,0),(31,'فهد راشد الکلبانی','فهد راشد الکلبانی','2025-06-01','2025-07-01',186,'2025-06-01',3,'open','',0,'',0,NULL,0),(32,'عبدالله المزینی بختیار','عبدالله المزینی بختیار','2025-06-02','2025-07-02',90,'2025-06-08',3,'open','',0,'',0,NULL,0);

--
-- Table structure for table `purchase_order_items`
--

CREATE TABLE `purchase_order_items` (
  `id` int(11) NOT NULL AUTO_INCREMENT,
  `item_id` int(11) NOT NULL DEFAULT '0',
  `title` text COLLATE utf8_unicode_ci NOT NULL,
  `description` text COLLATE utf8_unicode_ci,
  `quantity` double NOT NULL,
  `unit_type` varchar(20) COLLATE utf8_unicode_ci NOT NULL DEFAULT '',
  `rate` double NOT NULL,
  `total` double NOT NULL,
  `sort` int(11) NOT NULL DEFAULT '0',
  `purchase_order_id` int(11) NOT NULL,
  `tax_id` int(11) DEFAULT '0',
  `tax_id2` int(11) DEFAULT '0',
  `deleted` tinyint(1) NOT NULL DEFAULT '0',
  PRIMARY KEY (`id`)
) ENGINE=InnoDB AUTO_INCREMENT=5 DEFAULT CHARSET=utf8 COLLATE=utf8_unicode_ci;

--
-- Dumping data for table `purchase_order_items`
--

INSERT INTO `purchase_order_items` VALUES (1,3,'Wood','',1,'KG',10,10,0,1,1,0,0),(2,0,'نصب و اجرا','تایتازیز',1,'',40,40,0,2,4,0,0),(3,5,'Accessories','1',10,'KG',122,1220,0,3,1,0,0),(4,14,'ریل سافت 25','',100,'جفت',1,100,0,4,1,0,0);

--
-- Table structure for table `purchase_order_payments`
--

CREATE TABLE `purchase_order_payments` (
  `id` int(11) NOT NULL AUTO_INCREMENT,
  `files` varchar(255) COLLATE utf8_unicode_ci DEFAULT NULL,
  `amount` double NOT NULL,
  `payment_date` date NOT NULL,
  `payment_method_id` int(11) NOT NULL,
  `cheque_due_date` date DEFAULT NULL,
  `cheque_description` varchar(255) COLLATE utf8_unicode_ci DEFAULT NULL,
  `cheque_account` varchar(150) COLLATE utf8_unicode_ci DEFAULT NULL,
  `cheque_number` varchar(150) COLLATE utf8_unicode_ci DEFAULT NULL,
  `cheque_transaction_id` int(11) NOT NULL DEFAULT '0',
  `note` text COLLATE utf8_unicode_ci,
  `purchase_order_id` int(11) NOT NULL,
  `status` enum('draft','request_approval','approved') COLLATE utf8_unicode_ci NOT NULL DEFAULT 'draft',
  `deleted` tinyint(1) NOT NULL DEFAULT '0',
  `transaction_id` int(11) DEFAULT '0',
  `prepayment_transaction_id` int(11) NOT NULL DEFAULT '0',
  `created_by` int(11) DEFAULT '1',
  `bank` int(11) NOT NULL DEFAULT '0',
  `treasury` int(11) NOT NULL DEFAULT '0',
  `created_at` datetime DEFAULT NULL,
  PRIMARY KEY (`id`),
  KEY `id` (`id`),
  KEY `id_2` (`id`)
) ENGINE=InnoDB AUTO_INCREMENT=2 DEFAULT CHARSET=utf8 COLLATE=utf8_unicode_ci;

--
-- Dumping data for table `purchase_order_payments`
--

INSERT INTO `purchase_order_payments` VALUES (1,'a:0:{}',1000,'2024-11-19',4,'2024-11-19','','','',0,'asasdasd',3,'approved',0,17,0,1,935,0,'2024-11-19 08:25:37');

--
-- Table structure for table `purchase_orders`
--

CREATE TABLE `purchase_orders` (
  `id` int(11) NOT NULL AUTO_INCREMENT,
  `supplier_id` int(11) NOT NULL,
  `purchase_order_date` date NOT NULL,
  `project_id` int(11) NOT NULL DEFAULT '0',
  `labels` text COLLATE utf8_unicode_ci NOT NULL,
  `note` mediumtext COLLATE utf8_unicode_ci,
  `status` enum('draft','not_paid') COLLATE utf8_unicode_ci NOT NULL DEFAULT 'draft',
  `approval_status` enum('not_approved','request_approval','approved') COLLATE utf8_unicode_ci NOT NULL DEFAULT 'not_approved',
  `deleted` tinyint(1) NOT NULL DEFAULT '0',
  PRIMARY KEY (`id`)
) ENGINE=InnoDB AUTO_INCREMENT=10 DEFAULT CHARSET=utf8 COLLATE=utf8_unicode_ci;

--
-- Dumping data for table `purchase_orders`
--

INSERT INTO `purchase_orders` VALUES (1,1,'2024-11-12',0,'','','draft','not_approved',0),(2,1,'2024-11-14',2,'','زلبل','draft','not_approved',0),(3,1,'2024-11-19',4,'','12','not_paid','not_approved',0),(4,1,'2025-02-26',7,'','sx','draft','not_approved',1),(5,2,'2025-02-27',5,'contractor','dsd','draft','not_approved',1),(6,2,'2025-02-27',0,'تست','تست','draft','not_approved',0),(7,2,'2025-03-02',9,'تست','تست','draft','not_approved',0),(8,1,'2025-03-02',9,'تست','شیشه اینه','draft','not_approved',0),(9,1,'2025-04-07',11,'','','not_paid','not_approved',0);

--
-- Table structure for table `purchase_return_items`
--

CREATE TABLE `purchase_return_items` (
  `id` int(11) NOT NULL AUTO_INCREMENT,
  `item_id` int(11) NOT NULL,
  `po_item_id` int(11) NOT NULL,
  `quantity` double NOT NULL DEFAULT '0',
  `deleted` int(1) NOT NULL DEFAULT '0',
  `purchase_return_id` int(11) NOT NULL,
  `sort` int(11) NOT NULL DEFAULT '0',
  PRIMARY KEY (`id`)
) ENGINE=InnoDB DEFAULT CHARSET=utf8 COLLATE=utf8_unicode_ci;

--
-- Dumping data for table `purchase_return_items`
--


--
-- Table structure for table `purchase_returns`
--

CREATE TABLE `purchase_returns` (
  `id` int(11) NOT NULL AUTO_INCREMENT,
  `purchase_order_id` int(11) NOT NULL,
  `shipment_id` int(11) DEFAULT NULL,
  `supplier_id` int(11) NOT NULL DEFAULT '0',
  `payment_method_id` int(11) DEFAULT '0',
  `transaction_id` int(11) DEFAULT '0',
  `date` date NOT NULL,
  `status` enum('draft','approved') COLLATE utf8_unicode_ci DEFAULT 'draft',
  `note` text COLLATE utf8_unicode_ci,
  `deleted` int(1) NOT NULL DEFAULT '0',
  PRIMARY KEY (`id`)
) ENGINE=InnoDB DEFAULT CHARSET=utf8 COLLATE=utf8_unicode_ci;

--
-- Dumping data for table `purchase_returns`
--


--
-- Table structure for table `roles`
--

CREATE TABLE `roles` (
  `id` int(11) NOT NULL AUTO_INCREMENT,
  `title` varchar(100) COLLATE utf8_unicode_ci NOT NULL,
  `permissions` mediumtext COLLATE utf8_unicode_ci,
  `deleted` tinyint(1) NOT NULL DEFAULT '0',
  PRIMARY KEY (`id`)
) ENGINE=InnoDB AUTO_INCREMENT=20 DEFAULT CHARSET=utf8 COLLATE=utf8_unicode_ci;

--
-- Dumping data for table `roles`
--

INSERT INTO `roles` VALUES (1,'test BOM','a:147:{s:5:\"leave\";N;s:14:\"leave_specific\";s:0:\"\";s:10:\"attendance\";N;s:19:\"attendance_specific\";s:0:\"\";s:7:\"invoice\";N;s:8:\"job_info\";N;s:15:\"account_setting\";N;s:16:\"final_settelment\";N;s:8:\"estimate\";N;s:7:\"expense\";N;s:8:\"expiries\";N;s:10:\"petty_cash\";N;s:6:\"client\";N;s:4:\"lead\";N;s:6:\"ticket\";N;s:15:\"ticket_specific\";s:0:\"\";s:12:\"announcement\";N;s:17:\"approve_budgeting\";N;s:23:\"help_and_knowledge_base\";N;s:23:\"can_manage_all_projects\";N;s:19:\"can_create_projects\";N;s:17:\"can_edit_projects\";N;s:19:\"can_delete_projects\";N;s:30:\"can_add_remove_project_members\";N;s:16:\"can_create_tasks\";N;s:14:\"can_edit_tasks\";N;s:16:\"can_delete_tasks\";N;s:20:\"can_comment_on_tasks\";N;s:24:\"show_assigned_tasks_only\";N;s:21:\"can_create_milestones\";N;s:19:\"can_edit_milestones\";N;s:21:\"can_delete_milestones\";N;s:16:\"can_delete_files\";N;s:34:\"can_view_team_members_contact_info\";N;s:34:\"can_view_team_members_social_links\";N;s:29:\"team_member_update_permission\";N;s:38:\"team_member_update_permission_specific\";s:0:\"\";s:27:\"timesheet_manage_permission\";N;s:36:\"timesheet_manage_permission_specific\";N;s:21:\"disable_event_sharing\";N;s:22:\"hide_team_members_list\";N;s:28:\"can_delete_leave_application\";N;s:10:\"accounting\";N;s:7:\"payroll\";N;s:5:\"eroom\";N;s:4:\"logs\";N;s:7:\"reports\";N;s:25:\"can_access_delivery_notes\";N;s:25:\"can_create_delivery_notes\";N;s:23:\"can_edit_delivery_notes\";N;s:25:\"can_delete_delivery_notes\";N;s:31:\"delivery_note_manage_permission\";N;s:40:\"delivery_note_manage_permission_specific\";s:0:\"\";s:20:\"can_access_suppliers\";N;s:20:\"can_create_suppliers\";N;s:18:\"can_edit_suppliers\";N;s:20:\"can_delete_suppliers\";N;s:26:\"supplier_manage_permission\";N;s:35:\"supplier_manage_permission_specific\";s:0:\"\";s:26:\"can_access_purchase_orders\";N;s:26:\"can_create_purchase_orders\";N;s:24:\"can_edit_purchase_orders\";N;s:26:\"can_delete_purchase_orders\";N;s:32:\"purchase_order_manage_permission\";N;s:41:\"purchase_order_manage_permission_specific\";s:0:\"\";s:16:\"can_access_items\";N;s:16:\"can_create_items\";N;s:14:\"can_edit_items\";N;s:16:\"can_delete_items\";N;s:22:\"item_manage_permission\";N;s:31:\"item_manage_permission_specific\";s:0:\"\";s:25:\"can_access_items_category\";N;s:25:\"can_create_items_category\";N;s:23:\"can_edit_items_category\";N;s:25:\"can_delete_items_category\";N;s:31:\"item_category_manage_permission\";N;s:40:\"item_category_manage_permission_specific\";s:0:\"\";s:19:\"can_access_expiries\";N;s:21:\"can_access_petty_cash\";N;s:19:\"can_access_expenses\";N;s:19:\"can_create_expenses\";N;s:17:\"can_edit_expenses\";N;s:19:\"can_delete_expenses\";N;s:25:\"expense_manage_permission\";N;s:34:\"expense_manage_permission_specific\";s:0:\"\";s:20:\"internal_transaction\";N;s:27:\"can_access_invoice_payments\";N;s:27:\"can_create_invoice_payments\";N;s:25:\"can_edit_invoice_payments\";N;s:27:\"can_delete_invoice_payments\";N;s:34:\"can_access_purchase_order_payments\";N;s:34:\"can_create_purchase_order_payments\";N;s:32:\"can_edit_purchase_order_payments\";N;s:34:\"can_delete_purchase_order_payments\";N;s:19:\"can_access_contacts\";N;s:19:\"can_create_contacts\";N;s:17:\"can_edit_contacts\";N;s:19:\"can_delete_contacts\";N;s:25:\"contact_manage_permission\";N;s:34:\"contact_manage_permission_specific\";N;s:18:\"can_access_clients\";N;s:18:\"can_create_clients\";N;s:16:\"can_edit_clients\";N;s:18:\"can_delete_clients\";N;s:24:\"client_manage_permission\";N;s:33:\"client_manage_permission_specific\";s:0:\"\";s:16:\"can_access_leads\";N;s:16:\"can_create_leads\";N;s:14:\"can_edit_leads\";N;s:16:\"can_delete_leads\";N;s:23:\"leads_manage_permission\";N;s:32:\"leads_manage_permission_specific\";s:0:\"\";s:19:\"can_access_invoices\";N;s:19:\"can_create_invoices\";N;s:17:\"can_edit_invoices\";N;s:19:\"can_delete_invoices\";N;s:25:\"invoice_manage_permission\";N;s:34:\"invoice_manage_permission_specific\";s:0:\"\";s:21:\"can_access_job_orders\";s:1:\"1\";s:21:\"can_create_job_orders\";s:1:\"1\";s:19:\"can_edit_job_orders\";N;s:21:\"can_delete_job_orders\";s:1:\"1\";s:28:\"job_orders_manage_permission\";s:0:\"\";s:37:\"job_orders_manage_permission_specific\";s:8:\"member:5\";s:26:\"can_access_invoices_return\";N;s:26:\"can_create_invoices_return\";N;s:24:\"can_edit_invoices_return\";N;s:26:\"can_delete_invoices_return\";N;s:32:\"invoice_return_manage_permission\";N;s:41:\"invoice_return_manage_permission_specific\";s:0:\"\";s:20:\"can_access_estimates\";N;s:20:\"can_create_estimates\";N;s:18:\"can_edit_estimates\";N;s:20:\"can_delete_estimates\";N;s:26:\"estimate_manage_permission\";N;s:35:\"estimate_manage_permission_specific\";s:0:\"\";s:16:\"estimate_request\";N;s:8:\"discount\";i:0;s:8:\"expenses\";N;s:9:\"estimates\";N;s:8:\"invoices\";N;s:16:\"invoice_payments\";N;s:14:\"delivery_notes\";N;s:15:\"purchase_orders\";N;s:23:\"purchase_order_payments\";N;s:8:\"payrolls\";N;s:21:\"internal_transactions\";N;}',1),(2,'Management','a:148:{s:5:\"leave\";s:3:\"all\";s:14:\"leave_specific\";s:0:\"\";s:10:\"attendance\";N;s:19:\"attendance_specific\";s:0:\"\";s:7:\"invoice\";N;s:8:\"job_info\";s:3:\"all\";s:15:\"account_setting\";s:3:\"all\";s:16:\"final_settelment\";s:3:\"all\";s:8:\"estimate\";N;s:7:\"expense\";N;s:8:\"expiries\";s:3:\"all\";s:10:\"petty_cash\";N;s:6:\"client\";N;s:4:\"lead\";s:3:\"all\";s:6:\"ticket\";N;s:15:\"ticket_specific\";s:0:\"\";s:12:\"announcement\";s:3:\"all\";s:17:\"approve_budgeting\";N;s:23:\"help_and_knowledge_base\";s:3:\"all\";s:23:\"can_manage_all_projects\";s:1:\"1\";s:19:\"can_create_projects\";s:1:\"1\";s:17:\"can_edit_projects\";s:1:\"1\";s:19:\"can_delete_projects\";N;s:30:\"can_add_remove_project_members\";s:1:\"1\";s:16:\"can_create_tasks\";s:1:\"1\";s:14:\"can_edit_tasks\";s:1:\"1\";s:16:\"can_delete_tasks\";N;s:20:\"can_comment_on_tasks\";s:1:\"1\";s:24:\"show_assigned_tasks_only\";N;s:21:\"can_create_milestones\";s:1:\"1\";s:19:\"can_edit_milestones\";s:1:\"1\";s:21:\"can_delete_milestones\";N;s:16:\"can_delete_files\";N;s:34:\"can_view_team_members_contact_info\";s:1:\"1\";s:34:\"can_view_team_members_social_links\";N;s:29:\"team_member_update_permission\";s:3:\"all\";s:38:\"team_member_update_permission_specific\";s:0:\"\";s:27:\"timesheet_manage_permission\";N;s:36:\"timesheet_manage_permission_specific\";N;s:21:\"disable_event_sharing\";s:1:\"1\";s:22:\"hide_team_members_list\";N;s:28:\"can_delete_leave_application\";N;s:10:\"accounting\";s:3:\"all\";s:7:\"payroll\";s:3:\"all\";s:5:\"eroom\";N;s:4:\"logs\";s:3:\"all\";s:7:\"reports\";s:3:\"all\";s:25:\"can_access_delivery_notes\";s:1:\"1\";s:25:\"can_create_delivery_notes\";s:1:\"1\";s:23:\"can_edit_delivery_notes\";s:1:\"1\";s:25:\"can_delete_delivery_notes\";s:1:\"1\";s:31:\"delivery_note_manage_permission\";s:3:\"all\";s:40:\"delivery_note_manage_permission_specific\";s:0:\"\";s:20:\"can_access_suppliers\";s:1:\"1\";s:20:\"can_create_suppliers\";s:1:\"1\";s:18:\"can_edit_suppliers\";s:1:\"1\";s:20:\"can_delete_suppliers\";s:1:\"1\";s:26:\"supplier_manage_permission\";s:3:\"all\";s:35:\"supplier_manage_permission_specific\";s:0:\"\";s:26:\"can_access_purchase_orders\";s:1:\"1\";s:26:\"can_create_purchase_orders\";s:1:\"1\";s:24:\"can_edit_purchase_orders\";s:1:\"1\";s:26:\"can_delete_purchase_orders\";s:1:\"1\";s:32:\"purchase_order_manage_permission\";s:3:\"all\";s:41:\"purchase_order_manage_permission_specific\";s:0:\"\";s:16:\"can_access_items\";s:1:\"1\";s:16:\"can_create_items\";s:1:\"1\";s:14:\"can_edit_items\";s:1:\"1\";s:16:\"can_delete_items\";s:1:\"1\";s:22:\"item_manage_permission\";s:3:\"all\";s:31:\"item_manage_permission_specific\";s:0:\"\";s:25:\"can_access_items_category\";s:1:\"1\";s:25:\"can_create_items_category\";s:1:\"1\";s:23:\"can_edit_items_category\";s:1:\"1\";s:25:\"can_delete_items_category\";s:1:\"1\";s:31:\"item_category_manage_permission\";s:3:\"all\";s:40:\"item_category_manage_permission_specific\";s:0:\"\";s:19:\"can_access_expiries\";N;s:21:\"can_access_petty_cash\";N;s:19:\"can_access_expenses\";s:1:\"1\";s:19:\"can_create_expenses\";s:1:\"1\";s:17:\"can_edit_expenses\";s:1:\"1\";s:19:\"can_delete_expenses\";s:1:\"1\";s:25:\"expense_manage_permission\";s:3:\"all\";s:34:\"expense_manage_permission_specific\";s:0:\"\";s:20:\"internal_transaction\";N;s:27:\"can_access_invoice_payments\";s:1:\"1\";s:27:\"can_create_invoice_payments\";s:1:\"1\";s:25:\"can_edit_invoice_payments\";s:1:\"1\";s:27:\"can_delete_invoice_payments\";s:1:\"1\";s:34:\"can_access_purchase_order_payments\";s:1:\"1\";s:34:\"can_create_purchase_order_payments\";s:1:\"1\";s:32:\"can_edit_purchase_order_payments\";s:1:\"1\";s:34:\"can_delete_purchase_order_payments\";s:1:\"1\";s:19:\"can_access_contacts\";N;s:19:\"can_create_contacts\";N;s:17:\"can_edit_contacts\";N;s:19:\"can_delete_contacts\";N;s:25:\"contact_manage_permission\";N;s:34:\"contact_manage_permission_specific\";N;s:18:\"can_access_clients\";s:1:\"1\";s:18:\"can_create_clients\";s:1:\"1\";s:16:\"can_edit_clients\";s:1:\"1\";s:18:\"can_delete_clients\";s:1:\"1\";s:24:\"client_manage_permission\";s:3:\"all\";s:33:\"client_manage_permission_specific\";s:0:\"\";s:16:\"can_access_leads\";s:1:\"1\";s:16:\"can_create_leads\";s:1:\"1\";s:14:\"can_edit_leads\";s:1:\"1\";s:16:\"can_delete_leads\";s:1:\"1\";s:23:\"leads_manage_permission\";s:3:\"all\";s:32:\"leads_manage_permission_specific\";s:0:\"\";s:19:\"can_access_invoices\";s:1:\"1\";s:19:\"can_create_invoices\";s:1:\"1\";s:17:\"can_edit_invoices\";s:1:\"1\";s:19:\"can_delete_invoices\";s:1:\"1\";s:25:\"invoice_manage_permission\";s:3:\"all\";s:34:\"invoice_manage_permission_specific\";s:0:\"\";s:21:\"can_access_job_orders\";s:1:\"1\";s:21:\"can_create_job_orders\";s:1:\"1\";s:19:\"can_edit_job_orders\";s:1:\"1\";s:21:\"can_delete_job_orders\";s:1:\"1\";s:28:\"job_orders_manage_permission\";s:3:\"all\";s:37:\"job_orders_manage_permission_specific\";s:0:\"\";s:26:\"can_access_invoices_return\";s:1:\"1\";s:26:\"can_create_invoices_return\";s:1:\"1\";s:24:\"can_edit_invoices_return\";s:1:\"1\";s:26:\"can_delete_invoices_return\";s:1:\"1\";s:32:\"invoice_return_manage_permission\";s:3:\"all\";s:41:\"invoice_return_manage_permission_specific\";s:0:\"\";s:20:\"can_access_estimates\";s:1:\"1\";s:19:\"can_add_team_member\";s:1:\"1\";s:20:\"can_create_estimates\";s:1:\"1\";s:18:\"can_edit_estimates\";s:1:\"1\";s:20:\"can_delete_estimates\";s:1:\"1\";s:26:\"estimate_manage_permission\";s:3:\"all\";s:35:\"estimate_manage_permission_specific\";s:0:\"\";s:16:\"estimate_request\";N;s:8:\"discount\";i:0;s:8:\"expenses\";s:3:\"all\";s:9:\"estimates\";s:3:\"all\";s:8:\"invoices\";s:3:\"all\";s:16:\"invoice_payments\";s:3:\"all\";s:14:\"delivery_notes\";s:3:\"all\";s:15:\"purchase_orders\";s:3:\"all\";s:23:\"purchase_order_payments\";s:3:\"all\";s:8:\"payrolls\";N;s:21:\"internal_transactions\";s:3:\"all\";}',0),(3,'Accountant','a:148:{s:5:\"leave\";s:0:\"\";s:14:\"leave_specific\";s:0:\"\";s:10:\"attendance\";N;s:19:\"attendance_specific\";s:0:\"\";s:7:\"invoice\";N;s:8:\"job_info\";s:0:\"\";s:15:\"account_setting\";s:3:\"all\";s:16:\"final_settelment\";s:0:\"\";s:8:\"estimate\";N;s:7:\"expense\";N;s:8:\"expiries\";s:3:\"all\";s:10:\"petty_cash\";N;s:6:\"client\";N;s:4:\"lead\";s:3:\"all\";s:6:\"ticket\";N;s:15:\"ticket_specific\";s:0:\"\";s:12:\"announcement\";s:0:\"\";s:17:\"approve_budgeting\";N;s:23:\"help_and_knowledge_base\";s:0:\"\";s:23:\"can_manage_all_projects\";N;s:19:\"can_create_projects\";N;s:17:\"can_edit_projects\";s:1:\"1\";s:19:\"can_delete_projects\";N;s:30:\"can_add_remove_project_members\";N;s:16:\"can_create_tasks\";s:1:\"1\";s:14:\"can_edit_tasks\";s:1:\"1\";s:16:\"can_delete_tasks\";N;s:20:\"can_comment_on_tasks\";s:1:\"1\";s:24:\"show_assigned_tasks_only\";N;s:21:\"can_create_milestones\";s:1:\"1\";s:19:\"can_edit_milestones\";s:1:\"1\";s:21:\"can_delete_milestones\";N;s:16:\"can_delete_files\";N;s:34:\"can_view_team_members_contact_info\";N;s:34:\"can_view_team_members_social_links\";N;s:29:\"team_member_update_permission\";s:0:\"\";s:38:\"team_member_update_permission_specific\";s:0:\"\";s:27:\"timesheet_manage_permission\";N;s:36:\"timesheet_manage_permission_specific\";N;s:21:\"disable_event_sharing\";s:1:\"0\";s:22:\"hide_team_members_list\";N;s:28:\"can_delete_leave_application\";N;s:10:\"accounting\";s:3:\"all\";s:7:\"payroll\";s:0:\"\";s:5:\"eroom\";N;s:4:\"logs\";s:0:\"\";s:7:\"reports\";s:0:\"\";s:25:\"can_access_delivery_notes\";s:1:\"1\";s:25:\"can_create_delivery_notes\";s:1:\"1\";s:23:\"can_edit_delivery_notes\";s:1:\"1\";s:25:\"can_delete_delivery_notes\";N;s:31:\"delivery_note_manage_permission\";s:0:\"\";s:40:\"delivery_note_manage_permission_specific\";s:0:\"\";s:20:\"can_access_suppliers\";s:1:\"1\";s:20:\"can_create_suppliers\";s:1:\"1\";s:18:\"can_edit_suppliers\";s:1:\"1\";s:20:\"can_delete_suppliers\";N;s:26:\"supplier_manage_permission\";s:3:\"all\";s:35:\"supplier_manage_permission_specific\";s:0:\"\";s:26:\"can_access_purchase_orders\";s:1:\"1\";s:26:\"can_create_purchase_orders\";s:1:\"1\";s:24:\"can_edit_purchase_orders\";s:1:\"1\";s:26:\"can_delete_purchase_orders\";N;s:32:\"purchase_order_manage_permission\";s:3:\"all\";s:41:\"purchase_order_manage_permission_specific\";s:0:\"\";s:16:\"can_access_items\";s:1:\"1\";s:16:\"can_create_items\";s:1:\"1\";s:14:\"can_edit_items\";s:1:\"1\";s:16:\"can_delete_items\";N;s:22:\"item_manage_permission\";s:3:\"all\";s:31:\"item_manage_permission_specific\";s:0:\"\";s:25:\"can_access_items_category\";s:1:\"1\";s:25:\"can_create_items_category\";s:1:\"1\";s:23:\"can_edit_items_category\";s:1:\"1\";s:25:\"can_delete_items_category\";N;s:31:\"item_category_manage_permission\";s:3:\"all\";s:40:\"item_category_manage_permission_specific\";s:0:\"\";s:19:\"can_access_expiries\";N;s:21:\"can_access_petty_cash\";N;s:19:\"can_access_expenses\";s:1:\"1\";s:19:\"can_create_expenses\";s:1:\"1\";s:17:\"can_edit_expenses\";s:1:\"1\";s:19:\"can_delete_expenses\";N;s:25:\"expense_manage_permission\";s:3:\"all\";s:34:\"expense_manage_permission_specific\";s:0:\"\";s:20:\"internal_transaction\";N;s:27:\"can_access_invoice_payments\";s:1:\"1\";s:27:\"can_create_invoice_payments\";s:1:\"1\";s:25:\"can_edit_invoice_payments\";s:1:\"1\";s:27:\"can_delete_invoice_payments\";N;s:34:\"can_access_purchase_order_payments\";s:1:\"1\";s:34:\"can_create_purchase_order_payments\";s:1:\"1\";s:32:\"can_edit_purchase_order_payments\";s:1:\"1\";s:34:\"can_delete_purchase_order_payments\";N;s:19:\"can_access_contacts\";N;s:19:\"can_create_contacts\";N;s:17:\"can_edit_contacts\";N;s:19:\"can_delete_contacts\";N;s:25:\"contact_manage_permission\";N;s:34:\"contact_manage_permission_specific\";N;s:18:\"can_access_clients\";s:1:\"1\";s:18:\"can_create_clients\";s:1:\"1\";s:16:\"can_edit_clients\";s:1:\"1\";s:18:\"can_delete_clients\";N;s:24:\"client_manage_permission\";s:3:\"all\";s:33:\"client_manage_permission_specific\";s:9:\"member:10\";s:16:\"can_access_leads\";s:1:\"1\";s:16:\"can_create_leads\";s:1:\"1\";s:14:\"can_edit_leads\";s:1:\"1\";s:16:\"can_delete_leads\";N;s:23:\"leads_manage_permission\";s:3:\"all\";s:32:\"leads_manage_permission_specific\";s:0:\"\";s:19:\"can_access_invoices\";s:1:\"1\";s:19:\"can_create_invoices\";s:1:\"1\";s:17:\"can_edit_invoices\";s:1:\"1\";s:19:\"can_delete_invoices\";N;s:25:\"invoice_manage_permission\";s:3:\"all\";s:34:\"invoice_manage_permission_specific\";s:9:\"member:10\";s:21:\"can_access_job_orders\";s:1:\"1\";s:21:\"can_create_job_orders\";s:1:\"1\";s:19:\"can_edit_job_orders\";s:1:\"1\";s:21:\"can_delete_job_orders\";N;s:28:\"job_orders_manage_permission\";s:3:\"all\";s:37:\"job_orders_manage_permission_specific\";s:0:\"\";s:26:\"can_access_invoices_return\";s:1:\"1\";s:26:\"can_create_invoices_return\";s:1:\"1\";s:24:\"can_edit_invoices_return\";s:1:\"1\";s:26:\"can_delete_invoices_return\";N;s:32:\"invoice_return_manage_permission\";s:3:\"all\";s:41:\"invoice_return_manage_permission_specific\";s:0:\"\";s:20:\"can_access_estimates\";s:1:\"1\";s:19:\"can_add_team_member\";N;s:20:\"can_create_estimates\";s:1:\"1\";s:18:\"can_edit_estimates\";s:1:\"1\";s:20:\"can_delete_estimates\";N;s:26:\"estimate_manage_permission\";s:3:\"all\";s:35:\"estimate_manage_permission_specific\";s:9:\"member:10\";s:16:\"estimate_request\";N;s:8:\"discount\";i:0;s:8:\"expenses\";s:3:\"all\";s:9:\"estimates\";s:3:\"all\";s:8:\"invoices\";s:3:\"all\";s:16:\"invoice_payments\";s:3:\"all\";s:14:\"delivery_notes\";s:3:\"all\";s:15:\"purchase_orders\";s:3:\"all\";s:23:\"purchase_order_payments\";s:0:\"\";s:8:\"payrolls\";N;s:21:\"internal_transactions\";N;}',0),(4,'Sales','a:148:{s:5:\"leave\";s:0:\"\";s:14:\"leave_specific\";s:0:\"\";s:10:\"attendance\";N;s:19:\"attendance_specific\";s:0:\"\";s:7:\"invoice\";N;s:8:\"job_info\";s:0:\"\";s:15:\"account_setting\";s:0:\"\";s:16:\"final_settelment\";s:0:\"\";s:8:\"estimate\";N;s:7:\"expense\";N;s:8:\"expiries\";s:0:\"\";s:10:\"petty_cash\";N;s:6:\"client\";N;s:4:\"lead\";s:3:\"all\";s:6:\"ticket\";N;s:15:\"ticket_specific\";s:0:\"\";s:12:\"announcement\";s:0:\"\";s:17:\"approve_budgeting\";N;s:23:\"help_and_knowledge_base\";s:0:\"\";s:23:\"can_manage_all_projects\";s:1:\"1\";s:19:\"can_create_projects\";s:1:\"1\";s:17:\"can_edit_projects\";s:1:\"1\";s:19:\"can_delete_projects\";N;s:30:\"can_add_remove_project_members\";s:1:\"1\";s:16:\"can_create_tasks\";s:1:\"1\";s:14:\"can_edit_tasks\";s:1:\"1\";s:16:\"can_delete_tasks\";N;s:20:\"can_comment_on_tasks\";s:1:\"1\";s:24:\"show_assigned_tasks_only\";N;s:21:\"can_create_milestones\";s:1:\"1\";s:19:\"can_edit_milestones\";s:1:\"1\";s:21:\"can_delete_milestones\";N;s:16:\"can_delete_files\";N;s:34:\"can_view_team_members_contact_info\";s:1:\"1\";s:34:\"can_view_team_members_social_links\";N;s:29:\"team_member_update_permission\";s:3:\"all\";s:38:\"team_member_update_permission_specific\";s:0:\"\";s:27:\"timesheet_manage_permission\";N;s:36:\"timesheet_manage_permission_specific\";N;s:21:\"disable_event_sharing\";s:1:\"0\";s:22:\"hide_team_members_list\";N;s:28:\"can_delete_leave_application\";N;s:10:\"accounting\";s:0:\"\";s:7:\"payroll\";s:0:\"\";s:5:\"eroom\";N;s:4:\"logs\";s:0:\"\";s:7:\"reports\";s:0:\"\";s:25:\"can_access_delivery_notes\";s:1:\"1\";s:25:\"can_create_delivery_notes\";N;s:23:\"can_edit_delivery_notes\";N;s:25:\"can_delete_delivery_notes\";N;s:31:\"delivery_note_manage_permission\";N;s:40:\"delivery_note_manage_permission_specific\";s:0:\"\";s:20:\"can_access_suppliers\";N;s:20:\"can_create_suppliers\";N;s:18:\"can_edit_suppliers\";N;s:20:\"can_delete_suppliers\";N;s:26:\"supplier_manage_permission\";N;s:35:\"supplier_manage_permission_specific\";s:0:\"\";s:26:\"can_access_purchase_orders\";N;s:26:\"can_create_purchase_orders\";N;s:24:\"can_edit_purchase_orders\";N;s:26:\"can_delete_purchase_orders\";N;s:32:\"purchase_order_manage_permission\";N;s:41:\"purchase_order_manage_permission_specific\";s:0:\"\";s:16:\"can_access_items\";s:1:\"1\";s:16:\"can_create_items\";N;s:14:\"can_edit_items\";N;s:16:\"can_delete_items\";N;s:22:\"item_manage_permission\";N;s:31:\"item_manage_permission_specific\";s:0:\"\";s:25:\"can_access_items_category\";s:1:\"1\";s:25:\"can_create_items_category\";N;s:23:\"can_edit_items_category\";N;s:25:\"can_delete_items_category\";N;s:31:\"item_category_manage_permission\";N;s:40:\"item_category_manage_permission_specific\";s:0:\"\";s:19:\"can_access_expiries\";N;s:21:\"can_access_petty_cash\";N;s:19:\"can_access_expenses\";N;s:19:\"can_create_expenses\";N;s:17:\"can_edit_expenses\";N;s:19:\"can_delete_expenses\";N;s:25:\"expense_manage_permission\";N;s:34:\"expense_manage_permission_specific\";s:0:\"\";s:20:\"internal_transaction\";N;s:27:\"can_access_invoice_payments\";s:1:\"1\";s:27:\"can_create_invoice_payments\";s:1:\"1\";s:25:\"can_edit_invoice_payments\";s:1:\"1\";s:27:\"can_delete_invoice_payments\";N;s:34:\"can_access_purchase_order_payments\";N;s:34:\"can_create_purchase_order_payments\";N;s:32:\"can_edit_purchase_order_payments\";N;s:34:\"can_delete_purchase_order_payments\";N;s:19:\"can_access_contacts\";N;s:19:\"can_create_contacts\";N;s:17:\"can_edit_contacts\";N;s:19:\"can_delete_contacts\";N;s:25:\"contact_manage_permission\";N;s:34:\"contact_manage_permission_specific\";N;s:18:\"can_access_clients\";s:1:\"1\";s:18:\"can_create_clients\";s:1:\"1\";s:16:\"can_edit_clients\";s:1:\"1\";s:18:\"can_delete_clients\";N;s:24:\"client_manage_permission\";s:3:\"all\";s:33:\"client_manage_permission_specific\";s:0:\"\";s:16:\"can_access_leads\";s:1:\"1\";s:16:\"can_create_leads\";s:1:\"1\";s:14:\"can_edit_leads\";s:1:\"1\";s:16:\"can_delete_leads\";N;s:23:\"leads_manage_permission\";s:3:\"all\";s:32:\"leads_manage_permission_specific\";s:0:\"\";s:19:\"can_access_invoices\";s:1:\"1\";s:19:\"can_create_invoices\";s:1:\"1\";s:17:\"can_edit_invoices\";s:1:\"1\";s:19:\"can_delete_invoices\";N;s:25:\"invoice_manage_permission\";s:3:\"all\";s:34:\"invoice_manage_permission_specific\";s:0:\"\";s:21:\"can_access_job_orders\";N;s:21:\"can_create_job_orders\";N;s:19:\"can_edit_job_orders\";N;s:21:\"can_delete_job_orders\";N;s:28:\"job_orders_manage_permission\";N;s:37:\"job_orders_manage_permission_specific\";s:0:\"\";s:26:\"can_access_invoices_return\";s:1:\"1\";s:26:\"can_create_invoices_return\";s:1:\"1\";s:24:\"can_edit_invoices_return\";s:1:\"1\";s:26:\"can_delete_invoices_return\";N;s:32:\"invoice_return_manage_permission\";s:3:\"all\";s:41:\"invoice_return_manage_permission_specific\";s:0:\"\";s:20:\"can_access_estimates\";s:1:\"1\";s:19:\"can_add_team_member\";N;s:20:\"can_create_estimates\";s:1:\"1\";s:18:\"can_edit_estimates\";s:1:\"1\";s:20:\"can_delete_estimates\";N;s:26:\"estimate_manage_permission\";s:3:\"all\";s:35:\"estimate_manage_permission_specific\";s:0:\"\";s:16:\"estimate_request\";N;s:8:\"discount\";s:1:\"5\";s:8:\"expenses\";s:0:\"\";s:9:\"estimates\";s:3:\"all\";s:8:\"invoices\";s:3:\"all\";s:16:\"invoice_payments\";s:3:\"all\";s:14:\"delivery_notes\";s:0:\"\";s:15:\"purchase_orders\";s:0:\"\";s:23:\"purchase_order_payments\";s:0:\"\";s:8:\"payrolls\";N;s:21:\"internal_transactions\";s:0:\"\";}',1),(5,'Design','a:148:{s:5:\"leave\";N;s:14:\"leave_specific\";s:0:\"\";s:10:\"attendance\";N;s:19:\"attendance_specific\";s:0:\"\";s:7:\"invoice\";N;s:8:\"job_info\";N;s:15:\"account_setting\";N;s:16:\"final_settelment\";N;s:8:\"estimate\";N;s:7:\"expense\";N;s:8:\"expiries\";N;s:10:\"petty_cash\";N;s:6:\"client\";N;s:4:\"lead\";N;s:6:\"ticket\";N;s:15:\"ticket_specific\";s:0:\"\";s:12:\"announcement\";N;s:17:\"approve_budgeting\";N;s:23:\"help_and_knowledge_base\";N;s:23:\"can_manage_all_projects\";s:1:\"0\";s:19:\"can_create_projects\";N;s:17:\"can_edit_projects\";N;s:19:\"can_delete_projects\";N;s:30:\"can_add_remove_project_members\";N;s:16:\"can_create_tasks\";s:1:\"1\";s:14:\"can_edit_tasks\";s:1:\"1\";s:16:\"can_delete_tasks\";N;s:20:\"can_comment_on_tasks\";s:1:\"1\";s:24:\"show_assigned_tasks_only\";N;s:21:\"can_create_milestones\";s:1:\"1\";s:19:\"can_edit_milestones\";s:1:\"1\";s:21:\"can_delete_milestones\";N;s:16:\"can_delete_files\";N;s:34:\"can_view_team_members_contact_info\";N;s:34:\"can_view_team_members_social_links\";N;s:29:\"team_member_update_permission\";N;s:38:\"team_member_update_permission_specific\";s:0:\"\";s:27:\"timesheet_manage_permission\";N;s:36:\"timesheet_manage_permission_specific\";N;s:21:\"disable_event_sharing\";N;s:22:\"hide_team_members_list\";N;s:28:\"can_delete_leave_application\";N;s:10:\"accounting\";s:0:\"\";s:7:\"payroll\";s:0:\"\";s:5:\"eroom\";N;s:4:\"logs\";s:0:\"\";s:7:\"reports\";s:0:\"\";s:25:\"can_access_delivery_notes\";N;s:25:\"can_create_delivery_notes\";N;s:23:\"can_edit_delivery_notes\";N;s:25:\"can_delete_delivery_notes\";N;s:31:\"delivery_note_manage_permission\";N;s:40:\"delivery_note_manage_permission_specific\";s:0:\"\";s:20:\"can_access_suppliers\";N;s:20:\"can_create_suppliers\";N;s:18:\"can_edit_suppliers\";N;s:20:\"can_delete_suppliers\";N;s:26:\"supplier_manage_permission\";N;s:35:\"supplier_manage_permission_specific\";s:0:\"\";s:26:\"can_access_purchase_orders\";N;s:26:\"can_create_purchase_orders\";N;s:24:\"can_edit_purchase_orders\";N;s:26:\"can_delete_purchase_orders\";N;s:32:\"purchase_order_manage_permission\";N;s:41:\"purchase_order_manage_permission_specific\";s:0:\"\";s:16:\"can_access_items\";s:1:\"1\";s:16:\"can_create_items\";N;s:14:\"can_edit_items\";N;s:16:\"can_delete_items\";N;s:22:\"item_manage_permission\";N;s:31:\"item_manage_permission_specific\";s:0:\"\";s:25:\"can_access_items_category\";s:1:\"1\";s:25:\"can_create_items_category\";N;s:23:\"can_edit_items_category\";N;s:25:\"can_delete_items_category\";N;s:31:\"item_category_manage_permission\";N;s:40:\"item_category_manage_permission_specific\";s:0:\"\";s:19:\"can_access_expiries\";N;s:21:\"can_access_petty_cash\";N;s:19:\"can_access_expenses\";N;s:19:\"can_create_expenses\";N;s:17:\"can_edit_expenses\";N;s:19:\"can_delete_expenses\";N;s:25:\"expense_manage_permission\";N;s:34:\"expense_manage_permission_specific\";s:0:\"\";s:20:\"internal_transaction\";N;s:27:\"can_access_invoice_payments\";N;s:27:\"can_create_invoice_payments\";N;s:25:\"can_edit_invoice_payments\";N;s:27:\"can_delete_invoice_payments\";N;s:34:\"can_access_purchase_order_payments\";N;s:34:\"can_create_purchase_order_payments\";N;s:32:\"can_edit_purchase_order_payments\";N;s:34:\"can_delete_purchase_order_payments\";N;s:19:\"can_access_contacts\";N;s:19:\"can_create_contacts\";N;s:17:\"can_edit_contacts\";N;s:19:\"can_delete_contacts\";N;s:25:\"contact_manage_permission\";N;s:34:\"contact_manage_permission_specific\";N;s:18:\"can_access_clients\";s:1:\"1\";s:18:\"can_create_clients\";N;s:16:\"can_edit_clients\";N;s:18:\"can_delete_clients\";N;s:24:\"client_manage_permission\";N;s:33:\"client_manage_permission_specific\";s:0:\"\";s:16:\"can_access_leads\";s:1:\"1\";s:16:\"can_create_leads\";N;s:14:\"can_edit_leads\";N;s:16:\"can_delete_leads\";N;s:23:\"leads_manage_permission\";N;s:32:\"leads_manage_permission_specific\";s:0:\"\";s:19:\"can_access_invoices\";N;s:19:\"can_create_invoices\";N;s:17:\"can_edit_invoices\";N;s:19:\"can_delete_invoices\";N;s:25:\"invoice_manage_permission\";N;s:34:\"invoice_manage_permission_specific\";s:0:\"\";s:21:\"can_access_job_orders\";s:1:\"1\";s:21:\"can_create_job_orders\";N;s:19:\"can_edit_job_orders\";N;s:21:\"can_delete_job_orders\";N;s:28:\"job_orders_manage_permission\";N;s:37:\"job_orders_manage_permission_specific\";s:0:\"\";s:26:\"can_access_invoices_return\";N;s:26:\"can_create_invoices_return\";N;s:24:\"can_edit_invoices_return\";N;s:26:\"can_delete_invoices_return\";N;s:32:\"invoice_return_manage_permission\";N;s:41:\"invoice_return_manage_permission_specific\";s:0:\"\";s:20:\"can_access_estimates\";N;s:19:\"can_add_team_member\";N;s:20:\"can_create_estimates\";N;s:18:\"can_edit_estimates\";N;s:20:\"can_delete_estimates\";N;s:26:\"estimate_manage_permission\";N;s:35:\"estimate_manage_permission_specific\";s:0:\"\";s:16:\"estimate_request\";N;s:8:\"discount\";i:0;s:8:\"expenses\";s:0:\"\";s:9:\"estimates\";s:0:\"\";s:8:\"invoices\";s:0:\"\";s:16:\"invoice_payments\";s:0:\"\";s:14:\"delivery_notes\";s:0:\"\";s:15:\"purchase_orders\";s:0:\"\";s:23:\"purchase_order_payments\";s:0:\"\";s:8:\"payrolls\";N;s:21:\"internal_transactions\";N;}',1),(6,'HR','a:148:{s:5:\"leave\";s:3:\"all\";s:14:\"leave_specific\";s:0:\"\";s:10:\"attendance\";N;s:19:\"attendance_specific\";s:0:\"\";s:7:\"invoice\";N;s:8:\"job_info\";s:3:\"all\";s:15:\"account_setting\";s:3:\"all\";s:16:\"final_settelment\";s:3:\"all\";s:8:\"estimate\";N;s:7:\"expense\";N;s:8:\"expiries\";s:3:\"all\";s:10:\"petty_cash\";N;s:6:\"client\";N;s:4:\"lead\";s:3:\"all\";s:6:\"ticket\";N;s:15:\"ticket_specific\";s:0:\"\";s:12:\"announcement\";s:3:\"all\";s:17:\"approve_budgeting\";N;s:23:\"help_and_knowledge_base\";s:3:\"all\";s:23:\"can_manage_all_projects\";N;s:19:\"can_create_projects\";N;s:17:\"can_edit_projects\";N;s:19:\"can_delete_projects\";N;s:30:\"can_add_remove_project_members\";N;s:16:\"can_create_tasks\";N;s:14:\"can_edit_tasks\";N;s:16:\"can_delete_tasks\";N;s:20:\"can_comment_on_tasks\";s:1:\"1\";s:24:\"show_assigned_tasks_only\";N;s:21:\"can_create_milestones\";N;s:19:\"can_edit_milestones\";N;s:21:\"can_delete_milestones\";N;s:16:\"can_delete_files\";N;s:34:\"can_view_team_members_contact_info\";s:1:\"1\";s:34:\"can_view_team_members_social_links\";N;s:29:\"team_member_update_permission\";s:3:\"all\";s:38:\"team_member_update_permission_specific\";s:0:\"\";s:27:\"timesheet_manage_permission\";N;s:36:\"timesheet_manage_permission_specific\";N;s:21:\"disable_event_sharing\";s:1:\"1\";s:22:\"hide_team_members_list\";N;s:28:\"can_delete_leave_application\";s:1:\"1\";s:10:\"accounting\";s:3:\"all\";s:7:\"payroll\";s:3:\"all\";s:5:\"eroom\";N;s:4:\"logs\";s:0:\"\";s:7:\"reports\";s:0:\"\";s:25:\"can_access_delivery_notes\";s:1:\"1\";s:25:\"can_create_delivery_notes\";s:1:\"1\";s:23:\"can_edit_delivery_notes\";s:1:\"1\";s:25:\"can_delete_delivery_notes\";N;s:31:\"delivery_note_manage_permission\";s:3:\"all\";s:40:\"delivery_note_manage_permission_specific\";s:0:\"\";s:20:\"can_access_suppliers\";s:1:\"1\";s:20:\"can_create_suppliers\";s:1:\"1\";s:18:\"can_edit_suppliers\";s:1:\"1\";s:20:\"can_delete_suppliers\";N;s:26:\"supplier_manage_permission\";s:3:\"all\";s:35:\"supplier_manage_permission_specific\";s:0:\"\";s:26:\"can_access_purchase_orders\";s:1:\"1\";s:26:\"can_create_purchase_orders\";s:1:\"1\";s:24:\"can_edit_purchase_orders\";s:1:\"1\";s:26:\"can_delete_purchase_orders\";N;s:32:\"purchase_order_manage_permission\";s:3:\"all\";s:41:\"purchase_order_manage_permission_specific\";s:0:\"\";s:16:\"can_access_items\";s:1:\"1\";s:16:\"can_create_items\";s:1:\"1\";s:14:\"can_edit_items\";s:1:\"1\";s:16:\"can_delete_items\";N;s:22:\"item_manage_permission\";s:3:\"all\";s:31:\"item_manage_permission_specific\";s:0:\"\";s:25:\"can_access_items_category\";s:1:\"1\";s:25:\"can_create_items_category\";s:1:\"1\";s:23:\"can_edit_items_category\";s:1:\"1\";s:25:\"can_delete_items_category\";N;s:31:\"item_category_manage_permission\";s:3:\"all\";s:40:\"item_category_manage_permission_specific\";s:0:\"\";s:19:\"can_access_expiries\";N;s:21:\"can_access_petty_cash\";N;s:19:\"can_access_expenses\";s:1:\"1\";s:19:\"can_create_expenses\";s:1:\"1\";s:17:\"can_edit_expenses\";s:1:\"1\";s:19:\"can_delete_expenses\";N;s:25:\"expense_manage_permission\";s:3:\"all\";s:34:\"expense_manage_permission_specific\";s:0:\"\";s:20:\"internal_transaction\";N;s:27:\"can_access_invoice_payments\";s:1:\"1\";s:27:\"can_create_invoice_payments\";s:1:\"1\";s:25:\"can_edit_invoice_payments\";s:1:\"1\";s:27:\"can_delete_invoice_payments\";N;s:34:\"can_access_purchase_order_payments\";s:1:\"1\";s:34:\"can_create_purchase_order_payments\";s:1:\"1\";s:32:\"can_edit_purchase_order_payments\";s:1:\"1\";s:34:\"can_delete_purchase_order_payments\";N;s:19:\"can_access_contacts\";N;s:19:\"can_create_contacts\";N;s:17:\"can_edit_contacts\";N;s:19:\"can_delete_contacts\";N;s:25:\"contact_manage_permission\";N;s:34:\"contact_manage_permission_specific\";N;s:18:\"can_access_clients\";s:1:\"1\";s:18:\"can_create_clients\";s:1:\"1\";s:16:\"can_edit_clients\";s:1:\"1\";s:18:\"can_delete_clients\";N;s:24:\"client_manage_permission\";s:3:\"all\";s:33:\"client_manage_permission_specific\";s:0:\"\";s:16:\"can_access_leads\";s:1:\"1\";s:16:\"can_create_leads\";s:1:\"1\";s:14:\"can_edit_leads\";s:1:\"1\";s:16:\"can_delete_leads\";N;s:23:\"leads_manage_permission\";s:3:\"all\";s:32:\"leads_manage_permission_specific\";s:0:\"\";s:19:\"can_access_invoices\";s:1:\"1\";s:19:\"can_create_invoices\";s:1:\"1\";s:17:\"can_edit_invoices\";s:1:\"1\";s:19:\"can_delete_invoices\";N;s:25:\"invoice_manage_permission\";s:3:\"all\";s:34:\"invoice_manage_permission_specific\";s:0:\"\";s:21:\"can_access_job_orders\";s:1:\"1\";s:21:\"can_create_job_orders\";s:1:\"1\";s:19:\"can_edit_job_orders\";s:1:\"1\";s:21:\"can_delete_job_orders\";N;s:28:\"job_orders_manage_permission\";s:3:\"all\";s:37:\"job_orders_manage_permission_specific\";s:0:\"\";s:26:\"can_access_invoices_return\";s:1:\"1\";s:26:\"can_create_invoices_return\";s:1:\"1\";s:24:\"can_edit_invoices_return\";s:1:\"1\";s:26:\"can_delete_invoices_return\";N;s:32:\"invoice_return_manage_permission\";s:3:\"all\";s:41:\"invoice_return_manage_permission_specific\";s:0:\"\";s:20:\"can_access_estimates\";s:1:\"1\";s:19:\"can_add_team_member\";s:1:\"1\";s:20:\"can_create_estimates\";s:1:\"1\";s:18:\"can_edit_estimates\";s:1:\"1\";s:20:\"can_delete_estimates\";N;s:26:\"estimate_manage_permission\";s:3:\"all\";s:35:\"estimate_manage_permission_specific\";s:0:\"\";s:16:\"estimate_request\";N;s:8:\"discount\";i:0;s:8:\"expenses\";s:3:\"all\";s:9:\"estimates\";s:3:\"all\";s:8:\"invoices\";s:3:\"all\";s:16:\"invoice_payments\";s:0:\"\";s:14:\"delivery_notes\";s:3:\"all\";s:15:\"purchase_orders\";s:3:\"all\";s:23:\"purchase_order_payments\";s:0:\"\";s:8:\"payrolls\";N;s:21:\"internal_transactions\";N;}',0),(7,'Client','a:141:{s:5:\"leave\";N;s:14:\"leave_specific\";s:0:\"\";s:10:\"attendance\";N;s:19:\"attendance_specific\";s:0:\"\";s:7:\"invoice\";N;s:8:\"job_info\";N;s:15:\"account_setting\";N;s:16:\"final_settelment\";N;s:8:\"estimate\";N;s:7:\"expense\";N;s:8:\"expiries\";N;s:10:\"petty_cash\";N;s:6:\"client\";N;s:4:\"lead\";N;s:6:\"ticket\";N;s:15:\"ticket_specific\";s:0:\"\";s:12:\"announcement\";N;s:17:\"approve_budgeting\";N;s:23:\"help_and_knowledge_base\";N;s:23:\"can_manage_all_projects\";s:1:\"0\";s:19:\"can_create_projects\";N;s:17:\"can_edit_projects\";N;s:19:\"can_delete_projects\";N;s:30:\"can_add_remove_project_members\";N;s:16:\"can_create_tasks\";N;s:14:\"can_edit_tasks\";N;s:16:\"can_delete_tasks\";N;s:20:\"can_comment_on_tasks\";N;s:24:\"show_assigned_tasks_only\";N;s:21:\"can_create_milestones\";N;s:19:\"can_edit_milestones\";N;s:21:\"can_delete_milestones\";N;s:16:\"can_delete_files\";N;s:34:\"can_view_team_members_contact_info\";N;s:34:\"can_view_team_members_social_links\";N;s:29:\"team_member_update_permission\";N;s:38:\"team_member_update_permission_specific\";s:0:\"\";s:27:\"timesheet_manage_permission\";N;s:36:\"timesheet_manage_permission_specific\";N;s:21:\"disable_event_sharing\";N;s:22:\"hide_team_members_list\";N;s:28:\"can_delete_leave_application\";N;s:10:\"accounting\";N;s:7:\"payroll\";N;s:5:\"eroom\";N;s:4:\"logs\";N;s:7:\"reports\";N;s:25:\"can_access_delivery_notes\";N;s:25:\"can_create_delivery_notes\";N;s:23:\"can_edit_delivery_notes\";N;s:25:\"can_delete_delivery_notes\";N;s:31:\"delivery_note_manage_permission\";N;s:40:\"delivery_note_manage_permission_specific\";s:0:\"\";s:20:\"can_access_suppliers\";N;s:20:\"can_create_suppliers\";N;s:18:\"can_edit_suppliers\";N;s:20:\"can_delete_suppliers\";N;s:26:\"supplier_manage_permission\";N;s:35:\"supplier_manage_permission_specific\";s:0:\"\";s:26:\"can_access_purchase_orders\";N;s:26:\"can_create_purchase_orders\";N;s:24:\"can_edit_purchase_orders\";N;s:26:\"can_delete_purchase_orders\";N;s:32:\"purchase_order_manage_permission\";N;s:41:\"purchase_order_manage_permission_specific\";s:0:\"\";s:16:\"can_access_items\";N;s:16:\"can_create_items\";N;s:14:\"can_edit_items\";N;s:16:\"can_delete_items\";N;s:22:\"item_manage_permission\";N;s:31:\"item_manage_permission_specific\";s:0:\"\";s:25:\"can_access_items_category\";N;s:25:\"can_create_items_category\";N;s:23:\"can_edit_items_category\";N;s:25:\"can_delete_items_category\";N;s:31:\"item_category_manage_permission\";N;s:40:\"item_category_manage_permission_specific\";s:0:\"\";s:19:\"can_access_expiries\";N;s:21:\"can_access_petty_cash\";N;s:19:\"can_access_expenses\";N;s:19:\"can_create_expenses\";N;s:17:\"can_edit_expenses\";N;s:19:\"can_delete_expenses\";N;s:25:\"expense_manage_permission\";N;s:34:\"expense_manage_permission_specific\";s:0:\"\";s:20:\"internal_transaction\";N;s:27:\"can_access_invoice_payments\";N;s:27:\"can_create_invoice_payments\";N;s:25:\"can_edit_invoice_payments\";N;s:27:\"can_delete_invoice_payments\";N;s:34:\"can_access_purchase_order_payments\";N;s:34:\"can_create_purchase_order_payments\";N;s:32:\"can_edit_purchase_order_payments\";N;s:34:\"can_delete_purchase_order_payments\";N;s:19:\"can_access_contacts\";N;s:19:\"can_create_contacts\";N;s:17:\"can_edit_contacts\";N;s:19:\"can_delete_contacts\";N;s:25:\"contact_manage_permission\";N;s:34:\"contact_manage_permission_specific\";N;s:18:\"can_access_clients\";N;s:18:\"can_create_clients\";N;s:16:\"can_edit_clients\";N;s:18:\"can_delete_clients\";N;s:24:\"client_manage_permission\";N;s:33:\"client_manage_permission_specific\";s:0:\"\";s:16:\"can_access_leads\";N;s:16:\"can_create_leads\";N;s:14:\"can_edit_leads\";N;s:16:\"can_delete_leads\";N;s:23:\"leads_manage_permission\";N;s:32:\"leads_manage_permission_specific\";s:0:\"\";s:19:\"can_access_invoices\";N;s:19:\"can_create_invoices\";N;s:17:\"can_edit_invoices\";N;s:19:\"can_delete_invoices\";N;s:25:\"invoice_manage_permission\";N;s:34:\"invoice_manage_permission_specific\";s:0:\"\";s:26:\"can_access_invoices_return\";N;s:26:\"can_create_invoices_return\";N;s:24:\"can_edit_invoices_return\";N;s:26:\"can_delete_invoices_return\";N;s:32:\"invoice_return_manage_permission\";N;s:41:\"invoice_return_manage_permission_specific\";s:0:\"\";s:20:\"can_access_estimates\";N;s:20:\"can_create_estimates\";N;s:18:\"can_edit_estimates\";N;s:20:\"can_delete_estimates\";N;s:26:\"estimate_manage_permission\";N;s:35:\"estimate_manage_permission_specific\";s:0:\"\";s:16:\"estimate_request\";N;s:8:\"discount\";i:0;s:8:\"expenses\";N;s:9:\"estimates\";N;s:8:\"invoices\";N;s:16:\"invoice_payments\";N;s:14:\"delivery_notes\";N;s:15:\"purchase_orders\";N;s:23:\"purchase_order_payments\";N;s:8:\"payrolls\";N;s:21:\"internal_transactions\";N;}',1),(8,'Production Manager','a:148:{s:5:\"leave\";N;s:14:\"leave_specific\";s:0:\"\";s:10:\"attendance\";N;s:19:\"attendance_specific\";s:0:\"\";s:7:\"invoice\";N;s:8:\"job_info\";N;s:15:\"account_setting\";N;s:16:\"final_settelment\";N;s:8:\"estimate\";N;s:7:\"expense\";N;s:8:\"expiries\";N;s:10:\"petty_cash\";N;s:6:\"client\";N;s:4:\"lead\";N;s:6:\"ticket\";N;s:15:\"ticket_specific\";s:0:\"\";s:12:\"announcement\";N;s:17:\"approve_budgeting\";N;s:23:\"help_and_knowledge_base\";N;s:23:\"can_manage_all_projects\";N;s:19:\"can_create_projects\";N;s:17:\"can_edit_projects\";N;s:19:\"can_delete_projects\";N;s:30:\"can_add_remove_project_members\";N;s:16:\"can_create_tasks\";N;s:14:\"can_edit_tasks\";N;s:16:\"can_delete_tasks\";N;s:20:\"can_comment_on_tasks\";N;s:24:\"show_assigned_tasks_only\";N;s:21:\"can_create_milestones\";N;s:19:\"can_edit_milestones\";N;s:21:\"can_delete_milestones\";N;s:16:\"can_delete_files\";N;s:34:\"can_view_team_members_contact_info\";N;s:34:\"can_view_team_members_social_links\";N;s:29:\"team_member_update_permission\";s:0:\"\";s:38:\"team_member_update_permission_specific\";s:0:\"\";s:27:\"timesheet_manage_permission\";N;s:36:\"timesheet_manage_permission_specific\";N;s:21:\"disable_event_sharing\";N;s:22:\"hide_team_members_list\";N;s:28:\"can_delete_leave_application\";N;s:10:\"accounting\";N;s:7:\"payroll\";N;s:5:\"eroom\";N;s:4:\"logs\";N;s:7:\"reports\";N;s:25:\"can_access_delivery_notes\";s:1:\"1\";s:25:\"can_create_delivery_notes\";s:1:\"1\";s:23:\"can_edit_delivery_notes\";s:1:\"1\";s:25:\"can_delete_delivery_notes\";N;s:31:\"delivery_note_manage_permission\";s:3:\"all\";s:40:\"delivery_note_manage_permission_specific\";s:0:\"\";s:20:\"can_access_suppliers\";N;s:20:\"can_create_suppliers\";N;s:18:\"can_edit_suppliers\";N;s:20:\"can_delete_suppliers\";N;s:26:\"supplier_manage_permission\";N;s:35:\"supplier_manage_permission_specific\";s:0:\"\";s:26:\"can_access_purchase_orders\";s:1:\"1\";s:26:\"can_create_purchase_orders\";s:1:\"1\";s:24:\"can_edit_purchase_orders\";s:1:\"1\";s:26:\"can_delete_purchase_orders\";N;s:32:\"purchase_order_manage_permission\";s:3:\"all\";s:41:\"purchase_order_manage_permission_specific\";s:0:\"\";s:16:\"can_access_items\";s:1:\"1\";s:16:\"can_create_items\";s:1:\"1\";s:14:\"can_edit_items\";s:1:\"1\";s:16:\"can_delete_items\";N;s:22:\"item_manage_permission\";s:3:\"all\";s:31:\"item_manage_permission_specific\";s:0:\"\";s:25:\"can_access_items_category\";N;s:25:\"can_create_items_category\";N;s:23:\"can_edit_items_category\";N;s:25:\"can_delete_items_category\";N;s:31:\"item_category_manage_permission\";N;s:40:\"item_category_manage_permission_specific\";s:0:\"\";s:19:\"can_access_expiries\";N;s:21:\"can_access_petty_cash\";N;s:19:\"can_access_expenses\";N;s:19:\"can_create_expenses\";N;s:17:\"can_edit_expenses\";N;s:19:\"can_delete_expenses\";N;s:25:\"expense_manage_permission\";N;s:34:\"expense_manage_permission_specific\";s:0:\"\";s:20:\"internal_transaction\";N;s:27:\"can_access_invoice_payments\";N;s:27:\"can_create_invoice_payments\";N;s:25:\"can_edit_invoice_payments\";N;s:27:\"can_delete_invoice_payments\";N;s:34:\"can_access_purchase_order_payments\";N;s:34:\"can_create_purchase_order_payments\";N;s:32:\"can_edit_purchase_order_payments\";N;s:34:\"can_delete_purchase_order_payments\";N;s:19:\"can_access_contacts\";N;s:19:\"can_create_contacts\";N;s:17:\"can_edit_contacts\";N;s:19:\"can_delete_contacts\";N;s:25:\"contact_manage_permission\";N;s:34:\"contact_manage_permission_specific\";N;s:18:\"can_access_clients\";N;s:18:\"can_create_clients\";N;s:16:\"can_edit_clients\";N;s:18:\"can_delete_clients\";N;s:24:\"client_manage_permission\";N;s:33:\"client_manage_permission_specific\";s:0:\"\";s:16:\"can_access_leads\";N;s:16:\"can_create_leads\";N;s:14:\"can_edit_leads\";N;s:16:\"can_delete_leads\";N;s:23:\"leads_manage_permission\";N;s:32:\"leads_manage_permission_specific\";s:0:\"\";s:19:\"can_access_invoices\";N;s:19:\"can_create_invoices\";N;s:17:\"can_edit_invoices\";N;s:19:\"can_delete_invoices\";N;s:25:\"invoice_manage_permission\";N;s:34:\"invoice_manage_permission_specific\";s:0:\"\";s:21:\"can_access_job_orders\";s:1:\"1\";s:21:\"can_create_job_orders\";s:1:\"1\";s:19:\"can_edit_job_orders\";s:1:\"1\";s:21:\"can_delete_job_orders\";N;s:28:\"job_orders_manage_permission\";s:3:\"all\";s:37:\"job_orders_manage_permission_specific\";s:0:\"\";s:26:\"can_access_invoices_return\";N;s:26:\"can_create_invoices_return\";N;s:24:\"can_edit_invoices_return\";N;s:26:\"can_delete_invoices_return\";N;s:32:\"invoice_return_manage_permission\";N;s:41:\"invoice_return_manage_permission_specific\";s:0:\"\";s:20:\"can_access_estimates\";N;s:19:\"can_add_team_member\";N;s:20:\"can_create_estimates\";N;s:18:\"can_edit_estimates\";N;s:20:\"can_delete_estimates\";N;s:26:\"estimate_manage_permission\";N;s:35:\"estimate_manage_permission_specific\";s:0:\"\";s:16:\"estimate_request\";N;s:8:\"discount\";i:0;s:8:\"expenses\";N;s:9:\"estimates\";N;s:8:\"invoices\";N;s:16:\"invoice_payments\";N;s:14:\"delivery_notes\";s:3:\"all\";s:15:\"purchase_orders\";N;s:23:\"purchase_order_payments\";N;s:8:\"payrolls\";N;s:21:\"internal_transactions\";N;}',0),(9,'tushar','a:148:{s:5:\"leave\";s:3:\"all\";s:14:\"leave_specific\";s:0:\"\";s:10:\"attendance\";N;s:19:\"attendance_specific\";s:0:\"\";s:7:\"invoice\";N;s:8:\"job_info\";s:3:\"all\";s:15:\"account_setting\";s:3:\"all\";s:16:\"final_settelment\";s:3:\"all\";s:8:\"estimate\";N;s:7:\"expense\";N;s:8:\"expiries\";s:3:\"all\";s:10:\"petty_cash\";N;s:6:\"client\";N;s:4:\"lead\";s:3:\"all\";s:6:\"ticket\";N;s:15:\"ticket_specific\";s:0:\"\";s:12:\"announcement\";s:3:\"all\";s:17:\"approve_budgeting\";N;s:23:\"help_and_knowledge_base\";s:3:\"all\";s:23:\"can_manage_all_projects\";N;s:19:\"can_create_projects\";N;s:17:\"can_edit_projects\";s:1:\"1\";s:19:\"can_delete_projects\";N;s:30:\"can_add_remove_project_members\";N;s:16:\"can_create_tasks\";s:1:\"1\";s:14:\"can_edit_tasks\";s:1:\"1\";s:16:\"can_delete_tasks\";N;s:20:\"can_comment_on_tasks\";s:1:\"1\";s:24:\"show_assigned_tasks_only\";N;s:21:\"can_create_milestones\";s:1:\"1\";s:19:\"can_edit_milestones\";s:1:\"1\";s:21:\"can_delete_milestones\";N;s:16:\"can_delete_files\";N;s:34:\"can_view_team_members_contact_info\";s:1:\"1\";s:34:\"can_view_team_members_social_links\";N;s:29:\"team_member_update_permission\";s:3:\"all\";s:38:\"team_member_update_permission_specific\";s:0:\"\";s:27:\"timesheet_manage_permission\";N;s:36:\"timesheet_manage_permission_specific\";N;s:21:\"disable_event_sharing\";s:1:\"1\";s:22:\"hide_team_members_list\";N;s:28:\"can_delete_leave_application\";N;s:10:\"accounting\";s:3:\"all\";s:7:\"payroll\";s:3:\"all\";s:5:\"eroom\";N;s:4:\"logs\";s:0:\"\";s:7:\"reports\";s:0:\"\";s:25:\"can_access_delivery_notes\";s:1:\"1\";s:25:\"can_create_delivery_notes\";s:1:\"1\";s:23:\"can_edit_delivery_notes\";s:1:\"1\";s:25:\"can_delete_delivery_notes\";N;s:31:\"delivery_note_manage_permission\";s:0:\"\";s:40:\"delivery_note_manage_permission_specific\";s:0:\"\";s:20:\"can_access_suppliers\";s:1:\"1\";s:20:\"can_create_suppliers\";s:1:\"1\";s:18:\"can_edit_suppliers\";s:1:\"1\";s:20:\"can_delete_suppliers\";N;s:26:\"supplier_manage_permission\";s:3:\"all\";s:35:\"supplier_manage_permission_specific\";s:0:\"\";s:26:\"can_access_purchase_orders\";s:1:\"1\";s:26:\"can_create_purchase_orders\";s:1:\"1\";s:24:\"can_edit_purchase_orders\";s:1:\"1\";s:26:\"can_delete_purchase_orders\";N;s:32:\"purchase_order_manage_permission\";s:3:\"all\";s:41:\"purchase_order_manage_permission_specific\";s:0:\"\";s:16:\"can_access_items\";s:1:\"1\";s:16:\"can_create_items\";s:1:\"1\";s:14:\"can_edit_items\";s:1:\"1\";s:16:\"can_delete_items\";N;s:22:\"item_manage_permission\";s:3:\"all\";s:31:\"item_manage_permission_specific\";s:0:\"\";s:25:\"can_access_items_category\";s:1:\"1\";s:25:\"can_create_items_category\";s:1:\"1\";s:23:\"can_edit_items_category\";s:1:\"1\";s:25:\"can_delete_items_category\";N;s:31:\"item_category_manage_permission\";s:3:\"all\";s:40:\"item_category_manage_permission_specific\";s:0:\"\";s:19:\"can_access_expiries\";N;s:21:\"can_access_petty_cash\";N;s:19:\"can_access_expenses\";s:1:\"1\";s:19:\"can_create_expenses\";s:1:\"1\";s:17:\"can_edit_expenses\";s:1:\"1\";s:19:\"can_delete_expenses\";N;s:25:\"expense_manage_permission\";s:3:\"all\";s:34:\"expense_manage_permission_specific\";s:0:\"\";s:20:\"internal_transaction\";N;s:27:\"can_access_invoice_payments\";s:1:\"1\";s:27:\"can_create_invoice_payments\";s:1:\"1\";s:25:\"can_edit_invoice_payments\";s:1:\"1\";s:27:\"can_delete_invoice_payments\";N;s:34:\"can_access_purchase_order_payments\";s:1:\"1\";s:34:\"can_create_purchase_order_payments\";s:1:\"1\";s:32:\"can_edit_purchase_order_payments\";s:1:\"1\";s:34:\"can_delete_purchase_order_payments\";N;s:19:\"can_access_contacts\";N;s:19:\"can_create_contacts\";N;s:17:\"can_edit_contacts\";N;s:19:\"can_delete_contacts\";N;s:25:\"contact_manage_permission\";N;s:34:\"contact_manage_permission_specific\";N;s:18:\"can_access_clients\";s:1:\"1\";s:18:\"can_create_clients\";s:1:\"1\";s:16:\"can_edit_clients\";s:1:\"1\";s:18:\"can_delete_clients\";N;s:24:\"client_manage_permission\";s:8:\"specific\";s:33:\"client_manage_permission_specific\";s:9:\"member:10\";s:16:\"can_access_leads\";s:1:\"1\";s:16:\"can_create_leads\";s:1:\"1\";s:14:\"can_edit_leads\";s:1:\"1\";s:16:\"can_delete_leads\";N;s:23:\"leads_manage_permission\";s:8:\"specific\";s:32:\"leads_manage_permission_specific\";s:9:\"member:10\";s:19:\"can_access_invoices\";s:1:\"1\";s:19:\"can_create_invoices\";s:1:\"1\";s:17:\"can_edit_invoices\";s:1:\"1\";s:19:\"can_delete_invoices\";N;s:25:\"invoice_manage_permission\";s:8:\"specific\";s:34:\"invoice_manage_permission_specific\";s:9:\"member:10\";s:21:\"can_access_job_orders\";s:1:\"1\";s:21:\"can_create_job_orders\";s:1:\"1\";s:19:\"can_edit_job_orders\";s:1:\"1\";s:21:\"can_delete_job_orders\";N;s:28:\"job_orders_manage_permission\";N;s:37:\"job_orders_manage_permission_specific\";s:0:\"\";s:26:\"can_access_invoices_return\";s:1:\"1\";s:26:\"can_create_invoices_return\";N;s:24:\"can_edit_invoices_return\";N;s:26:\"can_delete_invoices_return\";N;s:32:\"invoice_return_manage_permission\";s:3:\"all\";s:41:\"invoice_return_manage_permission_specific\";s:0:\"\";s:20:\"can_access_estimates\";s:1:\"1\";s:19:\"can_add_team_member\";s:1:\"1\";s:20:\"can_create_estimates\";s:1:\"1\";s:18:\"can_edit_estimates\";s:1:\"1\";s:20:\"can_delete_estimates\";N;s:26:\"estimate_manage_permission\";s:8:\"specific\";s:35:\"estimate_manage_permission_specific\";s:9:\"member:10\";s:16:\"estimate_request\";N;s:8:\"discount\";s:1:\"5\";s:8:\"expenses\";s:0:\"\";s:9:\"estimates\";s:0:\"\";s:8:\"invoices\";s:0:\"\";s:16:\"invoice_payments\";s:0:\"\";s:14:\"delivery_notes\";s:3:\"all\";s:15:\"purchase_orders\";s:3:\"all\";s:23:\"purchase_order_payments\";s:3:\"all\";s:8:\"payrolls\";N;s:21:\"internal_transactions\";N;}',1),(10,'Expenses','a:148:{s:5:\"leave\";N;s:14:\"leave_specific\";s:0:\"\";s:10:\"attendance\";N;s:19:\"attendance_specific\";s:0:\"\";s:7:\"invoice\";N;s:8:\"job_info\";N;s:15:\"account_setting\";N;s:16:\"final_settelment\";N;s:8:\"estimate\";N;s:7:\"expense\";N;s:8:\"expiries\";N;s:10:\"petty_cash\";N;s:6:\"client\";N;s:4:\"lead\";N;s:6:\"ticket\";N;s:15:\"ticket_specific\";s:0:\"\";s:12:\"announcement\";N;s:17:\"approve_budgeting\";N;s:23:\"help_and_knowledge_base\";N;s:23:\"can_manage_all_projects\";s:1:\"0\";s:19:\"can_create_projects\";N;s:17:\"can_edit_projects\";N;s:19:\"can_delete_projects\";N;s:30:\"can_add_remove_project_members\";N;s:16:\"can_create_tasks\";N;s:14:\"can_edit_tasks\";N;s:16:\"can_delete_tasks\";N;s:20:\"can_comment_on_tasks\";N;s:24:\"show_assigned_tasks_only\";N;s:21:\"can_create_milestones\";N;s:19:\"can_edit_milestones\";N;s:21:\"can_delete_milestones\";N;s:16:\"can_delete_files\";N;s:34:\"can_view_team_members_contact_info\";N;s:34:\"can_view_team_members_social_links\";N;s:29:\"team_member_update_permission\";N;s:38:\"team_member_update_permission_specific\";s:0:\"\";s:27:\"timesheet_manage_permission\";N;s:36:\"timesheet_manage_permission_specific\";N;s:21:\"disable_event_sharing\";N;s:22:\"hide_team_members_list\";N;s:28:\"can_delete_leave_application\";N;s:10:\"accounting\";s:0:\"\";s:7:\"payroll\";N;s:5:\"eroom\";N;s:4:\"logs\";N;s:7:\"reports\";N;s:25:\"can_access_delivery_notes\";N;s:25:\"can_create_delivery_notes\";N;s:23:\"can_edit_delivery_notes\";N;s:25:\"can_delete_delivery_notes\";N;s:31:\"delivery_note_manage_permission\";N;s:40:\"delivery_note_manage_permission_specific\";s:0:\"\";s:20:\"can_access_suppliers\";N;s:20:\"can_create_suppliers\";N;s:18:\"can_edit_suppliers\";N;s:20:\"can_delete_suppliers\";N;s:26:\"supplier_manage_permission\";N;s:35:\"supplier_manage_permission_specific\";s:0:\"\";s:26:\"can_access_purchase_orders\";N;s:26:\"can_create_purchase_orders\";N;s:24:\"can_edit_purchase_orders\";N;s:26:\"can_delete_purchase_orders\";N;s:32:\"purchase_order_manage_permission\";N;s:41:\"purchase_order_manage_permission_specific\";s:0:\"\";s:16:\"can_access_items\";N;s:16:\"can_create_items\";N;s:14:\"can_edit_items\";N;s:16:\"can_delete_items\";N;s:22:\"item_manage_permission\";N;s:31:\"item_manage_permission_specific\";s:0:\"\";s:25:\"can_access_items_category\";N;s:25:\"can_create_items_category\";N;s:23:\"can_edit_items_category\";N;s:25:\"can_delete_items_category\";N;s:31:\"item_category_manage_permission\";N;s:40:\"item_category_manage_permission_specific\";s:0:\"\";s:19:\"can_access_expiries\";N;s:21:\"can_access_petty_cash\";N;s:19:\"can_access_expenses\";N;s:19:\"can_create_expenses\";N;s:17:\"can_edit_expenses\";N;s:19:\"can_delete_expenses\";N;s:25:\"expense_manage_permission\";N;s:34:\"expense_manage_permission_specific\";s:0:\"\";s:20:\"internal_transaction\";N;s:27:\"can_access_invoice_payments\";N;s:27:\"can_create_invoice_payments\";N;s:25:\"can_edit_invoice_payments\";N;s:27:\"can_delete_invoice_payments\";N;s:34:\"can_access_purchase_order_payments\";N;s:34:\"can_create_purchase_order_payments\";N;s:32:\"can_edit_purchase_order_payments\";N;s:34:\"can_delete_purchase_order_payments\";N;s:19:\"can_access_contacts\";N;s:19:\"can_create_contacts\";N;s:17:\"can_edit_contacts\";N;s:19:\"can_delete_contacts\";N;s:25:\"contact_manage_permission\";N;s:34:\"contact_manage_permission_specific\";N;s:18:\"can_access_clients\";N;s:18:\"can_create_clients\";N;s:16:\"can_edit_clients\";N;s:18:\"can_delete_clients\";N;s:24:\"client_manage_permission\";N;s:33:\"client_manage_permission_specific\";s:0:\"\";s:16:\"can_access_leads\";N;s:16:\"can_create_leads\";N;s:14:\"can_edit_leads\";N;s:16:\"can_delete_leads\";N;s:23:\"leads_manage_permission\";N;s:32:\"leads_manage_permission_specific\";s:0:\"\";s:19:\"can_access_invoices\";N;s:19:\"can_create_invoices\";N;s:17:\"can_edit_invoices\";N;s:19:\"can_delete_invoices\";N;s:25:\"invoice_manage_permission\";N;s:34:\"invoice_manage_permission_specific\";s:0:\"\";s:21:\"can_access_job_orders\";N;s:21:\"can_create_job_orders\";N;s:19:\"can_edit_job_orders\";N;s:21:\"can_delete_job_orders\";N;s:28:\"job_orders_manage_permission\";N;s:37:\"job_orders_manage_permission_specific\";s:0:\"\";s:26:\"can_access_invoices_return\";N;s:26:\"can_create_invoices_return\";N;s:24:\"can_edit_invoices_return\";N;s:26:\"can_delete_invoices_return\";N;s:32:\"invoice_return_manage_permission\";N;s:41:\"invoice_return_manage_permission_specific\";s:0:\"\";s:20:\"can_access_estimates\";N;s:19:\"can_add_team_member\";N;s:20:\"can_create_estimates\";N;s:18:\"can_edit_estimates\";N;s:20:\"can_delete_estimates\";N;s:26:\"estimate_manage_permission\";N;s:35:\"estimate_manage_permission_specific\";s:0:\"\";s:16:\"estimate_request\";N;s:8:\"discount\";i:0;s:8:\"expenses\";N;s:9:\"estimates\";N;s:8:\"invoices\";N;s:16:\"invoice_payments\";N;s:14:\"delivery_notes\";N;s:15:\"purchase_orders\";N;s:23:\"purchase_order_payments\";N;s:8:\"payrolls\";N;s:21:\"internal_transactions\";N;}',1),(11,'Tushar Hegde','a:148:{s:5:\"leave\";s:3:\"all\";s:14:\"leave_specific\";s:0:\"\";s:10:\"attendance\";N;s:19:\"attendance_specific\";s:0:\"\";s:7:\"invoice\";N;s:8:\"job_info\";s:3:\"all\";s:15:\"account_setting\";s:0:\"\";s:16:\"final_settelment\";s:3:\"all\";s:8:\"estimate\";N;s:7:\"expense\";N;s:8:\"expiries\";s:0:\"\";s:10:\"petty_cash\";N;s:6:\"client\";N;s:4:\"lead\";s:3:\"all\";s:6:\"ticket\";N;s:15:\"ticket_specific\";s:0:\"\";s:12:\"announcement\";s:3:\"all\";s:17:\"approve_budgeting\";N;s:23:\"help_and_knowledge_base\";s:3:\"all\";s:23:\"can_manage_all_projects\";N;s:19:\"can_create_projects\";N;s:17:\"can_edit_projects\";s:1:\"1\";s:19:\"can_delete_projects\";N;s:30:\"can_add_remove_project_members\";N;s:16:\"can_create_tasks\";s:1:\"1\";s:14:\"can_edit_tasks\";s:1:\"1\";s:16:\"can_delete_tasks\";N;s:20:\"can_comment_on_tasks\";s:1:\"1\";s:24:\"show_assigned_tasks_only\";N;s:21:\"can_create_milestones\";s:1:\"1\";s:19:\"can_edit_milestones\";s:1:\"1\";s:21:\"can_delete_milestones\";N;s:16:\"can_delete_files\";N;s:34:\"can_view_team_members_contact_info\";s:1:\"1\";s:34:\"can_view_team_members_social_links\";N;s:29:\"team_member_update_permission\";s:3:\"all\";s:38:\"team_member_update_permission_specific\";s:0:\"\";s:27:\"timesheet_manage_permission\";N;s:36:\"timesheet_manage_permission_specific\";N;s:21:\"disable_event_sharing\";s:1:\"1\";s:22:\"hide_team_members_list\";N;s:28:\"can_delete_leave_application\";N;s:10:\"accounting\";s:3:\"all\";s:7:\"payroll\";s:0:\"\";s:5:\"eroom\";N;s:4:\"logs\";s:0:\"\";s:7:\"reports\";s:0:\"\";s:25:\"can_access_delivery_notes\";N;s:25:\"can_create_delivery_notes\";N;s:23:\"can_edit_delivery_notes\";N;s:25:\"can_delete_delivery_notes\";N;s:31:\"delivery_note_manage_permission\";s:0:\"\";s:40:\"delivery_note_manage_permission_specific\";s:0:\"\";s:20:\"can_access_suppliers\";N;s:20:\"can_create_suppliers\";N;s:18:\"can_edit_suppliers\";N;s:20:\"can_delete_suppliers\";N;s:26:\"supplier_manage_permission\";s:3:\"all\";s:35:\"supplier_manage_permission_specific\";s:0:\"\";s:26:\"can_access_purchase_orders\";N;s:26:\"can_create_purchase_orders\";N;s:24:\"can_edit_purchase_orders\";N;s:26:\"can_delete_purchase_orders\";N;s:32:\"purchase_order_manage_permission\";s:3:\"all\";s:41:\"purchase_order_manage_permission_specific\";s:0:\"\";s:16:\"can_access_items\";N;s:16:\"can_create_items\";N;s:14:\"can_edit_items\";N;s:16:\"can_delete_items\";N;s:22:\"item_manage_permission\";s:3:\"all\";s:31:\"item_manage_permission_specific\";s:0:\"\";s:25:\"can_access_items_category\";N;s:25:\"can_create_items_category\";N;s:23:\"can_edit_items_category\";N;s:25:\"can_delete_items_category\";N;s:31:\"item_category_manage_permission\";s:3:\"all\";s:40:\"item_category_manage_permission_specific\";s:0:\"\";s:19:\"can_access_expiries\";N;s:21:\"can_access_petty_cash\";N;s:19:\"can_access_expenses\";s:1:\"1\";s:19:\"can_create_expenses\";s:1:\"1\";s:17:\"can_edit_expenses\";s:1:\"1\";s:19:\"can_delete_expenses\";N;s:25:\"expense_manage_permission\";s:3:\"all\";s:34:\"expense_manage_permission_specific\";s:0:\"\";s:20:\"internal_transaction\";N;s:27:\"can_access_invoice_payments\";s:1:\"1\";s:27:\"can_create_invoice_payments\";s:1:\"1\";s:25:\"can_edit_invoice_payments\";s:1:\"1\";s:27:\"can_delete_invoice_payments\";N;s:34:\"can_access_purchase_order_payments\";s:1:\"1\";s:34:\"can_create_purchase_order_payments\";s:1:\"1\";s:32:\"can_edit_purchase_order_payments\";s:1:\"1\";s:34:\"can_delete_purchase_order_payments\";N;s:19:\"can_access_contacts\";N;s:19:\"can_create_contacts\";N;s:17:\"can_edit_contacts\";N;s:19:\"can_delete_contacts\";N;s:25:\"contact_manage_permission\";N;s:34:\"contact_manage_permission_specific\";N;s:18:\"can_access_clients\";s:1:\"1\";s:18:\"can_create_clients\";s:1:\"1\";s:16:\"can_edit_clients\";s:1:\"1\";s:18:\"can_delete_clients\";N;s:24:\"client_manage_permission\";s:8:\"specific\";s:33:\"client_manage_permission_specific\";s:9:\"member:10\";s:16:\"can_access_leads\";s:1:\"1\";s:16:\"can_create_leads\";s:1:\"1\";s:14:\"can_edit_leads\";s:1:\"1\";s:16:\"can_delete_leads\";N;s:23:\"leads_manage_permission\";s:8:\"specific\";s:32:\"leads_manage_permission_specific\";s:9:\"member:10\";s:19:\"can_access_invoices\";s:1:\"1\";s:19:\"can_create_invoices\";s:1:\"1\";s:17:\"can_edit_invoices\";s:1:\"1\";s:19:\"can_delete_invoices\";N;s:25:\"invoice_manage_permission\";s:8:\"specific\";s:34:\"invoice_manage_permission_specific\";s:9:\"member:10\";s:21:\"can_access_job_orders\";s:1:\"1\";s:21:\"can_create_job_orders\";s:1:\"1\";s:19:\"can_edit_job_orders\";s:1:\"1\";s:21:\"can_delete_job_orders\";N;s:28:\"job_orders_manage_permission\";N;s:37:\"job_orders_manage_permission_specific\";s:0:\"\";s:26:\"can_access_invoices_return\";s:1:\"1\";s:26:\"can_create_invoices_return\";N;s:24:\"can_edit_invoices_return\";N;s:26:\"can_delete_invoices_return\";N;s:32:\"invoice_return_manage_permission\";s:3:\"all\";s:41:\"invoice_return_manage_permission_specific\";s:0:\"\";s:20:\"can_access_estimates\";s:1:\"1\";s:19:\"can_add_team_member\";s:1:\"1\";s:20:\"can_create_estimates\";s:1:\"1\";s:18:\"can_edit_estimates\";s:1:\"1\";s:20:\"can_delete_estimates\";N;s:26:\"estimate_manage_permission\";s:8:\"specific\";s:35:\"estimate_manage_permission_specific\";s:9:\"member:10\";s:16:\"estimate_request\";N;s:8:\"discount\";s:1:\"5\";s:8:\"expenses\";s:0:\"\";s:9:\"estimates\";s:0:\"\";s:8:\"invoices\";s:0:\"\";s:16:\"invoice_payments\";s:0:\"\";s:14:\"delivery_notes\";s:3:\"all\";s:15:\"purchase_orders\";s:3:\"all\";s:23:\"purchase_order_payments\";s:3:\"all\";s:8:\"payrolls\";N;s:21:\"internal_transactions\";N;}',1),(12,'admin',NULL,1),(13,'tushar',NULL,1),(14,'expenses-1','a:148:{s:5:\"leave\";N;s:14:\"leave_specific\";s:0:\"\";s:10:\"attendance\";N;s:19:\"attendance_specific\";s:0:\"\";s:7:\"invoice\";N;s:8:\"job_info\";N;s:15:\"account_setting\";N;s:16:\"final_settelment\";N;s:8:\"estimate\";N;s:7:\"expense\";N;s:8:\"expiries\";N;s:10:\"petty_cash\";N;s:6:\"client\";N;s:4:\"lead\";N;s:6:\"ticket\";N;s:15:\"ticket_specific\";s:0:\"\";s:12:\"announcement\";N;s:17:\"approve_budgeting\";N;s:23:\"help_and_knowledge_base\";N;s:23:\"can_manage_all_projects\";N;s:19:\"can_create_projects\";N;s:17:\"can_edit_projects\";N;s:19:\"can_delete_projects\";N;s:30:\"can_add_remove_project_members\";N;s:16:\"can_create_tasks\";N;s:14:\"can_edit_tasks\";N;s:16:\"can_delete_tasks\";N;s:20:\"can_comment_on_tasks\";N;s:24:\"show_assigned_tasks_only\";N;s:21:\"can_create_milestones\";N;s:19:\"can_edit_milestones\";N;s:21:\"can_delete_milestones\";N;s:16:\"can_delete_files\";N;s:34:\"can_view_team_members_contact_info\";N;s:34:\"can_view_team_members_social_links\";N;s:29:\"team_member_update_permission\";N;s:38:\"team_member_update_permission_specific\";s:0:\"\";s:27:\"timesheet_manage_permission\";N;s:36:\"timesheet_manage_permission_specific\";N;s:21:\"disable_event_sharing\";N;s:22:\"hide_team_members_list\";N;s:28:\"can_delete_leave_application\";N;s:10:\"accounting\";s:0:\"\";s:7:\"payroll\";N;s:5:\"eroom\";N;s:4:\"logs\";N;s:7:\"reports\";N;s:25:\"can_access_delivery_notes\";N;s:25:\"can_create_delivery_notes\";N;s:23:\"can_edit_delivery_notes\";N;s:25:\"can_delete_delivery_notes\";N;s:31:\"delivery_note_manage_permission\";N;s:40:\"delivery_note_manage_permission_specific\";s:0:\"\";s:20:\"can_access_suppliers\";N;s:20:\"can_create_suppliers\";N;s:18:\"can_edit_suppliers\";N;s:20:\"can_delete_suppliers\";N;s:26:\"supplier_manage_permission\";N;s:35:\"supplier_manage_permission_specific\";s:0:\"\";s:26:\"can_access_purchase_orders\";N;s:26:\"can_create_purchase_orders\";N;s:24:\"can_edit_purchase_orders\";N;s:26:\"can_delete_purchase_orders\";N;s:32:\"purchase_order_manage_permission\";N;s:41:\"purchase_order_manage_permission_specific\";s:0:\"\";s:16:\"can_access_items\";N;s:16:\"can_create_items\";N;s:14:\"can_edit_items\";N;s:16:\"can_delete_items\";N;s:22:\"item_manage_permission\";N;s:31:\"item_manage_permission_specific\";s:0:\"\";s:25:\"can_access_items_category\";N;s:25:\"can_create_items_category\";N;s:23:\"can_edit_items_category\";N;s:25:\"can_delete_items_category\";N;s:31:\"item_category_manage_permission\";N;s:40:\"item_category_manage_permission_specific\";s:0:\"\";s:19:\"can_access_expiries\";N;s:21:\"can_access_petty_cash\";N;s:19:\"can_access_expenses\";N;s:19:\"can_create_expenses\";N;s:17:\"can_edit_expenses\";N;s:19:\"can_delete_expenses\";N;s:25:\"expense_manage_permission\";N;s:34:\"expense_manage_permission_specific\";s:0:\"\";s:20:\"internal_transaction\";N;s:27:\"can_access_invoice_payments\";N;s:27:\"can_create_invoice_payments\";N;s:25:\"can_edit_invoice_payments\";N;s:27:\"can_delete_invoice_payments\";N;s:34:\"can_access_purchase_order_payments\";N;s:34:\"can_create_purchase_order_payments\";N;s:32:\"can_edit_purchase_order_payments\";N;s:34:\"can_delete_purchase_order_payments\";N;s:19:\"can_access_contacts\";N;s:19:\"can_create_contacts\";N;s:17:\"can_edit_contacts\";N;s:19:\"can_delete_contacts\";N;s:25:\"contact_manage_permission\";N;s:34:\"contact_manage_permission_specific\";N;s:18:\"can_access_clients\";N;s:18:\"can_create_clients\";N;s:16:\"can_edit_clients\";N;s:18:\"can_delete_clients\";N;s:24:\"client_manage_permission\";N;s:33:\"client_manage_permission_specific\";s:0:\"\";s:16:\"can_access_leads\";N;s:16:\"can_create_leads\";N;s:14:\"can_edit_leads\";N;s:16:\"can_delete_leads\";N;s:23:\"leads_manage_permission\";N;s:32:\"leads_manage_permission_specific\";s:0:\"\";s:19:\"can_access_invoices\";N;s:19:\"can_create_invoices\";N;s:17:\"can_edit_invoices\";N;s:19:\"can_delete_invoices\";N;s:25:\"invoice_manage_permission\";N;s:34:\"invoice_manage_permission_specific\";s:0:\"\";s:21:\"can_access_job_orders\";N;s:21:\"can_create_job_orders\";N;s:19:\"can_edit_job_orders\";N;s:21:\"can_delete_job_orders\";N;s:28:\"job_orders_manage_permission\";N;s:37:\"job_orders_manage_permission_specific\";s:0:\"\";s:26:\"can_access_invoices_return\";N;s:26:\"can_create_invoices_return\";N;s:24:\"can_edit_invoices_return\";N;s:26:\"can_delete_invoices_return\";N;s:32:\"invoice_return_manage_permission\";N;s:41:\"invoice_return_manage_permission_specific\";s:0:\"\";s:20:\"can_access_estimates\";N;s:19:\"can_add_team_member\";N;s:20:\"can_create_estimates\";N;s:18:\"can_edit_estimates\";N;s:20:\"can_delete_estimates\";N;s:26:\"estimate_manage_permission\";N;s:35:\"estimate_manage_permission_specific\";s:0:\"\";s:16:\"estimate_request\";N;s:8:\"discount\";i:0;s:8:\"expenses\";N;s:9:\"estimates\";N;s:8:\"invoices\";N;s:16:\"invoice_payments\";N;s:14:\"delivery_notes\";N;s:15:\"purchase_orders\";N;s:23:\"purchase_order_payments\";N;s:8:\"payrolls\";N;s:21:\"internal_transactions\";N;}',1),(15,'cash','a:148:{s:5:\"leave\";N;s:14:\"leave_specific\";s:0:\"\";s:10:\"attendance\";N;s:19:\"attendance_specific\";s:0:\"\";s:7:\"invoice\";N;s:8:\"job_info\";N;s:15:\"account_setting\";N;s:16:\"final_settelment\";N;s:8:\"estimate\";N;s:7:\"expense\";N;s:8:\"expiries\";N;s:10:\"petty_cash\";N;s:6:\"client\";N;s:4:\"lead\";N;s:6:\"ticket\";N;s:15:\"ticket_specific\";s:0:\"\";s:12:\"announcement\";N;s:17:\"approve_budgeting\";N;s:23:\"help_and_knowledge_base\";N;s:23:\"can_manage_all_projects\";s:1:\"0\";s:19:\"can_create_projects\";N;s:17:\"can_edit_projects\";N;s:19:\"can_delete_projects\";N;s:30:\"can_add_remove_project_members\";N;s:16:\"can_create_tasks\";N;s:14:\"can_edit_tasks\";N;s:16:\"can_delete_tasks\";N;s:20:\"can_comment_on_tasks\";N;s:24:\"show_assigned_tasks_only\";N;s:21:\"can_create_milestones\";N;s:19:\"can_edit_milestones\";N;s:21:\"can_delete_milestones\";N;s:16:\"can_delete_files\";N;s:34:\"can_view_team_members_contact_info\";N;s:34:\"can_view_team_members_social_links\";N;s:29:\"team_member_update_permission\";N;s:38:\"team_member_update_permission_specific\";s:0:\"\";s:27:\"timesheet_manage_permission\";N;s:36:\"timesheet_manage_permission_specific\";N;s:21:\"disable_event_sharing\";N;s:22:\"hide_team_members_list\";N;s:28:\"can_delete_leave_application\";N;s:10:\"accounting\";s:0:\"\";s:7:\"payroll\";N;s:5:\"eroom\";N;s:4:\"logs\";N;s:7:\"reports\";N;s:25:\"can_access_delivery_notes\";N;s:25:\"can_create_delivery_notes\";N;s:23:\"can_edit_delivery_notes\";N;s:25:\"can_delete_delivery_notes\";N;s:31:\"delivery_note_manage_permission\";N;s:40:\"delivery_note_manage_permission_specific\";s:0:\"\";s:20:\"can_access_suppliers\";N;s:20:\"can_create_suppliers\";N;s:18:\"can_edit_suppliers\";N;s:20:\"can_delete_suppliers\";N;s:26:\"supplier_manage_permission\";N;s:35:\"supplier_manage_permission_specific\";s:0:\"\";s:26:\"can_access_purchase_orders\";N;s:26:\"can_create_purchase_orders\";N;s:24:\"can_edit_purchase_orders\";N;s:26:\"can_delete_purchase_orders\";N;s:32:\"purchase_order_manage_permission\";N;s:41:\"purchase_order_manage_permission_specific\";s:0:\"\";s:16:\"can_access_items\";N;s:16:\"can_create_items\";N;s:14:\"can_edit_items\";N;s:16:\"can_delete_items\";N;s:22:\"item_manage_permission\";N;s:31:\"item_manage_permission_specific\";s:0:\"\";s:25:\"can_access_items_category\";N;s:25:\"can_create_items_category\";N;s:23:\"can_edit_items_category\";N;s:25:\"can_delete_items_category\";N;s:31:\"item_category_manage_permission\";N;s:40:\"item_category_manage_permission_specific\";s:0:\"\";s:19:\"can_access_expiries\";N;s:21:\"can_access_petty_cash\";N;s:19:\"can_access_expenses\";N;s:19:\"can_create_expenses\";N;s:17:\"can_edit_expenses\";N;s:19:\"can_delete_expenses\";N;s:25:\"expense_manage_permission\";N;s:34:\"expense_manage_permission_specific\";s:0:\"\";s:20:\"internal_transaction\";N;s:27:\"can_access_invoice_payments\";N;s:27:\"can_create_invoice_payments\";N;s:25:\"can_edit_invoice_payments\";N;s:27:\"can_delete_invoice_payments\";N;s:34:\"can_access_purchase_order_payments\";N;s:34:\"can_create_purchase_order_payments\";N;s:32:\"can_edit_purchase_order_payments\";N;s:34:\"can_delete_purchase_order_payments\";N;s:19:\"can_access_contacts\";N;s:19:\"can_create_contacts\";N;s:17:\"can_edit_contacts\";N;s:19:\"can_delete_contacts\";N;s:25:\"contact_manage_permission\";N;s:34:\"contact_manage_permission_specific\";N;s:18:\"can_access_clients\";N;s:18:\"can_create_clients\";N;s:16:\"can_edit_clients\";N;s:18:\"can_delete_clients\";N;s:24:\"client_manage_permission\";N;s:33:\"client_manage_permission_specific\";s:0:\"\";s:16:\"can_access_leads\";N;s:16:\"can_create_leads\";N;s:14:\"can_edit_leads\";N;s:16:\"can_delete_leads\";N;s:23:\"leads_manage_permission\";N;s:32:\"leads_manage_permission_specific\";s:0:\"\";s:19:\"can_access_invoices\";N;s:19:\"can_create_invoices\";N;s:17:\"can_edit_invoices\";N;s:19:\"can_delete_invoices\";N;s:25:\"invoice_manage_permission\";N;s:34:\"invoice_manage_permission_specific\";s:0:\"\";s:21:\"can_access_job_orders\";N;s:21:\"can_create_job_orders\";N;s:19:\"can_edit_job_orders\";N;s:21:\"can_delete_job_orders\";N;s:28:\"job_orders_manage_permission\";N;s:37:\"job_orders_manage_permission_specific\";s:0:\"\";s:26:\"can_access_invoices_return\";N;s:26:\"can_create_invoices_return\";N;s:24:\"can_edit_invoices_return\";N;s:26:\"can_delete_invoices_return\";N;s:32:\"invoice_return_manage_permission\";N;s:41:\"invoice_return_manage_permission_specific\";s:0:\"\";s:20:\"can_access_estimates\";N;s:19:\"can_add_team_member\";N;s:20:\"can_create_estimates\";N;s:18:\"can_edit_estimates\";N;s:20:\"can_delete_estimates\";N;s:26:\"estimate_manage_permission\";N;s:35:\"estimate_manage_permission_specific\";s:0:\"\";s:16:\"estimate_request\";N;s:8:\"discount\";i:0;s:8:\"expenses\";N;s:9:\"estimates\";N;s:8:\"invoices\";N;s:16:\"invoice_payments\";N;s:14:\"delivery_notes\";N;s:15:\"purchase_orders\";N;s:23:\"purchase_order_payments\";N;s:8:\"payrolls\";N;s:21:\"internal_transactions\";N;}',1),(16,'Account Khabora','a:148:{s:5:\"leave\";s:0:\"\";s:14:\"leave_specific\";s:0:\"\";s:10:\"attendance\";N;s:19:\"attendance_specific\";s:0:\"\";s:7:\"invoice\";N;s:8:\"job_info\";s:0:\"\";s:15:\"account_setting\";s:3:\"all\";s:16:\"final_settelment\";s:0:\"\";s:8:\"estimate\";N;s:7:\"expense\";N;s:8:\"expiries\";s:3:\"all\";s:10:\"petty_cash\";N;s:6:\"client\";N;s:4:\"lead\";s:3:\"all\";s:6:\"ticket\";N;s:15:\"ticket_specific\";s:0:\"\";s:12:\"announcement\";s:0:\"\";s:17:\"approve_budgeting\";N;s:23:\"help_and_knowledge_base\";s:0:\"\";s:23:\"can_manage_all_projects\";N;s:19:\"can_create_projects\";N;s:17:\"can_edit_projects\";N;s:19:\"can_delete_projects\";N;s:30:\"can_add_remove_project_members\";N;s:16:\"can_create_tasks\";N;s:14:\"can_edit_tasks\";N;s:16:\"can_delete_tasks\";N;s:20:\"can_comment_on_tasks\";s:1:\"1\";s:24:\"show_assigned_tasks_only\";N;s:21:\"can_create_milestones\";N;s:19:\"can_edit_milestones\";N;s:21:\"can_delete_milestones\";N;s:16:\"can_delete_files\";N;s:34:\"can_view_team_members_contact_info\";N;s:34:\"can_view_team_members_social_links\";N;s:29:\"team_member_update_permission\";s:0:\"\";s:38:\"team_member_update_permission_specific\";s:0:\"\";s:27:\"timesheet_manage_permission\";N;s:36:\"timesheet_manage_permission_specific\";N;s:21:\"disable_event_sharing\";s:1:\"0\";s:22:\"hide_team_members_list\";N;s:28:\"can_delete_leave_application\";N;s:10:\"accounting\";s:3:\"all\";s:7:\"payroll\";s:0:\"\";s:5:\"eroom\";N;s:4:\"logs\";s:0:\"\";s:7:\"reports\";s:0:\"\";s:25:\"can_access_delivery_notes\";s:1:\"1\";s:25:\"can_create_delivery_notes\";s:1:\"1\";s:23:\"can_edit_delivery_notes\";s:1:\"1\";s:25:\"can_delete_delivery_notes\";N;s:31:\"delivery_note_manage_permission\";s:0:\"\";s:40:\"delivery_note_manage_permission_specific\";s:0:\"\";s:20:\"can_access_suppliers\";s:1:\"1\";s:20:\"can_create_suppliers\";s:1:\"1\";s:18:\"can_edit_suppliers\";s:1:\"1\";s:20:\"can_delete_suppliers\";N;s:26:\"supplier_manage_permission\";s:3:\"all\";s:35:\"supplier_manage_permission_specific\";s:0:\"\";s:26:\"can_access_purchase_orders\";s:1:\"1\";s:26:\"can_create_purchase_orders\";s:1:\"1\";s:24:\"can_edit_purchase_orders\";s:1:\"1\";s:26:\"can_delete_purchase_orders\";N;s:32:\"purchase_order_manage_permission\";s:3:\"all\";s:41:\"purchase_order_manage_permission_specific\";s:0:\"\";s:16:\"can_access_items\";s:1:\"1\";s:16:\"can_create_items\";s:1:\"1\";s:14:\"can_edit_items\";s:1:\"1\";s:16:\"can_delete_items\";N;s:22:\"item_manage_permission\";s:3:\"all\";s:31:\"item_manage_permission_specific\";s:0:\"\";s:25:\"can_access_items_category\";s:1:\"1\";s:25:\"can_create_items_category\";s:1:\"1\";s:23:\"can_edit_items_category\";s:1:\"1\";s:25:\"can_delete_items_category\";N;s:31:\"item_category_manage_permission\";s:3:\"all\";s:40:\"item_category_manage_permission_specific\";s:0:\"\";s:19:\"can_access_expiries\";N;s:21:\"can_access_petty_cash\";N;s:19:\"can_access_expenses\";s:1:\"1\";s:19:\"can_create_expenses\";s:1:\"1\";s:17:\"can_edit_expenses\";s:1:\"1\";s:19:\"can_delete_expenses\";N;s:25:\"expense_manage_permission\";s:3:\"all\";s:34:\"expense_manage_permission_specific\";s:0:\"\";s:20:\"internal_transaction\";N;s:27:\"can_access_invoice_payments\";s:1:\"1\";s:27:\"can_create_invoice_payments\";s:1:\"1\";s:25:\"can_edit_invoice_payments\";s:1:\"1\";s:27:\"can_delete_invoice_payments\";N;s:34:\"can_access_purchase_order_payments\";s:1:\"1\";s:34:\"can_create_purchase_order_payments\";s:1:\"1\";s:32:\"can_edit_purchase_order_payments\";s:1:\"1\";s:34:\"can_delete_purchase_order_payments\";N;s:19:\"can_access_contacts\";N;s:19:\"can_create_contacts\";N;s:17:\"can_edit_contacts\";N;s:19:\"can_delete_contacts\";N;s:25:\"contact_manage_permission\";N;s:34:\"contact_manage_permission_specific\";N;s:18:\"can_access_clients\";s:1:\"1\";s:18:\"can_create_clients\";s:1:\"1\";s:16:\"can_edit_clients\";s:1:\"1\";s:18:\"can_delete_clients\";N;s:24:\"client_manage_permission\";s:3:\"all\";s:33:\"client_manage_permission_specific\";s:9:\"member:10\";s:16:\"can_access_leads\";s:1:\"1\";s:16:\"can_create_leads\";s:1:\"1\";s:14:\"can_edit_leads\";s:1:\"1\";s:16:\"can_delete_leads\";N;s:23:\"leads_manage_permission\";s:3:\"all\";s:32:\"leads_manage_permission_specific\";s:0:\"\";s:19:\"can_access_invoices\";s:1:\"1\";s:19:\"can_create_invoices\";s:1:\"1\";s:17:\"can_edit_invoices\";s:1:\"1\";s:19:\"can_delete_invoices\";N;s:25:\"invoice_manage_permission\";s:3:\"all\";s:34:\"invoice_manage_permission_specific\";s:9:\"member:10\";s:21:\"can_access_job_orders\";s:1:\"1\";s:21:\"can_create_job_orders\";s:1:\"1\";s:19:\"can_edit_job_orders\";s:1:\"1\";s:21:\"can_delete_job_orders\";N;s:28:\"job_orders_manage_permission\";s:3:\"all\";s:37:\"job_orders_manage_permission_specific\";s:0:\"\";s:26:\"can_access_invoices_return\";N;s:26:\"can_create_invoices_return\";N;s:24:\"can_edit_invoices_return\";N;s:26:\"can_delete_invoices_return\";N;s:32:\"invoice_return_manage_permission\";s:0:\"\";s:41:\"invoice_return_manage_permission_specific\";s:0:\"\";s:20:\"can_access_estimates\";N;s:19:\"can_add_team_member\";N;s:20:\"can_create_estimates\";N;s:18:\"can_edit_estimates\";N;s:20:\"can_delete_estimates\";N;s:26:\"estimate_manage_permission\";s:0:\"\";s:35:\"estimate_manage_permission_specific\";s:9:\"member:10\";s:16:\"estimate_request\";N;s:8:\"discount\";i:0;s:8:\"expenses\";s:0:\"\";s:9:\"estimates\";s:0:\"\";s:8:\"invoices\";s:3:\"all\";s:16:\"invoice_payments\";s:0:\"\";s:14:\"delivery_notes\";s:3:\"all\";s:15:\"purchase_orders\";s:3:\"all\";s:23:\"purchase_order_payments\";s:0:\"\";s:8:\"payrolls\";N;s:21:\"internal_transactions\";N;}',1),(17,'sale','a:148:{s:5:\"leave\";N;s:14:\"leave_specific\";s:0:\"\";s:10:\"attendance\";N;s:19:\"attendance_specific\";s:0:\"\";s:7:\"invoice\";N;s:8:\"job_info\";N;s:15:\"account_setting\";N;s:16:\"final_settelment\";N;s:8:\"estimate\";N;s:7:\"expense\";N;s:8:\"expiries\";N;s:10:\"petty_cash\";N;s:6:\"client\";N;s:4:\"lead\";s:3:\"all\";s:6:\"ticket\";N;s:15:\"ticket_specific\";s:0:\"\";s:12:\"announcement\";N;s:17:\"approve_budgeting\";N;s:23:\"help_and_knowledge_base\";N;s:23:\"can_manage_all_projects\";s:1:\"1\";s:19:\"can_create_projects\";s:1:\"1\";s:17:\"can_edit_projects\";s:1:\"1\";s:19:\"can_delete_projects\";N;s:30:\"can_add_remove_project_members\";N;s:16:\"can_create_tasks\";s:1:\"1\";s:14:\"can_edit_tasks\";s:1:\"1\";s:16:\"can_delete_tasks\";N;s:20:\"can_comment_on_tasks\";N;s:24:\"show_assigned_tasks_only\";N;s:21:\"can_create_milestones\";N;s:19:\"can_edit_milestones\";N;s:21:\"can_delete_milestones\";N;s:16:\"can_delete_files\";N;s:34:\"can_view_team_members_contact_info\";N;s:34:\"can_view_team_members_social_links\";N;s:29:\"team_member_update_permission\";N;s:38:\"team_member_update_permission_specific\";s:0:\"\";s:27:\"timesheet_manage_permission\";N;s:36:\"timesheet_manage_permission_specific\";N;s:21:\"disable_event_sharing\";N;s:22:\"hide_team_members_list\";N;s:28:\"can_delete_leave_application\";N;s:10:\"accounting\";N;s:7:\"payroll\";N;s:5:\"eroom\";N;s:4:\"logs\";N;s:7:\"reports\";N;s:25:\"can_access_delivery_notes\";N;s:25:\"can_create_delivery_notes\";N;s:23:\"can_edit_delivery_notes\";N;s:25:\"can_delete_delivery_notes\";N;s:31:\"delivery_note_manage_permission\";N;s:40:\"delivery_note_manage_permission_specific\";s:0:\"\";s:20:\"can_access_suppliers\";N;s:20:\"can_create_suppliers\";N;s:18:\"can_edit_suppliers\";N;s:20:\"can_delete_suppliers\";N;s:26:\"supplier_manage_permission\";N;s:35:\"supplier_manage_permission_specific\";s:0:\"\";s:26:\"can_access_purchase_orders\";N;s:26:\"can_create_purchase_orders\";N;s:24:\"can_edit_purchase_orders\";N;s:26:\"can_delete_purchase_orders\";N;s:32:\"purchase_order_manage_permission\";N;s:41:\"purchase_order_manage_permission_specific\";s:0:\"\";s:16:\"can_access_items\";N;s:16:\"can_create_items\";N;s:14:\"can_edit_items\";N;s:16:\"can_delete_items\";N;s:22:\"item_manage_permission\";N;s:31:\"item_manage_permission_specific\";s:0:\"\";s:25:\"can_access_items_category\";N;s:25:\"can_create_items_category\";N;s:23:\"can_edit_items_category\";N;s:25:\"can_delete_items_category\";N;s:31:\"item_category_manage_permission\";N;s:40:\"item_category_manage_permission_specific\";s:0:\"\";s:19:\"can_access_expiries\";N;s:21:\"can_access_petty_cash\";N;s:19:\"can_access_expenses\";s:1:\"1\";s:19:\"can_create_expenses\";s:1:\"1\";s:17:\"can_edit_expenses\";N;s:19:\"can_delete_expenses\";N;s:25:\"expense_manage_permission\";N;s:34:\"expense_manage_permission_specific\";s:0:\"\";s:20:\"internal_transaction\";N;s:27:\"can_access_invoice_payments\";s:1:\"1\";s:27:\"can_create_invoice_payments\";s:1:\"1\";s:25:\"can_edit_invoice_payments\";N;s:27:\"can_delete_invoice_payments\";N;s:34:\"can_access_purchase_order_payments\";N;s:34:\"can_create_purchase_order_payments\";N;s:32:\"can_edit_purchase_order_payments\";N;s:34:\"can_delete_purchase_order_payments\";N;s:19:\"can_access_contacts\";N;s:19:\"can_create_contacts\";N;s:17:\"can_edit_contacts\";N;s:19:\"can_delete_contacts\";N;s:25:\"contact_manage_permission\";N;s:34:\"contact_manage_permission_specific\";N;s:18:\"can_access_clients\";s:1:\"1\";s:18:\"can_create_clients\";s:1:\"1\";s:16:\"can_edit_clients\";s:1:\"1\";s:18:\"can_delete_clients\";N;s:24:\"client_manage_permission\";s:3:\"all\";s:33:\"client_manage_permission_specific\";s:0:\"\";s:16:\"can_access_leads\";s:1:\"1\";s:16:\"can_create_leads\";s:1:\"1\";s:14:\"can_edit_leads\";s:1:\"1\";s:16:\"can_delete_leads\";N;s:23:\"leads_manage_permission\";s:3:\"all\";s:32:\"leads_manage_permission_specific\";s:0:\"\";s:19:\"can_access_invoices\";s:1:\"1\";s:19:\"can_create_invoices\";s:1:\"1\";s:17:\"can_edit_invoices\";s:1:\"1\";s:19:\"can_delete_invoices\";N;s:25:\"invoice_manage_permission\";s:3:\"all\";s:34:\"invoice_manage_permission_specific\";s:0:\"\";s:21:\"can_access_job_orders\";s:1:\"1\";s:21:\"can_create_job_orders\";s:1:\"1\";s:19:\"can_edit_job_orders\";s:1:\"1\";s:21:\"can_delete_job_orders\";N;s:28:\"job_orders_manage_permission\";s:3:\"all\";s:37:\"job_orders_manage_permission_specific\";s:0:\"\";s:26:\"can_access_invoices_return\";s:1:\"1\";s:26:\"can_create_invoices_return\";s:1:\"1\";s:24:\"can_edit_invoices_return\";s:1:\"1\";s:26:\"can_delete_invoices_return\";N;s:32:\"invoice_return_manage_permission\";s:3:\"all\";s:41:\"invoice_return_manage_permission_specific\";s:0:\"\";s:20:\"can_access_estimates\";s:1:\"1\";s:19:\"can_add_team_member\";N;s:20:\"can_create_estimates\";s:1:\"1\";s:18:\"can_edit_estimates\";s:1:\"1\";s:20:\"can_delete_estimates\";N;s:26:\"estimate_manage_permission\";s:3:\"all\";s:35:\"estimate_manage_permission_specific\";s:0:\"\";s:16:\"estimate_request\";N;s:8:\"discount\";s:1:\"5\";s:8:\"expenses\";N;s:9:\"estimates\";s:3:\"all\";s:8:\"invoices\";s:3:\"all\";s:16:\"invoice_payments\";s:0:\"\";s:14:\"delivery_notes\";N;s:15:\"purchase_orders\";N;s:23:\"purchase_order_payments\";s:0:\"\";s:8:\"payrolls\";N;s:21:\"internal_transactions\";N;}',0),(18,'designer',NULL,0),(19,'inventory manager',NULL,0);

--
-- Table structure for table `salary_advance`
--

CREATE TABLE `salary_advance` (
  `id` int(11) NOT NULL AUTO_INCREMENT,
  `user_id` int(11) DEFAULT NULL,
  `amount` float NOT NULL DEFAULT '0',
  `date` date DEFAULT NULL,
  `deleted` tinyint(1) DEFAULT '0',
  PRIMARY KEY (`id`)
) ENGINE=InnoDB DEFAULT CHARSET=utf8 COLLATE=utf8_unicode_ci;

--
-- Dumping data for table `salary_advance`
--


--
-- Table structure for table `sale_return_items`
--

CREATE TABLE `sale_return_items` (
  `id` int(11) NOT NULL AUTO_INCREMENT,
  `sale_return_id` int(11) NOT NULL,
  `item_id` int(11) NOT NULL,
  `invoice_item_id` int(11) NOT NULL,
  `quantity` double NOT NULL DEFAULT '0',
  `deleted` int(1) NOT NULL DEFAULT '0',
  `sort` int(11) NOT NULL DEFAULT '0',
  PRIMARY KEY (`id`)
) ENGINE=InnoDB DEFAULT CHARSET=utf8 COLLATE=utf8_unicode_ci;

--
-- Dumping data for table `sale_return_items`
--


--
-- Table structure for table `sale_returns`
--

CREATE TABLE `sale_returns` (
  `id` int(11) NOT NULL AUTO_INCREMENT,
  `invoice_id` int(11) NOT NULL,
  `client_id` int(11) NOT NULL DEFAULT '0',
  `payment_method_id` int(11) DEFAULT '0',
  `transaction_id` int(11) DEFAULT '0',
  `date` date NOT NULL,
  `status` enum('draft','approved') COLLATE utf8_unicode_ci DEFAULT 'draft',
  `note` text COLLATE utf8_unicode_ci,
  `deleted` int(1) NOT NULL DEFAULT '0',
  PRIMARY KEY (`id`)
) ENGINE=InnoDB DEFAULT CHARSET=utf8 COLLATE=utf8_unicode_ci;

--
-- Dumping data for table `sale_returns`
--


--
-- Table structure for table `saleorder_status`
--

CREATE TABLE `saleorder_status` (
  `id` int(11) NOT NULL AUTO_INCREMENT,
  `title` varchar(100) COLLATE utf8_unicode_ci NOT NULL,
  `key_name` varchar(100) COLLATE utf8_unicode_ci NOT NULL,
  `color` varchar(7) COLLATE utf8_unicode_ci NOT NULL,
  `sort` int(11) NOT NULL,
  `deleted` tinyint(1) NOT NULL DEFAULT '0',
  PRIMARY KEY (`id`)
) ENGINE=InnoDB AUTO_INCREMENT=5 DEFAULT CHARSET=utf8 COLLATE=utf8_unicode_ci;

--
-- Dumping data for table `saleorder_status`
--

INSERT INTO `saleorder_status` VALUES (1,'Pending','pending','#F9A52D',0,0),(2,'Ready','ready','#1672B9',1,0),(3,'In Progress','in_progress','#00B393',2,0),(4,'Finished','finished','#aab7b7',3,0);

--
-- Table structure for table `sales_items`
--

CREATE TABLE `sales_items` (
  `id` int(11) NOT NULL AUTO_INCREMENT,
  `title` text COLLATE utf8_unicode_ci NOT NULL,
  `sale_account_id` int(11) NOT NULL,
  `sale_cost_account_id` int(11) NOT NULL,
  `deleted` tinyint(1) NOT NULL DEFAULT '0',
  PRIMARY KEY (`id`) USING BTREE
) ENGINE=InnoDB AUTO_INCREMENT=3 DEFAULT CHARSET=utf8 COLLATE=utf8_unicode_ci ROW_FORMAT=DYNAMIC;

--
-- Dumping data for table `sales_items`
--

INSERT INTO `sales_items` VALUES (1,'Default Sales',70,62,0),(2,'Branch 1',70,62,1);

--
-- Table structure for table `settings`
--

CREATE TABLE `settings` (
  `setting_name` varchar(100) COLLATE utf8_unicode_ci NOT NULL,
  `setting_value` mediumtext COLLATE utf8_unicode_ci NOT NULL,
  `type` varchar(20) COLLATE utf8_unicode_ci NOT NULL DEFAULT 'app',
  `deleted` tinyint(1) NOT NULL DEFAULT '0',
  UNIQUE KEY `setting_name` (`setting_name`)
) ENGINE=InnoDB DEFAULT CHARSET=utf8 COLLATE=utf8_unicode_ci;

--
-- Dumping data for table `settings`
--

INSERT INTO `settings` VALUES ('accepted_file_formats','jpg,jpeg,doc,pdf,csv,pptx,xlsx,docx,png,rar,zip,cat','app',0),('allow_partial_invoice_payment_from_clients','','app',0),('allowed_ip_addresses','','app',0),('app_title','Edama','app',0),('attendance_password','94269935','app',0),('banks_accounts_parent','25','app',0),('cash_on_hand_accounts_parent','24','app',0),('client_can_add_project_files','1','app',0),('client_can_comment_on_files','1','app',0),('client_can_comment_on_tasks','1','app',0),('client_can_create_projects','1','app',0),('client_can_create_tasks','1','app',0),('client_can_edit_tasks','1','app',0),('client_can_view_activity','1','app',0),('client_can_view_gantt','1','app',0),('client_can_view_milestones','1','app',0),('client_can_view_overview','1','app',0),('client_can_view_project_files','1','app',0),('client_can_view_tasks','1','app',0),('client_default_dashboard','','app',0),('client_message_own_contacts','1','app',0),('client_message_users','5','app',0),('clients_accounts_parent','19','app',0),('clients_parent','','app',0),('company_address','Al-Maabela, Muscat, Oman, 122','app',0),('company_email','contact@edama-group.com','app',0),('company_name','Edama Businesses SPC ','app',0),('company_phone','91949780','app',0),('company_vat_number','OM1100367057','app',0),('company_website','edama-group.com','app',0),('cost_of_goods_sold','62','app',0),('currency_position','right','app',0),('currency_symbol',' /OMR','app',0),('date_format','d-m-Y','app',0),('decimal_separator','.','app',0),('default_bank','61','app',0),('default_cash_on_hand','12','app',0),('default_currency','OMR','app',0),('default_due_date_after_billing_date','30','app',0),('default_git','75','app',0),('default_inventory','18','app',0),('default_job_order','77','app',0),('default_sales','70','app',0),('disable_client_login','1','app',0),('disable_client_signup','1','app',0),('discount','60','app',0),('email_protocol','','app',0),('email_sent_from_address','info@teamway.om','app',0),('email_sent_from_name','Teamway','app',0),('email_smtp_host','','app',0),('email_smtp_pass','','app',0),('email_smtp_port','','app',0),('email_smtp_security_type','none','app',0),('email_smtp_user','','app',0),('enable_attendance','','app',0),('enable_email_piping','','app',0),('enable_google_calendar_api','1','app',0),('enable_push_notification','','app',0),('enable_rich_text_editor','0','app',0),('estimate_color','#46b8e9','app',0),('estimate_logo','','app',0),('expenses_accounts_parent','56','app',0),('favicon','a:1:{s:9:\"file_name\";s:30:\"_file6734c33e625f0-favicon.png\";}','app',0),('financial_year_end','2022-01-01','app',0),('first_day_of_week','6','app',0),('hidden_client_menus','','app',0),('imap_email','info@teamway.om','app',0),('imap_host','','app',0),('imap_password','00000','app',0),('imap_port','','app',0),('imap_ssl_enabled','1','app',0),('initial_number_of_the_estimate','50','app',0),('initial_number_of_the_invoice','82','app',0),('invoice_color','#46b8e9','app',0),('invoice_footer','<p><br></p>','app',0),('invoice_logo','a:1:{s:9:\"file_name\";s:35:\"_file676d19c1da520-invoice-logo.png\";}','app',0),('invoice_prefix','INV/','app',0),('item_purchase_code','53434654','app',0),('language','english','app',0),('leave_salary_expenses','4','app',0),('module_announcement','1','app',0),('module_attendance','','app',0),('module_chat','1','app',0),('module_estimate','1','app',0),('module_estimate_request','','app',0),('module_event','1','app',0),('module_expense','1','app',0),('module_help','','app',0),('module_invoice','1','app',0),('module_knowledge_base','1','app',0),('module_lead','1','app',0),('module_leave','1','app',0),('module_message','1','app',0),('module_note','1','app',0),('module_project_timesheet','','app',0),('module_ticket','','app',0),('module_timeline','1','app',0),('module_todo','1','app',0),('no_of_decimals','2','app',0),('payable_cheques','43','app',0),('payable_EOS_benefits','15','app',0),('payable_job_security','9','app',0),('payable_leave_salaries','15','app',0),('payable_PASI','53','app',0),('payable_salaries','46','app',0),('petty_cash_parent','16','app',0),('products_account','78','app',0),('project_reference_in_tickets','1','app',0),('pusher_app_id','929038','app',0),('pusher_cluster','eu','app',0),('pusher_key','2cbc86a72bfa9a85b0e5','app',0),('pusher_secret','53077cbb420c5e79c8f6','app',0),('raw_materials_account','76','app',0),('receivable_cheques','21','app',0),('rows_per_page','100','app',0),('salary_advances','66','app',0),('salary_expenses','65','app',0),('scrollbar','native','app',0),('send_bcc_to','office@edama-group.com','app',0),('send_estimate_bcc_to','','app',0),('show_background_image_in_signin_page','yes','app',0),('show_logo_in_signin_page','yes','app',0),('show_recent_ticket_comments_at_the_top','1','app',0),('signin_page_background','a:4:{s:9:\"file_name\";s:102:\"system_file673079fad21e1-pngtree-interior-of-an-empty-factory-a-3d-rendering-picture-image_4058647.jpg\";s:9:\"file_size\";s:6:\"969816\";s:7:\"file_id\";N;s:12:\"service_type\";N;}','app',0),('site_logo','a:1:{s:9:\"file_name\";s:32:\"_file6734c33e61c80-site-logo.png\";}','app',0),('suppliers_accounts_parent','37','app',0),('ticket_prefix','','app',0),('time_format','capital','app',0),('timezone','Asia/Muscat','app',0),('treasury_accounts_parent','12','app',0),('user_1_allowed_distance','100000','user',0),('user_1_dashboard','','user',0),('user_1_disable_push_notification','0','user',0),('user_1_hidden_topbar_menus','','user',0),('user_1_location','23.620058326708097,58.24233084570313','user',0),('user_1_notification_sound_volume','4','user',0),('user_1_personal_language','english','user',0),('user_10_dashboard','','user',0),('user_10_personal_language','english','user',0),('user_11_dashboard','','user',0),('user_12_dashboard','','user',0),('user_12_personal_language','english','user',0),('user_13_dashboard','','user',0),('user_13_personal_language','english','user',0),('user_14_dashboard','','user',0),('user_17_dashboard','','user',0),('user_17_personal_language','arabic','user',0),('user_18_dashboard','','user',0),('user_19_dashboard','','user',0),('user_2_dashboard','','user',0),('user_2_personal_language','english','user',0),('user_21_dashboard','','user',0),('user_21_personal_language','arabic','user',0),('user_22_dashboard','','user',0),('user_23_dashboard','','user',0),('user_24_dashboard','','user',0),('user_24_personal_language','arabic','user',0),('user_25_dashboard','','user',0),('user_25_personal_language','english','user',0),('user_26_dashboard','','user',0),('user_26_personal_language','arabic','user',0),('user_3_dashboard','','user',0),('user_39_dashboard','','user',0),('user_39_personal_language','english','user',0),('user_4_dashboard','','user',0),('user_4_personal_language','english','user',0),('user_43_dashboard','','user',0),('user_44_dashboard','','user',0),('user_45_dashboard','','user',0),('user_46_dashboard','','user',0),('user_47_dashboard','','user',0),('user_48_dashboard','','user',0),('user_48_personal_language','english','user',0),('user_49_dashboard','','user',0),('user_5_allowed_distance','100000000','user',0),('user_5_dashboard','','user',0),('user_5_disable_push_notification','1','user',0),('user_5_hidden_topbar_menus','','user',0),('user_5_location','23.673522614041882,57.680654820312505','user',0),('user_5_notification_sound_volume','7','user',0),('user_5_personal_language','english','user',0),('user_53_dashboard','','user',0),('user_54_dashboard','','user',0),('user_54_personal_language','english','user',0),('user_58_dashboard','','user',0),('user_6_dashboard','','user',0),('user_6_personal_language','arabic','user',0),('user_64_dashboard','','user',0),('user_65_dashboard','','user',0),('user_66_dashboard','','user',0),('user_69_dashboard','','user',0),('user_7_dashboard','','user',0),('user_70_dashboard','','user',0),('user_72_dashboard','','user',0),('user_8_dashboard','','user',0),('VAT_expense','21','app',0),('VAT_in','35','app',0),('VAT_out','27','app',0),('weekend','5','app',0);

--
-- Table structure for table `shipment_items`
--

CREATE TABLE `shipment_items` (
  `id` int(11) NOT NULL AUTO_INCREMENT,
  `item_id` int(11) NOT NULL,
  `po_item_id` int(11) NOT NULL,
  `quantity` double NOT NULL DEFAULT '0',
  `deleted` int(1) NOT NULL DEFAULT '0',
  `shipment_id` int(11) NOT NULL,
  `sort` int(11) NOT NULL DEFAULT '0',
  PRIMARY KEY (`id`)
) ENGINE=InnoDB DEFAULT CHARSET=utf8 COLLATE=utf8_unicode_ci;

--
-- Dumping data for table `shipment_items`
--


--
-- Table structure for table `shipments`
--

CREATE TABLE `shipments` (
  `id` int(11) NOT NULL AUTO_INCREMENT,
  `purchase_order_id` int(11) NOT NULL,
  `supplier_id` int(11) NOT NULL DEFAULT '0',
  `date` date NOT NULL,
  `invoice_number` varchar(255) COLLATE utf8_unicode_ci DEFAULT NULL,
  `invoice_date` date DEFAULT NULL,
  `delivery_note_number` varchar(255) COLLATE utf8_unicode_ci DEFAULT NULL,
  `delivery_note_date` date DEFAULT NULL,
  `status` enum('draft','approved') COLLATE utf8_unicode_ci DEFAULT NULL,
  `note` text COLLATE utf8_unicode_ci,
  `deleted` int(1) NOT NULL DEFAULT '0',
  PRIMARY KEY (`id`)
) ENGINE=InnoDB DEFAULT CHARSET=utf8 COLLATE=utf8_unicode_ci;

--
-- Dumping data for table `shipments`
--


--
-- Table structure for table `social_links`
--

CREATE TABLE `social_links` (
  `id` int(11) NOT NULL,
  `user_id` int(11) NOT NULL,
  `facebook` text COLLATE utf8_unicode_ci,
  `twitter` text COLLATE utf8_unicode_ci,
  `linkedin` text COLLATE utf8_unicode_ci,
  `googleplus` text COLLATE utf8_unicode_ci,
  `digg` text COLLATE utf8_unicode_ci,
  `youtube` text COLLATE utf8_unicode_ci,
  `pinterest` text COLLATE utf8_unicode_ci,
  `instagram` text COLLATE utf8_unicode_ci,
  `github` text COLLATE utf8_unicode_ci,
  `tumblr` text COLLATE utf8_unicode_ci,
  `vine` text COLLATE utf8_unicode_ci,
  `deleted` tinyint(1) NOT NULL DEFAULT '0',
  PRIMARY KEY (`id`)
) ENGINE=InnoDB DEFAULT CHARSET=utf8 COLLATE=utf8_unicode_ci;

--
-- Dumping data for table `social_links`
--


--
-- Table structure for table `stock_adjustments`
--

CREATE TABLE `stock_adjustments` (
  `id` int(11) NOT NULL AUTO_INCREMENT,
  `item_id` int(11) NOT NULL,
  `quantity` double NOT NULL DEFAULT '0',
  `note` text COLLATE utf8_unicode_ci,
  `deleted` int(11) NOT NULL DEFAULT '0',
  PRIMARY KEY (`id`)
) ENGINE=InnoDB AUTO_INCREMENT=2 DEFAULT CHARSET=utf8 COLLATE=utf8_unicode_ci;

--
-- Dumping data for table `stock_adjustments`
--

INSERT INTO `stock_adjustments` VALUES (1,112,100,'',0);

--
-- Table structure for table `suppliers`
--

CREATE TABLE `suppliers` (
  `id` int(11) NOT NULL AUTO_INCREMENT,
  `company_name` varchar(150) COLLATE utf8_unicode_ci NOT NULL,
  `contact_name` varchar(150) COLLATE utf8_unicode_ci DEFAULT NULL,
  `email` varchar(150) COLLATE utf8_unicode_ci DEFAULT NULL,
  `address` text COLLATE utf8_unicode_ci,
  `city` varchar(50) COLLATE utf8_unicode_ci DEFAULT NULL,
  `state` varchar(50) COLLATE utf8_unicode_ci DEFAULT NULL,
  `zip` varchar(50) COLLATE utf8_unicode_ci DEFAULT NULL,
  `country` varchar(20) COLLATE utf8_unicode_ci DEFAULT NULL,
  `created_date` date DEFAULT NULL,
  `website` text COLLATE utf8_unicode_ci,
  `phone` varchar(20) COLLATE utf8_unicode_ci DEFAULT NULL,
  `alternative_phone` varchar(20) COLLATE utf8_unicode_ci DEFAULT NULL,
  `currency_symbol` varchar(20) COLLATE utf8_unicode_ci DEFAULT NULL,
  `currency` varchar(3) COLLATE utf8_unicode_ci DEFAULT NULL,
  `vat_number` text COLLATE utf8_unicode_ci,
  `note` mediumtext COLLATE utf8_unicode_ci,
  `account_id` int(11) NOT NULL DEFAULT '0',
  `advance_account_id` int(11) NOT NULL DEFAULT '0',
  `balance` double NOT NULL DEFAULT '0',
  `deleted` tinyint(4) NOT NULL DEFAULT '0',
  PRIMARY KEY (`id`)
) ENGINE=MyISAM AUTO_INCREMENT=9 DEFAULT CHARSET=utf8 COLLATE=utf8_unicode_ci;

--
-- Dumping data for table `suppliers`
--

INSERT INTO `suppliers` VALUES (1,'Supplier 1','','','','','','','','2024-11-12','','1213','','','','','',940,0,0,1),(2,'kamalian','moji','','','','','','','2025-02-27','','999999','','','','','',947,0,0,1),(3,'test','','','','','','','','2025-04-14','','9191919','','','','','',979,0,0,1),(4,'salco industrial ','manar','','dubai ','','','','','2025-04-14','','+971588155176','','','','','',984,0,0,0),(5,'medad group','seyed Rasool ','','','','','','','2025-04-14','','79050209','','','','','',985,0,0,0),(6,'ahmad yahya farhpor','novinchoob','','','','','','','2025-04-14','','71520753','','','','','',986,0,0,0),(7,'ultimate hardware solution ','mustafa salim vohra','info@uhsoman.com','','','','','','2025-04-14','','24592888','','','','','',987,0,0,0),(8,'sama muscat','unk','','','','','','','2025-04-14','','96203337','','','','','',988,0,0,0);

--
-- Table structure for table `task_status`
--

CREATE TABLE `task_status` (
  `id` int(11) NOT NULL AUTO_INCREMENT,
  `title` varchar(100) COLLATE utf8_unicode_ci NOT NULL,
  `key_name` varchar(100) COLLATE utf8_unicode_ci NOT NULL,
  `color` varchar(7) COLLATE utf8_unicode_ci NOT NULL,
  `sort` int(11) NOT NULL,
  `deleted` tinyint(1) NOT NULL DEFAULT '0',
  PRIMARY KEY (`id`)
) ENGINE=InnoDB AUTO_INCREMENT=5 DEFAULT CHARSET=utf8 COLLATE=utf8_unicode_ci;

--
-- Dumping data for table `task_status`
--

INSERT INTO `task_status` VALUES (1,'To Do','to_do','#F9A52D',0,0),(2,'In progress','in_progress','#1672B9',1,0),(3,'Done','done','#00B393',2,0),(4,'holding','','#aab7b7',3,0);

--
-- Table structure for table `tasks`
--

CREATE TABLE `tasks` (
  `id` int(11) NOT NULL AUTO_INCREMENT,
  `title` text COLLATE utf8_unicode_ci NOT NULL,
  `description` mediumtext COLLATE utf8_unicode_ci,
  `project_id` int(11) NOT NULL DEFAULT '0',
  `milestone_id` int(11) NOT NULL DEFAULT '0',
  `assigned_to` int(11) NOT NULL,
  `deadline` date DEFAULT NULL,
  `labels` text COLLATE utf8_unicode_ci,
  `points` tinyint(4) NOT NULL DEFAULT '1',
  `status` enum('to_do','in_progress','done') COLLATE utf8_unicode_ci NOT NULL DEFAULT 'to_do',
  `status_id` int(11) NOT NULL,
  `start_date` date DEFAULT NULL,
  `collaborators` text COLLATE utf8_unicode_ci NOT NULL,
  `sort` int(11) NOT NULL DEFAULT '0',
  `recurring` tinyint(1) NOT NULL DEFAULT '0',
  `repeat_every` int(11) NOT NULL DEFAULT '0',
  `repeat_type` enum('days','weeks','months','years') COLLATE utf8_unicode_ci DEFAULT NULL,
  `no_of_cycles` int(11) NOT NULL DEFAULT '0',
  `recurring_task_id` int(11) NOT NULL DEFAULT '0',
  `no_of_cycles_completed` int(11) NOT NULL DEFAULT '0',
  `created_date` date NOT NULL,
  `next_recurring_date` date DEFAULT NULL,
  `reminder_date` date NOT NULL,
  `ticket_id` int(11) NOT NULL,
  `deleted` tinyint(11) NOT NULL DEFAULT '0',
  PRIMARY KEY (`id`)
) ENGINE=InnoDB AUTO_INCREMENT=28 DEFAULT CHARSET=utf8 COLLATE=utf8_unicode_ci;

--
-- Dumping data for table `tasks`
--

INSERT INTO `tasks` VALUES (1,'طراحی اولیه','اللسا',1,1,3,'2024-11-17','',1,'to_do',3,'2024-11-15','1',0,0,0,'',0,0,0,'2024-11-14',NULL,'0000-00-00',0,0),(2,'vsg','sds',4,5,1,'2024-12-02','',1,'to_do',3,'2024-12-02','',0,0,0,'',0,0,0,'2024-11-19',NULL,'0000-00-00',0,1),(3,'طراحی  اولیه','اسلتسلیت',6,6,1,'2025-01-19','تست',5,'to_do',3,'2025-01-16','1',0,0,0,'',0,0,0,'2025-01-16',NULL,'0000-00-00',0,1),(4,'cutmaster','',3,7,1,NULL,'',1,'to_do',3,NULL,'1',0,0,0,'',0,0,0,'2025-02-18',NULL,'0000-00-00',0,1),(5,'انلایز ام دی اف','',9,9,1,'2025-03-05','',1,'to_do',4,'2025-03-03','',10000000,0,0,'',0,0,0,'2025-03-02',NULL,'0000-00-00',0,1),(6,'انالیز یراق آلات','',9,9,1,'2025-03-05','',1,'to_do',2,'2025-03-03','',10000000,0,0,'',0,0,0,'2025-03-02',NULL,'0000-00-00',0,1),(7,'3d sketch','kitchen',10,11,1,'2025-04-03','',1,'to_do',3,'2025-04-01','',10100000,0,0,'',0,0,0,'2025-04-01',NULL,'0000-00-00',0,1),(8,'cutting','test',10,12,1,'2025-04-11','',1,'to_do',3,'2025-04-08','',10000000,0,0,'',0,0,0,'2025-04-01',NULL,'0000-00-00',0,1),(9,'طراحی اولیه','تا زمان تایید مشتری ادامه خواهد داشت',11,13,3,'2025-04-09','خاص',1,'to_do',3,'2025-04-07','18',10000000,0,0,'',0,0,0,'2025-04-07',NULL,'0000-00-00',0,1),(10,'test','test',1,0,0,'2025-04-28','',1,'to_do',3,'2025-04-07','',0,0,0,'',0,0,0,'2025-04-07',NULL,'0000-00-00',0,0),(11,'dava ba erfan','chek nakardan',1,0,1,'2025-04-08','واجب',1,'to_do',1,'2025-04-07','',0,0,0,'',0,0,0,'2025-04-07',NULL,'0000-00-00',0,0),(12,'test','tteset',1,0,1,'2025-04-15','tets',1,'to_do',1,'2025-04-14','',0,0,0,'',0,0,0,'2025-04-07',NULL,'0000-00-00',0,0),(13,'tesr','ghfg',1,0,1,'2025-04-16','',1,'to_do',1,'2025-04-15','',0,0,0,'',0,0,0,'2025-04-07',NULL,'0000-00-00',0,0),(14,'dava ba erfan','hamrah ba fosh',12,17,12,'2025-04-14','',1,'to_do',3,'2025-04-07','18',10000000,0,0,'',0,0,0,'2025-04-07',NULL,'0000-00-00',0,0),(15,'طراحی','تا زمان تایید مشتری ادامه خواهد داشت',13,18,1,'2025-04-09','حساس',1,'to_do',1,'2025-04-08','1',0,0,0,'',0,0,0,'2025-04-07',NULL,'0000-00-00',0,1),(16,'تصميم','لون فاتح',15,0,25,'2025-04-22','مستعجل',1,'to_do',1,'2025-04-19','3',0,0,0,'',0,0,0,'2025-04-19',NULL,'0000-00-00',0,0),(17,'Project Implementation','Project Implementation',22,0,3,'2025-05-05','',5,'to_do',3,'2025-05-01','',0,0,0,'',0,0,0,'2025-05-04',NULL,'0000-00-00',0,0),(18,'اجرا','',27,0,3,NULL,'',3,'to_do',1,NULL,'',0,0,0,'',0,0,0,'2025-05-27',NULL,'0000-00-00',0,0),(19,'اجرا','کلاته',21,0,3,'2025-05-31','',3,'to_do',1,'2025-05-06','',0,0,0,'',0,0,0,'2025-05-27',NULL,'0000-00-00',0,0),(20,'اجرا','کلاته',19,0,3,'2025-05-31','',3,'to_do',1,'2025-05-13','',0,0,0,'',0,0,0,'2025-05-27',NULL,'0000-00-00',0,0),(21,'اجرا','',23,0,3,NULL,'',1,'to_do',1,NULL,'',0,0,0,'',0,0,0,'2025-05-28',NULL,'0000-00-00',0,0),(22,'احمد ااصغری کمالیان','احمد ااصغری کمالیان',29,0,3,'2025-06-17','',3,'to_do',1,'2025-05-29','',0,0,0,'',0,0,0,'2025-05-29',NULL,'0000-00-00',0,0),(23,'خلیفه سعید جمشید','خلیفه سعید جمشید',30,0,3,'2025-07-01','',4,'to_do',1,'2025-06-01','',0,0,0,'',0,0,0,'2025-06-01',NULL,'0000-00-00',0,0),(24,'فهد راشد الکلبانی','فهد راشد الکلبانی',31,0,3,'2025-07-01','',3,'to_do',1,'2025-06-01','',0,0,0,'',0,0,0,'2025-06-01',NULL,'0000-00-00',0,0),(25,'عبدالله المزینی بختیار','عبدالله المزینی بختیار',32,0,3,'2025-07-02','',3,'to_do',3,'2025-06-02','',0,0,0,'',0,0,0,'2025-06-08',NULL,'0000-00-00',0,0),(26,'وایل الکلومی رامین','وایل الکلومی رامین',25,0,3,NULL,'',3,'to_do',3,NULL,'',0,0,0,'',0,0,0,'2025-06-08',NULL,'0000-00-00',0,0),(27,'اجرا','',32,0,3,NULL,'',1,'to_do',3,NULL,'',0,0,0,'',0,0,0,'2025-06-12',NULL,'0000-00-00',0,0);

--
-- Table structure for table `taxes`
--

CREATE TABLE `taxes` (
  `id` int(11) NOT NULL AUTO_INCREMENT,
  `title` tinytext CHARACTER SET utf8 COLLATE utf8_unicode_ci NOT NULL,
  `percentage` double NOT NULL,
  `deleted` tinyint(1) NOT NULL DEFAULT '0',
  PRIMARY KEY (`id`)
) ENGINE=InnoDB AUTO_INCREMENT=5 DEFAULT CHARSET=latin1;

--
-- Dumping data for table `taxes`
--

INSERT INTO `taxes` VALUES (1,'VAT (5%)',5,0),(2,'SPD- vat (3%)',3,1),(3,'SPD-Vat ( Nill) new agreement (0%)',0,1),(4,'-',0,0);

--
-- Table structure for table `team`
--

CREATE TABLE `team` (
  `id` int(11) NOT NULL AUTO_INCREMENT,
  `title` text COLLATE utf8_unicode_ci NOT NULL,
  `members` mediumtext COLLATE utf8_unicode_ci NOT NULL,
  `deleted` int(1) NOT NULL DEFAULT '0',
  PRIMARY KEY (`id`)
) ENGINE=InnoDB AUTO_INCREMENT=9 DEFAULT CHARSET=utf8 COLLATE=utf8_unicode_ci;

--
-- Dumping data for table `team`
--

INSERT INTO `team` VALUES (1,'sohar','1',0),(2,'salalah','1',0),(3,'mabilah','1',0),(4,'aziba','1',0),(5,'Sale Team 1','13',0),(6,'Sale Team 2','12',0),(7,'Sale Team 3','20,21',0),(8,'Sale Team 4','22',0);

--
-- Table structure for table `team_member_job_info`
--

CREATE TABLE `team_member_job_info` (
  `id` int(11) NOT NULL AUTO_INCREMENT,
  `user_id` int(11) NOT NULL,
  `date_of_hire` date DEFAULT NULL,
  `deleted` int(1) NOT NULL DEFAULT '0',
  `salary` double NOT NULL DEFAULT '0',
  `salary_term` varchar(20) COLLATE utf8_unicode_ci DEFAULT NULL,
  `working_hours` int(11) DEFAULT NULL,
  `yearly_leaves` int(11) DEFAULT NULL,
  `housing` float DEFAULT '0',
  `transportation` float DEFAULT '0',
  `telephone` float DEFAULT '0',
  `utility` float DEFAULT '0',
  `national` tinyint(4) DEFAULT '0',
  `pasi` tinyint(4) DEFAULT '1',
  `bank_title` text COLLATE utf8_unicode_ci,
  `account_title` text COLLATE utf8_unicode_ci,
  `account_no` text COLLATE utf8_unicode_ci,
  PRIMARY KEY (`id`),
  KEY `user_id` (`user_id`)
) ENGINE=InnoDB AUTO_INCREMENT=25 DEFAULT CHARSET=utf8 COLLATE=utf8_unicode_ci;

--
-- Dumping data for table `team_member_job_info`
--

INSERT INTO `team_member_job_info` VALUES (1,2,'2024-11-12',0,500,NULL,40,30,0,0,0,0,0,1,NULL,NULL,NULL),(2,3,'2024-07-16',0,300,NULL,48,12,0,0,0,0,0,1,NULL,NULL,NULL),(3,4,'2024-11-14',0,200,NULL,56,12,0,0,0,0,0,1,NULL,NULL,NULL),(4,5,'2024-11-19',0,0,NULL,0,0,0,0,0,0,0,1,NULL,NULL,NULL),(5,7,'2025-01-20',0,100,NULL,100,10,0,0,0,0,0,1,NULL,NULL,NULL),(6,8,'2025-01-29',0,0,NULL,0,0,0,0,0,0,0,1,NULL,NULL,NULL),(7,9,'0000-00-00',0,0,NULL,8,0,0,0,0,0,0,1,NULL,NULL,NULL),(8,10,'1999-01-28',0,0,NULL,8,30,0,0,0,0,0,1,NULL,NULL,NULL),(9,11,'0000-00-00',0,0,NULL,0,0,0,0,0,0,0,1,NULL,NULL,NULL),(10,12,'0000-00-00',0,0,NULL,8,30,0,0,0,0,0,1,NULL,NULL,NULL),(11,13,'0000-00-00',0,0,NULL,8,30,0,0,0,0,0,1,NULL,NULL,NULL),(12,14,'0000-00-00',0,0,NULL,0,0,0,0,0,0,0,1,NULL,NULL,NULL),(13,15,'1987-05-03',0,0,NULL,8,30,0,0,0,0,0,1,NULL,NULL,NULL),(14,17,'2024-12-01',0,300,NULL,8,12,0,0,0,0,0,1,NULL,NULL,NULL),(15,18,'2025-02-01',0,400,NULL,8,12,0,0,0,0,0,1,NULL,NULL,NULL),(16,19,'2024-11-01',0,200,NULL,8,12,0,0,0,0,0,1,NULL,NULL,NULL),(17,20,'2023-06-01',0,300,NULL,8,12,0,0,0,0,0,1,NULL,NULL,NULL),(18,21,'2024-11-01',0,200,NULL,8,12,0,0,0,0,0,1,NULL,NULL,NULL),(19,22,'2025-03-08',0,200,NULL,8,12,0,0,0,0,0,1,NULL,NULL,NULL),(20,23,'2024-06-01',0,300,NULL,8,12,0,0,0,0,0,1,NULL,NULL,NULL),(21,24,'2025-04-06',0,0,NULL,0,0,0,0,0,0,0,1,NULL,NULL,NULL),(22,25,'2023-11-01',0,0,NULL,0,0,0,0,0,0,0,1,NULL,NULL,NULL),(23,26,'2025-04-19',0,162.5,NULL,8,30,0,0,0,0,0,1,NULL,NULL,NULL),(24,27,'2019-11-01',0,3500,NULL,8,22,0,0,0,0,0,1,NULL,NULL,NULL);

--
-- Table structure for table `ticket_comments`
--

CREATE TABLE `ticket_comments` (
  `id` int(11) NOT NULL AUTO_INCREMENT,
  `created_by` int(11) NOT NULL,
  `created_at` datetime NOT NULL,
  `description` mediumtext COLLATE utf8_unicode_ci NOT NULL,
  `ticket_id` int(11) NOT NULL,
  `files` longtext COLLATE utf8_unicode_ci,
  `deleted` tinyint(1) NOT NULL DEFAULT '0',
  PRIMARY KEY (`id`)
) ENGINE=InnoDB DEFAULT CHARSET=utf8 COLLATE=utf8_unicode_ci;

--
-- Dumping data for table `ticket_comments`
--


--
-- Table structure for table `ticket_types`
--

CREATE TABLE `ticket_types` (
  `id` int(11) NOT NULL AUTO_INCREMENT,
  `title` text COLLATE utf8_unicode_ci NOT NULL,
  `deleted` tinyint(1) NOT NULL DEFAULT '0',
  PRIMARY KEY (`id`)
) ENGINE=InnoDB AUTO_INCREMENT=4 DEFAULT CHARSET=utf8 COLLATE=utf8_unicode_ci;

--
-- Dumping data for table `ticket_types`
--

INSERT INTO `ticket_types` VALUES (1,'General Support',0),(2,'One way',0),(3,'Two way',0);

--
-- Table structure for table `tickets`
--

CREATE TABLE `tickets` (
  `id` int(11) NOT NULL AUTO_INCREMENT,
  `client_id` int(11) NOT NULL,
  `project_id` int(11) NOT NULL DEFAULT '0',
  `ticket_type_id` int(11) NOT NULL,
  `title` text COLLATE utf8_unicode_ci NOT NULL,
  `created_by` int(11) NOT NULL,
  `created_at` datetime NOT NULL,
  `status` enum('new','client_replied','open','closed') COLLATE utf8_unicode_ci NOT NULL DEFAULT 'new',
  `last_activity_at` datetime DEFAULT NULL,
  `assigned_to` int(11) NOT NULL DEFAULT '0',
  `creator_name` varchar(100) COLLATE utf8_unicode_ci NOT NULL,
  `creator_email` varchar(255) COLLATE utf8_unicode_ci NOT NULL,
  `labels` text COLLATE utf8_unicode_ci,
  `task_id` int(11) NOT NULL,
  `closed_at` datetime NOT NULL,
  `deleted` tinyint(1) NOT NULL DEFAULT '0',
  PRIMARY KEY (`id`)
) ENGINE=InnoDB DEFAULT CHARSET=utf8 COLLATE=utf8_unicode_ci;

--
-- Dumping data for table `tickets`
--


--
-- Table structure for table `to_do`
--

CREATE TABLE `to_do` (
  `id` int(11) NOT NULL AUTO_INCREMENT,
  `created_by` int(11) NOT NULL,
  `created_at` datetime NOT NULL,
  `title` text COLLATE utf8_unicode_ci NOT NULL,
  `description` mediumtext COLLATE utf8_unicode_ci,
  `labels` text COLLATE utf8_unicode_ci,
  `status` enum('to_do','done') COLLATE utf8_unicode_ci NOT NULL DEFAULT 'to_do',
  `start_date` date DEFAULT NULL,
  `deleted` tinyint(1) NOT NULL DEFAULT '0',
  PRIMARY KEY (`id`)
) ENGINE=InnoDB AUTO_INCREMENT=15 DEFAULT CHARSET=utf8 COLLATE=utf8_unicode_ci;

--
-- Dumping data for table `to_do`
--

INSERT INTO `to_do` VALUES (1,1,'2025-01-13 09:01:23','test','','','to_do',NULL,1),(2,1,'2025-01-13 09:02:07','tezyyt','sesdfs','es','to_do','2025-01-13',1),(3,1,'2025-01-16 09:31:01','تکمیل ..','ییی','','done','2025-01-16',1),(4,1,'2025-01-16 09:31:18','یه کار ذیکیم','یسسس','','done','2025-01-16',1),(5,1,'2025-02-26 07:42:28','zabte video amozeshi','','','to_do',NULL,1),(6,12,'2025-02-26 13:57:17','تماس با ممد','','','done',NULL,1),(7,12,'2025-04-01 14:41:07','design the test ','','','done',NULL,1),(8,12,'2025-04-01 14:41:23','call to muscat order mdf','10707\n1212','Important,immediate','done','2025-04-02',1),(9,19,'2025-04-02 14:23:31','اندازه گیری برای عباس','','','done',NULL,0),(10,19,'2025-04-02 14:24:13','تماس گرفتن با عباس','جواب نداد','Important','to_do','2025-04-02',1),(11,1,'2025-04-07 15:11:23','calling customer ','','','done',NULL,1),(12,1,'2025-04-07 15:22:39','zang zadan be ahmad','','','done',NULL,0),(13,26,'2025-04-19 07:40:10','test','','','done',NULL,0),(14,1,'2025-04-20 14:35:42','print or send offices documents for each sale office','','','done',NULL,0);

--
-- Table structure for table `transactions`
--

CREATE TABLE `transactions` (
  `id` int(11) NOT NULL AUTO_INCREMENT,
  `date` date NOT NULL,
  `type` text NOT NULL,
  `is_manual` tinyint(1) NOT NULL DEFAULT '0',
  `reference` text,
  `bank_cash` int(11) DEFAULT '0',
  `deleted` tinyint(1) NOT NULL DEFAULT '0',
  PRIMARY KEY (`id`)
) ENGINE=InnoDB AUTO_INCREMENT=709 DEFAULT CHARSET=utf8;

--
-- Dumping data for table `transactions`
--

INSERT INTO `transactions` VALUES (1,'2024-11-12','Invoice: INV/1',0,NULL,0,1),(2,'2024-11-12','Invoice Payment Received: INV/1',0,NULL,0,1),(3,'2024-11-12','Invoice Payment Received: INV/1',0,NULL,0,1),(4,'2024-11-12','Invoice Inventory: INV/1',0,NULL,0,1),(5,'2024-11-12','Invoice Payment Received: INV/1',0,NULL,0,1),(6,'2024-11-12','New Job Order : 1',0,NULL,0,0),(7,'2024-11-12','Petty Cash From Bank To Admin',0,NULL,0,1),(8,'2024-11-12','journal_entry',1,'123',0,0),(9,'2024-11-12','Approved Employees Salaries - November-2024',0,NULL,0,1),(10,'2024-11-12','Invoice: INV/2',0,NULL,0,1),(11,'2024-11-12','Invoice Payment Received: INV/2',0,NULL,0,0),(12,'2024-11-12','New Job Order : 2',0,NULL,0,0),(13,'2024-11-19','New Job Order : 3',0,NULL,0,0),(14,'2024-11-19','Invoice: INV/4',0,NULL,0,1),(15,'2024-11-19','Invoice Payment Received: INV/4',0,NULL,0,0),(16,'2024-11-19','Automatic General Expense: Bank',0,NULL,0,0),(17,'2024-11-19','Automatic Purchase Payment: PURCHASE ORDER #3',0,NULL,0,0),(18,'2024-11-19','Invoice: INV/6',0,NULL,0,1),(19,'2024-11-19','New Job Order : 4',0,NULL,0,0),(20,'2024-11-19','Invoice: INV/7',0,NULL,0,1),(21,'2024-11-19','Invoice Payment Received: INV/7',0,NULL,0,0),(22,'2024-11-13','Invoice Payment Received: INV/8',0,NULL,0,0),(23,'2024-11-19','Automatic General Expense: Bank',0,NULL,0,0),(24,'2025-01-12','Invoice: INV/23',0,NULL,0,1),(25,'2025-02-24','Invoice: INV/47',0,NULL,0,1),(26,'2025-02-26','Invoice Payment Received: INV/49',0,NULL,0,0),(27,'2025-02-26','Invoice: INV/49',0,NULL,0,1),(28,'2025-02-26','New Job Order : 5',0,NULL,0,0),(29,'2025-02-26','Invoice: INV/52',0,NULL,0,0),(30,'2025-02-26','Invoice Payment Received: INV/52',0,NULL,0,0),(31,'2025-02-26','Invoice: INV/51',0,NULL,0,0),(32,'2025-03-02','New Job Order : 6',0,NULL,0,0),(33,'2025-02-27','Invoice Payment Received: INV/51',0,NULL,0,0),(34,'2025-04-01','Invoice: INV/54',0,NULL,0,0),(35,'2025-04-02','Invoice Payment Received: INV/54',0,NULL,0,0),(36,'2025-04-02','Invoice: INV/55',0,NULL,0,0),(37,'2025-04-02','Invoice: INV/56',0,NULL,0,1),(38,'2025-04-02','Invoice: INV/58',0,NULL,0,0),(39,'2025-04-02','Invoice Payment Received: INV/55',0,NULL,0,0),(40,'2025-04-03','Invoice: INV/59',0,NULL,0,0),(41,'2025-04-04','Invoice Payment Received: INV/60',0,NULL,0,0),(42,'2025-04-04','Invoice: INV/60',0,NULL,0,0),(43,'2025-04-04','Invoice Payment Received: INV/61',0,NULL,0,0),(44,'2025-04-04','Invoice: INV/61',0,NULL,0,1),(45,'2025-04-05','Invoice: INV/62',0,NULL,0,1),(46,'2025-04-05','Invoice: INV/62',0,NULL,0,1),(47,'2025-04-06','Invoice Payment Received: INV/62',0,NULL,0,0),(48,'2025-04-04','Invoice: INV/61',0,NULL,0,0),(49,'2025-04-06','Invoice: INV/64',0,NULL,0,1),(50,'2025-04-06','Invoice Payment Received: INV/64',0,NULL,0,0),(51,'2025-03-15','Invoice Payment Received: INV/64',0,NULL,0,0),(52,'2025-04-06','Invoice: INV/64',0,NULL,0,1),(53,'2025-04-06','Invoice Payment Received: INV/66',0,NULL,0,0),(54,'2025-04-09','Invoice: INV/66',0,NULL,0,0),(55,'2025-04-06','Invoice Payment Received: INV/67',0,NULL,0,0),(56,'2025-04-09','Invoice: INV/67',0,NULL,0,0),(57,'2025-04-12','Invoice: INV/69',0,NULL,0,0),(58,'2025-04-12','Invoice: INV/70',0,NULL,0,1),(59,'2025-04-12','Invoice: INV/70',0,NULL,0,0),(60,'2025-04-12','Invoice Payment Received: INV/69',0,NULL,0,0),(61,'2025-04-12','Invoice: INV/71',0,NULL,0,0),(62,'2025-04-12','Invoice Payment Received: INV/71',0,NULL,0,0),(63,'2025-04-12','Invoice: INV/72',0,NULL,0,1),(64,'2025-04-12','Invoice: INV/72',0,NULL,0,0),(65,'2025-04-12','Invoice Payment Received: INV/72',0,NULL,0,0),(66,'2025-04-12','Invoice Payment Received: INV/73',0,NULL,0,0),(67,'2025-04-12','Invoice: INV/73',0,NULL,0,1),(68,'2025-04-12','Invoice: INV/73',0,NULL,0,0),(69,'2025-04-12','Invoice: INV/74',0,NULL,0,0),(70,'2025-04-12','Invoice: INV/75',0,NULL,0,0),(71,'2025-04-12','Invoice Payment Received: INV/70',0,NULL,0,0),(72,'2025-04-14','Invoice: INV/76',0,NULL,0,0),(73,'2025-04-14','Invoice Payment Received: INV/77',0,NULL,0,0),(74,'2025-04-14','Invoice: INV/77',0,NULL,0,0),(75,'2025-04-14','Invoice: INV/78',0,NULL,0,1),(76,'2025-04-14','Invoice: INV/80',0,NULL,0,0),(77,'2025-04-14','Invoice Payment Received: INV/80',0,NULL,0,0),(78,'2025-04-15','Invoice: INV/81',0,NULL,0,0),(79,'2025-04-14','Invoice Payment Received: INV/81',0,NULL,0,0),(80,'2025-04-15','Invoice: INV/82',0,NULL,0,0),(81,'2025-04-15','Invoice Payment Received: INV/82',0,NULL,0,0),(82,'2025-04-16','Invoice: INV/83',0,NULL,0,1),(83,'2025-04-16','Invoice: INV/84',0,NULL,0,0),(84,'2025-04-16','Invoice Payment Received: INV/84',0,NULL,0,0),(85,'2025-04-16','Invoice: INV/83',0,NULL,0,1),(86,'2025-04-16','Invoice Payment Received: INV/85',0,NULL,0,0),(87,'2025-04-16','Invoice: INV/85',0,NULL,0,0),(88,'2025-04-17','Invoice Payment Received: INV/83',0,NULL,0,1),(89,'2025-04-17','Invoice Payment Received: INV/86',0,NULL,0,0),(90,'2025-04-17','Invoice: INV/86',0,NULL,0,0),(91,'2025-04-19','Invoice: INV/87',0,NULL,0,0),(92,'2025-05-02','Invoice Payment Received: INV/87',0,NULL,0,0),(93,'2025-04-19','Invoice Payment Received: INV/87',0,NULL,0,0),(94,'2025-04-19','Invoice: INV/88',0,NULL,0,1),(95,'2025-04-19','Invoice Payment Received: INV/88',0,NULL,0,0),(96,'2025-04-19','Invoice: INV/88',0,NULL,0,1),(97,'2025-04-19','Invoice: INV/88',0,NULL,0,0),(98,'2025-04-19','Invoice: INV/91',0,NULL,0,0),(99,'2025-04-19','Invoice Payment Received: INV/91',0,NULL,0,0),(100,'2025-04-20','Invoice: INV/92',0,NULL,0,1),(101,'2025-04-20','Invoice: INV/92',0,NULL,0,1),(102,'2025-04-20','Invoice Payment Received: INV/88',0,NULL,0,0),(103,'2025-04-20','Invoice: INV/93',0,NULL,0,0),(104,'2025-04-21','Invoice: INV/94',0,NULL,0,0),(105,'2025-04-21','Invoice Payment Received: INV/94',0,NULL,0,0),(106,'2025-03-27','Invoice: INV/96',0,NULL,0,1),(107,'2025-03-27','Invoice: INV/96',0,NULL,0,0),(108,'2025-04-22','Invoice: INV/97',0,NULL,0,0),(109,'2025-03-27','Invoice Payment Received: INV/97',0,NULL,0,0),(110,'2025-04-21','Invoice: INV/98',0,NULL,0,1),(111,'2025-04-22','Invoice: INV/99',0,NULL,0,1),(112,'2025-04-22','Invoice: INV/99',0,NULL,0,1),(113,'2025-04-22','Invoice: INV/99',0,NULL,0,1),(114,'2025-04-22','Invoice Payment Received: INV/99',0,NULL,0,0),(115,'2025-04-22','Invoice: INV/100',0,NULL,0,1),(116,'2025-04-22','Invoice Payment Received: INV/100',0,NULL,0,0),(117,'2025-04-22','Invoice: INV/100',0,NULL,0,0),(118,'2025-04-23','Invoice Payment Received: INV/92',0,NULL,0,0),(119,'2025-04-20','Invoice: INV/92',0,NULL,0,1),(120,'2025-04-23','Invoice: INV/102',0,NULL,0,1),(121,'2025-04-23','Invoice: INV/102',0,NULL,0,0),(122,'2025-04-05','Invoice Payment Received: INV/102',0,NULL,0,0),(123,'2025-04-23','Invoice: INV/101',0,NULL,0,0),(124,'2025-04-23','Invoice Payment Received: INV/101',0,NULL,0,0),(125,'2025-04-24','Invoice: INV/103',0,NULL,0,0),(126,'2025-04-24','Invoice Payment Received: INV/103',0,NULL,0,0),(127,'2025-04-24','Invoice: INV/104',0,NULL,0,1),(128,'2025-04-24','Invoice: INV/105',0,NULL,0,0),(129,'2025-03-20','Invoice Payment Received: INV/105',0,NULL,0,0),(130,'2025-04-24','Invoice: INV/106',0,NULL,0,1),(131,'2025-04-24','Invoice: INV/106',0,NULL,0,1),(132,'2025-04-20','Invoice Payment Received: INV/106',0,NULL,0,0),(133,'2025-04-24','Invoice: INV/104',0,NULL,0,1),(134,'2025-04-26','Invoice Payment Received: INV/92',0,NULL,0,0),(135,'2025-04-20','Invoice Payment Received: INV/104',0,NULL,0,0),(136,'2025-04-24','Invoice: INV/104',0,NULL,0,0),(137,'2025-03-29','Invoice Payment Received: INV/107',0,NULL,0,0),(138,'2025-03-29','Invoice: INV/107',0,NULL,0,1),(139,'2025-03-29','Invoice Payment Received: INV/108',0,NULL,0,0),(140,'2025-04-24','Invoice Payment Received: INV/108',0,NULL,0,0),(141,'2025-04-26','Invoice: INV/108',0,NULL,0,0),(142,'2025-04-26','Invoice: INV/109',0,NULL,0,0),(143,'2025-03-25','Invoice Payment Received: INV/110',0,NULL,0,0),(144,'2025-04-26','Invoice: INV/110',0,NULL,0,1),(145,'2025-04-21','Invoice: INV/98',0,NULL,0,1),(146,'2025-04-21','Invoice: INV/98',0,NULL,0,1),(147,'2025-04-21','Invoice Payment Received: INV/98',0,NULL,0,0),(148,'2025-03-22','Invoice: INV/111',0,NULL,0,1),(149,'2025-03-22','Invoice: INV/111',0,NULL,0,1),(150,'2025-03-22','Invoice Payment Received: INV/111',0,NULL,0,0),(151,'2025-04-27','Invoice Payment Received: INV/107',0,NULL,0,0),(152,'2025-04-26','Invoice: INV/110',0,NULL,0,0),(153,'2025-04-27','Invoice Payment Received: INV/112',0,NULL,0,0),(154,'2025-04-27','Invoice: INV/112',0,NULL,0,0),(155,'2025-03-22','Invoice: INV/111',0,NULL,0,0),(156,'2025-04-27','Invoice: INV/113',0,NULL,0,1),(157,'2025-04-27','Invoice Payment Received: INV/113',0,NULL,0,0),(158,'2025-04-27','Invoice: INV/113',0,NULL,0,1),(159,'2025-04-30','Invoice: INV/114',0,NULL,0,0),(160,'2025-03-22','Invoice Payment Received: INV/114',0,NULL,0,0),(161,'2025-05-02','Invoice: INV/115',0,NULL,0,1),(162,'2025-05-01','Invoice Payment Received: INV/115',0,NULL,0,0),(163,'2025-05-02','Invoice: INV/115',0,NULL,0,0),(164,'2025-05-02','Invoice Payment Received: INV/115',0,NULL,0,0),(165,'2025-05-02','Invoice Payment Received: INV/115',0,NULL,0,0),(166,'2025-05-03','Invoice: INV/116',0,NULL,0,0),(167,'2025-04-22','Invoice Payment Received: INV/116',0,NULL,0,0),(168,'2025-05-03','Invoice Payment Received: INV/118',0,NULL,0,0),(169,'2025-04-21','Invoice Payment Received: INV/118',0,NULL,0,0),(170,'2025-05-04','Invoice: INV/119',0,NULL,0,1),(171,'2025-05-04','Invoice: INV/119',0,NULL,0,0),(172,'2025-05-27','Invoice Payment Received: INV/119',0,NULL,0,0),(173,'2025-05-04','Invoice Payment Received: INV/67',0,NULL,0,0),(174,'2025-05-04','Invoice Payment Received: INV/67',0,NULL,0,0),(175,'2025-05-05','Invoice Payment Received: INV/67',0,NULL,0,0),(176,'2025-05-05','Invoice Payment Received: INV/72',0,NULL,0,0),(177,'2025-05-06','Invoice Payment Received: INV/120',0,NULL,0,0),(178,'2025-05-06','Invoice: INV/120',0,NULL,0,0),(179,'2025-05-07','Invoice: INV/122',0,NULL,0,0),(180,'2025-05-07','Invoice Payment Received: INV/122',0,NULL,0,0),(181,'2025-05-07','Invoice: INV/121',0,NULL,0,1),(182,'2025-05-06','Invoice Payment Received: INV/121',0,NULL,0,0),(183,'2025-04-27','Invoice: INV/113',0,NULL,0,0),(184,'2025-05-06','Invoice Payment Received: INV/113',0,NULL,0,0),(185,'2025-04-20','Invoice: INV/92',0,NULL,0,0),(186,'2025-05-11','Invoice: INV/123',0,NULL,0,0),(187,'2025-05-11','Invoice Payment Received: INV/123',0,NULL,0,0),(188,'2025-05-11','Invoice Payment Received: INV/86',0,NULL,0,0),(189,'2025-05-12','Invoice Payment Received: INV/86',0,NULL,0,0),(190,'2025-05-14','Invoice: INV/124',0,NULL,0,1),(191,'2025-05-14','Invoice: INV/124',0,NULL,0,0),(192,'2025-05-15','Invoice: INV/125',0,NULL,0,0),(193,'2025-05-17','Invoice: INV/126',0,NULL,0,0),(194,'2025-05-17','Invoice: INV/127',0,NULL,0,1),(195,'2025-05-17','Invoice: INV/127',0,NULL,0,0),(196,'2025-05-17','Invoice: INV/128',0,NULL,0,1),(197,'2025-05-17','Invoice: INV/128',0,NULL,0,1),(198,'2025-05-17','Invoice: INV/128',0,NULL,0,1),(199,'2025-05-18','Invoice: INV/129',0,NULL,0,1),(200,'2025-05-18','Invoice Payment Received: INV/129',0,NULL,0,0),(201,'2025-05-18','Invoice: INV/129',0,NULL,0,0),(202,'2025-05-19','Invoice: INV/130',0,NULL,0,1),(203,'2025-05-18','Invoice Payment Received: INV/130',0,NULL,0,0),(204,'2025-05-18','Invoice Payment Received: INV/130',0,NULL,0,0),(205,'2025-05-17','Invoice: INV/128',0,NULL,0,0),(206,'2025-03-29','Invoice: INV/107',0,NULL,0,0),(207,'2025-05-20','Invoice Payment Received: INV/107',0,NULL,0,0),(208,'2025-05-20','Invoice Payment Received: INV/107',0,NULL,0,0),(209,'2025-05-20','Invoice Payment Received: INV/92',0,NULL,0,0),(210,'2025-05-20','Invoice Payment Received: INV/131',0,NULL,0,0),(211,'2025-05-20','Invoice Payment Received: INV/131',0,NULL,0,0),(212,'2025-05-21','Invoice: INV/131',0,NULL,0,1),(213,'2025-05-21','Invoice: INV/132',0,NULL,0,0),(214,'2025-05-21','Invoice: INV/133',0,NULL,0,1),(215,'2025-05-21','Invoice: INV/133',0,NULL,0,0),(216,'2025-05-21','Invoice Payment Received: INV/133',0,NULL,0,0),(217,'2025-05-22','Invoice Payment Received: INV/128',0,NULL,0,0),(218,'2025-05-22','Invoice: INV/134',0,NULL,0,0),(219,'2025-05-07','Invoice Payment Received: INV/134',0,NULL,0,0),(220,'2025-05-16','Invoice Payment Received: INV/134',0,NULL,0,0),(221,'2025-05-22','Invoice Payment Received: INV/134',0,NULL,0,0),(222,'2025-05-24','Invoice: INV/135',0,NULL,0,1),(223,'2025-05-24','Invoice Payment Received: INV/135',0,NULL,0,0),(224,'2025-05-24','Invoice: INV/135',0,NULL,0,0),(225,'2025-05-24','Invoice Payment Received: INV/107',0,NULL,0,0),(226,'2025-05-24','Invoice: INV/136',0,NULL,0,0),(227,'2025-05-19','Invoice: INV/130',0,NULL,0,1),(228,'2025-05-24','Invoice: INV/137',0,NULL,0,1),(229,'2025-05-24','Invoice: INV/137',0,NULL,0,0),(230,'2025-05-24','Invoice Payment Received: INV/137',0,NULL,0,0),(231,'2025-05-25','Invoice: INV/138',0,NULL,0,1),(232,'2025-05-25','Invoice Payment Received: INV/138',0,NULL,0,0),(233,'2025-05-25','Invoice: INV/138',0,NULL,0,0),(234,'2025-05-26','Invoice: INV/139',0,NULL,0,1),(235,'2025-05-26','Invoice: INV/139',0,NULL,0,1),(236,'2025-05-26','Invoice: INV/140',0,NULL,0,0),(237,'2025-05-26','Invoice: INV/141',0,NULL,0,1),(238,'2025-05-26','Invoice: INV/141',0,NULL,0,1),(239,'2025-05-26','Invoice: INV/142',0,NULL,0,1),(240,'2025-05-26','Invoice: INV/143',0,NULL,0,1),(241,'2025-05-26','Invoice Payment Received: INV/143',0,NULL,0,0),(242,'2025-05-26','Invoice Payment Received: INV/143',0,NULL,0,0),(243,'2025-05-26','Invoice: INV/143',0,NULL,0,0),(244,'2025-05-26','Invoice Payment Received: INV/140',0,NULL,0,0),(245,'2025-05-26','Invoice Payment Received: INV/142',0,NULL,0,0),(246,'2025-05-27','Invoice Payment Received: INV/101',0,NULL,0,0),(247,'2025-05-27','Invoice Payment Received: INV/141',0,NULL,0,0),(248,'2025-05-04','Invoice Payment Received: INV/144',0,NULL,0,0),(249,'2025-05-28','Invoice Payment Received: INV/144',0,NULL,0,0),(250,'2025-05-28','Invoice: INV/144',0,NULL,0,0),(251,'2025-06-01','Invoice: INV/145',0,NULL,0,0),(252,'2025-06-01','Invoice Payment Received: INV/145',0,NULL,0,0),(253,'2025-06-01','Invoice Payment Received: INV/146',0,NULL,0,0),(254,'2025-06-01','Invoice: INV/146',0,NULL,0,0),(255,'2025-06-01','Invoice Payment Received: INV/147',0,NULL,0,0),(256,'2025-06-01','Invoice: INV/147',0,NULL,0,1),(257,'2025-06-01','Invoice: INV/147',0,NULL,0,0),(258,'2025-06-03','Invoice: INV/148',0,NULL,0,0),(259,'2025-06-03','Invoice Payment Received: INV/148',0,NULL,0,0),(260,'2025-06-05','Invoice: INV/149',0,NULL,0,1),(261,'2025-06-05','Invoice: INV/149',0,NULL,0,1),(262,'2025-06-05','Invoice: INV/149',0,NULL,0,0),(263,'2025-06-06','Invoice Payment Received: INV/149',0,NULL,0,0),(264,'2025-06-10','Invoice: INV/150',0,NULL,0,1),(265,'2025-06-10','Invoice Payment Received: INV/150',0,NULL,0,0),(266,'2025-06-10','Invoice: INV/150',0,NULL,0,0),(267,'2025-04-21','Invoice: INV/98',0,NULL,0,0),(268,'2025-04-17','Invoice Payment Received: INV/62',0,NULL,0,0),(269,'2025-04-05','Invoice: INV/62',0,NULL,0,0),(270,'2025-04-17','Invoice Payment Received: INV/83',0,NULL,0,1),(271,'2025-04-17','Invoice Payment Received: INV/83',0,NULL,0,0),(272,'2025-06-01','Invoice Payment Received: INV/83',0,NULL,0,0),(273,'2025-06-12','Invoice Payment Received: INV/151',0,NULL,0,0),(274,'2025-06-12','Invoice Payment Received: INV/151',0,NULL,0,0),(275,'2025-06-12','Invoice Payment Received: INV/151',0,NULL,0,0),(276,'2025-06-12','Invoice: INV/151',0,NULL,0,1),(277,'2025-06-12','Invoice: INV/151',0,NULL,0,0),(278,'2025-06-14','Invoice: INV/152',0,NULL,0,1),(279,'2025-06-14','Invoice: INV/152',0,NULL,0,0),(280,'2025-06-14','Invoice Payment Received: INV/152',0,NULL,0,0),(281,'2025-06-16','Invoice: INV/153',0,NULL,0,1),(282,'2025-06-16','Invoice Payment Received: INV/153',0,NULL,0,0),(283,'2025-06-16','Invoice Payment Received: INV/153',0,NULL,0,0),(284,'2025-06-16','Invoice: INV/153',0,NULL,0,0),(285,'2025-06-16','Invoice Payment Received: INV/80',0,NULL,0,0),(286,'2025-06-18','Invoice: INV/154',0,NULL,0,1),(287,'2025-06-18','Invoice Payment Received: INV/154',0,NULL,0,0),(288,'2025-06-17','Invoice Payment Received: INV/154',0,NULL,0,1),(289,'2025-06-18','Invoice: INV/155',0,NULL,0,0),(290,'2025-06-18','Invoice Payment Received: INV/155',0,NULL,0,0),(291,'2025-06-18','Invoice Payment Received: INV/156',0,NULL,0,0),(292,'2025-06-18','Invoice: INV/156',0,NULL,0,1),(293,'2025-06-18','Invoice: INV/154',0,NULL,0,0),(294,'2025-06-19','Invoice: INV/157',0,NULL,0,1),(295,'2025-06-17','Invoice Payment Received: INV/157',0,NULL,0,0),(296,'2025-06-22','Invoice: INV/158',0,NULL,0,0),(297,'2025-06-22','Invoice: INV/159',0,NULL,0,1),(298,'2025-06-04','Invoice Payment Received: INV/159',0,NULL,0,0),(299,'2025-06-22','Invoice: INV/160',0,NULL,0,0),(300,'2025-06-22','Invoice Payment Received: INV/160',0,NULL,0,0),(301,'2025-06-22','Invoice: INV/161',0,NULL,0,0),(302,'2025-05-25','Invoice Payment Received: INV/161',0,NULL,0,0),(303,'2025-05-20','Invoice Payment Received: INV/161',0,NULL,0,0),(304,'2025-06-22','Invoice: INV/162',0,NULL,0,0),(305,'2025-06-22','Invoice Payment Received: INV/162',0,NULL,0,0),(306,'2025-06-22','Invoice: INV/163',0,NULL,0,0),(307,'2025-06-22','Invoice Payment Received: INV/163',0,NULL,0,0),(308,'2025-06-23','Invoice: INV/164',0,NULL,0,1),(309,'2025-06-23','Invoice Payment Received: INV/164',0,NULL,0,0),(310,'2025-06-23','Invoice: INV/165',0,NULL,0,0),(311,'2025-06-18','Invoice Payment Received: INV/165',0,NULL,0,0),(312,'2025-06-24','Invoice Payment Received: INV/127',0,NULL,0,0),(313,'2025-06-24','Invoice Payment Received: INV/128',0,NULL,0,0),(314,'2025-06-18','Invoice Payment Received: INV/150',0,NULL,0,0),(315,'2025-05-28','Invoice Payment Received: INV/140',0,NULL,0,0),(316,'2025-06-24','Invoice: INV/166',0,NULL,0,0),(317,'2025-06-23','Invoice Payment Received: INV/166',0,NULL,0,0),(318,'2025-05-07','Invoice: INV/121',0,NULL,0,1),(319,'2025-05-06','Invoice Payment Received: INV/121',0,NULL,0,1),(320,'2025-05-06','Invoice Payment Received: INV/121',0,NULL,0,0),(321,'2025-05-07','Invoice: INV/121',0,NULL,0,0),(322,'2025-06-24','Invoice: INV/167',0,NULL,0,1),(323,'2025-06-24','Invoice: INV/167',0,NULL,0,1),(324,'2025-06-24','Invoice: INV/167',0,NULL,0,0),(325,'2025-06-24','Invoice: INV/168',0,NULL,0,1),(326,'2025-06-24','Invoice: INV/168',0,NULL,0,0),(327,'2025-06-24','Invoice Payment Received: INV/168',0,NULL,0,0),(328,'2025-06-25','Invoice Payment Received: INV/169',0,NULL,0,0),(329,'2025-06-25','Invoice: INV/169',0,NULL,0,0),(330,'2025-06-26','Invoice Payment Received: INV/139',0,NULL,0,0),(331,'2025-06-28','Invoice: INV/170',0,NULL,0,0),(332,'2025-06-28','Invoice Payment Received: INV/170',0,NULL,0,0),(333,'2025-06-29','Invoice Payment Received: INV/171',0,NULL,0,0),(334,'2025-06-29','Invoice Payment Received: INV/171',0,NULL,0,0),(335,'2025-06-29','Invoice: INV/171',0,NULL,0,0),(336,'2025-06-30','Invoice: INV/172',0,NULL,0,1),(337,'2025-06-30','Invoice: INV/172',0,NULL,0,0),(338,'2025-06-30','Invoice: INV/173',0,NULL,0,1),(339,'2025-06-30','Invoice: INV/173',0,NULL,0,0),(340,'2025-06-30','Invoice Payment Received: INV/173',0,NULL,0,0),(341,'2025-07-01','Invoice: INV/174',0,NULL,0,0),(342,'2025-07-01','Invoice Payment Received: INV/174',0,NULL,0,0),(343,'2025-07-01','Invoice: INV/175',0,NULL,0,1),(344,'2025-06-30','Invoice Payment Received: INV/175',0,NULL,0,0),(345,'2025-07-01','Invoice: INV/176',0,NULL,0,1),(346,'2025-06-30','Invoice Payment Received: INV/176',0,NULL,0,0),(347,'2025-07-01','Invoice: INV/176',0,NULL,0,0),(348,'2025-07-01','Invoice: INV/177',0,NULL,0,1),(349,'2025-07-02','Invoice Payment Received: INV/146',0,NULL,0,0),(350,'2025-07-02','Invoice Payment Received: INV/147',0,NULL,0,0),(351,'2025-07-02','Invoice: INV/179',0,NULL,0,1),(352,'2025-07-02','Invoice Payment Received: INV/179',0,NULL,0,0),(353,'2025-07-02','Invoice Payment Received: INV/179',0,NULL,0,0),(354,'2025-07-02','Invoice Payment Received: INV/179',0,NULL,0,0),(355,'2025-07-02','Invoice: INV/178',0,NULL,0,1),(356,'2025-03-03','Invoice Payment Received: INV/178',0,NULL,0,0),(357,'2025-07-02','Invoice Payment Received: INV/179',0,NULL,0,0),(358,'2025-07-03','Invoice Payment Received: INV/177',0,NULL,0,0),(359,'2025-07-03','Invoice: INV/180',0,NULL,0,0),(360,'2025-04-24','Invoice: INV/106',0,NULL,0,1),(361,'2025-07-06','Invoice: INV/181',0,NULL,0,0),(362,'2025-07-06','Invoice: INV/182',0,NULL,0,1),(363,'2025-07-06','Invoice: INV/182',0,NULL,0,0),(364,'2025-04-24','Invoice: INV/106',0,NULL,0,1),(365,'2025-07-06','Invoice: INV/183',0,NULL,0,1),(366,'2025-07-06','Invoice Payment Received: INV/183',0,NULL,0,0),(367,'2025-07-06','Invoice: INV/183',0,NULL,0,0),(368,'2025-07-07','Invoice: INV/184',0,NULL,0,0),(369,'2025-07-07','Invoice: INV/185',0,NULL,0,1),(370,'2024-11-25','Invoice Payment Received: INV/185',0,NULL,0,0),(371,'2025-07-07','Invoice: INV/185',0,NULL,0,1),(372,'2025-07-07','Invoice: INV/185',0,NULL,0,1),(373,'2025-07-07','Invoice: INV/185',0,NULL,0,0),(374,'2025-07-02','Invoice: INV/178',0,NULL,0,1),(375,'2025-06-19','Invoice: INV/157',0,NULL,0,1),(376,'2025-07-07','Invoice Payment Received: INV/157',0,NULL,0,0),(377,'2025-06-19','Invoice: INV/157',0,NULL,0,1),(378,'2025-07-08','Invoice: INV/186',0,NULL,0,1),(379,'2025-07-08','Invoice Payment Received: INV/186',0,NULL,0,0),(380,'2025-07-08','Invoice: INV/186',0,NULL,0,1),(381,'2025-07-09','Invoice Payment Received: INV/184',0,NULL,0,0),(382,'2025-07-09','Invoice: INV/187',0,NULL,0,1),(383,'2025-07-09','Invoice: INV/187',0,NULL,0,0),(384,'2025-07-09','Invoice Payment Received: INV/187',0,NULL,0,0),(385,'2025-07-10','Invoice: INV/188',0,NULL,0,0),(386,'2025-06-19','Invoice Payment Received: INV/188',0,NULL,0,0),(387,'2025-07-01','Invoice: INV/177',0,NULL,0,0),(388,'2025-07-10','Invoice: INV/189',0,NULL,0,1),(389,'2025-07-10','Invoice Payment Received: INV/189',0,NULL,0,1),(390,'2025-07-10','Invoice: INV/189',0,NULL,0,0),(391,'2025-07-10','Invoice Payment Received: INV/189',0,NULL,0,0),(392,'2025-07-10','Invoice: INV/190',0,NULL,0,1),(393,'2025-07-10','Invoice: INV/190',0,NULL,0,0),(394,'2025-07-10','Invoice Payment Received: INV/190',0,NULL,0,0),(395,'2025-07-02','Invoice: INV/179',0,NULL,0,1),(396,'2025-07-12','Invoice: INV/191',0,NULL,0,0),(397,'2025-07-12','Invoice Payment Received: INV/191',0,NULL,0,0),(398,'2025-07-01','Invoice: INV/175',0,NULL,0,1),(399,'2025-07-13','Invoice Payment Received: INV/175',0,NULL,0,0),(400,'2025-07-01','Invoice: INV/175',0,NULL,0,0),(401,'2025-07-14','Invoice: INV/192',0,NULL,0,0),(402,'2025-07-14','Invoice Payment Received: INV/192',0,NULL,0,0),(403,'2025-07-08','Invoice Payment Received: INV/144',0,NULL,0,0),(404,'2025-07-08','Invoice: INV/186',0,NULL,0,0),(405,'2025-07-15','Invoice Payment Received: INV/157',0,NULL,0,0),(406,'2025-06-19','Invoice: INV/157',0,NULL,0,0),(407,'2025-07-14','Invoice Payment Received: INV/193',0,NULL,0,0),(408,'2025-07-16','Invoice: INV/193',0,NULL,0,1),(409,'2025-07-16','Invoice: INV/194',0,NULL,0,1),(410,'2025-07-16','Invoice: INV/194',0,NULL,0,0),(411,'2025-07-16','Invoice Payment Received: INV/194',0,NULL,0,1),(412,'2025-07-17','Invoice: INV/195',0,NULL,0,0),(413,'2025-07-16','Invoice Payment Received: INV/195',0,NULL,0,0),(414,'2025-07-17','Invoice: INV/196',0,NULL,0,1),(415,'2025-07-17','Invoice Payment Received: INV/196',0,NULL,0,0),(416,'2025-07-17','Invoice Payment Received: INV/164',0,NULL,0,0),(417,'2025-07-19','Invoice: INV/197',0,NULL,0,1),(418,'2025-07-19','Invoice Payment Received: INV/197',0,NULL,0,0),(419,'2025-07-20','Invoice: INV/198',0,NULL,0,0),(420,'2025-07-19','Invoice Payment Received: INV/198',0,NULL,0,0),(421,'2025-07-20','Invoice: INV/199',0,NULL,0,1),(422,'2025-07-20','Invoice Payment Received: INV/199',0,NULL,0,0),(423,'2025-07-20','Invoice: INV/199',0,NULL,0,0),(424,'2025-06-22','Invoice: INV/159',0,NULL,0,0),(425,'2025-07-20','Invoice Payment Received: INV/197',0,NULL,0,0),(426,'2025-07-19','Invoice: INV/197',0,NULL,0,0),(427,'2025-07-20','Invoice Payment Received: INV/197',0,NULL,0,0),(428,'2025-07-21','Invoice: INV/200',0,NULL,0,1),(429,'2025-07-14','Invoice: INV/201',0,NULL,0,1),(430,'2025-07-14','Invoice Payment Received: INV/201',0,NULL,0,0),(431,'2025-06-18','Invoice: INV/156',0,NULL,0,0),(432,'2025-07-14','Invoice: INV/201',0,NULL,0,1),(433,'2025-07-22','Invoice Payment Received: INV/177',0,NULL,0,0),(434,'2025-07-22','Invoice Payment Received: INV/177',0,NULL,0,0),(435,'2025-07-22','Invoice: INV/202',0,NULL,0,1),(436,'2025-07-22','Invoice: INV/202',0,NULL,0,0),(437,'2025-07-21','Invoice: INV/200',0,NULL,0,0),(438,'2025-07-23','Invoice: INV/203',0,NULL,0,0),(439,'2025-07-23','Invoice Payment Received: INV/203',0,NULL,0,0),(440,'2025-07-23','Invoice Payment Received: INV/203',0,NULL,0,0),(441,'2025-07-23','Invoice Payment Received: INV/190',0,NULL,0,0),(442,'2025-07-24','Invoice Payment Received: INV/187',0,NULL,0,0),(443,'2025-07-27','Invoice: INV/204',0,NULL,0,1),(444,'2025-07-27','Invoice Payment Received: INV/204',0,NULL,0,0),(445,'2025-07-27','Invoice: INV/204',0,NULL,0,1),(446,'2025-07-28','Invoice Payment Received: INV/142',0,NULL,0,0),(447,'2025-05-26','Invoice: INV/142',0,NULL,0,0),(448,'2025-07-30','Invoice: INV/205',0,NULL,0,1),(449,'2025-07-29','Invoice Payment Received: INV/205',0,NULL,0,0),(450,'2025-07-30','Invoice: INV/205',0,NULL,0,1),(451,'2025-07-30','Invoice: INV/206',0,NULL,0,0),(452,'2025-07-01','Invoice Payment Received: INV/206',0,NULL,0,0),(453,'2025-07-31','Invoice: INV/207',0,NULL,0,0),(454,'2025-07-31','Invoice Payment Received: INV/207',0,NULL,0,0),(455,'2025-07-31','Invoice: INV/208',0,NULL,0,1),(456,'2025-07-12','Invoice Payment Received: INV/208',0,NULL,0,0),(457,'2025-07-31','Invoice Payment Received: INV/209',0,NULL,0,0),(458,'2025-07-31','Invoice: INV/209',0,NULL,0,0),(459,'2025-07-31','Invoice: INV/210',0,NULL,0,1),(460,'2025-07-31','Invoice: INV/210',0,NULL,0,0),(461,'2025-07-31','Invoice Payment Received: INV/210',0,NULL,0,0),(462,'2025-08-02','Invoice: INV/211',0,NULL,0,1),(463,'2025-08-02','Invoice: INV/211',0,NULL,0,0),(464,'2025-08-02','Invoice Payment Received: INV/211',0,NULL,0,0),(465,'2025-06-26','Invoice Payment Received: INV/138',0,NULL,0,0),(466,'2025-07-30','Invoice Payment Received: INV/138',0,NULL,0,0),(467,'2025-08-05','Invoice: INV/212',0,NULL,0,1),(468,'2025-08-05','Invoice: INV/212',0,NULL,0,0),(469,'2025-08-06','Invoice: INV/213',0,NULL,0,1),(470,'2025-08-06','Invoice: INV/213',0,NULL,0,0),(471,'2025-08-06','Invoice Payment Received: INV/213',0,NULL,0,0),(472,'2025-08-06','Invoice Payment Received: INV/214',0,NULL,0,0),(473,'2025-08-06','Invoice: INV/214',0,NULL,0,1),(474,'2025-07-25','Invoice Payment Received: INV/207',0,NULL,0,0),(475,'2025-08-07','Invoice Payment Received: INV/208',0,NULL,0,0),(476,'2025-07-31','Invoice: INV/208',0,NULL,0,0),(477,'2025-08-09','Invoice Payment Received: INV/192',0,NULL,0,0),(478,'2025-08-10','Invoice: INV/215',0,NULL,0,1),(479,'2025-08-10','Invoice Payment Received: INV/215',0,NULL,0,1),(480,'2025-08-10','Invoice: INV/215',0,NULL,0,0),(481,'2025-08-10','Invoice Payment Received: INV/215',0,NULL,0,0),(482,'2025-08-10','Invoice: INV/216',0,NULL,0,1),(483,'2025-08-10','Invoice Payment Received: INV/216',0,NULL,0,0),(484,'2025-08-10','Invoice: INV/216',0,NULL,0,1),(485,'2025-08-10','Invoice: INV/217',0,NULL,0,1),(486,'2025-08-10','Invoice Payment Received: INV/217',0,NULL,0,0),(487,'2025-06-21','Invoice Payment Received: INV/158',0,NULL,0,0),(488,'2025-08-11','Invoice: INV/218',0,NULL,0,0),(489,'2025-08-11','Invoice Payment Received: INV/218',0,NULL,0,0),(490,'2025-08-11','Invoice: INV/219',0,NULL,0,0),(491,'2025-08-11','Invoice Payment Received: INV/219',0,NULL,0,0),(492,'2025-08-12','Invoice Payment Received: INV/220',0,NULL,0,0),(493,'2025-08-12','Invoice: INV/220',0,NULL,0,0),(494,'2025-08-12','Invoice Payment Received: INV/221',0,NULL,0,0),(495,'2025-08-12','Invoice: INV/221',0,NULL,0,0),(496,'2025-08-12','Invoice Payment Received: INV/222',0,NULL,0,0),(497,'2025-08-12','Invoice: INV/222',0,NULL,0,0),(498,'2025-08-12','Invoice: INV/214',0,NULL,0,1),(499,'2025-08-12','Invoice: INV/214',0,NULL,0,0),(500,'2025-08-13','Invoice: INV/223',0,NULL,0,1),(501,'2025-08-13','Invoice Payment Received: INV/223',0,NULL,0,0),(502,'2025-08-13','Invoice Payment Received: INV/223',0,NULL,0,0),(503,'2025-08-13','Invoice: INV/223',0,NULL,0,1),(504,'2024-11-11','Invoice Payment Received: INV/224',0,NULL,0,0),(505,'2025-08-13','Invoice: INV/224',0,NULL,0,1),(506,'2025-08-13','Invoice: INV/225',0,NULL,0,1),(507,'2025-08-13','Invoice: INV/225',0,NULL,0,1),(508,'2025-08-13','Invoice Payment Received: INV/225',0,NULL,0,0),(509,'2025-08-13','Invoice: INV/226',0,NULL,0,1),(510,'2025-08-13','Invoice Payment Received: INV/226',0,NULL,0,0),(511,'2025-08-13','Invoice: INV/226',0,NULL,0,0),(512,'2025-08-14','Invoice: INV/227',0,NULL,0,1),(513,'2025-08-14','Invoice Payment Received: INV/227',0,NULL,0,0),(514,'2025-08-14','Invoice: INV/228',0,NULL,0,1),(515,'2025-08-14','Invoice: INV/228',0,NULL,0,1),(516,'2025-08-14','Invoice Payment Received: INV/228',0,NULL,0,0),(517,'2025-08-14','Invoice: INV/227',0,NULL,0,0),(518,'2025-08-16','Invoice Payment Received: INV/140',0,NULL,0,0),(519,'2025-08-16','Invoice Payment Received: INV/140',0,NULL,0,0),(520,'2025-08-14','Invoice: INV/228',0,NULL,0,1),(521,'2025-08-14','Invoice: INV/228',0,NULL,0,1),(522,'2025-07-17','Invoice Payment Received: INV/183',0,NULL,0,0),(523,'2025-07-16','Invoice Payment Received: INV/183',0,NULL,0,0),(524,'2025-07-06','Invoice: INV/229',0,NULL,0,1),(525,'2025-08-17','Invoice: INV/229',0,NULL,0,0),(526,'2025-07-17','Invoice: INV/196',0,NULL,0,0),(527,'2025-08-18','Invoice: INV/230',0,NULL,0,0),(528,'2025-08-18','Invoice Payment Received: INV/230',0,NULL,0,0),(529,'2025-08-18','Invoice Payment Received: INV/229',0,NULL,0,0),(530,'2025-08-18','Invoice: INV/231',0,NULL,0,0),(531,'2025-08-18','Invoice Payment Received: INV/231',0,NULL,0,0),(532,'2025-08-19','Invoice: INV/232',0,NULL,0,0),(533,'2025-03-25','Invoice Payment Received: INV/232',0,NULL,0,0),(534,'2025-08-19','Invoice: INV/233',0,NULL,0,1),(535,'2025-08-19','Invoice Payment Received: INV/233',0,NULL,0,0),(536,'2025-08-19','Invoice: INV/233',0,NULL,0,1),(537,'2025-05-21','Invoice: INV/131',0,NULL,0,0),(538,'2025-08-19','Invoice: INV/233',0,NULL,0,1),(539,'2025-08-19','Invoice: INV/233',0,NULL,0,1),(540,'2025-08-20','Invoice Payment Received: INV/234',0,NULL,0,0),(541,'2025-08-20','Invoice: INV/234',0,NULL,0,0),(542,'2025-08-20','Invoice: INV/235',0,NULL,0,0),(543,'2025-08-20','Invoice Payment Received: INV/235',0,NULL,0,0),(544,'2025-08-21','Invoice Payment Received: INV/229',0,NULL,0,0),(545,'2025-08-21','Invoice: INV/237',0,NULL,0,1),(546,'2025-05-24','Invoice Payment Received: INV/237',0,NULL,0,0),(547,'2025-08-21','Invoice: INV/237',0,NULL,0,1),(548,'2025-08-21','Invoice: INV/238',0,NULL,0,0),(549,'2025-08-21','Invoice Payment Received: INV/238',0,NULL,0,0),(550,'2025-08-23','Invoice: INV/239',0,NULL,0,0),(551,'2025-08-23','Invoice Payment Received: INV/239',0,NULL,0,0),(552,'2025-04-06','Invoice: INV/64',0,NULL,0,0),(553,'2025-08-10','Invoice: INV/217',0,NULL,0,1),(554,'2025-08-23','Invoice Payment Received: INV/217',0,NULL,0,0),(555,'2025-08-10','Invoice: INV/217',0,NULL,0,0),(556,'2025-08-21','Invoice: INV/237',0,NULL,0,1),(557,'2025-07-30','Invoice: INV/205',0,NULL,0,0),(558,'2025-08-24','Invoice Payment Received: INV/219',0,NULL,0,0),(559,'2025-08-24','Invoice: INV/240',0,NULL,0,0),(560,'2025-08-24','Invoice Payment Received: INV/240',0,NULL,0,0),(561,'2025-07-16','Invoice Payment Received: INV/194',0,NULL,0,0),(562,'2025-08-24','Invoice Payment Received: INV/194',0,NULL,0,0),(563,'2025-08-24','Invoice Payment Received: INV/237',0,NULL,0,0),(564,'2025-08-21','Invoice: INV/237',0,NULL,0,0),(565,'2025-08-24','Invoice: INV/241',0,NULL,0,1),(566,'2025-08-24','Invoice: INV/241',0,NULL,0,1),(567,'2025-08-24','Invoice Payment Received: INV/241',0,NULL,0,0),(568,'2025-08-24','Invoice: INV/241',0,NULL,0,0),(569,'2025-08-10','Invoice: INV/216',0,NULL,0,1),(570,'2025-08-25','Invoice: INV/242',0,NULL,0,0),(571,'2025-08-25','Invoice Payment Received: INV/242',0,NULL,0,0),(572,'2025-08-25','Invoice: INV/243',0,NULL,0,1),(573,'2025-08-25','Invoice Payment Received: INV/243',0,NULL,0,0),(574,'2025-08-19','Invoice: INV/233',0,NULL,0,1),(575,'2025-08-19','Invoice: INV/233',0,NULL,0,1),(576,'2025-08-19','Invoice: INV/233',0,NULL,0,1),(577,'2025-08-19','Invoice: INV/233',0,NULL,0,1),(578,'2025-08-19','Invoice: INV/233',0,NULL,0,0),(579,'2025-08-25','Invoice Payment Received: INV/233',0,NULL,0,0),(580,'2025-08-25','Invoice Payment Received: INV/225',0,NULL,0,0),(581,'2025-08-13','Invoice: INV/225',0,NULL,0,1),(582,'2025-08-13','Invoice: INV/225',0,NULL,0,0),(583,'2025-08-26','Invoice: INV/244',0,NULL,0,1),(584,'2025-08-26','Invoice: INV/244',0,NULL,0,0),(585,'2025-08-10','Invoice: INV/216',0,NULL,0,0),(586,'2025-08-26','Invoice Payment Received: INV/245',0,NULL,0,0),(587,'2025-08-26','Invoice: INV/245',0,NULL,0,0),(588,'2025-08-26','Invoice Payment Received: INV/138',0,NULL,0,0),(589,'2025-08-27','Invoice Payment Received: INV/187',0,NULL,0,0),(590,'2025-08-27','Invoice Payment Received: INV/225',0,NULL,0,0),(591,'2025-08-28','Invoice Payment Received: INV/246',0,NULL,0,0),(592,'2025-08-28','Invoice: INV/246',0,NULL,0,0),(593,'2025-08-28','Invoice Payment Received: INV/180',0,NULL,0,0),(594,'2025-08-30','Invoice Payment Received: INV/207',0,NULL,0,0),(595,'2025-08-30','Invoice: INV/247',0,NULL,0,0),(596,'2025-08-30','Invoice Payment Received: INV/151',0,NULL,0,0),(597,'2025-08-30','Invoice Payment Received: INV/151',0,NULL,0,0),(598,'2025-08-30','Invoice Payment Received: INV/247',0,NULL,0,0),(599,'2025-08-30','Invoice Payment Received: INV/138',0,NULL,0,0),(600,'2025-08-31','Invoice: INV/248',0,NULL,0,0),(601,'2025-08-31','Invoice Payment Received: INV/248',0,NULL,0,0),(602,'2025-09-01','Invoice: INV/249',0,NULL,0,0),(603,'2025-07-26','Invoice Payment Received: INV/249',0,NULL,0,0),(604,'2025-09-03','Invoice: INV/250',0,NULL,0,0),(605,'2025-09-03','Invoice Payment Received: INV/250',0,NULL,0,0),(606,'2025-09-03','Invoice: INV/251',0,NULL,0,0),(607,'2025-05-26','Invoice: INV/139',0,NULL,0,0),(608,'2025-08-13','Invoice: INV/223',0,NULL,0,1),(609,'2025-08-13','Invoice: INV/223',0,NULL,0,0),(610,'2025-09-06','Invoice: INV/252',0,NULL,0,0),(611,'2025-09-06','Invoice Payment Received: INV/252',0,NULL,0,0),(612,'2025-04-24','Invoice: INV/106',0,NULL,0,1),(613,'2025-04-24','Invoice: INV/106',0,NULL,0,0),(614,'2025-07-25','Invoice Payment Received: INV/201',0,NULL,0,0),(615,'2025-09-06','Invoice Payment Received: INV/164',0,NULL,0,0),(616,'2025-06-23','Invoice: INV/164',0,NULL,0,1),(617,'2025-06-23','Invoice: INV/164',0,NULL,0,1),(618,'2025-06-23','Invoice: INV/164',0,NULL,0,0),(619,'2025-09-06','Invoice Payment Received: INV/253',0,NULL,0,0),(620,'2025-09-09','Invoice: INV/253',0,NULL,0,0),(621,'2025-09-08','Invoice Payment Received: INV/225',0,NULL,0,0),(622,'2025-09-10','Invoice Payment Received: INV/225',0,NULL,0,0),(623,'2025-09-10','Invoice: INV/254',0,NULL,0,0),(624,'2025-09-10','Invoice Payment Received: INV/254',0,NULL,0,0),(625,'2025-05-26','Invoice: INV/141',0,NULL,0,0),(626,'2025-09-13','Invoice: INV/255',0,NULL,0,0),(627,'2025-09-13','Invoice Payment Received: INV/255',0,NULL,0,0),(628,'2025-09-13','Invoice Payment Received: INV/141',0,NULL,0,0),(629,'2025-04-16','Invoice: INV/83',0,NULL,0,0),(630,'2025-08-25','Invoice: INV/243',0,NULL,0,0),(631,'2025-09-04','Invoice Payment Received: INV/244',0,NULL,0,0),(632,'2025-03-05','Invoice Payment Received: INV/256',0,NULL,0,0),(633,'2025-02-24','Invoice: INV/256',0,NULL,0,0),(634,'2025-09-28','Invoice: INV/257',0,NULL,0,1),(635,'2025-09-17','Invoice Payment Received: INV/257',0,NULL,0,0),(636,'2025-09-29','Invoice: INV/258',0,NULL,0,0),(637,'2025-09-29','Invoice Payment Received: INV/258',0,NULL,0,0),(638,'2025-09-28','Invoice: INV/257',0,NULL,0,0),(639,'2025-09-27','Invoice Payment Received: INV/259',0,NULL,0,0),(640,'2025-09-29','Invoice: INV/259',0,NULL,0,0),(641,'2025-10-01','Invoice: INV/260',0,NULL,0,0),(642,'2025-10-01','Invoice Payment Received: INV/260',0,NULL,0,0),(643,'2025-10-01','Invoice Payment Received: INV/123',0,NULL,0,0),(644,'2025-10-01','Invoice: INV/261',0,NULL,0,0),(645,'2025-10-02','Invoice: INV/262',0,NULL,0,0),(646,'2025-10-02','Invoice Payment Received: INV/262',0,NULL,0,0),(647,'2025-10-05','Invoice Payment Received: INV/263',0,NULL,0,0),(648,'2025-10-05','Invoice Payment Received: INV/263',0,NULL,0,0),(649,'2025-10-05','Invoice: INV/263',0,NULL,0,0),(650,'2025-08-13','Invoice: INV/224',0,NULL,0,0),(651,'2025-07-16','Invoice: INV/193',0,NULL,0,1),(652,'2025-07-16','Invoice: INV/193',0,NULL,0,1),(653,'2025-07-16','Invoice: INV/193',0,NULL,0,0),(654,'2025-10-09','Invoice Payment Received: INV/244',0,NULL,0,0),(655,'2025-10-09','Invoice Payment Received: INV/251',0,NULL,0,0),(656,'2025-10-09','Invoice Payment Received: INV/247',0,NULL,0,0),(657,'2025-10-09','Invoice: INV/264',0,NULL,0,0),(658,'2025-10-09','Invoice Payment Received: INV/264',0,NULL,0,0),(659,'2025-10-12','Invoice Payment Received: INV/265',0,NULL,0,0),(660,'2025-10-12','Invoice: INV/265',0,NULL,0,0),(661,'2025-10-12','Invoice: INV/266',0,NULL,0,0),(662,'2025-10-12','Invoice Payment Received: INV/266',0,NULL,0,0),(663,'2025-10-13','Invoice: INV/267',0,NULL,0,0),(664,'2025-10-13','Invoice Payment Received: INV/267',0,NULL,0,0),(665,'2025-10-13','Invoice: INV/268',0,NULL,0,0),(666,'2025-10-12','Invoice Payment Received: INV/268',0,NULL,0,0),(667,'2025-10-16','Invoice: INV/269',0,NULL,0,0),(668,'2025-10-15','Invoice Payment Received: INV/269',0,NULL,0,0),(669,'2025-09-29','Invoice Payment Received: INV/223',0,NULL,0,0),(670,'2025-09-01','Invoice Payment Received: INV/222',0,NULL,0,0),(671,'2025-09-01','Invoice Payment Received: INV/220',0,NULL,0,0),(672,'2025-09-25','Invoice Payment Received: INV/241',0,NULL,0,0),(673,'2025-09-06','Invoice Payment Received: INV/149',0,NULL,0,0),(674,'2025-09-07','Invoice Payment Received: INV/149',0,NULL,0,0),(675,'2025-09-14','Invoice Payment Received: INV/221',0,NULL,0,0),(676,'2025-08-30','Invoice Payment Received: INV/210',0,NULL,0,0),(677,'2025-08-20','Invoice Payment Received: INV/214',0,NULL,0,0),(678,'2025-09-03','Invoice Payment Received: INV/238',0,NULL,0,0),(679,'2025-09-03','Invoice Payment Received: INV/162',0,NULL,0,0),(680,'2025-09-01','Invoice Payment Received: INV/216',0,NULL,0,0),(681,'2025-08-04','Invoice Payment Received: INV/199',0,NULL,0,0),(682,'2025-10-16','Invoice Payment Received: INV/171',0,NULL,0,0),(683,'2025-10-18','Invoice Payment Received: INV/211',0,NULL,0,0),(684,'2025-10-23','Invoice: INV/270',0,NULL,0,0),(685,'2025-10-23','Invoice Payment Received: INV/270',0,NULL,0,0),(686,'2025-10-23','Invoice Payment Received: INV/180',0,NULL,0,0),(687,'2025-09-03','Invoice Payment Received: INV/213',0,NULL,0,0),(688,'2025-07-02','Invoice: INV/179',0,NULL,0,0),(689,'2025-10-27','Invoice: INV/271',0,NULL,0,0),(690,'2025-10-27','Invoice Payment Received: INV/271',0,NULL,0,0),(691,'2025-10-27','Invoice Payment Received: INV/129',0,NULL,0,0),(692,'2025-11-02','Invoice Payment Received: INV/272',0,NULL,0,0),(693,'2025-11-02','Invoice: INV/272',0,NULL,0,1),(694,'2025-11-03','Invoice: INV/273',0,NULL,0,1),(695,'2025-11-03','Invoice: INV/273',0,NULL,0,0),(696,'2025-11-03','Invoice Payment Received: INV/273',0,NULL,0,0),(697,'2025-11-06','Invoice Payment Received: INV/274',0,NULL,0,0),(698,'2025-11-06','Invoice: INV/274',0,NULL,0,1),(699,'2025-11-06','Invoice: INV/274',0,NULL,0,0),(700,'2025-11-08','Invoice Payment Received: INV/164',0,NULL,0,0),(701,'2025-11-09','Invoice Payment Received: INV/163',0,NULL,0,0),(702,'2025-11-02','Invoice: INV/272',0,NULL,0,1),(703,'2025-11-02','Invoice: INV/272',0,NULL,0,0),(704,'2025-07-02','Invoice: INV/178',0,NULL,0,1),(705,'2025-07-02','Invoice: INV/178',0,NULL,0,0),(706,'2025-11-18','Invoice Payment Received: INV/256',0,NULL,0,0),(707,'2025-08-10','Invoice Payment Received: INV/139',0,NULL,0,0),(708,'2025-08-14','Invoice: INV/228',0,NULL,0,0);


