-- Table structure for table `salary_advance`
--

CREATE TABLE `salary_advance` (
  `id` int(11) NOT NULL AUTO_INCREMENT,
  `user_id` int(11) DEFAULT NULL,
  `amount` float NOT NULL DEFAULT '0',
  `date` date DEFAULT NULL,
  `deleted` tinyint(1) DEFAULT '0',
  PRIMARY KEY (`id`)
) ENGINE=InnoDB DEFAULT CHARSET=utf8 COLLATE=utf8_unicode_ci;

--
-- Dumping data for table `salary_advance`
--


--
-- Table structure for table `sale_return_items`
--

CREATE TABLE `sale_return_items` (
  `id` int(11) NOT NULL AUTO_INCREMENT,
  `sale_return_id` int(11) NOT NULL,
  `item_id` int(11) NOT NULL,
  `invoice_item_id` int(11) NOT NULL,
  `quantity` double NOT NULL DEFAULT '0',
  `deleted` int(1) NOT NULL DEFAULT '0',
  `sort` int(11) NOT NULL DEFAULT '0',
  PRIMARY KEY (`id`)
) ENGINE=InnoDB AUTO_INCREMENT=24 DEFAULT CHARSET=utf8 COLLATE=utf8_unicode_ci;

--
-- Dumping data for table `sale_return_items`
--

INSERT INTO `sale_return_items` VALUES (1,1,1,10,2,0,0),(2,2,1,10,2,0,0),(3,3,2,4,2,0,0),(4,3,3,5,1,0,0),(5,3,1,6,1,0,0),(6,4,2,1,10,0,0),(7,5,1,16,1,0,0),(8,6,1,17,1,0,0),(9,7,2,1,10,0,0),(10,8,1,18,2,0,0),(11,8,5,19,3,0,0),(12,8,6,20,1,0,0),(13,8,7,21,0,0,0),(14,9,1,18,4,0,0),(15,9,5,19,3,0,0),(16,9,6,20,1,0,0),(17,9,7,21,3,0,0),(18,10,6,12,20,0,0),(19,11,1,10,2,0,0),(20,12,2,40,1,0,0),(21,12,5,41,0,0,0),(22,12,8,42,0,0,0),(23,13,1,47,2,0,0);

--
-- Table structure for table `sale_returns`
--

CREATE TABLE `sale_returns` (
  `id` int(11) NOT NULL AUTO_INCREMENT,
  `invoice_id` int(11) NOT NULL,
  `client_id` int(11) NOT NULL DEFAULT '0',
  `payment_method_id` int(11) DEFAULT '0',
  `transaction_id` int(11) DEFAULT '0',
  `date` date NOT NULL,
  `status` enum('draft','approved') COLLATE utf8_unicode_ci DEFAULT 'draft',
  `note` text COLLATE utf8_unicode_ci,
  `deleted` int(1) NOT NULL DEFAULT '0',
  PRIMARY KEY (`id`)
) ENGINE=InnoDB AUTO_INCREMENT=14 DEFAULT CHARSET=utf8 COLLATE=utf8_unicode_ci;

--
-- Dumping data for table `sale_returns`
--

INSERT INTO `sale_returns` VALUES (1,10,9,4,0,'2023-04-19','draft','',1),(2,10,9,4,0,'2023-04-19','approved','',0),(3,8,2,4,0,'2023-05-09','draft','',0),(4,2,2,4,0,'2023-05-18','draft','',0),(5,17,9,4,0,'2023-05-17','approved','',0),(6,18,9,4,0,'2023-05-17','approved','',0),(7,2,2,4,0,'2023-05-25','draft','',0),(8,19,9,4,0,'2023-05-25','draft','',0),(9,19,9,4,0,'2023-05-25','approved','',0),(10,13,12,4,0,'2023-05-09','approved','',0),(11,10,9,4,0,'2023-06-25','approved','',0),(12,30,1,4,0,'2023-08-16','approved','',0),(13,35,1,4,0,'2023-08-31','approved','',0);

--
-- Table structure for table `sales_items`
--

CREATE TABLE `sales_items` (
  `id` int(11) NOT NULL AUTO_INCREMENT,
  `title` text COLLATE utf8_unicode_ci NOT NULL,
  `sale_account_id` int(11) NOT NULL,
  `sale_cost_account_id` int(11) NOT NULL,
  `deleted` tinyint(1) NOT NULL DEFAULT '0',
  PRIMARY KEY (`id`) USING BTREE
) ENGINE=InnoDB AUTO_INCREMENT=7 DEFAULT CHARSET=utf8 COLLATE=utf8_unicode_ci ROW_FORMAT=DYNAMIC;

--
-- Dumping data for table `sales_items`
--

INSERT INTO `sales_items` VALUES (1,'Default Sales',70,62,0),(2,'MEP',79,80,1),(3,'swimming ',42,37,1),(4,'test',105,105,1),(5,'Progressive Invoice',69,19,0),(6,'Retention ',19,69,0);

--
-- Table structure for table `settings`
--

CREATE TABLE `settings` (
  `setting_name` varchar(100) COLLATE utf8_unicode_ci NOT NULL,
  `setting_value` mediumtext COLLATE utf8_unicode_ci NOT NULL,
  `type` varchar(20) COLLATE utf8_unicode_ci NOT NULL DEFAULT 'app',
  `deleted` tinyint(1) NOT NULL DEFAULT '0',
  UNIQUE KEY `setting_name` (`setting_name`)
) ENGINE=InnoDB DEFAULT CHARSET=utf8 COLLATE=utf8_unicode_ci;

--
-- Dumping data for table `settings`
--

INSERT INTO `settings` VALUES ('accepted_file_formats','jpg,jpeg,doc,pdf,csv,pptx,xlsx,docx,png,rar','app',0),('allow_partial_invoice_payment_from_clients','','app',0),('allowed_ip_addresses','','app',0),('app_title','ABRAR GROUP OF COMPANIES','app',0),('attendance_password','94269935','app',0),('banks_accounts_parent','25','app',0),('cash_on_hand_accounts_parent','24','app',0),('client_can_add_project_files','1','app',0),('client_can_comment_on_files','1','app',0),('client_can_comment_on_tasks','1','app',0),('client_can_create_projects','1','app',0),('client_can_create_tasks','1','app',0),('client_can_edit_tasks','1','app',0),('client_can_view_activity','1','app',0),('client_can_view_gantt','1','app',0),('client_can_view_milestones','1','app',0),('client_can_view_overview','1','app',0),('client_can_view_project_files','1','app',0),('client_can_view_tasks','1','app',0),('client_default_dashboard','','app',0),('client_message_own_contacts','1','app',0),('client_message_users','5','app',0),('clients_accounts_parent','19','app',0),('clients_parent','','app',0),('company_address','PO. 3316, PC 112.\nMUSCAT,\nSULTANATE OF OMAN.\nCR NO. 1010283','app',0),('company_email','info@abrarme.com','app',0),('company_name','ABRAR MIDDLE EAST LLC','app',0),('company_phone','+968 24450786','app',0),('company_vat_number','OM1100030534','app',0),('company_website','www.abrarme.com','app',0),('cost_of_goods_sold','62','app',0),('currency_position','right','app',0),('currency_symbol','/-','app',0),('date_format','d-m-Y','app',0),('decimal_separator','.','app',0),('default_bank','61','app',0),('default_cash_on_hand','12','app',0),('default_currency','OMR','app',0),('default_due_date_after_billing_date','30','app',0),('default_git','75','app',0),('default_inventory','18','app',0),('default_sales','70','app',0),('disable_client_login','1','app',0),('disable_client_signup','1','app',0),('discount','60','app',0),('email_protocol','','app',0),('email_sent_from_address','info@teamway.om','app',0),('email_sent_from_name','Teamway','app',0),('email_smtp_host','','app',0),('email_smtp_pass','','app',0),('email_smtp_port','','app',0),('email_smtp_security_type','none','app',0),('email_smtp_user','','app',0),('enable_attendance','','app',0),('enable_email_piping','','app',0),('enable_google_calendar_api','','app',0),('enable_push_notification','','app',0),('enable_recurring_option_for_tasks','1','app',0),('enable_rich_text_editor','0','app',0),('estimate_color','#054d7f ','app',0),('estimate_logo','a:1:{s:9:\"file_name\";s:36:\"_file65ab602ed6ae5-estimate-logo.png\";}','app',0),('expenses_accounts_parent','56','app',0),('favicon','a:1:{s:9:\"file_name\";s:30:\"_file65ab6df787dcc-favicon.png\";}','app',0),('financial_year_end','2022-01-01','app',0),('first_day_of_week','0','app',0),('hidden_client_menus','','app',0),('imap_email','info@teamway.om','app',0),('imap_host','','app',0),('imap_password','00000','app',0),('imap_port','','app',0),('imap_ssl_enabled','1','app',0),('initial_number_of_the_estimate','28','app',0),('initial_number_of_the_invoice','67','app',0),('invoice_color','#054d7f ','app',0),('invoice_footer','<p style=\"direction: ltr;\"><br></p>','app',0),('invoice_logo','a:1:{s:9:\"file_name\";s:35:\"_file65ab6058ecb9d-invoice-logo.png\";}','app',0),('invoice_prefix','TAX INVOICE','app',0),('item_purchase_code','53434654','app',0),('language','english','app',0),('leave_salary_expenses','4','app',0),('module_announcement','1','app',0),('module_attendance','1','app',0),('module_chat','1','app',0),('module_estimate','1','app',0),('module_estimate_request','','app',0),('module_event','1','app',0),('module_expense','1','app',0),('module_expires','','app',0),('module_help','1','app',0),('module_invoice','1','app',0),('module_knowledge_base','','app',0),('module_lead','1','app',0),('module_leave','1','app',0),('module_message','1','app',0),('module_note','1','app',0),('module_petty_cash','','app',0),('module_project_timesheet','1','app',0),('module_ticket','','app',0),('module_timeline','1','app',0),('module_todo','1','app',0),('no_of_decimals','2','app',0),('payable_cheques','43','app',0),('payable_EOS_benefits','15','app',0),('payable_job_security','9','app',0),('payable_leave_salaries','15','app',0),('payable_PASI','53','app',0),('payable_salaries','46','app',0),('petty_cash','0','app',0),('petty_cash_parent','16','app',0),('project_reference_in_tickets','1','app',0),('project_task_deadline_overdue_reminder','3','app',0),('project_task_deadline_pre_reminder','3','app',0),('project_task_reminder_on_the_day_of_deadline','1','app',0),('pusher_app_id','929038','app',0),('pusher_cluster','eu','app',0),('pusher_key','2cbc86a72bfa9a85b0e5','app',0),('pusher_secret','53077cbb420c5e79c8f6','app',0),('receivable_cheques','21','app',0),('rows_per_page','100','app',0),('salary_advances','66','app',0),('salary_expenses','65','app',0),('scrollbar','native','app',0),('send_bcc_to','info@teamway.om','app',0),('send_estimate_bcc_to','info@teamway.om','app',0),('show_background_image_in_signin_page','yes','app',0),('show_logo_in_signin_page','no','app',0),('show_recent_ticket_comments_at_the_top','1','app',0),('signin_page_background','a:4:{s:9:\"file_name\";s:39:\"system_file65c85e441d939-Abrar-Logo.jpg\";s:9:\"file_size\";s:5:\"48467\";s:7:\"file_id\";N;s:12:\"service_type\";N;}','app',0),('site_logo','a:1:{s:9:\"file_name\";s:32:\"_file65dedb7de5b16-site-logo.png\";}','app',0),('suppliers_accounts_parent','37','app',0),('ticket_prefix','','app',0),('time_format','24_hours','app',0),('timezone','Asia/Muscat','app',0),('treasury_accounts_parent','12','app',0),('user_1_allowed_distance','100000','user',0),('user_1_dashboard','','user',0),('user_1_disable_push_notification','0','user',0),('user_1_hidden_topbar_menus','','user',0),('user_1_location','23.620058326708097,58.24233084570313','user',0),('user_1_notification_sound_volume','4','user',0),('user_1_personal_language','english','user',0),('user_10_dashboard','','user',0),('user_10_personal_language','english','user',0),('user_11_dashboard','','user',0),('user_12_dashboard','','user',0),('user_13_dashboard','','user',0),('user_16_dashboard','','user',0),('user_16_personal_language','english','user',0),('user_18_dashboard','','user',0),('user_2_dashboard','','user',0),('user_21_dashboard','','user',0),('user_21_personal_language','english','user',0),('user_22_dashboard','','user',0),('user_22_personal_language','arabic','user',0),('user_23_dashboard','','user',0),('user_23_personal_language','arabic','user',0),('user_24_dashboard','','user',0),('user_24_personal_language','english','user',0),('user_25_dashboard','','user',0),('user_25_personal_language','english','user',0),('user_3_dashboard','','user',0),('user_39_dashboard','','user',0),('user_39_personal_language','english','user',0),('user_4_dashboard','','user',0),('user_42_dashboard','','user',0),('user_43_dashboard','','user',0),('user_44_dashboard','','user',0),('user_45_dashboard','','user',0),('user_46_dashboard','','user',0),('user_47_dashboard','','user',0),('user_48_dashboard','','user',0),('user_48_personal_language','english','user',0),('user_49_dashboard','','user',0),('user_5_allowed_distance','100000000','user',0),('user_5_dashboard','6','user',0),('user_5_disable_push_notification','1','user',0),('user_5_hidden_topbar_menus','','user',0),('user_5_location','23.673522614041882,57.680654820312505','user',0),('user_5_notification_sound_volume','7','user',0),('user_5_personal_language','english','user',0),('user_50_dashboard','','user',0),('user_51_dashboard','','user',0),('user_52_dashboard','','user',0),('user_53_dashboard','','user',0),('user_54_dashboard','','user',0),('user_54_personal_language','english','user',0),('user_55_dashboard','','user',0),('user_56_dashboard','','user',0),('user_57_dashboard','','user',0),('user_58_dashboard','','user',0),('user_59_dashboard','','user',0),('user_6_dashboard','','user',0),('user_6_personal_language','english','user',0),('user_60_dashboard','','user',0),('user_61_dashboard','','user',0),('user_62_dashboard','','user',0),('user_63_dashboard','','user',0),('user_64_dashboard','','user',0),('user_65_dashboard','','user',0),('user_66_dashboard','','user',0),('user_67_dashboard','','user',0),('user_68_dashboard','','user',0),('user_69_dashboard','','user',0),('user_70_dashboard','','user',0),('user_71_dashboard','','user',0),('user_72_dashboard','','user',0),('user_73_dashboard','','user',0),('user_75_dashboard','','user',0),('user_76_dashboard','','user',0),('user_78_dashboard','','user',0),('user_79_dashboard','','user',0),('user_80_dashboard','','user',0),('user_80_personal_language','arabic','user',0),('user_81_dashboard','','user',0),('user_81_personal_language','english','user',0),('user_82_dashboard','','user',0),('user_83_dashboard','','user',0),('user_84_dashboard','','user',0),('user_85_dashboard','','user',0),('user_86_dashboard','','user',0),('user_87_dashboard','','user',0),('user_89_dashboard','','user',0),('user_9_dashboard','','user',0),('VAT_expense','21','app',0),('VAT_in','35','app',0),('VAT_out','27','app',0),('weekend','5,6','app',0);

--
-- Table structure for table `shipment_items`
--

CREATE TABLE `shipment_items` (
  `id` int(11) NOT NULL AUTO_INCREMENT,
  `item_id` int(11) NOT NULL,
  `po_item_id` int(11) NOT NULL,
  `quantity` double NOT NULL DEFAULT '0',
  `deleted` int(1) NOT NULL DEFAULT '0',
  `shipment_id` int(11) NOT NULL,
  `sort` int(11) NOT NULL DEFAULT '0',
  PRIMARY KEY (`id`)
) ENGINE=InnoDB AUTO_INCREMENT=47 DEFAULT CHARSET=utf8 COLLATE=utf8_unicode_ci;

--
-- Dumping data for table `shipment_items`
--

INSERT INTO `shipment_items` VALUES (1,1,1,0,0,1,0),(2,1,2,30,0,2,0),(3,1,3,1,0,3,0),(4,2,4,30,0,4,0),(5,1,5,2,0,5,0),(6,7,12,1,0,6,0),(7,8,13,1,0,6,0),(8,9,14,1,0,6,0),(9,2,15,1,0,6,0),(10,2,27,0,0,7,0),(11,2,28,0,0,8,0),(12,2,29,0,0,9,0),(13,0,30,30,0,10,0),(14,0,31,2,0,10,0),(15,0,42,1,0,11,0),(16,0,43,1,0,12,0),(17,0,44,1,0,12,0),(18,0,45,1,0,12,0),(19,0,46,1,0,12,0),(20,0,47,1,0,12,0),(21,0,48,1,0,12,0),(22,0,43,0,0,13,0),(23,0,44,0,0,13,0),(24,0,45,0,0,13,0),(25,0,46,0,0,13,0),(26,0,47,0,0,13,0),(27,0,48,0,0,13,0),(28,0,49,1,0,13,0),(29,0,50,1,0,13,0),(30,0,51,1,0,13,0),(31,0,52,1,0,14,0),(32,2,54,5,0,15,0),(33,8,55,5,0,16,0),(34,27,57,1,0,17,0),(35,0,61,300,0,18,0),(36,0,62,6,0,18,0),(37,0,64,150,0,19,0),(38,0,65,1,0,20,0),(39,0,69,29,0,21,0),(40,0,70,1,0,21,0),(41,0,109,600,0,22,0),(42,0,110,2.5,0,23,0),(43,0,119,1.5,0,24,0),(44,0,120,1,0,25,0),(45,0,146,1,0,26,0),(46,0,238,125,0,27,0);

--
-- Table structure for table `shipments`
--

CREATE TABLE `shipments` (
  `id` int(11) NOT NULL AUTO_INCREMENT,
  `purchase_order_id` int(11) NOT NULL,
  `supplier_id` int(11) NOT NULL DEFAULT '0',
  `date` date NOT NULL,
  `invoice_number` varchar(255) COLLATE utf8_unicode_ci DEFAULT NULL,
  `invoice_date` date DEFAULT NULL,
  `delivery_note_number` varchar(255) COLLATE utf8_unicode_ci DEFAULT NULL,
  `delivery_note_date` date DEFAULT NULL,
  `status` enum('draft','approved') COLLATE utf8_unicode_ci DEFAULT NULL,
  `note` text COLLATE utf8_unicode_ci,
  `deleted` int(1) NOT NULL DEFAULT '0',
  PRIMARY KEY (`id`)
) ENGINE=InnoDB AUTO_INCREMENT=28 DEFAULT CHARSET=utf8 COLLATE=utf8_unicode_ci;

--
-- Dumping data for table `shipments`
--

INSERT INTO `shipments` VALUES (1,1,1,'2023-03-05','123','2023-03-05','123','2023-03-05','draft','sadfsd',1),(2,2,1,'2023-03-05','222','2023-03-05','333','2023-03-05','draft','',1),(3,3,1,'2023-04-11','3','2023-04-11','','0000-00-00','draft','',1),(4,4,2,'2023-04-16','123','2023-04-16','1234','2023-04-16','draft','dsfdagdf',1),(5,5,1,'2023-04-19','5','2023-04-19','','0000-00-00','draft','',1),(6,11,4,'2023-08-31','2134','2023-08-31','123','2023-08-31','draft','sadf',1),(7,22,4,'2023-12-30','8258','2023-12-30','56.5','2023-12-30','draft','893',1),(8,23,5,'2024-01-03','23','2024-01-03','','0000-00-00','draft','',1),(9,24,4,'2024-01-03','24','2024-01-03','','0000-00-00','draft','',1),(10,26,7,'2024-01-09','123','2024-01-09','1','2024-01-09','approved','Done',0),(11,29,8,'2024-01-09','1-24','2024-01-06','non','2024-01-10','approved','steel tubes',0),(12,31,9,'2024-01-10','INV-2023-70','2023-12-31','2','2024-01-10','approved','',0),(13,31,9,'2024-01-10','2023-70','2023-12-31','2023-70','2024-01-10','approved','plastering works',0),(14,33,9,'2024-01-10','inv-2023-70','2024-01-10','inv-2023-70','2024-01-10',NULL,'plastering works',0),(15,35,10,'2024-01-13','dg','2024-01-13','dh','2024-01-13',NULL,'',0),(16,36,5,'2024-01-13','2','2024-01-13','2','2024-01-13','draft','',1),(17,38,9,'2024-01-13','s','2024-01-13','d','2024-01-13','approved','',0),(18,41,12,'2024-01-15','001','2024-01-16','001','2024-01-16',NULL,'',0),(19,43,15,'2024-01-20','SI004481','2024-01-08','004481','2024-01-08','approved','',0),(20,44,16,'2024-01-16','4566','2024-01-17','4566','2024-01-16',NULL,'Generator Rental\n',0),(21,49,57,'2024-01-22','A22012024','2024-01-22','A22012024','2024-01-22','approved','STEEL REBARS UG TANK',0),(22,59,9,'2024-02-01','2024-73','2024-02-03','2024-73','2024-02-03',NULL,'steel frames for offices area',0),(23,60,57,'2024-02-03','1008187','2024-02-03','1008187','2024-02-03',NULL,'Steel rebars',0),(24,67,57,'2024-02-06','1008187','2024-02-06','1008187','2024-02-06','approved','',0),(25,68,12,'2024-01-28','057','2024-01-28','057','2024-01-28','approved','WATER STOP 10M',0),(26,78,60,'2023-08-22','1','2023-08-22','1','0000-00-00','draft','',0),(27,126,80,'2024-02-13','000','2024-02-13','000','2024-02-13',NULL,'Safety fence',0);

--
-- Table structure for table `social_links`
--

CREATE TABLE `social_links` (
  `id` int(11) NOT NULL,
  `user_id` int(11) NOT NULL,
  `facebook` text COLLATE utf8_unicode_ci,
  `twitter` text COLLATE utf8_unicode_ci,
  `linkedin` text COLLATE utf8_unicode_ci,
  `googleplus` text COLLATE utf8_unicode_ci,
  `digg` text COLLATE utf8_unicode_ci,
  `youtube` text COLLATE utf8_unicode_ci,
  `pinterest` text COLLATE utf8_unicode_ci,
  `instagram` text COLLATE utf8_unicode_ci,
  `github` text COLLATE utf8_unicode_ci,
  `tumblr` text COLLATE utf8_unicode_ci,
  `vine` text COLLATE utf8_unicode_ci,
  `deleted` tinyint(1) NOT NULL DEFAULT '0',
  PRIMARY KEY (`id`)
) ENGINE=InnoDB DEFAULT CHARSET=utf8 COLLATE=utf8_unicode_ci;

--
-- Dumping data for table `social_links`
--

INSERT INTO `social_links` VALUES (44,44,'','','','','','','','','','','',0),(58,58,'','','https://www.linkedin.com/in/safa-alfulaiti-087a8a153/','','','','','','','','',0),(59,59,'','','','','','','','','','','',0);

--
-- Table structure for table `stock_adjustments`
--

CREATE TABLE `stock_adjustments` (
  `id` int(11) NOT NULL AUTO_INCREMENT,
  `item_id` int(11) NOT NULL,
  `quantity` double NOT NULL DEFAULT '0',
  `note` text COLLATE utf8_unicode_ci,
  `deleted` int(11) NOT NULL DEFAULT '0',
  PRIMARY KEY (`id`)
) ENGINE=InnoDB AUTO_INCREMENT=7 DEFAULT CHARSET=utf8 COLLATE=utf8_unicode_ci;

--
-- Dumping data for table `stock_adjustments`
--

INSERT INTO `stock_adjustments` VALUES (1,1,100,'',0),(2,4,100,'',0),(3,7,100,'',0),(4,11,5,'',0),(5,19,10,'',0),(6,20,10,'',0);

--
-- Table structure for table `suppliers`
--

CREATE TABLE `suppliers` (
  `id` int(11) NOT NULL AUTO_INCREMENT,
  `company_name` varchar(150) COLLATE utf8_unicode_ci NOT NULL,
  `contact_name` varchar(150) COLLATE utf8_unicode_ci DEFAULT NULL,
  `email` varchar(150) COLLATE utf8_unicode_ci DEFAULT NULL,
  `address` text COLLATE utf8_unicode_ci,
  `city` varchar(50) COLLATE utf8_unicode_ci DEFAULT NULL,
  `state` varchar(50) COLLATE utf8_unicode_ci DEFAULT NULL,
  `zip` varchar(50) COLLATE utf8_unicode_ci DEFAULT NULL,
  `country` varchar(20) COLLATE utf8_unicode_ci DEFAULT NULL,
  `created_date` date DEFAULT NULL,
  `website` text COLLATE utf8_unicode_ci,
  `phone` varchar(20) COLLATE utf8_unicode_ci DEFAULT NULL,
  `alternative_phone` varchar(20) COLLATE utf8_unicode_ci DEFAULT NULL,
  `currency_symbol` varchar(20) COLLATE utf8_unicode_ci DEFAULT NULL,
  `currency` varchar(3) COLLATE utf8_unicode_ci DEFAULT NULL,
  `vat_number` text COLLATE utf8_unicode_ci,
  `note` mediumtext COLLATE utf8_unicode_ci NOT NULL,
  `account_id` int(11) NOT NULL DEFAULT '0',
  `advance_account_id` int(11) NOT NULL DEFAULT '0',
  `deleted` tinyint(4) NOT NULL DEFAULT '0',
  `cost_center_id` int(11) NOT NULL DEFAULT '1',
  PRIMARY KEY (`id`)
) ENGINE=MyISAM AUTO_INCREMENT=123 DEFAULT CHARSET=utf8 COLLATE=utf8_unicode_ci;

--
-- Dumping data for table `suppliers`
--

INSERT INTO `suppliers` VALUES (1,'Intelligent Projects3','mohamed ali','m.ali3@intelligentprojects.net','oman','','','','','2023-03-05','','794291163','','','','','',130,0,1,1),(2,'Ser LLC ','Ahmed','amhed@e.com','','','','','','2023-04-16','','345','98709','','','','',148,0,1,1),(3,'ى','9999','amersalim447@gmail.com','مسقط','','','','','2023-05-01','','96962580','','','','لاتوجد','',152,0,1,1),(4,'Intelligent Projects','mohamed ali','m.ali@intelligentprojects.net',' oman','','','','','2023-08-31','','79429116','','','','','',158,0,1,1),(5,'Test Supplier','','test@test.com','','','','','','2024-01-03','','6666','','','','','',86,0,1,1),(6,'Test','test','test','','','','','','2024-01-09','','test','',NULL,NULL,'','',91,0,1,4),(7,'ANSYAB GENERAL CONTRACTING EST','0505781572','Ksannn5@gmail.com','dammam','','','','','2024-01-09','','0505781572','0505781572',NULL,NULL,'310991688300003','',92,0,0,4),(8,'ALUSAIMI STEEL','OMAR ANAS','Omar.anas@usaimisteel.net ','DAMMAM','','','','','2024-01-09','','+966 53 254 0030','+966 53 254 0030',NULL,NULL,'311549353600003','',93,0,0,4),(9,'Al Wessam ALKHAJIJI General Contracting Establishment,','ABDULLKARIM','','KHOBAR','','','','','2024-01-10','','0553101434','0553101434',NULL,NULL,'310307534500003','',96,0,0,4),(10,'DANUBE BUILDING MATERIAL ','RAJA','DANUBE@GMAIL.COM','','','','','','2024-01-13','','987456321','',NULL,NULL,'','',98,0,1,5),(11,'HASHR GHAZI AL-SAHLI &SONS LTD CO','Eng.MOHAMEED ALTAIB','alghazitrasport@hotmail.com','DAMMAM','','','','','2024-01-13','','920010111','ext 414',NULL,NULL,'300483891700003','',100,0,0,4),(12,'ARABIAN ARCHITICT CON','RAMI','ARABIANARCHITECT.CON@GMAIL.COM','DAMMAM','','','','','2024-01-15','','0556069203','',NULL,NULL,'311215624500003','',101,0,0,4),(13,'SADAD SAC MEMPERSHIP','000000000','00000000','SADAD NO 208 الهيئة السعودية للمقاولين','','','','','2024-01-17','','000000','000000',NULL,NULL,'','',104,0,0,4),(14,'Cochin Steel LLC','Kurrain','','','','','','','2024-01-20','','+971065360401','','','','','',107,0,0,1),(15,'TOP RESOURCE TRADING EST.','0138250501','esamgaweesh67@yahoo.com','KHOBAR/\nSNB \nIBAN/ SA7810000005500000234000','','','','','2024-01-20','','0138250501','0138250501',NULL,NULL,'310307006200003','',109,0,0,4),(16,'DESERT MACHINERY','0566699789','0566699789','DAMMAM\nALJAZIRA BANK ACC/ 0016519095001','','','','','2024-01-20','','0566699789','0566699789',NULL,NULL,'300483652600003','',110,0,0,4),(17,'Danube building material fzco','k','j','','','','','','2024-01-22','','2','h',NULL,NULL,'','',113,0,0,5),(18,'Neusurvey measureme work','','paulchitra.neusurvey@gmail.com','Office no: 6, Plot : 26, Bldg.: 2, M-14','','','','','2024-01-22','','+971 58 128 7743','',NULL,NULL,'TRN 100518004500003','',118,0,0,5),(19,'Saqer al madeena pest control','Harish J Kumar','harish@sampcuae.com','PO BOX 186936, DUBAI, UAE','','','','','2024-01-22','',' +971 55 329 4107','',NULL,NULL,'','',119,0,0,5),(20,'WIPZ TECHNICAL SERVICES LLC','','wipz.ae@gmail.com','Office No.132 Sky Business Tower - Al Badia, Near Festival City Dubai - UAE','','','','','2024-01-22','','050 276 7899','',NULL,NULL,'TRN: 100455284800003','',120,0,0,5),(21,'PIONEER READY MIX','','salesengineer@prm.ae','','','','','','2024-01-22','','050-6215520','',NULL,NULL,'','',121,0,0,5),(22,'GBMT Structural steel manufacturing','','ashok@gbmt.ae','','','','','','2024-01-22','','052-902 7036','',NULL,NULL,'','',122,0,0,5),(23,'Puman building material trdg llc','','','PO BOX 39445 DUBAI U.A.E','','','','','2024-01-22','','+971 (0) 4 2270 355','',NULL,NULL,'TRN : 10006067210000','',123,0,0,5),(24,'Mabani steel llc','','shonima.sasikumar@mabanisteel.com','','','','','','2024-01-22','','0','',NULL,NULL,'','',124,0,0,5),(25,'Gulf toub cement llc','','','','','','','','2024-01-22','','0','',NULL,NULL,'','',125,0,0,5),(26,'LOGER PAKTIA TRANSPORT','','Logerpaktia@gmail.com','','','','','','2024-01-22','','0','',NULL,NULL,'','',126,0,0,5),(27,'MINUT PETROLEUM TRANSPORT LLC','','minutpetroleumuae@gmail.com','','','','','','2024-01-22','','0','',NULL,NULL,'','',127,0,0,5),(28,'Dwex Dewatering Experts','Benjamin Obtina',' Benjamin.Obtina@Dwex.ae','','','','','','2024-01-22','','+971 56 548 8117','',NULL,NULL,'','',128,0,0,5),(29,'winner holistic consultant','','','','','','','','2024-01-22','','0','',NULL,NULL,'','',129,0,0,5),(30,'al watad insulation material works','','operations@al-watad.ae','','','','','','2024-01-22','','+971-55-368-1522','',NULL,NULL,'','',130,0,0,5),(31,'sada al rayyan','','sales@rayyansuae.com','','','','','','2024-01-22','','0','',NULL,NULL,'','',131,0,0,5),(32,'AL AJWA PASSENGERS TRANSPORTATION','','','','','','','','2024-01-22','','0','',NULL,NULL,'','',132,0,0,5),(33,'UTMOST BUILDING MATERIALS LLC','','','','','','','','2024-01-22','','0','',NULL,NULL,'','',133,0,0,5),(34,'xtramix','paul antony','sales@xtramix.com','','','','','','2024-01-22','','0','',NULL,NULL,'','',134,0,0,5),(35,'KOFFEL INTERNATIONAL FIRE SAFETY','','','','','','','','2024-01-22','','0','',NULL,NULL,'','',135,0,0,5),(36,'sipco sand','','sipcotrading@gmail.com','','','','','','2024-01-22','','0','',NULL,NULL,'','',136,0,0,5),(37,'CONMIX','','lazim.kanchery@conmix.com','','','','','','2024-01-22','','0','',NULL,NULL,'','',137,0,0,5),(38,'AL GHURAIR CONSTRUCTION','','Rochelle.Gonzales@al-ghurair.com','','','','','','2024-01-22','','0','',NULL,NULL,'','',138,0,0,5),(39,'AL FALAJ TRADING CO LLC','','','','','','','','2024-01-22','','0','',NULL,NULL,'','',139,0,0,5),(40,'Z&A WASTE MANAGEMENT','','','','','','','','2024-01-22','','0','',NULL,NULL,'','',140,0,0,5),(41,'ROOF METAL INDUSTRIES','','','','','','','','2024-01-22','','0','',NULL,NULL,'','',141,0,0,5),(42,'AL MESHARI','','','','','','','','2024-01-22','','0','',NULL,NULL,'','',142,0,0,5),(43,'ANIQ TRADING FZ LLC','','','','','','','','2024-01-22','','0','',NULL,NULL,'','',143,0,0,5),(44,'silver crown general transport','','','','','','','','2024-01-22','','0','',NULL,NULL,'','',144,0,0,5),(45,'MASTER BUILDERS SOLUTIONS','','','','','','','','2024-01-22','','0','',NULL,NULL,'','',145,0,0,5),(46,'silver star','','','','','','','','2024-01-22','','0','',NULL,NULL,'','',146,0,0,5),(47,'Balouch khan Technical Services llc','','','','','','','','2024-01-22','','0','',NULL,NULL,'','',147,0,0,5),(48,'AL Raad Althaqeb Diesel Fuel Trading L.L.C','','','','','','','','2024-01-22','','0','',NULL,NULL,'','',148,0,0,5),(49,'Groot building materials','','','','','','','','2024-01-22','','0','',NULL,NULL,'','',149,0,0,5),(50,'Six star genral transport','','','','','','','','2024-01-22','','0','',NULL,NULL,'','',150,0,0,5),(51,'AL HUTHAIB TRADING LLC','','','','','','','','2024-01-22','','0','',NULL,NULL,'','',151,0,0,5),(52,'NOOR AL MUFADDAL HARDWARE & TOOLS TRDG. LLC','','','','','','','','2024-01-22','','0','',NULL,NULL,'','',152,0,0,5),(53,'GLOBAL LINK TRANSPORT','','','','','','','','2024-01-22','','0','',NULL,NULL,'','',153,0,0,5),(54,'Riyal Electrical Trading llc','','','','','','','','2024-01-22','','0','',NULL,NULL,'','',154,0,0,5),(55,'RASHIDCO CEMENT','','','','','','','','2024-01-22','','0','',NULL,NULL,'','',155,0,0,5),(56,'BUCOMAC','','','','','','','','2024-01-22','','0','',NULL,NULL,'','',156,0,0,5),(57,'ALFAISAL STEEL PRODUCTS CO.','0138579922','NASEEM.MUBARAK@ALTUWAIRQI.COM','DAMMAM','','','','','2024-01-22','','0138579922','0138579922',NULL,NULL,'300518336910003','',157,0,0,4),(58,'RMB- Ready Concrete Manufacturing','Mr. Wasim','info.dxb@rmbreadymix.ae','Jebel Ali Industrial 1st, Dubai. UAE','','','','','2024-01-30','','0545819885','0543087392',NULL,NULL,'','',192,0,0,5),(59,'SCOPE EQUIPMENT LLC','Moataz Thabet',' Info@scopescaffolding.ae','Abu Dhabi','','','','','2024-02-05','','0505702754','02-6727451',NULL,NULL,'','',203,0,0,5),(60,'SHAHIN NAZIM UDDIN','','','','','','','','2024-02-10','','95306940','','','','','',206,0,0,1),(61,'AL-SUWAIHRAH TRAD & CONT EST','','','','','','','','2024-02-11','','94552551','',NULL,NULL,'','',209,0,0,1),(62,'AL WAHDA METAL ENGINEERING LLC','+97172285630','','','','','','','2024-02-11','','72285630','','','','','',210,0,0,1),(63,'SAIF TECHNICAL SERVICES AND TRADING SPC','','','','','','','','2024-02-11','','95461425','',NULL,NULL,'','',214,0,0,1),(64,'AFAQ AL MADINA MODERN TRADING','JASLIN','','','','','','','2024-02-11','','123456789','','','','','',215,0,0,1),(65,'SAHOOL AL MAGSAIL TRADE CO LLC','','123','','','','','','2024-02-11','','123','','','','','',216,0,0,1),(66,'OMAN PORTUGUESE CEMENT PRODUCTS LLC','NASIR','','','','','','','2024-02-11','','93220652','','','','','',217,0,0,1),(67,'AL DANUBE BUILDING MATERIAL AND TRADING CO LLC','RAJA','','','','','','','2024-02-11','','93290326','',NULL,NULL,'','',218,0,0,1),(68,'ABU MAATHER INTERNATIONAL LLC','','','','','','','','2024-02-11','','24792255','',NULL,NULL,'','',219,0,0,1),(69,'THE STAR TRADING LLC','','','','','','','','2024-02-11','','99728988','',NULL,NULL,'','',220,0,0,1),(70,'FERTILE LAND TRADING LLC','','','','','','','','2024-02-11','','123','',NULL,NULL,'','',221,0,0,1),(71,'LULU AL HEJERAH','','','','','','','','2024-02-11','','96559072','',NULL,NULL,'','',222,0,0,1),(72,'AL INMA BUILDING MATERIAL LLC','','','','','','','','2024-02-11','','96672976','',NULL,NULL,'','',223,0,0,1),(73,'ARROW INTERNATIONAL INVESTMENT LLC','','','','','','','','2024-02-11','','91961543','',NULL,NULL,'','',224,0,0,1),(74,'AL TASNIM MIDDLE EAST LLC','','','','','','','','2024-02-11','','24214700','',NULL,NULL,'','',225,0,0,1),(75,'BUILD TECH ADVANCE BUSINESS SPC','ARYAN','','','','','','','2024-02-11','','97672800','',NULL,NULL,'','',226,0,0,1),(76,'SAIF PAINTER','9889245','','','','','','','2024-02-13','','9889245','',NULL,NULL,'','',228,0,0,1),(77,'INTELLIGENT PROJECTS ','','','','','','','','2024-02-13','','90985599','',NULL,NULL,'','',240,0,0,1),(78,'muscat concrete products SPC','','','','','','','','2024-02-13','','+968 95906094','',NULL,NULL,'','',241,0,0,1),(79,'General Eletric & Trading CO.L.L.C','','','','','','','','2024-02-13','','+968 24700032','+968 96578590',NULL,NULL,'','',242,0,0,1),(80,'AHMAD ABDRABO SALEH ALMARI ','0567547590','SAFTY FENCE','DAMMAM','','','','','2024-02-13','','0567547590','0567547590',NULL,NULL,'NON','',243,0,0,4),(81,'BIN YDEED TRADING','','','','','','','','2024-02-13','','+968 96820968','',NULL,NULL,'VATIN:OM1100039942','',248,0,0,1),(82,'MIDDLE EAST WEALTH\'S L.L.C','','','','','','','','2024-02-13','','24112370','',NULL,NULL,'','',249,0,0,1),(83,'MIDDLE EAST ELECTRO MECHANICAL & CONSTRUCTION CO.L.L.C','','','','','','','','2024-02-13','','24112370','',NULL,NULL,'','',250,0,0,1),(84,'MODERN ATHAIBA BEACHES L.L.C','MR JABEDUL HASAN/ TAJUL ISLAM','','','','','','','2024-02-13','','99338349','77204875',NULL,NULL,'','',251,0,0,1),(85,'Mohsin Haidar Darwesh','','','','','','','','2024-02-13','','+968 93571300','',NULL,NULL,'','',252,0,0,1),(86,'AL ASJAD AL WATANIYA ENT.','','','','','','','','2024-02-14','','94584688','',NULL,NULL,'','',253,0,0,1),(87,'SOHAR PRECAST AND CONTRACTING CO.','','','','','','','','2024-02-14','','26701570','',NULL,NULL,'','',254,0,0,1),(88,'ALCON LLC','24266707','','','','','','','2024-02-14','','32277707','',NULL,NULL,'VATIN:OM1100051386','',255,0,0,1),(89,'FAIRDEAL TRADING & CONTRACTING EST LLC','','','','','','','','2024-02-14','','99896991','',NULL,NULL,'','',256,0,0,1),(90,'AL HINAI NATIONAL ENTERPRISES LLC','','','','','','','','2024-02-14','','79232729','',NULL,NULL,'','',257,0,0,1),(91,'OMAN DRILLING & SOIL TECHNOLOGY CO. LLC','','','','','','','','2024-02-14','','24831506','',NULL,NULL,'','',258,0,0,1),(92,'gulf testing solutions enterprise llc','','','','','','','','2024-02-14','','92382068','',NULL,NULL,'','',259,0,0,1),(93,'IMPULSE FIRE SOLUTIONS LLC','','admin@impulsefire.com','912, T2 Mayzad Mall\nMBZ Abu-Dhabi\nUAE','','','','','2024-02-16','','1','',NULL,NULL,'','',262,0,0,5),(94,'MADAR BUILDING MATIRIALS','0599270202','ABDULLKARIM','DAMMAM\nALJAZIRA ACC:0302152300001','','','','','2024-02-17','','0599270202','',NULL,NULL,'300457451300003','',264,0,0,4),(95,'SANAA STARS Trading Company (JUTON)','abdulaziz','0538505076','DAMMAM \nRIYADH BANK: SA9620000003373379379940','','','','','2024-02-17','','0538505076','0538505076',NULL,NULL,'311273530400003','',265,0,0,4),(96,'ABDULLAH MUSALLAM AL-ALAWI TRADING LLC','','','','','','','','2024-02-19','','1','',NULL,NULL,'','',267,0,0,1),(97,'AL MUHAJIR FIRE ENGINEERING CONSULTANCY','','Info@almuhajirfec.com','','','','','','2024-02-21','','+96892598800','',NULL,NULL,'VATIN NO: OM1100282766','',281,0,0,1),(98,'Omar hujera','0565931322','','DAMMAM','','','','','2024-02-22','','0565931322','0565931322',NULL,NULL,'','',282,0,0,4),(99,'ROSE STAR INTERNATIONAL SPC','RAJESH','','MUSCAT,\nSULTANATE OF OMAN.','','','','','2024-02-25','','+96899865166','','','','','',284,0,0,1),(100,'Ideal Fire Fighting For Safety And Tools And Materials Co.','eng.saeed Ibrahim','','dammam','','','','','2024-02-25','','0537229060','0537229060',NULL,NULL,'311837986100003','',286,0,0,4),(101,'AL Methali Scaffolding','Sales','methaliscaffolding@hotmail.com','P.O Box105541, Abu dhabi. UAE.','','','','','2024-02-28','','0502702332','',NULL,NULL,'','',287,0,0,1),(102,'AL METHALI FOR SCAFFOLDING TRADING LLC','+971 502702332','methaliscaffolding@hotmail.com','P.O BOX:105541,ABUDHABI,UAE','','','','','2024-02-28','','+971 502702332','',NULL,NULL,'','',288,0,0,5),(103,'FIRST MEETING CONTRACTING EST','0506414736','','dammam','','','','','2024-02-29','','0506414736','0506414736',NULL,NULL,'','',289,0,0,4),(104,'MOHAMMAD ANWAR HOISAIN','MOHAMMAD ANWAR HOISAIN','','KHOBAR','','','','','2024-02-29','','0544514716','0544514716',NULL,NULL,'','',290,0,0,4),(105,'AHMAD ALMOUSA CONSULTING OFFICE','Eng.HUSAIN','','DAMMAM','','','','','2024-02-29','','0544346045','0544346045',NULL,NULL,'310944589100003','',291,0,0,4),(106,'Masharif al mabela trading','MR.HASHIM','','','','','','','2024-03-04','','+968 98604020','',NULL,NULL,'OM1100140485','',297,0,0,1),(107,'MOHAMMAD HUSAIN ALJAADANI- safety fence','MOHAMMAD HUSAIN ALJAADANI','','Riyadh','','','','','2024-03-07','','0554662515','',NULL,NULL,'','',300,0,0,4),(108,'ALBASHEER PRINTING PRESS','','','DAMMAM','','','','','2024-03-09','','+966 59 449 9555','+966 59 449 9555',NULL,NULL,'310761938200003','',301,0,0,4),(109,'ALSHABAANI CONTRACTING','RIYADH NOOR','','DAMMAM','','','','','2024-03-09','','+966 54 122 4483','+966 54 122 4483',NULL,NULL,'310716219400003','',302,0,0,4),(110,'GENERAL AUTOMOTIVE COMPANY','ANEESH','','','','','','','2024-03-10','','99292132','',NULL,NULL,'','',303,0,0,1),(111,'DKL ALUMINIUM & KITCHEN INSTALLATION','','','','','','','','2024-03-16','','+971044228806','',NULL,NULL,'','',305,0,0,1),(112,'AL AMANA BUILDING MATERIALS CO LLC','VARGHESE CHEERAN','alamana@alamana-oman.com','','','','','','2024-03-21','','+968 92884189','',NULL,NULL,'OM1200045197','',307,0,0,1),(113,'Impact Consulting Engineers Company','mahmoud bader','','dammam','','','','','2024-03-24','','+966 50 156 6640','+966 50 156 6640',NULL,NULL,'311609534900003','',308,0,0,4),(114,'AL MUDATHIR ENG. TURNING','MR.SHABBIR','Alm.engsteel@gmail.com','','','','','','2024-03-25','','055-6095009','',NULL,NULL,'','',309,0,0,1),(115,'Seven seas steel industries','~Jeetendra Ahuja','','Jeetendra Ahuja','','','','','2024-04-05','','+971 55 454 3966','',NULL,NULL,'','',316,0,0,5),(116,'saden specialized company for geological consulting','AHMAD ELBAKRY','','dammam','','','','','2024-05-04','','0562643607','',NULL,NULL,'311423293800003','',324,0,0,4),(117,'HAMOOD SAID RASHID AL SUBHI- TRAD','VISHNU','','','','','','','2024-05-07','','94112684','78795609',NULL,NULL,'','',327,0,0,1),(118,'YANIES GENERAL TRADING','95687776','','','','','','','2024-05-08','','79884500','',NULL,NULL,'','',330,0,0,1),(119,'Future Ceramic and Porcelain Company','RAJAB',' National Arab Bank SA7130400108057105920017','DAMMAM 2nd industrial area','','','','','2024-05-23','','+966 53 510 9093','+966 53 510 9093',NULL,NULL,'300046467800003','',348,0,0,4),(120,'SABAQ ALBENNA TRADING EST.','SA6920000003321229809940 RIYADH BANK','','DAMMAM','','','','','2024-05-25','','+966509655822','',NULL,NULL,'300843429400003','',349,0,0,4),(121,'Factory of USG Middle East','rawad','','dammmam 2 nd','','','','','2024-06-13','','0555830844','',NULL,NULL,'300458738900003','',352,0,0,4),(122,'JANAB ALTAB TABKE','','','','','','','','2024-08-10','','1','',NULL,NULL,'','',360,0,0,1);

--
-- Table structure for table `task_status`
--

CREATE TABLE `task_status` (
  `id` int(11) NOT NULL AUTO_INCREMENT,
  `title` varchar(100) COLLATE utf8_unicode_ci NOT NULL,
  `key_name` varchar(100) COLLATE utf8_unicode_ci NOT NULL,
  `color` varchar(7) COLLATE utf8_unicode_ci NOT NULL,
  `sort` int(11) NOT NULL,
  `deleted` tinyint(1) NOT NULL DEFAULT '0',
  PRIMARY KEY (`id`)
) ENGINE=InnoDB AUTO_INCREMENT=6 DEFAULT CHARSET=utf8 COLLATE=utf8_unicode_ci;

--
-- Dumping data for table `task_status`
--

INSERT INTO `task_status` VALUES (1,'To Do','to_do','#F9A52D',0,0),(2,'In progress','in_progress','#1672B9',1,0),(3,'Done','done','#00B393',2,0),(4,'holding','','#aab7b7',3,0),(5,'Complted','','#83c340',4,0);

--
-- Table structure for table `tasks`
--

CREATE TABLE `tasks` (
  `id` int(11) NOT NULL AUTO_INCREMENT,
  `title` text COLLATE utf8_unicode_ci NOT NULL,
  `description` mediumtext COLLATE utf8_unicode_ci,
  `project_id` int(11) NOT NULL DEFAULT '0',
  `milestone_id` int(11) NOT NULL DEFAULT '0',
  `assigned_to` int(11) NOT NULL,
  `deadline` date DEFAULT NULL,
  `labels` text COLLATE utf8_unicode_ci,
  `points` tinyint(4) NOT NULL DEFAULT '1',
  `status` enum('to_do','in_progress','done') COLLATE utf8_unicode_ci NOT NULL DEFAULT 'to_do',
  `status_id` int(11) NOT NULL,
  `start_date` date DEFAULT NULL,
  `collaborators` text COLLATE utf8_unicode_ci NOT NULL,
  `sort` int(11) NOT NULL DEFAULT '0',
  `recurring` tinyint(1) NOT NULL DEFAULT '0',
  `repeat_every` int(11) NOT NULL DEFAULT '0',
  `repeat_type` enum('days','weeks','months','years') COLLATE utf8_unicode_ci DEFAULT NULL,
  `no_of_cycles` int(11) NOT NULL DEFAULT '0',
  `recurring_task_id` int(11) NOT NULL DEFAULT '0',
  `no_of_cycles_completed` int(11) NOT NULL DEFAULT '0',
  `created_date` date NOT NULL,
  `next_recurring_date` date DEFAULT NULL,
  `reminder_date` date NOT NULL,
  `ticket_id` int(11) NOT NULL,
  `deleted` tinyint(11) NOT NULL DEFAULT '0',
  PRIMARY KEY (`id`)
) ENGINE=InnoDB AUTO_INCREMENT=17 DEFAULT CHARSET=utf8 COLLATE=utf8_unicode_ci;

--
-- Dumping data for table `tasks`
--

INSERT INTO `tasks` VALUES (1,'sdfsad','sdfsadf',1,0,1,'2023-03-24','',1,'to_do',2,'2023-03-02','',10000000,0,0,'',0,0,0,'2023-03-02',NULL,'0000-00-00',0,1),(2,'task 1','',1,0,1,'2023-03-07','',1,'to_do',3,'2023-03-05','1',10000000,0,0,'',0,0,0,'2023-03-05',NULL,'0000-00-00',0,1),(3,'Site visit','test',2,0,21,'2023-03-29','',1,'to_do',3,'2023-03-27','1',10000000,0,0,'',0,0,0,'2023-03-27',NULL,'0000-00-00',0,1),(4,'t','',5,0,1,'2023-04-23','',1,'to_do',4,'2023-04-16','',10000000,0,0,'',0,0,0,'2023-04-16',NULL,'0000-00-00',0,1),(5,'T12','',5,0,1,'2023-04-16','',1,'to_do',3,'2023-04-16','',100004,0,0,'',0,0,0,'2023-04-16',NULL,'0000-00-00',0,1),(6,'T22','dcfasdfasdfa',4,0,1,'2023-04-17','',1,'to_do',1,'2023-04-16','1',0,0,0,'',0,0,0,'2023-04-16',NULL,'0000-00-00',0,1),(7,'Visit suppplier','',3,0,12,'2023-05-04','',1,'to_do',1,'2023-05-02','24',0,0,0,'',0,0,0,'2023-05-02',NULL,'0000-00-00',0,1),(8,'site visit','',2,0,41,'2023-05-31','',1,'to_do',3,'2023-05-28','40',10100000,0,0,'',0,0,0,'2023-05-28',NULL,'0000-00-00',0,1),(9,'T123','fsdf',6,0,41,'2023-08-23','',1,'to_do',2,'2023-08-16','1',10000000,0,0,'',0,0,0,'2023-08-16',NULL,'0000-00-00',0,1),(10,'t124','dfsdf',6,0,21,'2023-08-30','',1,'to_do',1,'2023-08-16','',10000000,0,0,'',0,0,0,'2023-08-16',NULL,'0000-00-00',0,1),(11,'task ','',7,1,21,'2023-09-02','',1,'to_do',3,'2023-08-31','2',10000000,0,0,'',0,0,0,'2023-08-31',NULL,'0000-00-00',0,1),(12,'task 2','',7,1,1,'2023-09-02','',1,'to_do',1,'2023-08-31','41',0,0,0,'',0,0,0,'2023-08-31',NULL,'0000-00-00',0,1),(13,'Start new Task','Some decription',4,0,1,'2023-09-04','',1,'to_do',3,'2023-09-02','1',10000000,0,0,'',0,0,0,'2023-09-02',NULL,'0000-00-00',0,1),(14,'delivery of remaining Mobilization materials ','Please arrange the rest of mobilization Materials Urgently in order to proceed further with Mobilization Works ',25,0,62,'2024-01-31','',1,'to_do',2,NULL,'',10000000,0,1,'months',0,0,0,'2024-01-22',NULL,'0000-00-00',0,0),(15,'delivery of remaining Mobilization materials ','Please arrange the rest of mobilization Materials Urgently in order to proceed further with Mobilization Works ',25,0,62,'2024-01-24','',1,'to_do',1,NULL,'',0,0,1,'months',0,0,0,'2024-01-22',NULL,'0000-00-00',0,1),(16,'cheque','',1,0,0,NULL,'cheque',1,'to_do',1,NULL,'1',0,1,1,'months',12,0,0,'2024-02-07','2024-03-07','0000-00-00',0,0);

--
-- Table structure for table `taxes`
--

CREATE TABLE `taxes` (
  `id` int(11) NOT NULL AUTO_INCREMENT,
  `title` tinytext CHARACTER SET utf8 COLLATE utf8_unicode_ci NOT NULL,
  `percentage` double NOT NULL,
  `deleted` tinyint(1) NOT NULL DEFAULT '0',
  PRIMARY KEY (`id`)
) ENGINE=InnoDB AUTO_INCREMENT=6 DEFAULT CHARSET=latin1;

--
-- Dumping data for table `taxes`
--

INSERT INTO `taxes` VALUES (1,'VAT (5%)',5,0),(2,'SPD- vat (3%)',3,1),(3,'SPD-Vat ( Nill) new agreement (0%)',0,1),(4,'Discount',0,0),(5,'VAT 15%',15,0);

--
-- Table structure for table `team`
--

CREATE TABLE `team` (
  `id` int(11) NOT NULL AUTO_INCREMENT,
  `title` text COLLATE utf8_unicode_ci NOT NULL,
  `members` mediumtext COLLATE utf8_unicode_ci NOT NULL,
  `deleted` int(1) NOT NULL DEFAULT '0',
  PRIMARY KEY (`id`)
) ENGINE=InnoDB AUTO_INCREMENT=9 DEFAULT CHARSET=utf8 COLLATE=utf8_unicode_ci;

--
-- Dumping data for table `team`
--

INSERT INTO `team` VALUES (1,'team 1','2,12,9',1),(2,'Operations','2,12,51',1),(3,'erg','51',1),(4,'Engineering Department','55,58,59,60,61,63,71,70,68,69,79',0),(5,'Sales & Marketing Department','55,56,57,58,63,71',0),(6,'Finance Department','1,51,62,65',0),(7,'Purchase Department','1,51,56,55,60,62,63,66,78',0),(8,'Admin Department','1,51,62,80,81',0);

--
-- Table structure for table `team_member_job_info`
--

CREATE TABLE `team_member_job_info` (
  `id` int(11) NOT NULL AUTO_INCREMENT,
  `user_id` int(11) NOT NULL,
  `date_of_hire` date DEFAULT NULL,
  `deleted` int(1) NOT NULL DEFAULT '0',
  `salary` double NOT NULL DEFAULT '0',
  `salary_term` varchar(20) COLLATE utf8_unicode_ci DEFAULT NULL,
  `working_hours` int(11) DEFAULT NULL,
  `yearly_leaves` int(11) DEFAULT NULL,
  `housing` float DEFAULT '0',
  `transportation` float DEFAULT '0',
  `telephone` float DEFAULT '0',
  `utility` float DEFAULT '0',
  `national` tinyint(4) DEFAULT '0',
  `pasi` tinyint(4) DEFAULT '1',
  `bank_title` text COLLATE utf8_unicode_ci,
  `account_title` text COLLATE utf8_unicode_ci,
  `account_no` text COLLATE utf8_unicode_ci,
  PRIMARY KEY (`id`),
  KEY `user_id` (`user_id`)
) ENGINE=InnoDB AUTO_INCREMENT=69 DEFAULT CHARSET=utf8 COLLATE=utf8_unicode_ci;

--
-- Dumping data for table `team_member_job_info`
--

INSERT INTO `team_member_job_info` VALUES (1,21,'2023-03-15',0,50000,NULL,8,30,0,0,0,0,0,1,NULL,NULL,NULL),(2,22,'0000-00-00',0,0,NULL,0,0,0,0,0,0,0,1,NULL,NULL,NULL),(3,23,'0000-00-00',0,0,NULL,0,0,0,0,0,0,0,1,NULL,NULL,NULL),(4,24,'0000-00-00',0,0,NULL,0,0,0,0,0,0,0,1,NULL,NULL,NULL),(5,25,'2022-10-17',0,250,NULL,6,5,0,0,0,0,0,1,NULL,NULL,NULL),(6,26,'2021-10-07',0,450,NULL,6,5,0,0,0,0,0,1,NULL,NULL,NULL),(7,27,'2022-02-16',0,300,NULL,6,5,0,0,0,0,0,1,NULL,NULL,NULL),(8,28,'2021-12-27',0,250,NULL,6,10,0,0,0,0,0,1,NULL,NULL,NULL),(9,29,'2022-07-01',0,400,NULL,6,20,0,0,0,0,0,1,NULL,NULL,NULL),(10,30,'2022-01-20',0,350,NULL,6,30,0,0,0,0,0,1,NULL,NULL,NULL),(11,31,'2022-06-22',0,420,NULL,6,40,0,0,0,0,0,1,NULL,NULL,NULL),(12,32,'2022-07-22',0,580,NULL,6,30,0,0,0,0,0,1,NULL,NULL,NULL),(13,33,'2022-06-24',0,520,NULL,6,30,0,0,0,0,0,1,NULL,NULL,NULL),(14,34,'2022-08-16',0,500,NULL,6,30,0,0,0,0,0,1,NULL,NULL,NULL),(15,35,'2022-01-04',0,420,NULL,6,30,0,0,0,0,0,1,NULL,NULL,NULL),(16,36,'2022-05-11',0,250,NULL,6,40,0,0,0,0,0,1,NULL,NULL,NULL),(17,37,'0000-00-00',0,0,NULL,0,0,0,0,0,0,0,1,NULL,NULL,NULL),(18,38,'2023-04-16',0,1233,NULL,40,30,0,0,0,0,0,1,NULL,NULL,NULL),(19,39,'2023-05-01',0,450,NULL,1,10,0,0,0,0,0,1,NULL,NULL,NULL),(20,40,'0000-00-00',0,0,NULL,0,0,0,0,0,0,0,1,NULL,NULL,NULL),(21,41,'0000-00-00',0,0,NULL,0,0,0,0,0,0,0,1,NULL,NULL,NULL),(22,12,'0000-00-00',0,250,NULL,0,0,0,0,0,0,0,1,'bank_muscat','',''),(23,42,'2023-05-28',0,400,NULL,8,30,0,0,0,0,0,1,NULL,NULL,NULL),(24,43,'2023-06-18',0,500,NULL,9,30,0,0,0,0,0,1,NULL,NULL,NULL),(25,44,'2023-08-16',0,10000,NULL,8,1,0,0,0,0,0,1,NULL,NULL,NULL),(26,48,'2023-11-11',0,32323,NULL,7,5,0,0,0,0,0,1,NULL,NULL,NULL),(27,49,'2023-11-13',0,32,NULL,3,4,0,0,0,0,0,1,NULL,NULL,NULL),(28,50,'0000-00-00',0,0,NULL,0,0,0,0,0,0,0,1,NULL,NULL,NULL),(29,51,'2020-02-01',0,400,NULL,8,45,130,0,0,0,0,0,'','',''),(30,52,'2021-05-04',0,1,NULL,8,45,0,0,0,0,0,0,'bank_muscat','',''),(31,53,'2023-12-04',0,60000,NULL,8,8,0,0,0,0,0,1,NULL,NULL,NULL),(32,54,'0000-00-00',0,0,NULL,0,0,0,0,0,0,0,1,NULL,NULL,NULL),(33,55,'2023-12-30',0,1400,NULL,8,45,0,0,0,0,0,0,'','',''),(34,56,'2023-12-31',0,1400,NULL,8,45,0,0,0,0,0,0,'','',''),(35,57,'2020-10-30',0,750,NULL,8,45,0,0,0,0,0,0,'','',''),(36,58,'2021-08-01',0,450,NULL,8,30,0,0,0,0,1,1,'','',''),(37,59,'2023-04-12',0,450,NULL,8,45,0,0,0,0,0,0,'','',''),(38,60,'2023-12-31',0,1200,NULL,8,45,0,0,0,0,0,1,NULL,NULL,NULL),(39,61,'2022-05-22',0,350,NULL,8,45,0,0,0,0,0,0,'','',''),(40,62,'2023-12-31',0,5000,NULL,8,45,0,0,0,0,0,1,'','',''),(41,63,'2023-12-31',0,0,NULL,8,45,0,0,0,0,0,1,NULL,NULL,NULL),(42,64,'2023-12-31',0,3000,NULL,8,45,0,0,0,0,0,1,NULL,NULL,NULL),(43,65,'2023-12-31',0,3000,NULL,8,45,0,0,0,0,0,1,NULL,NULL,NULL),(44,66,'2023-12-31',0,1700,NULL,8,45,0,0,0,0,0,1,NULL,NULL,NULL),(45,67,'2023-12-31',0,9750,NULL,8,45,0,0,0,0,0,1,'','',''),(46,68,'2023-12-31',0,6000,NULL,8,45,0,0,0,0,0,1,NULL,NULL,NULL),(47,69,'2023-12-31',0,13000,NULL,8,45,0,0,0,0,0,1,NULL,NULL,NULL),(48,70,'2023-12-31',0,4000,NULL,8,45,0,0,0,0,0,1,NULL,NULL,NULL),(49,71,'2022-12-15',0,6750,NULL,8,45,0,0,0,0,0,0,'CBD','',''),(50,72,'2023-12-31',0,2250,NULL,8,45,0,0,0,0,0,1,NULL,NULL,NULL),(51,73,'2023-12-31',0,6500,NULL,8,45,0,0,0,0,0,1,NULL,NULL,NULL),(52,74,'2023-12-31',0,1,NULL,8,45,0,0,0,0,0,1,NULL,NULL,NULL),(53,75,'2023-12-31',0,3000,NULL,8,45,0,0,0,0,0,1,NULL,NULL,NULL),(54,76,'2023-12-31',0,3500,NULL,8,45,0,0,0,0,0,1,NULL,NULL,NULL),(55,77,'2023-12-31',0,50000,NULL,8,45,0,0,0,0,0,1,NULL,NULL,NULL),(56,1,'0000-00-00',0,0,NULL,0,0,0,0,0,0,0,1,'','',''),(57,78,'2022-02-15',0,8500,NULL,8,45,0,0,0,0,0,0,'','',''),(58,79,'2023-07-30',0,14000,NULL,8,30,0,0,0,0,0,1,NULL,NULL,NULL),(59,80,'2012-09-01',0,650,NULL,9,30,0,0,0,0,1,1,'','',''),(60,81,'2024-01-24',0,4000,NULL,8,45,0,0,0,0,0,0,'','',''),(61,82,'2024-01-01',0,1,NULL,8,45,0,0,0,0,0,1,NULL,NULL,NULL),(62,83,'2024-01-01',0,1,NULL,8,45,0,0,0,0,0,1,NULL,NULL,NULL),(63,85,'2024-02-06',0,0,NULL,8,45,0,0,0,0,0,0,'','',''),(64,86,'2024-01-01',0,280,NULL,8,45,0,0,0,0,0,1,'Bank Muscat','',''),(65,87,'0000-00-00',0,0,NULL,0,0,0,0,0,0,0,1,NULL,NULL,NULL),(66,88,'0000-00-00',0,0,NULL,0,0,0,0,0,0,0,1,NULL,NULL,NULL),(67,89,'0000-00-00',0,0,NULL,0,0,0,0,0,0,0,0,'','',''),(68,90,'2024-02-27',0,33333,NULL,33,33,0,0,0,0,0,1,NULL,NULL,NULL);

--
-- Table structure for table `ticket_comments`
--

CREATE TABLE `ticket_comments` (
  `id` int(11) NOT NULL AUTO_INCREMENT,
  `created_by` int(11) NOT NULL,
  `created_at` datetime NOT NULL,
  `description` mediumtext COLLATE utf8_unicode_ci NOT NULL,
  `ticket_id` int(11) NOT NULL,
  `files` longtext COLLATE utf8_unicode_ci,
  `deleted` tinyint(1) NOT NULL DEFAULT '0',
  PRIMARY KEY (`id`)
) ENGINE=InnoDB DEFAULT CHARSET=utf8 COLLATE=utf8_unicode_ci;

--
-- Dumping data for table `ticket_comments`
--


--
-- Table structure for table `ticket_types`
--

CREATE TABLE `ticket_types` (
  `id` int(11) NOT NULL AUTO_INCREMENT,
  `title` text COLLATE utf8_unicode_ci NOT NULL,
  `deleted` tinyint(1) NOT NULL DEFAULT '0',
  PRIMARY KEY (`id`)
) ENGINE=InnoDB AUTO_INCREMENT=4 DEFAULT CHARSET=utf8 COLLATE=utf8_unicode_ci;

--
-- Dumping data for table `ticket_types`
--

INSERT INTO `ticket_types` VALUES (1,'General Support',0),(2,'One way',0),(3,'Two way',0);

--
-- Table structure for table `tickets`
--

CREATE TABLE `tickets` (
  `id` int(11) NOT NULL AUTO_INCREMENT,
  `client_id` int(11) NOT NULL,
  `project_id` int(11) NOT NULL DEFAULT '0',
  `ticket_type_id` int(11) NOT NULL,
  `title` text COLLATE utf8_unicode_ci NOT NULL,
  `created_by` int(11) NOT NULL,
  `created_at` datetime NOT NULL,
  `status` enum('new','client_replied','open','closed') COLLATE utf8_unicode_ci NOT NULL DEFAULT 'new',
  `last_activity_at` datetime DEFAULT NULL,
  `assigned_to` int(11) NOT NULL DEFAULT '0',
  `creator_name` varchar(100) COLLATE utf8_unicode_ci NOT NULL,
  `creator_email` varchar(255) COLLATE utf8_unicode_ci NOT NULL,
  `labels` text COLLATE utf8_unicode_ci,
  `task_id` int(11) NOT NULL,
  `closed_at` datetime NOT NULL,
  `deleted` tinyint(1) NOT NULL DEFAULT '0',
  PRIMARY KEY (`id`)
) ENGINE=InnoDB DEFAULT CHARSET=utf8 COLLATE=utf8_unicode_ci;

--
-- Dumping data for table `tickets`
--


--
-- Table structure for table `to_do`
--

CREATE TABLE `to_do` (
  `id` int(11) NOT NULL AUTO_INCREMENT,
  `created_by` int(11) NOT NULL,
  `created_at` datetime NOT NULL,
  `title` text COLLATE utf8_unicode_ci NOT NULL,
  `description` mediumtext COLLATE utf8_unicode_ci,
  `labels` text COLLATE utf8_unicode_ci,
  `status` enum('to_do','done') COLLATE utf8_unicode_ci NOT NULL DEFAULT 'to_do',
  `start_date` date DEFAULT NULL,
  `deleted` tinyint(1) NOT NULL DEFAULT '0',
  PRIMARY KEY (`id`)
) ENGINE=InnoDB AUTO_INCREMENT=17 DEFAULT CHARSET=utf8 COLLATE=utf8_unicode_ci;

--
-- Dumping data for table `to_do`
--

INSERT INTO `to_do` VALUES (1,1,'2023-04-07 18:04:44','Go to Hai Al dahir','','','to_do',NULL,0),(2,1,'2023-04-07 18:04:54','Go to Sahil','','','done',NULL,0),(3,80,'2024-01-03 09:09:55','ooofpf','','','to_do',NULL,0),(4,71,'2024-01-22 10:11:22','SENT COMMERICIAL OFFER TO CAPITAL BUDGETARY- KEZAD','','','done',NULL,0),(5,71,'2024-01-22 10:11:39','SENT COMMERCIAL OFFER TO ARM GROUP-SHARJAH','','','done',NULL,0),(6,71,'2024-01-23 04:42:33','SENT PROPOSAL SKETCH TO ARMS GROUP','','','to_do',NULL,0),(7,71,'2024-01-23 04:42:49','SENT REVISED OFFER TO CAPITAL -BUDGETARY KIZAD','','','to_do',NULL,0),(8,71,'2024-01-23 04:43:02','SENT CAPITAL BUDGETARY-SAUDI','','','to_do',NULL,0),(9,71,'2024-01-23 04:43:21','THINK ON MEETING DCD ENG TO SPEAK DIP -ACP ISSUE','','','to_do',NULL,0),(10,71,'2024-01-23 04:43:46','INTERVIEW WITH FRONT DESK- CANDIDATE- 10 AM','','','to_do',NULL,0),(11,71,'2024-01-23 04:43:58','FOLLOW UP ON QS CANDIDATES','','','to_do',NULL,0),(12,81,'2024-01-27 11:07:23','Monthly liabilities','Telephone Exp,\nOffice Rent Exps,\nOffice Water Bills,\nOffice Electricity Bills,\nStaff Salary','Important','to_do',NULL,0),(13,81,'2024-01-27 11:09:33','Update Suppliers contact details','','Important','to_do',NULL,0),(14,81,'2024-01-27 11:10:13','Get all TAX Invoices','','Important','to_do',NULL,0),(15,51,'2024-02-07 04:29:33','Boss vehicle Cheque - 9th','Lexus Cheque\n','Important','to_do','2024-02-09',0),(16,51,'2024-02-07 04:32:09','Office rent Cheque on 15th ','1200/-','Important,cheque,to do','to_do','2024-02-15',0);

--
-- Table structure for table `transactions`
--

CREATE TABLE `transactions` (
  `id` int(11) NOT NULL AUTO_INCREMENT,
  `date` date NOT NULL,
  `type` text NOT NULL,
  `is_manual` tinyint(1) NOT NULL DEFAULT '0',
  `reference` text,
  `bank_cash` int(11) DEFAULT '0',
  `cost_center_id` int(11) NOT NULL DEFAULT '1',
  `currency_rate_at_creation` double(8,6) unsigned DEFAULT NULL,
  `deleted` tinyint(1) NOT NULL DEFAULT '0',
  PRIMARY KEY (`id`)
) ENGINE=InnoDB AUTO_INCREMENT=2207 DEFAULT CHARSET=utf8;

--
-- Dumping data for table `transactions`
--

INSERT INTO `transactions` VALUES (1,'2023-03-05','Approved Employees Salaries - February-2023',0,NULL,0,1,NULL,1),(2,'2023-03-05','Processed Employees Salaries - February-2023',0,NULL,0,1,NULL,1),(3,'2023-03-05','Purchase Order: PURCHASE ORDER #1',0,NULL,0,1,NULL,1),(4,'2023-03-05','Purchase Order: PURCHASE ORDER #2',0,NULL,0,1,NULL,1),(5,'2023-03-05','Invoice Shipment : yy2',0,NULL,0,1,NULL,1),(6,'2023-03-13','Invoice: yy2',0,NULL,0,1,NULL,1),(7,'2023-03-14','Invoice Payment Received: yy2',0,NULL,0,1,NULL,1),(8,'2023-03-13','Petty Cash From Cash To Admin',0,NULL,0,1,NULL,0),(9,'2023-03-20','journal_entry',1,'',0,1,NULL,1),(10,'2023-03-22','journal_entry',1,'xas',0,1,NULL,1),(11,'2023-03-25','payment_voucher',1,'Salary payment',0,1,NULL,1),(12,'2023-03-26','payment_voucher',1,'Payment to xyz',0,1,NULL,1),(13,'2023-03-26','Invoice: TAX INVOICE6',0,NULL,0,1,NULL,1),(14,'2023-03-27','Approved Employees Salaries - March-2023',0,NULL,0,1,NULL,1),(15,'2023-03-27','Processed Employees Salaries - March-2023',0,NULL,0,1,NULL,1),(16,'2023-03-27','Automatic Purchase Payment: PURCHASE ORDER #2',0,NULL,0,1,NULL,0),(17,'2023-03-27','Automatic General Expense: Bank',0,NULL,0,1,NULL,0),(18,'2023-03-26','Invoice Inventory: TAX INVOICE6',0,NULL,0,1,NULL,1),(19,'2023-03-27','Invoice Payment Received: TAX INVOICE6',0,NULL,0,1,NULL,0),(20,'2023-03-27','Automatic General Expense: Bank',0,NULL,0,1,NULL,0),(21,'2023-04-11','Purchase Order: PURCHASE ORDER #3',0,NULL,0,1,NULL,0),(22,'2023-04-11','Invoice Shipment : TAX INVOICE3',0,NULL,0,1,NULL,0),(23,'2023-04-12','Invoice: TAX INVOICE8',0,NULL,0,1,NULL,1),(24,'2023-04-16','Invoice: TAX INVOICE9',0,NULL,0,1,NULL,1),(25,'2023-04-16','Invoice Payment Received: TAX INVOICE9',0,NULL,0,1,NULL,1),(26,'2023-04-16','Invoice Payment Received: TAX INVOICE9',0,NULL,0,1,NULL,1),(27,'2023-04-16','Invoice Inventory: TAX INVOICE9',0,NULL,0,1,NULL,1),(28,'2023-04-05','PTC Expense from: Admin',0,NULL,0,1,NULL,1),(29,'2023-04-16','PTC Expense from: Admin',0,NULL,0,1,NULL,0),(30,'2023-04-16','Automatic Purchase Payment: PURCHASE ORDER #4',0,NULL,0,1,NULL,0),(31,'2023-04-16','Purchase Order: PURCHASE ORDER #4',0,NULL,0,1,NULL,1),(32,'2023-04-16','Invoice Shipment : TAX INVOICE4',0,NULL,0,1,NULL,1),(33,'2023-04-19','Invoice: TAX INVOICE10',0,NULL,0,1,NULL,1),(34,'2023-04-19','Invoice Payment Received: TAX INVOICE10',0,NULL,0,1,NULL,0),(35,'2023-04-19','Invoice Inventory: TAX INVOICE10',0,NULL,0,1,NULL,0),(36,'2023-04-19','Sale Return: SALE RETURN #2',0,NULL,0,1,NULL,1),(37,'2023-04-19','Automatic General Expense: Bank',0,NULL,0,1,NULL,0),(38,'2023-04-19','Purchase Order: PURCHASE ORDER #5',0,NULL,0,1,NULL,0),(39,'2023-04-19','Automatic Purchase Payment: PURCHASE ORDER #5',0,NULL,0,1,NULL,0),(40,'2023-04-19','Invoice Shipment : TAX INVOICE5',0,NULL,0,1,NULL,0),(41,'2023-04-19','Purchase Return: PURCHASE RETURN #4',0,NULL,0,1,NULL,0),(42,'2023-04-19','Purchase Return Refund: PURCHASE RETURN #4',0,NULL,0,1,NULL,0),(43,'2023-04-27','Invoice: TAX INVOICE11',0,NULL,0,1,NULL,0),(44,'2023-05-02','Invoice: TAX INVOICE13',0,NULL,0,1,NULL,0),(45,'2023-05-03','Invoice Payment Received: TAX INVOICE13',0,NULL,0,1,NULL,0),(46,'2023-05-03','Invoice Payment Received: TAX INVOICE13',0,NULL,0,1,NULL,0),(47,'2023-05-02','Invoice: TAX INVOICE14',0,NULL,0,1,NULL,0),(48,'2023-05-02','Automatic General Expense: Bank',0,NULL,0,1,NULL,1),(49,'2023-05-04','Automatic General Expense: Bank',0,NULL,0,1,NULL,0),(50,'2023-05-06','journal_entry',1,'',0,1,NULL,0),(51,'2023-05-07','journal_entry',1,'',0,1,NULL,0),(52,'2023-05-09','journal_entry',1,'',0,1,NULL,0),(53,'2023-05-10','journal_entry',1,'',0,1,NULL,0),(54,'2023-05-10','Automatic Purchase Payment: PURCHASE ORDER #7',0,NULL,0,1,NULL,0),(55,'2023-05-11','Approved Employees Salaries - August-2023',0,NULL,0,1,NULL,0),(56,'2023-05-15','Invoice: TAX INVOICE16',0,NULL,0,1,NULL,0),(57,'2023-05-15','Invoice Payment Received: TAX INVOICE16',0,NULL,0,1,NULL,0),(58,'2023-05-15','journal_entry',1,'',0,1,NULL,0),(59,'2023-05-15','journal_entry',1,'',0,1,NULL,0),(60,'2023-05-15','journal_entry',1,'',0,1,NULL,0),(61,'2023-05-17','Invoice: TAX INVOICE17',0,NULL,0,1,NULL,0),(62,'2023-05-17','Sale Return: SALE RETURN #5',0,NULL,0,1,NULL,0),(63,'2023-05-17','Invoice: TAX INVOICE18',0,NULL,0,1,NULL,0),(64,'2023-05-17','Invoice Payment Received: TAX INVOICE18',0,NULL,0,1,NULL,1),(65,'2023-05-17','Sale Return: SALE RETURN #6',0,NULL,0,1,NULL,0),(66,'2023-05-25','Invoice: TAX INVOICE19',0,NULL,0,1,NULL,0),(67,'2023-05-25','Invoice Payment Received: TAX INVOICE20',0,NULL,0,1,NULL,0),(68,'2023-05-25','Sale Return: SALE RETURN #9',0,NULL,0,1,NULL,0),(69,'2023-05-25','Sale Return Refund: SALE RETURN #9',0,NULL,0,1,NULL,0),(70,'2023-05-09','Sale Return: SALE RETURN #10',0,NULL,0,1,NULL,0),(71,'2023-05-25','Invoice: TAX INVOICE20',0,NULL,0,1,NULL,0),(72,'2023-05-25','Invoice Inventory: TAX INVOICE20',0,NULL,0,1,NULL,0),(73,'2023-05-25','Invoice Inventory: TAX INVOICE20',0,NULL,0,1,NULL,0),(74,'2023-05-28','Invoice: TAX INVOICE21',0,NULL,0,1,NULL,0),(75,'2023-05-28','Invoice Payment Received: TAX INVOICE21',0,NULL,0,1,NULL,0),(76,'2023-05-28','Invoice Inventory: TAX INVOICE21',0,NULL,0,1,NULL,0),(77,'2023-05-28','Automatic General Expense: Cash on hand',0,NULL,0,1,NULL,0),(78,'2023-05-28','Approved Employees Salaries - June-2023',0,NULL,0,1,NULL,0),(79,'2023-05-28','Processed Employees Salaries - June-2023',0,NULL,0,1,NULL,0),(80,'2023-05-28','Invoice: TAX INVOICE22',0,NULL,0,1,NULL,0),(81,'2023-05-28','Invoice Payment Received: TAX INVOICE22',0,NULL,0,1,NULL,0),(82,'2023-05-28','Automatic General Expense: Cash on hand',0,NULL,0,1,NULL,0),(83,'2023-05-28','Purchase Order: PURCHASE ORDER #10',0,NULL,0,1,NULL,0),(84,'2023-05-28','Automatic Purchase Payment: PURCHASE ORDER #10',0,NULL,0,1,NULL,0),(85,'2023-05-29','Automatic General Expense: Bank',0,NULL,0,1,NULL,1),(86,'2023-05-30','Invoice: TAX INVOICE23',0,NULL,0,1,NULL,0),(87,'2023-05-30','Invoice: TAX INVOICE24',0,NULL,0,1,NULL,0),(88,'2023-06-01','Approved Employees Salaries - May-2023',0,NULL,0,1,NULL,1),(89,'2023-06-01','Processed Employees Salaries - May-2023',0,NULL,0,1,NULL,1),(90,'2023-06-11','journal_entry',1,'',0,1,NULL,1),(91,'2023-06-11','journal_entry',1,'',0,1,NULL,1),(92,'2023-06-12','Invoice: TAX INVOICE26',0,NULL,0,1,NULL,1),(93,'2023-06-12','Invoice: TAX INVOICE27',0,NULL,0,1,NULL,1),(94,'2023-06-12','Invoice Payment Received: TAX INVOICE27',0,NULL,0,1,NULL,1),(95,'2023-06-17','journal_entry',1,'',0,1,NULL,1),(96,'2023-06-19','journal_entry',1,'',0,1,NULL,1),(97,'2023-06-25','journal_entry',1,'',0,1,NULL,1),(98,'2023-06-25','Automatic General Expense: Cash on hand',0,NULL,0,1,NULL,1),(99,'2023-06-25','Sale Return: SALE RETURN #11',0,NULL,0,1,NULL,1),(100,'2023-06-12','Invoice Payment Received: TAX INVOICE27',0,NULL,0,1,NULL,1),(101,'2023-07-03','Invoice Payment Received: TAX INVOICE25',0,NULL,0,1,NULL,1),(102,'2023-06-11','Invoice: TAX INVOICE25',0,NULL,0,1,NULL,1),(103,'2023-06-11','Invoice Inventory: TAX INVOICE25',0,NULL,0,1,NULL,1),(104,'2023-07-03','Invoice Payment Received: TAX INVOICE25',0,NULL,0,1,NULL,1),(105,'2023-07-03','Invoice Payment Received: TAX INVOICE25',0,NULL,0,1,NULL,1),(106,'2023-07-03','Invoice Payment Received: TAX INVOICE25',0,NULL,0,1,NULL,1),(107,'2023-08-16','Invoice: TAX INVOICE29',0,NULL,0,1,NULL,1),(108,'2023-08-16','Invoice: TAX INVOICE30',0,NULL,0,1,NULL,1),(109,'2023-08-16','Invoice Payment Received: TAX INVOICE30',0,NULL,0,1,NULL,1),(110,'2023-08-16','Invoice Payment Received: TAX INVOICE30',0,NULL,0,1,NULL,1),(111,'2023-08-16','Invoice Inventory: TAX INVOICE30',0,NULL,0,1,NULL,1),(112,'2023-08-16','Invoice: TAX INVOICE31',0,NULL,0,1,NULL,1),(113,'2023-08-16','Sale Return: SALE RETURN #12',0,NULL,0,1,NULL,1),(114,'2023-08-16','Invoice: TAX INVOICE32',0,NULL,0,1,NULL,1),(115,'2023-08-16','Invoice Payment Received: TAX INVOICE32',0,NULL,0,1,NULL,1),(116,'2023-08-16','Approved Employees Salaries - August-2023',0,NULL,0,1,NULL,1),(117,'2023-08-16','Processed Employees Salaries - August-2023',0,NULL,0,1,NULL,1),(118,'2023-08-17','Invoice: TAX INVOICE33',0,NULL,0,1,NULL,1),(119,'2023-08-22','journal_entry',1,'',0,1,NULL,1),(120,'2023-08-22','Invoice: TAX INVOICE34',0,NULL,0,1,NULL,1),(121,'2023-08-22','Approved Employees Salaries - August-2023',0,NULL,0,1,NULL,1),(122,'2023-08-22','Processed Employees Salaries - August-2023',0,NULL,0,1,NULL,1),(123,'2023-08-31','Invoice: TAX INVOICE35',0,NULL,0,1,NULL,1),(124,'2023-08-31','Invoice Payment Received: TAX INVOICE35',0,NULL,0,1,NULL,1),(125,'2023-08-31','Invoice Payment Received: TAX INVOICE35',0,NULL,0,1,NULL,1),(126,'2023-08-31','Invoice Inventory: TAX INVOICE35',0,NULL,0,1,NULL,1),(127,'2023-08-31','Sale Return: SALE RETURN #13',0,NULL,0,1,NULL,1),(128,'2023-08-31','Automatic General Expense: Cash on hand',0,NULL,0,1,NULL,1),(129,'2023-08-31','Purchase Order: PURCHASE ORDER #11',0,NULL,0,1,NULL,1),(130,'2023-08-31','Automatic Purchase Payment: PURCHASE ORDER #11',0,NULL,0,1,NULL,1),(131,'2023-08-31','Invoice Shipment : TAX INVOICE11',0,NULL,0,1,NULL,1),(132,'2023-08-31','Approved Employees Salaries - August-2023',0,NULL,0,1,NULL,1),(133,'2023-08-31','Processed Employees Salaries - August-2023',0,NULL,0,1,NULL,1),(134,'2023-08-31','journal_entry',1,'',0,1,NULL,1),(135,'2023-09-02','Approved Employees Salaries - August-2023',0,NULL,0,1,NULL,1),(136,'2023-09-02','Processed Employees Salaries - August-2023',0,NULL,0,1,NULL,1),(137,'2023-09-03','journal_entry',1,'test',0,1,NULL,1),(138,'2023-09-03','Invoice: TAX INVOICE36',0,NULL,0,1,NULL,1),(139,'2023-09-04','Approved Employees Salaries - September-2023',0,NULL,0,1,NULL,1),(140,'2023-09-04','Processed Employees Salaries - September-2023',0,NULL,0,1,NULL,1),(141,'2023-09-02','Automatic General Expense: Bank',0,NULL,0,1,NULL,1),(142,'2023-09-02','Automatic General Expense: Bank',0,NULL,0,1,NULL,1),(143,'2023-03-26','Automatic General Expense: Bank',0,NULL,0,1,NULL,1),(144,'2023-05-29','Automatic General Expense: Cash on hand',0,NULL,0,1,NULL,1),(145,'2023-09-02','Automatic General Expense: Bank',0,NULL,0,1,NULL,1),(146,'2023-05-30','Automatic General Expense: Cash on hand',0,NULL,0,1,NULL,1),(147,'2023-05-29','Automatic General Expense: Cash on hand',0,NULL,0,1,NULL,0),(148,'2023-05-30','Automatic General Expense: Cash on hand',0,NULL,0,1,NULL,1),(149,'2023-06-25','Automatic General Expense: Cash on hand',0,NULL,0,1,NULL,0),(150,'2023-05-29','Automatic General Expense: Cash on hand',0,NULL,0,1,NULL,0),(151,'2023-09-11','Invoice: TAX INVOICE37',0,NULL,0,1,NULL,1),(152,'2023-09-20','Invoice: TAX INVOICE38',0,NULL,0,1,NULL,1),(153,'2023-05-15','Purchase Order: PURCHASE ORDER #9',0,NULL,0,1,NULL,0),(154,'2023-05-02','Automatic General Expense: Bank',0,NULL,0,1,NULL,0),(155,'2023-10-22','Invoice Payment Received: TAX INVOICE38',0,NULL,0,1,NULL,1),(156,'2023-11-13','Invoice: TAX INVOICE47',0,NULL,0,1,NULL,1),(157,'2023-11-13','journal_entry',1,'sdfsdfsdf',0,1,NULL,1),(158,'2023-11-13','journal_entry',1,'fsfewsfew',0,3,0.500000,0),(159,'2023-11-13','PTC Expense from: test2',0,NULL,0,1,1.000000,1),(160,'2023-11-13','PTC Expense from: test2',0,NULL,0,1,1.000000,1),(161,'2023-11-14','Automatic General Expense: Cheque',0,NULL,0,1,1.000000,1),(162,'2023-11-14','Automatic Purchase Payment: PURCHASE ORDER #18',0,NULL,0,3,0.500000,1),(163,'2023-11-21','payment_voucher',1,'',0,1,1.000000,1),(164,'2023-11-21','Processed Employees Salaries - August-2023',0,NULL,0,1,1.000000,0),(165,'2023-11-21','Processed Employees Salaries - August-2023',0,NULL,0,1,1.000000,0),(166,'2023-11-21','Processed Employees Salaries - August-2023',0,NULL,0,1,1.000000,0),(167,'2023-11-21','Processed Employees Salaries - August-2023',0,NULL,0,1,1.000000,0),(168,'2023-11-21','Processed Employees Salaries - August-2023',0,NULL,0,1,1.000000,0),(169,'2023-11-21','Processed Employees Salaries - August-2023',0,NULL,0,1,1.000000,0),(170,'2023-11-21','Processed Employees Salaries - August-2023',0,NULL,0,1,1.000000,0),(171,'2023-11-21','Processed Employees Salaries - August-2023',0,NULL,0,1,1.000000,0),(172,'2023-11-21','Processed Employees Salaries - August-2023',0,NULL,0,1,1.000000,0),(173,'2023-11-21','Processed Employees Salaries - August-2023',0,NULL,0,1,1.000000,0),(174,'2023-11-21','Processed Employees Salaries - August-2023',0,NULL,0,1,1.000000,0),(175,'2023-11-21','Processed Employees Salaries - August-2023',0,NULL,0,1,1.000000,0),(176,'2023-11-21','Processed Employees Salaries - August-2023',0,NULL,0,1,1.000000,0),(177,'2023-11-27','Automatic General Expense: Cash on hand',0,NULL,0,4,0.100000,0),(178,'2023-11-27','Invoice: TAX INVOICE48',0,NULL,0,4,0.100000,0),(179,'2023-12-05','Purchase Order: PURCHASE ORDER #21',0,NULL,0,1,1.000000,0),(180,'2023-12-05','payment_voucher',1,'r',0,1,1.000000,1),(181,'2023-12-05','journal_entry',1,'',0,1,1.000000,1),(182,'2023-12-05','receipt_voucher',1,'',0,1,1.000000,1),(183,'2023-12-16','journal_entry',1,'december month petty cash expenses',0,1,1.000000,1),(184,'2023-12-21','Invoice: TAX INVOICE51',0,NULL,0,1,1.000000,0),(185,'2023-12-24','Invoice: TAX INVOICE52',0,NULL,0,1,1.000000,0),(186,'2023-12-24','Invoice: TAX INVOICE53',0,NULL,0,1,1.000000,0),(187,'2023-12-24','Invoice Payment Received: TAX INVOICE53',0,NULL,0,1,1.000000,1),(188,'2023-12-24','Automatic General Expense: Bank',0,NULL,0,1,1.000000,1),(189,'2023-12-30','payment_voucher',1,'salary',0,1,1.000000,1),(190,'2023-12-30','payment_voucher',1,'',0,1,1.000000,1),(191,'2023-12-30','payment_voucher',1,'',0,1,1.000000,1),(192,'2023-12-30','payment_voucher',1,'',0,1,1.000000,1),(193,'2023-12-30','payment_voucher',1,'',0,1,1.000000,1),(194,'2023-12-30','payment_voucher',1,'',0,1,1.000000,1),(195,'2023-12-30','payment_voucher',1,'',0,1,1.000000,1),(196,'2023-12-30','PTC Expense from: Sayyaf',0,NULL,0,1,1.000000,1),(197,'2023-12-30','PTC Expense from: Sayyaf',0,NULL,0,1,1.000000,1),(198,'2023-12-30','PTC Expense from: Sayyaf',0,NULL,0,1,1.000000,1),(199,'2023-12-30','Automatic General Expense: Bank',0,NULL,0,1,1.000000,1),(200,'2023-12-30','journal_entry',1,'',0,1,1.000000,1),(201,'2023-12-30','journal_entry',1,'d',0,1,1.000000,1),(202,'2023-12-30','journal_entry',1,'mar ',0,1,1.000000,1),(203,'2023-12-30','Purchase Order: PURCHASE ORDER #22',0,NULL,0,1,1.000000,1),(204,'2023-12-30','Automatic Purchase Payment: PURCHASE ORDER #22',0,NULL,0,1,1.000000,1),(205,'2023-12-31','journal_entry',1,'J',0,5,0.100000,0),(206,'2024-01-03','Invoice: TAX INVOICE55',0,NULL,0,1,1.000000,0),(207,'2024-01-03','Invoice Payment Received: TAX INVOICE55',0,NULL,0,1,1.000000,1),(208,'2024-01-03','Invoice: TAX INVOICE56',0,NULL,0,1,1.000000,0),(209,'2024-01-03','Invoice Payment Received: TAX INVOICE56',0,NULL,0,1,1.000000,1),(210,'2024-01-03','Invoice Inventory: TAX INVOICE56',0,NULL,0,1,1.000000,0),(211,'2024-01-03','Automatic General Expense: Bank',0,NULL,0,1,1.000000,1),(212,'2024-01-03','Purchase Order: PURCHASE ORDER #23',0,NULL,0,1,1.000000,1),(213,'2024-01-03','Invoice Shipment : TAX INVOICE23',0,NULL,0,1,1.000000,1),(214,'2024-01-03','Purchase Order: PURCHASE ORDER #24',0,NULL,0,1,1.000000,1),(215,'2024-01-03','Invoice Shipment : TAX INVOICE23',0,NULL,0,1,1.000000,1),(216,'2024-01-03','PTC Expense from: SAYYAF',0,NULL,0,1,1.000000,1),(217,'2024-01-09','Purchase Order: PURCHASE ORDER #25',0,NULL,0,4,0.100000,0),(218,'2024-01-08','Purchase Order: PURCHASE ORDER #26',0,NULL,0,4,0.100000,0),(219,'2023-12-02','Purchase Order: PURCHASE ORDER #27',0,NULL,0,4,0.100000,0),(220,'2024-01-09','Purchase Order: PURCHASE ORDER #28',0,NULL,0,4,0.100000,0),(221,'2024-01-09','payment_voucher',1,'',0,4,0.100000,1),(222,'2024-01-09','Purchase Order: PURCHASE ORDER #29',0,NULL,0,4,0.100000,0),(223,'2024-01-09','Invoice Shipment : TAX INVOICE29',0,NULL,0,4,0.100000,0),(224,'2024-01-09','Invoice Payment Received: TAX INVOICE56',0,NULL,0,1,1.000000,1),(225,'2023-11-05','Purchase Order: PURCHASE ORDER #31',0,NULL,0,4,0.100000,0),(226,'2023-11-05','Invoice Shipment : TAX INVOICE31',0,NULL,0,4,0.100000,0),(227,'2023-11-05','Purchase Order: PURCHASE ORDER #31',0,NULL,0,4,0.100000,0),(228,'2023-11-05','Invoice Shipment : TAX INVOICE31',0,NULL,0,4,0.100000,0),(229,'2023-11-05','Purchase Order: PURCHASE ORDER #33',0,NULL,0,4,0.100000,0),(230,'2024-01-10','Purchase Order: PURCHASE ORDER #34',0,NULL,0,4,0.100000,0),(231,'2024-01-10','Automatic Purchase Payment: PURCHASE ORDER #34',0,NULL,0,1,1.000000,1),(232,'2024-01-13','journal_entry',1,'',0,1,1.000000,1),(233,'2024-01-13','Automatic General Expense: Bank',0,NULL,0,1,1.000000,1),(234,'2024-01-13','PTC Expense from: ZAHID',0,NULL,0,5,0.100000,1),(235,'2024-01-13','payment_voucher',1,'',0,5,0.100000,1),(236,'2024-01-13','journal_entry',1,'',0,5,0.100000,1),(237,'2024-01-13','PTC Expense from: ZAHID',0,NULL,0,5,0.100000,1),(238,'2024-01-13','PTC Expense from: ZAHID',0,NULL,0,5,0.100000,1),(239,'2024-01-13','Invoice: TAX INVOICE59',0,NULL,0,5,0.100000,0),(240,'2024-01-13','journal_entry',1,'TAX INVOICE59',0,5,0.100000,1),(241,'2024-01-13','Invoice Payment Received: TAX INVOICE59',0,NULL,0,1,1.000000,1),(242,'2024-01-13','Purchase Order: PURCHASE ORDER #36',0,NULL,0,1,1.000000,1),(243,'2024-01-13','Invoice Shipment : TAX INVOICE36',0,NULL,0,1,1.000000,1),(244,'2024-01-13','Automatic Purchase Payment: PURCHASE ORDER #36',0,NULL,0,1,1.000000,1),(245,'2024-01-13','Purchase Order: PURCHASE ORDER #37',0,NULL,0,1,1.000000,1),(246,'2024-01-10','Automatic Purchase Payment: PURCHASE ORDER #34',0,NULL,0,4,0.100000,1),(247,'2024-01-13','Automatic Purchase Payment: PURCHASE ORDER #34',0,NULL,0,4,0.100000,0),(248,'2024-01-13','Purchase Order: PURCHASE ORDER #38',0,NULL,0,4,0.100000,0),(249,'2024-01-13','Invoice Shipment : TAX INVOICE38',0,NULL,0,4,0.100000,0),(250,'2024-01-13','Automatic Purchase Payment: PURCHASE ORDER #38',0,NULL,0,4,0.100000,1),(251,'2024-01-13','Purchase Order: PURCHASE ORDER #40',0,NULL,0,4,0.100000,0),(252,'2024-01-13','Automatic Purchase Payment: PURCHASE ORDER #40',0,NULL,0,4,0.100000,1),(253,'2024-01-14','Purchase Order: PURCHASE ORDER #41',0,NULL,0,4,0.100000,0),(254,'2024-01-15','Automatic Purchase Payment: PURCHASE ORDER #41',0,NULL,0,4,0.100000,0),(255,'2024-01-16','payment_voucher',1,'juned pc',0,4,0.100000,1),(256,'2024-01-17','Purchase Order: PURCHASE ORDER #42',0,NULL,0,4,0.100000,0),(257,'2024-01-17','Automatic Purchase Payment: PURCHASE ORDER #42',0,NULL,0,4,0.100000,1),(258,'2024-01-17','Automatic Purchase Payment: PURCHASE ORDER #34',0,NULL,0,4,0.100000,0),(259,'2024-01-18','PTC Expense from: LOAI ',0,NULL,0,4,0.100000,0),(260,'2024-01-18','PTC Expense from: LOAI ',0,NULL,0,4,0.100000,1),(261,'2024-01-17','Automatic Purchase Payment: PURCHASE ORDER #42',0,NULL,0,4,0.100000,0),(262,'2024-01-20','PTC Expense from: LOAI ',0,NULL,0,4,0.100000,1),(263,'2024-01-20','Purchase Order: PURCHASE ORDER #43',0,NULL,0,4,0.100000,0),(264,'2024-01-20','Invoice Shipment : TAX INVOICE43',0,NULL,0,4,0.100000,0),(265,'2024-01-18','Automatic Purchase Payment: PURCHASE ORDER #43',0,NULL,0,4,0.100000,1),(266,'2024-01-16','Purchase Order: PURCHASE ORDER #44',0,NULL,0,4,0.100000,0),(267,'2024-01-19','Automatic Purchase Payment: PURCHASE ORDER #44',0,NULL,0,4,0.100000,1),(268,'2024-01-19','Automatic Purchase Payment: PURCHASE ORDER #44',0,NULL,0,4,0.100000,0),(269,'2024-01-21','journal_entry',1,'d',0,4,0.100000,0),(270,'2024-01-20','PTC Expense from: LOAI ',0,NULL,0,4,0.100000,0),(271,'2024-01-09','Automatic Purchase Payment: PURCHASE ORDER #25',0,NULL,0,1,1.000000,1),(272,'2024-01-21','Purchase Order: PURCHASE ORDER #46',0,NULL,0,1,1.000000,1),(273,'2024-01-08','Automatic Purchase Payment: PURCHASE ORDER #28',0,NULL,0,4,0.100000,1),(274,'2024-01-22','Purchase Order: PURCHASE ORDER #47',0,NULL,0,5,0.100000,0),(275,'2024-01-22','Purchase Order: PURCHASE ORDER #48',0,NULL,0,5,0.100000,0),(276,'2024-01-22','Purchase Order: PURCHASE ORDER #49',0,NULL,0,4,0.100000,0),(277,'2024-01-22','Invoice Shipment : TAX INVOICE49',0,NULL,0,4,0.100000,0),(278,'2024-01-22','Automatic Purchase Payment: PURCHASE ORDER #49',0,NULL,0,4,0.100000,0),(279,'2024-01-23','Automatic Purchase Payment: PURCHASE ORDER #41',0,NULL,0,4,0.100000,0),(280,'2024-01-26','Purchase Order: PURCHASE ORDER #50',0,NULL,0,5,0.100000,0),(281,'2024-01-27','Purchase Order: PURCHASE ORDER #51',0,NULL,0,4,0.100000,0),(282,'2024-01-25','Automatic Purchase Payment: PURCHASE ORDER #51',0,NULL,0,4,0.100000,0),(283,'2024-01-27','PTC Expense from: JUNED',0,NULL,0,4,0.100000,1),(284,'2024-01-27','PTC Expense from: JUNED',0,NULL,0,4,0.100000,1),(285,'2024-01-27','payment_voucher',1,'d',0,4,0.100000,1),(286,'2024-01-27','journal_entry',1,'',0,4,0.100000,1),(287,'2024-01-29','Automatic Purchase Payment: PURCHASE ORDER #34',0,NULL,0,4,0.100000,1),(288,'2024-01-30','Purchase Order: PURCHASE ORDER #52',0,NULL,0,5,0.100000,0),(289,'2024-01-30','Purchase Order: PURCHASE ORDER #53',0,NULL,0,5,0.100000,0),(290,'2024-01-30','Purchase Order: PURCHASE ORDER #56',0,NULL,0,5,0.100000,0),(291,'2024-01-30','Purchase Order: PURCHASE ORDER #55',0,NULL,0,5,0.100000,0),(292,'2024-01-30','Purchase Order: PURCHASE ORDER #54',0,NULL,0,5,0.100000,0),(293,'2024-02-03','Purchase Order: PURCHASE ORDER #58',0,NULL,0,5,0.100000,0),(294,'2024-02-03','Purchase Order: PURCHASE ORDER #59',0,NULL,0,4,0.100000,0),(295,'2024-02-04','Purchase Order: PURCHASE ORDER #60',0,NULL,0,4,0.100000,0),(296,'2024-02-05','Purchase Order: PURCHASE ORDER #61',0,NULL,0,5,0.100000,0),(297,'2024-02-05','Purchase Order: PURCHASE ORDER #64',0,NULL,0,5,0.100000,0),(298,'2024-02-06','journal_entry',1,'',0,5,0.100000,0),(299,'2024-02-06','Purchase Order: PURCHASE ORDER #65',0,NULL,0,5,0.100000,0),(300,'2024-02-06','Purchase Order: PURCHASE ORDER #67',0,NULL,0,4,0.100000,0),(301,'2024-02-06','Invoice Shipment : TAX INVOICE67',0,NULL,0,4,0.100000,0),(302,'2024-02-06','Purchase Order: PURCHASE ORDER #68',0,NULL,0,4,0.100000,0),(303,'2024-02-06','Invoice Shipment : TAX INVOICE68',0,NULL,0,4,0.100000,0),(304,'2024-02-06','payment_voucher',1,'',0,1,1.000000,1),(305,'2024-02-03','Automatic Purchase Payment: PURCHASE ORDER #28',0,NULL,0,4,0.100000,0),(306,'2024-02-03','Automatic Purchase Payment: PURCHASE ORDER #59',0,NULL,0,4,0.100000,1),(307,'2024-02-03','Automatic Purchase Payment: PURCHASE ORDER #60',0,NULL,0,4,0.100000,0),(308,'2024-02-06','Automatic Purchase Payment: PURCHASE ORDER #67',0,NULL,0,4,0.100000,0),(309,'2024-02-06','Automatic Purchase Payment: PURCHASE ORDER #68',0,NULL,0,4,0.100000,0),(310,'2024-02-08','Purchase Order: PURCHASE ORDER #70',0,NULL,0,5,0.100000,0),(311,'2024-02-08','Purchase Order: PURCHASE ORDER #71',0,NULL,0,5,0.100000,0),(312,'2024-02-08','Purchase Order: PURCHASE ORDER #72',0,NULL,0,5,0.100000,0),(313,'2024-02-09','Purchase Order: PURCHASE ORDER #74',0,NULL,0,5,0.100000,0),(314,'2024-02-09','Purchase Order: PURCHASE ORDER #75',0,NULL,0,5,0.100000,0),(315,'2023-07-12','journal_entry',1,'SHAHIN CIVIL ',0,1,1.000000,0),(316,'2023-07-12','Purchase Order: PURCHASE ORDER #78',0,NULL,0,1,1.000000,0),(317,'2023-07-12','Invoice Shipment : TAX INVOICE78',0,NULL,0,1,1.000000,0),(318,'2023-08-22','Automatic Purchase Payment: PURCHASE ORDER #78',0,NULL,0,1,1.000000,0),(319,'2023-08-31','Automatic Purchase Payment: PURCHASE ORDER #78',0,NULL,0,1,1.000000,0),(320,'2023-10-15','Automatic Purchase Payment: PURCHASE ORDER #78',0,NULL,0,1,1.000000,0),(321,'2023-10-25','Automatic Purchase Payment: PURCHASE ORDER #78',0,NULL,0,1,1.000000,0),(322,'2023-11-15','Automatic Purchase Payment: PURCHASE ORDER #78',0,NULL,0,1,1.000000,0),(323,'2024-02-10','Purchase Order: PURCHASE ORDER #80',0,NULL,0,5,0.100000,0),(324,'2024-02-10','Purchase Order: PURCHASE ORDER #79',0,NULL,0,5,0.100000,0),(325,'2023-12-30','Invoice Shipment : TAX INVOICE22',0,NULL,0,1,1.000000,1),(326,'2024-01-03','Invoice Shipment : TAX INVOICE24',0,NULL,0,1,1.000000,1),(327,'2023-03-05','Invoice Shipment : TAX INVOICE1',0,NULL,0,1,1.000000,1),(328,'1923-09-12','Purchase Order: PURCHASE ORDER #81',0,NULL,0,1,1.000000,0),(329,'2024-02-11','PTC Expense from: Admin',0,NULL,0,1,1.000000,0),(330,'2023-08-15','Purchase Order: PURCHASE ORDER #82',0,NULL,0,1,1.000000,0),(331,'2023-08-31','Purchase Order: PURCHASE ORDER #83',0,NULL,0,1,1.000000,0),(332,'2024-02-11','PTC Expense from: BILAL',0,NULL,0,1,1.000000,0),(333,'2024-02-13','PTC Expense from: SAFA Issa Humaid',0,NULL,0,1,1.000000,0),(334,'2024-01-30','payment_voucher',1,'PETTY CASH',0,1,1.000000,0),(335,'2024-02-13','payment_voucher',1,'PETTY CASH',0,1,1.000000,1),(336,'2024-02-13','PTC Expense from: ADIL',0,NULL,0,1,1.000000,1),(337,'2024-02-13','Automatic Purchase Payment: PURCHASE ORDER #28',0,NULL,0,1,1.000000,0),(338,'2024-02-13','Automatic Purchase Payment: PURCHASE ORDER #28',0,NULL,0,1,1.000000,0),(339,'2024-02-13','Automatic General Expense: Bank',0,NULL,0,1,1.000000,0),(340,'2024-02-13','PTC Expense from: ADIL',0,NULL,0,1,1.000000,1),(341,'2024-02-13','Purchase Order: PURCHASE ORDER #126',0,NULL,0,4,0.100000,0),(342,'2024-02-13','Purchase Order: PURCHASE ORDER #142',0,NULL,0,5,0.100000,0),(343,'2024-02-13','Purchase Order: PURCHASE ORDER #141',0,NULL,0,5,0.100000,0),(344,'2024-02-13','Purchase Order: PURCHASE ORDER #143',0,NULL,0,1,1.000000,0),(345,'2024-02-09','Purchase Order: PURCHASE ORDER #76',0,NULL,0,5,0.100000,0),(346,'2024-02-12','Automatic Purchase Payment: PURCHASE ORDER #126',0,NULL,0,4,0.100000,0),(347,'2024-02-14','Purchase Order: PURCHASE ORDER #148',0,NULL,0,5,0.100000,0),(348,'2024-02-11','PTC Expense from: SAFA Issa Humaid',0,NULL,0,1,1.000000,0),(349,'2024-02-15','Automatic General Expense: Cheque',0,NULL,0,1,1.000000,1),(350,'2024-02-15','receipt_voucher',1,'',0,1,1.000000,1),(351,'2024-02-15','Automatic General Expense: Cheque',0,NULL,0,1,1.000000,1),(352,'2024-02-15','Automatic General Expense: Cheque',0,NULL,0,1,1.000000,0),(353,'2024-02-15','Automatic General Expense: Cheque',0,NULL,0,1,1.000000,0),(354,'2024-01-30','Automatic General Expense: Bank',0,NULL,0,1,1.000000,1),(355,'2024-02-15','Automatic General Expense: Cheque',0,NULL,0,1,1.000000,0),(356,'2024-02-16','Purchase Order: PURCHASE ORDER #179',0,NULL,0,5,0.100000,0),(357,'2024-02-05','Purchase Order: PURCHASE ORDER #63',0,NULL,0,5,0.100000,0),(358,'2024-02-16','Purchase Order: PURCHASE ORDER #180',0,NULL,0,5,0.100000,0),(359,'2024-02-16','Invoice: TAX INVOICE64',0,NULL,0,1,1.000000,0),(360,'2024-01-30','journal_entry',1,'PETTY CASH',0,1,1.000000,0),(361,'2023-04-30','Purchase Order: PURCHASE ORDER #153',0,NULL,0,1,1.000000,0),(362,'2023-06-17','Purchase Order: PURCHASE ORDER #182',0,NULL,0,1,1.000000,0),(363,'2023-07-13','Purchase Order: PURCHASE ORDER #183',0,NULL,0,1,1.000000,0),(364,'2024-01-29','Automatic General Expense: Bank',0,NULL,0,1,1.000000,0),(365,'2024-01-30','Automatic General Expense: Bank',0,NULL,0,1,1.000000,0),(366,'2024-02-11','PTC Expense from: KUNNI',0,NULL,0,1,1.000000,0),(367,'2024-02-12','PTC Expense from: KUNNI',0,NULL,0,1,1.000000,0),(368,'2024-02-12','PTC Expense from: KUNNI',0,NULL,0,1,1.000000,0),(369,'2024-02-13','PTC Expense from: ADIL',0,NULL,0,1,1.000000,0),(370,'2024-02-13','PTC Expense from: ADIL',0,NULL,0,1,1.000000,0),(371,'2024-02-13','PTC Expense from: KUNNI',0,NULL,0,1,1.000000,0),(372,'2024-02-14','PTC Expense from: KUNNI',0,NULL,0,1,1.000000,0),(373,'2024-02-15','PTC Expense from: KUNNI',0,NULL,0,1,1.000000,1),(374,'2024-02-14','journal_entry',1,'',0,1,1.000000,1),(375,'2024-02-11','journal_entry',1,'',0,1,1.000000,1),(376,'2024-02-17','journal_entry',1,'kunni petty cash',0,1,1.000000,0),(377,'2024-02-17','journal_entry',1,'',0,1,1.000000,1),(378,'2024-02-11','PTC Expense from: KUNNI',0,NULL,0,1,1.000000,0),(379,'2024-01-29','Automatic General Expense: Bank',0,NULL,0,1,1.000000,1),(380,'2024-02-03','Automatic General Expense: Bank',0,NULL,0,1,1.000000,1),(381,'2024-01-29','PTC Expense from: JAVED ',0,NULL,0,1,1.000000,1),(382,'2024-01-30','journal_entry',1,'',0,1,1.000000,1),(383,'2024-02-17','PTC Expense from: KUNNI',0,NULL,0,1,1.000000,0),(384,'2024-02-15','PTC Expense from: KUNNI',0,NULL,0,1,1.000000,0),(385,'2024-02-10','PTC Expense from: KUNNI',0,NULL,0,1,1.000000,0),(386,'2024-02-09','PTC Expense from: KUNNI',0,NULL,0,1,1.000000,0),(387,'2024-02-06','PTC Expense from: KUNNI',0,NULL,0,1,1.000000,0),(388,'2024-02-05','PTC Expense from: KUNNI',0,NULL,0,1,1.000000,0),(389,'2024-02-06','PTC Expense from: KUNNI',0,NULL,0,1,1.000000,0),(390,'2024-02-07','PTC Expense from: KUNNI',0,NULL,0,1,1.000000,0),(391,'2024-01-31','PTC Expense from: KUNNI',0,NULL,0,1,1.000000,0),(392,'2024-02-05','PTC Expense from: KUNNI',0,NULL,0,1,1.000000,0),(393,'2024-02-07','PTC Expense from: KUNNI',0,NULL,0,1,1.000000,0),(394,'2024-02-07','PTC Expense from: KUNNI',0,NULL,0,1,1.000000,0),(395,'2024-02-17','Purchase Order: PURCHASE ORDER #185',0,NULL,0,4,0.100000,0),(396,'2024-02-17','Purchase Order: PURCHASE ORDER #188',0,NULL,0,4,0.100000,0),(397,'2024-02-17','Purchase Order: PURCHASE ORDER #187',0,NULL,0,4,0.100000,0),(398,'2024-02-17','Purchase Order: PURCHASE ORDER #186',0,NULL,0,4,0.100000,0),(399,'2024-02-05','PTC Expense from: KUNNI',0,NULL,0,1,1.000000,0),(400,'2024-02-08','PTC Expense from: KUNNI',0,NULL,0,1,1.000000,0),(401,'2024-02-08','PTC Expense from: KUNNI',0,NULL,0,1,1.000000,0),(402,'2024-02-18','journal_entry',1,'kunni petty cash 57.775',0,1,1.000000,0),(403,'2024-02-17','Automatic Purchase Payment: PURCHASE ORDER #185',0,NULL,0,4,0.100000,0),(404,'2024-01-28','Automatic Purchase Payment: PURCHASE ORDER #134',0,NULL,0,1,1.000000,0),(405,'2024-01-28','Automatic Purchase Payment: PURCHASE ORDER #145',0,NULL,0,1,1.000000,0),(406,'2024-01-28','Automatic Purchase Payment: PURCHASE ORDER #135',0,NULL,0,1,1.000000,0),(407,'2024-01-28','Automatic Purchase Payment: PURCHASE ORDER #136',0,NULL,0,1,1.000000,1),(408,'2023-08-30','Automatic Purchase Payment: PURCHASE ORDER #183',0,NULL,0,1,1.000000,0),(409,'2023-12-14','Automatic Purchase Payment: PURCHASE ORDER #183',0,NULL,0,1,1.000000,0),(410,'2024-01-10','Automatic Purchase Payment: PURCHASE ORDER #183',0,NULL,0,1,1.000000,1),(411,'2024-01-17','Automatic Purchase Payment: PURCHASE ORDER #183',0,NULL,0,1,1.000000,0),(412,'2024-01-30','Automatic Purchase Payment: PURCHASE ORDER #183',0,NULL,0,1,1.000000,0),(413,'2024-01-30','Automatic General Expense: Bank',0,NULL,0,1,1.000000,0),(414,'2024-01-30','Automatic General Expense: Bank',0,NULL,0,1,1.000000,0),(415,'2024-01-30','Automatic General Expense: Bank',0,NULL,0,1,1.000000,0),(416,'2024-01-30','Automatic General Expense: Bank',0,NULL,0,1,1.000000,0),(417,'2024-02-01','Automatic General Expense: Bank',0,NULL,0,1,1.000000,1),(418,'2024-02-17','Automatic Purchase Payment: PURCHASE ORDER #186',0,NULL,0,4,0.100000,0),(419,'2024-02-18','Automatic Purchase Payment: PURCHASE ORDER #34',0,NULL,0,4,0.100000,1),(420,'2024-01-30','Automatic General Expense: Bank',0,NULL,0,1,1.000000,0),(421,'2024-01-27','PTC Expense from: ARASU',0,NULL,0,1,1.000000,0),(422,'2024-01-28','PTC Expense from: ARASU',0,NULL,0,1,1.000000,0),(423,'2024-02-01','PTC Expense from: ARASU',0,NULL,0,1,1.000000,0),(424,'2024-02-03','PTC Expense from: ARASU',0,NULL,0,1,1.000000,0),(425,'2023-12-07','Automatic Purchase Payment: PURCHASE ORDER #110',0,NULL,0,1,1.000000,1),(426,'2024-01-20','Automatic Purchase Payment: PURCHASE ORDER #110',0,NULL,0,1,1.000000,0),(427,'2024-01-30','Automatic Purchase Payment: PURCHASE ORDER #110',0,NULL,0,1,1.000000,0),(428,'2024-02-20','journal_entry',1,'',0,1,1.000000,1),(429,'2024-02-20','journal_entry',1,'',0,1,1.000000,1),(430,'2024-02-11','Automatic General Expense: Bank',0,NULL,0,1,1.000000,0),(431,'2024-02-14','Automatic General Expense: Bank',0,NULL,0,1,1.000000,0),(432,'2024-02-15','Automatic General Expense: Bank',0,NULL,0,1,1.000000,0),(433,'2024-02-17','Automatic General Expense: Bank',0,NULL,0,1,1.000000,0),(434,'2024-02-17','Automatic General Expense: Bank',0,NULL,0,1,1.000000,0),(435,'2023-10-04','Invoice: TAX INVOICE65',0,NULL,0,1,1.000000,0),(436,'2023-10-04','Invoice: TAX INVOICE65',0,NULL,0,1,1.000000,0),(437,'2023-10-30','Invoice Payment Received: TAX INVOICE65',0,NULL,0,1,1.000000,0),(438,'2023-10-31','Invoice Payment Received: TAX INVOICE65',0,NULL,0,1,1.000000,0),(439,'2024-02-07','Automatic General Expense: Bank',0,NULL,0,1,1.000000,0),(440,'2024-02-06','Automatic General Expense: Bank',0,NULL,0,1,1.000000,0),(441,'2024-02-10','Automatic General Expense: Bank',0,NULL,0,1,1.000000,0),(442,'2024-01-29','journal_entry',1,'',0,1,1.000000,0),(443,'2024-01-30','PTC Expense from: ASHWIN BHARATH',0,NULL,0,1,1.000000,1),(444,'2024-02-20','PTC Expense from: ASHWIN BHARATH',0,NULL,0,1,1.000000,1),(445,'2024-02-20','PTC Expense from: Admin',0,NULL,0,1,1.000000,0),(446,'2024-02-20','PTC Expense from: Admin',0,NULL,0,1,1.000000,0),(447,'2024-02-07','Automatic General Expense: Bank',0,NULL,0,1,1.000000,1),(448,'2024-02-20','Purchase Order: PURCHASE ORDER #192',0,NULL,0,4,0.100000,0),(449,'2024-02-07','Automatic General Expense: Bank',0,NULL,0,1,1.000000,0),(450,'2024-02-10','PTC Expense from: KUNNI',0,NULL,0,1,1.000000,0),(451,'2024-02-20','PTC Expense from: BHAGYESH',0,NULL,0,1,1.000000,0),(452,'2024-02-13','PTC Expense from: Admin',0,NULL,0,1,1.000000,0),(453,'2024-02-14','PTC Expense from: KUNNI',0,NULL,0,1,1.000000,0),(454,'2024-02-05','Automatic General Expense: Bank',0,NULL,0,1,1.000000,0),(455,'2024-02-07','Automatic General Expense: Bank',0,NULL,0,1,1.000000,1),(456,'2024-02-07','Automatic General Expense: Bank',0,NULL,0,1,1.000000,0),(457,'2024-02-14','Automatic General Expense: Bank',0,NULL,0,1,1.000000,0),(458,'2024-02-18','Automatic General Expense: Bank',0,NULL,0,1,1.000000,0),(459,'2024-02-14','Automatic General Expense: Bank',0,NULL,0,1,1.000000,0),(460,'2024-02-12','Automatic General Expense: Bank',0,NULL,0,1,1.000000,0),(461,'2024-02-12','Automatic General Expense: Bank',0,NULL,0,1,1.000000,0),(462,'2024-02-03','Automatic General Expense: Bank',0,NULL,0,1,1.000000,0),(463,'2024-02-07','Automatic General Expense: Bank',0,NULL,0,1,1.000000,0),(464,'2024-02-19','PTC Expense from: Abu',0,NULL,0,1,1.000000,1),(465,'2024-02-19','Automatic General Expense: Bank',0,NULL,0,1,1.000000,0),(466,'2024-02-11','Automatic General Expense: Bank',0,NULL,0,1,1.000000,0),(467,'2024-01-29','PTC Expense from: Admin',0,NULL,0,1,1.000000,0),(468,'2024-02-02','PTC Expense from: BHAGYESH',0,NULL,0,1,1.000000,1),(469,'2024-02-04','PTC Expense from: Admin',0,NULL,0,1,1.000000,0),(470,'2024-02-02','PTC Expense from: Admin',0,NULL,0,1,1.000000,1),(471,'2024-02-02','PTC Expense from: Admin',0,NULL,0,1,1.000000,0),(472,'2024-01-29','PTC Expense from: Admin',0,NULL,0,1,1.000000,0),(473,'2024-02-04','PTC Expense from: Admin',0,NULL,0,1,1.000000,0),(474,'2024-02-03','PTC Expense from: Admin',0,NULL,0,1,1.000000,0),(475,'2024-01-25','PTC Expense from: Admin',0,NULL,0,1,1.000000,0),(476,'2024-01-26','PTC Expense from: Admin',0,NULL,0,1,1.000000,0),(477,'2024-01-26','PTC Expense from: BHAGYESH',0,NULL,0,1,1.000000,0),(478,'2024-01-27','PTC Expense from: Admin',0,NULL,0,1,1.000000,0),(479,'2024-01-23','PTC Expense from: KUNNI',0,NULL,0,1,1.000000,0),(480,'2024-01-25','PTC Expense from: KUNNI',0,NULL,0,1,1.000000,0),(481,'2024-01-23','PTC Expense from: KUNNI',0,NULL,0,1,1.000000,0),(482,'2024-01-22','PTC Expense from: KUNNI',0,NULL,0,1,1.000000,0),(483,'2024-01-22','PTC Expense from: KUNNI',0,NULL,0,1,1.000000,0),(484,'2024-01-19','PTC Expense from: KUNNI',0,NULL,0,1,1.000000,0),(485,'2024-02-17','PTC Expense from: Admin',0,NULL,0,1,1.000000,0),(486,'2024-02-11','PTC Expense from: Admin',0,NULL,0,1,1.000000,0),(487,'2024-02-11','PTC Expense from: BHAGYESH',0,NULL,0,1,1.000000,0),(488,'2024-02-11','PTC Expense from: Admin',0,NULL,0,1,1.000000,0),(489,'2024-02-18','Automatic Purchase Payment: PURCHASE ORDER #34',0,NULL,0,1,1.000000,1),(490,'2024-01-29','Automatic Purchase Payment: PURCHASE ORDER #34',0,NULL,0,1,1.000000,0),(491,'2024-02-15','PTC Expense from: Admin',0,NULL,0,1,1.000000,0),(492,'2024-02-11','PTC Expense from: Admin',0,NULL,0,1,1.000000,0),(493,'2024-02-04','PTC Expense from: Admin',0,NULL,0,1,1.000000,0),(494,'2024-02-14','PTC Expense from: Admin',0,NULL,0,1,1.000000,0),(495,'2024-02-05','PTC Expense from: Admin',0,NULL,0,1,1.000000,0),(496,'2024-02-15','PTC Expense from: Admin',0,NULL,0,1,1.000000,0),(497,'2024-02-15','PTC Expense from: Admin',0,NULL,0,1,1.000000,0),(498,'2024-02-06','PTC Expense from: Admin',0,NULL,0,1,1.000000,0),(499,'2024-02-07','PTC Expense from: Admin',0,NULL,0,1,1.000000,0),(500,'2024-02-13','PTC Expense from: Admin',0,NULL,0,1,1.000000,0),(501,'2024-01-28','PTC Expense from: Admin',0,NULL,0,1,1.000000,0),(502,'2024-01-25','PTC Expense from: Admin',0,NULL,0,1,1.000000,0),(503,'2024-01-24','PTC Expense from: Admin',0,NULL,0,1,1.000000,0),(504,'2024-01-27','PTC Expense from: Admin',0,NULL,0,1,1.000000,0),(505,'2024-01-28','PTC Expense from: Admin',0,NULL,0,1,1.000000,0),(506,'2024-01-29','journal_entry',1,'',0,1,1.000000,0),(507,'2023-11-28','PTC Expense from: BHAGYESH',0,NULL,0,1,1.000000,0),(508,'2024-02-14','PTC Expense from: Admin',0,NULL,0,1,1.000000,0),(509,'2024-02-14','PTC Expense from: Admin',0,NULL,0,1,1.000000,0),(510,'2024-02-14','PTC Expense from: BHAGYESH',0,NULL,0,1,1.000000,0),(511,'2024-02-18','Automatic Purchase Payment: PURCHASE ORDER #34',0,NULL,0,1,1.000000,0),(512,'2024-02-10','PTC Expense from: SAMEER',0,NULL,0,1,1.000000,0),(513,'2024-02-21','Purchase Order: PURCHASE ORDER #193',0,NULL,0,5,0.100000,0),(514,'2023-11-11','PTC Expense from: KUNNI',0,NULL,0,1,1.000000,0),(515,'2023-11-12','PTC Expense from: KUNNI',0,NULL,0,1,1.000000,0),(516,'2023-11-14','PTC Expense from: KUNNI',0,NULL,0,1,1.000000,0),(517,'2023-11-18','PTC Expense from: KUNNI',0,NULL,0,1,1.000000,0),(518,'2023-11-18','PTC Expense from: KUNNI',0,NULL,0,1,1.000000,0),(519,'2023-11-18','PTC Expense from: KUNNI',0,NULL,0,1,1.000000,0),(520,'2023-11-18','PTC Expense from: KUNNI',0,NULL,0,1,1.000000,0),(521,'2023-11-20','PTC Expense from: KUNNI',0,NULL,0,1,1.000000,0),(522,'2023-11-16','PTC Expense from: KUNNI',0,NULL,0,1,1.000000,0),(523,'2023-11-16','PTC Expense from: KUNNI',0,NULL,0,1,1.000000,0),(524,'2023-11-15','PTC Expense from: KUNNI',0,NULL,0,1,1.000000,0),(525,'2023-11-16','PTC Expense from: KUNNI',0,NULL,0,1,1.000000,0),(526,'2023-11-16','PTC Expense from: KUNNI',0,NULL,0,1,1.000000,0),(527,'2023-11-16','PTC Expense from: KUNNI',0,NULL,0,1,1.000000,0),(528,'2024-02-22','Purchase Order: PURCHASE ORDER #195',0,NULL,0,5,0.100000,0),(529,'2024-02-22','Purchase Order: PURCHASE ORDER #194',0,NULL,0,5,0.100000,0),(530,'2024-02-23','Bank Money Transfer',1,NULL,0,1,1.000000,0),(531,'2024-02-23','journal_entry',1,'',0,1,1.000000,0),(532,'2024-02-23','journal_entry',1,'',0,1,1.000000,0),(533,'2024-02-15','PTC Expense from: Admin',0,NULL,0,1,1.000000,0),(534,'2024-02-20','PTC Expense from: Admin',0,NULL,0,1,1.000000,0),(535,'2024-02-20','PTC Expense from: BHAGYESH',0,NULL,0,1,1.000000,0),(536,'2024-02-25','journal_entry',1,'',0,1,1.000000,1),(537,'2024-02-17','Automatic Purchase Payment: PURCHASE ORDER #187',0,NULL,0,4,0.100000,0),(538,'2024-02-20','Automatic Purchase Payment: PURCHASE ORDER #192',0,NULL,0,4,0.100000,0),(539,'2024-02-17','Automatic Purchase Payment: PURCHASE ORDER #188',0,NULL,0,4,0.100000,0),(540,'2024-01-10','Automatic General Expense: Bank',0,NULL,0,1,1.000000,0),(541,'2024-01-18','Automatic General Expense: Bank',0,NULL,0,1,1.000000,0),(542,'2024-02-14','Automatic General Expense: Bank',0,NULL,0,1,1.000000,0),(543,'2024-02-22','PTC Expense from: Admin',0,NULL,0,1,1.000000,0),(544,'2024-02-22','Purchase Order: PURCHASE ORDER #198',0,NULL,0,4,0.100000,0),(545,'2024-02-03','Automatic General Expense: Bank',0,NULL,0,1,1.000000,0),(546,'2024-02-20','Automatic General Expense: Bank',0,NULL,0,1,1.000000,0),(547,'2024-02-22','journal_entry',1,'RAJESH[ ROSE STAR INTERNATIONAL SPC] 2500OMR ALL PROJECT WORK',0,1,1.000000,0),(548,'2024-02-21','Automatic General Expense: Bank',0,NULL,0,1,1.000000,0),(549,'2024-02-19','PTC Expense from: Abu',0,NULL,0,1,1.000000,0),(550,'2024-02-19','PTC Expense from: Abu',0,NULL,0,1,1.000000,0),(551,'2024-02-19','PTC Expense from: KUNNI',0,NULL,0,1,1.000000,0),(552,'2024-02-17','PTC Expense from: KUNNI',0,NULL,0,1,1.000000,0),(553,'2024-02-17','PTC Expense from: KUNNI',0,NULL,0,1,1.000000,0),(554,'2024-02-21','PTC Expense from: KUNNI',0,NULL,0,1,1.000000,0),(555,'2024-02-21','PTC Expense from: KUNNI',0,NULL,0,1,1.000000,0),(556,'2024-02-15','PTC Expense from: KUNNI',0,NULL,0,1,1.000000,0),(557,'2024-02-19','PTC Expense from: KUNNI',0,NULL,0,1,1.000000,0),(558,'2024-02-21','PTC Expense from: KUNNI',0,NULL,0,1,1.000000,0),(559,'2024-02-21','PTC Expense from: KUNNI',0,NULL,0,1,1.000000,0),(560,'2024-02-22','Automatic General Expense: Bank',0,NULL,0,1,1.000000,0),(561,'2024-02-22','Automatic General Expense: Bank',0,NULL,0,1,1.000000,0),(562,'2024-02-22','Automatic General Expense: Bank',0,NULL,0,1,1.000000,0),(563,'2024-02-22','Automatic General Expense: Bank',0,NULL,0,1,1.000000,0),(564,'2024-02-22','Automatic General Expense: Bank',0,NULL,0,1,1.000000,0),(565,'2024-02-22','Automatic General Expense: Bank',0,NULL,0,1,1.000000,0),(566,'2024-02-20','Automatic General Expense: Bank',0,NULL,0,1,1.000000,0),(567,'2024-02-22','Purchase Order: PURCHASE ORDER #199',0,NULL,0,4,0.100000,0),(568,'2024-02-22','Purchase Order: PURCHASE ORDER #200',0,NULL,0,4,0.100000,0),(569,'2024-01-21','Automatic General Expense: Bank',0,NULL,0,1,1.000000,0),(570,'2024-01-21','Automatic General Expense: Bank',0,NULL,0,1,1.000000,0),(571,'2024-01-28','Automatic General Expense: Bank',0,NULL,0,1,1.000000,0),(572,'2024-01-21','Automatic General Expense: Bank',0,NULL,0,1,1.000000,0),(573,'2024-01-21','Automatic General Expense: Bank',0,NULL,0,1,1.000000,0),(574,'2024-01-21','Automatic General Expense: Bank',0,NULL,0,1,1.000000,0),(575,'2024-02-21','PTC Expense from: Admin',0,NULL,0,1,1.000000,0),(576,'2024-02-21','Automatic General Expense: Bank',0,NULL,0,1,1.000000,0),(577,'2024-02-10','Automatic General Expense: Bank',0,NULL,0,1,1.000000,0),(578,'2024-02-10','Automatic General Expense: Bank',0,NULL,0,1,1.000000,0),(579,'2024-02-11','Automatic General Expense: Bank',0,NULL,0,1,1.000000,0),(580,'2024-02-19','Automatic General Expense: Bank',0,NULL,0,1,1.000000,0),(581,'2024-02-01','PTC Expense from: JUNED',0,NULL,0,1,1.000000,0),(582,'2024-02-19','Automatic General Expense: Bank',0,NULL,0,1,1.000000,0),(583,'2024-02-25','journal_entry',1,'',0,4,0.100000,0),(584,'2024-02-25','journal_entry',1,'',0,1,1.000000,0),(585,'2024-02-25','payment_voucher',1,'',0,1,1.000000,0),(586,'2024-02-25','journal_entry',1,'',0,1,1.000000,0),(587,'2024-02-07','PTC Expense from: ASHWIN BHARATH',0,NULL,0,1,1.000000,0),(588,'2024-02-14','PTC Expense from: ASHWIN BHARATH',0,NULL,0,1,1.000000,0),(589,'2024-02-13','PTC Expense from: ASHWIN BHARATH',0,NULL,0,1,1.000000,0),(590,'2024-02-10','PTC Expense from: ASHWIN BHARATH',0,NULL,0,1,1.000000,0),(591,'2024-02-06','PTC Expense from: ASHWIN BHARATH',0,NULL,0,1,1.000000,0),(592,'2024-02-03','PTC Expense from: ASHWIN BHARATH',0,NULL,0,1,1.000000,0),(593,'2024-02-05','PTC Expense from: ASHWIN BHARATH',0,NULL,0,1,1.000000,0),(594,'2024-02-14','PTC Expense from: ASHWIN BHARATH',0,NULL,0,1,1.000000,0),(595,'2024-02-07','PTC Expense from: ASHWIN BHARATH',0,NULL,0,1,1.000000,0),(596,'2024-02-10','Invoice: TAX INVOICE61',0,NULL,0,1,1.000000,0),(597,'2024-02-15','PTC Expense from: ASHWIN BHARATH',0,NULL,0,1,1.000000,0),(598,'2024-02-13','PTC Expense from: ASHWIN BHARATH',0,NULL,0,1,1.000000,0),(599,'2024-02-10','PTC Expense from: ASHWIN BHARATH',0,NULL,0,1,1.000000,0),(600,'2024-02-01','PTC Expense from: ASHWIN BHARATH',0,NULL,0,1,1.000000,0),(601,'2024-02-10','PTC Expense from: ASHWIN BHARATH',0,NULL,0,1,1.000000,0),(602,'2024-01-30','PTC Expense from: BHAGYESH',0,NULL,0,1,1.000000,0),(603,'2024-01-30','PTC Expense from: ASHWIN BHARATH',0,NULL,0,1,1.000000,0),(604,'2024-01-30','PTC Expense from: ASHWIN BHARATH',0,NULL,0,1,1.000000,0),(605,'2024-01-30','PTC Expense from: BHAGYESH',0,NULL,0,1,1.000000,0),(606,'2024-01-29','PTC Expense from: ASHWIN BHARATH',0,NULL,0,1,1.000000,0),(607,'2024-02-18','PTC Expense from: ASHWIN BHARATH',0,NULL,0,1,1.000000,0),(608,'2024-02-18','PTC Expense from: BHAGYESH',0,NULL,0,1,1.000000,0),(609,'2024-02-06','PTC Expense from: ASHWIN BHARATH',0,NULL,0,1,1.000000,0),(610,'2024-02-25','Purchase Order: PURCHASE ORDER #205',0,NULL,0,4,0.100000,0),(611,'2024-02-21','Automatic General Expense: Bank',0,NULL,0,1,1.000000,0),(612,'2024-02-21','Automatic General Expense: Bank',0,NULL,0,1,1.000000,0),(613,'2024-02-21','Automatic General Expense: Bank',0,NULL,0,1,1.000000,0),(614,'2024-02-10','Automatic General Expense: Bank',0,NULL,0,1,1.000000,0),(615,'2024-02-24','Automatic General Expense: Bank',0,NULL,0,1,1.000000,0),(616,'2024-02-24','PTC Expense from: ARASU',0,NULL,0,1,1.000000,0),(617,'2024-02-18','PTC Expense from: ARASU',0,NULL,0,1,1.000000,1),(618,'2024-02-18','PTC Expense from: ARASU',0,NULL,0,1,1.000000,0),(619,'2024-02-04','PTC Expense from: ARASU',0,NULL,0,1,1.000000,0),(620,'2024-02-08','PTC Expense from: ARASU',0,NULL,0,1,1.000000,0),(621,'2024-02-14','PTC Expense from: ARASU',0,NULL,0,1,1.000000,0),(622,'2024-02-15','PTC Expense from: ARASU',0,NULL,0,1,1.000000,0),(623,'2024-02-22','PTC Expense from: ARASU',0,NULL,0,1,1.000000,0),(624,'2024-02-10','PTC Expense from: ARASU',0,NULL,0,1,1.000000,0),(625,'2024-02-17','PTC Expense from: LOAI ',0,NULL,0,4,0.100000,0),(626,'2024-02-26','journal_entry',1,'',0,1,1.000000,0),(627,'2024-02-22','Automatic Purchase Payment: PURCHASE ORDER #198',0,NULL,0,4,0.100000,0),(628,'2024-02-22','Automatic Purchase Payment: PURCHASE ORDER #199',0,NULL,0,4,0.100000,0),(629,'2024-02-22','Automatic Purchase Payment: PURCHASE ORDER #200',0,NULL,0,4,0.100000,0),(630,'2024-02-27','journal_entry',1,'',0,1,1.000000,1),(631,'2024-02-27','journal_entry',1,'',0,1,1.000000,0),(632,'2024-02-24','Automatic Purchase Payment: PURCHASE ORDER #140',0,NULL,0,1,1.000000,0),(633,'2024-02-24','Automatic Purchase Payment: PURCHASE ORDER #207',0,NULL,0,1,1.000000,0),(634,'2024-02-24','Automatic Purchase Payment: PURCHASE ORDER #208',0,NULL,0,1,1.000000,0),(635,'2024-02-26','PTC Expense from: Admin',0,NULL,0,1,1.000000,0),(636,'2024-02-26','Automatic General Expense: Bank',0,NULL,0,1,1.000000,0),(637,'2024-02-28','Automatic General Expense: Bank',0,NULL,0,1,1.000000,0),(638,'2024-02-28','journal_entry',1,'',0,1,1.000000,1),(639,'2024-02-26','Automatic Purchase Payment: PURCHASE ORDER #59',0,NULL,0,1,1.000000,0),(640,'2024-02-28','Automatic General Expense: Bank',0,NULL,0,1,1.000000,0),(641,'2024-01-10','Automatic Purchase Payment: PURCHASE ORDER #183',0,NULL,0,1,1.000000,0),(642,'2024-02-22','Automatic Purchase Payment: PURCHASE ORDER #183',0,NULL,0,1,1.000000,0),(643,'2024-11-15','Automatic Purchase Payment: PURCHASE ORDER #191',0,NULL,0,1,1.000000,0),(644,'2024-01-10','Automatic Purchase Payment: PURCHASE ORDER #191',0,NULL,0,1,1.000000,0),(645,'2024-01-30','Automatic Purchase Payment: PURCHASE ORDER #191',0,NULL,0,1,1.000000,0),(646,'2024-02-24','Automatic Purchase Payment: PURCHASE ORDER #189',0,NULL,0,1,1.000000,0),(647,'2024-02-26','PTC Expense from: Ismail',0,NULL,0,4,0.100000,0),(648,'2024-02-26','PTC Expense from: Ismail',0,NULL,0,4,0.100000,0),(649,'2024-02-26','PTC Expense from: Ismail',0,NULL,0,4,0.100000,0),(650,'2024-02-26','PTC Expense from: Ismail',0,NULL,0,4,0.100000,0),(651,'2024-02-26','PTC Expense from: Ismail',0,NULL,0,4,0.100000,0),(652,'2024-02-26','PTC Expense from: Ismail',0,NULL,0,4,0.100000,0),(653,'2024-01-10','Automatic Purchase Payment: PURCHASE ORDER #78',0,NULL,0,1,1.000000,0),(654,'2024-01-18','Automatic Purchase Payment: PURCHASE ORDER #78',0,NULL,0,1,1.000000,1),(655,'2024-01-30','Automatic Purchase Payment: PURCHASE ORDER #78',0,NULL,0,1,1.000000,0),(656,'2024-01-28','Automatic Purchase Payment: PURCHASE ORDER #133',0,NULL,0,1,1.000000,1),(657,'2023-12-07','Automatic Purchase Payment: PURCHASE ORDER #78',0,NULL,0,1,1.000000,0),(658,'2023-12-13','Automatic Purchase Payment: PURCHASE ORDER #78',0,NULL,0,1,1.000000,0),(659,'2024-01-18','Automatic Purchase Payment: PURCHASE ORDER #78',0,NULL,0,1,1.000000,0),(660,'2024-01-28','Automatic Purchase Payment: PURCHASE ORDER #133',0,NULL,0,1,1.000000,0),(661,'2024-01-28','Automatic Purchase Payment: PURCHASE ORDER #136',0,NULL,0,1,1.000000,0),(662,'2024-02-29','Automatic General Expense: Bank',0,NULL,0,5,0.100000,1),(663,'2024-02-29','Automatic General Expense: Bank',0,NULL,0,5,0.100000,0),(664,'2024-02-26','PTC Expense from: Admin',0,NULL,0,1,1.000000,1),(665,'2024-02-26','PTC Expense from: BHAGYESH',0,NULL,0,1,1.000000,0),(666,'2024-02-27','Purchase Order: PURCHASE ORDER #209',0,NULL,0,4,0.100000,0),(667,'2024-02-29','Automatic General Expense: Bank',0,NULL,0,5,0.100000,0),(668,'2024-02-29','Bank Money Transfer',1,NULL,0,5,0.100000,0),(669,'2024-02-29','Invoice: TAX INVOICE66',0,NULL,0,5,0.100000,1),(670,'2024-02-26','PTC Expense from: Admin',0,NULL,0,1,1.000000,1),(671,'2024-02-26','PTC Expense from: BHAGYESH',0,NULL,0,1,1.000000,0),(672,'2024-03-02','journal_entry',1,'',0,1,1.000000,1),(673,'2024-02-29','Purchase Order: PURCHASE ORDER #211',0,NULL,0,4,0.100000,0),(674,'2024-12-06','PTC Expense from: KUNNI',0,NULL,0,1,1.000000,0),(675,'2024-02-28','Purchase Order: PURCHASE ORDER #212',0,NULL,0,4,0.100000,0),(676,'2024-02-29','PTC Expense from: Admin',0,NULL,0,1,1.000000,0),(677,'2024-02-29','PTC Expense from: Admin',0,NULL,0,1,1.000000,0),(678,'2024-03-02','PTC Expense from: BHAGYESH',0,NULL,0,1,1.000000,0),(679,'2024-03-02','PTC Expense from: Admin',0,NULL,0,1,1.000000,0),(680,'2024-03-02','PTC Expense from: BHAGYESH',0,NULL,0,1,1.000000,0),(681,'2024-03-03','PTC Expense from: BHAGYESH',0,NULL,0,1,1.000000,0),(682,'2024-02-28','PTC Expense from: Admin',0,NULL,0,1,1.000000,0),(683,'2024-02-25','Automatic General Expense: Bank',0,NULL,0,1,1.000000,0),(684,'2024-02-29','Automatic General Expense: Bank',0,NULL,0,1,1.000000,0),(685,'2024-02-29','Purchase Order: PURCHASE ORDER #210',0,NULL,0,4,0.100000,0),(686,'2024-02-29','Purchase Order: PURCHASE ORDER #213',0,NULL,0,4,0.100000,0),(687,'2024-02-26','PTC Expense from: KUNNI',0,NULL,0,1,1.000000,0),(688,'2024-02-27','PTC Expense from: KUNNI',0,NULL,0,1,1.000000,0),(689,'2024-02-26','PTC Expense from: KUNNI',0,NULL,0,1,1.000000,0),(690,'2024-02-27','PTC Expense from: KUNNI',0,NULL,0,1,1.000000,0),(691,'2024-02-27','PTC Expense from: KUNNI',0,NULL,0,1,1.000000,0),(692,'2024-02-27','PTC Expense from: KUNNI',0,NULL,0,1,1.000000,0),(693,'2024-02-27','PTC Expense from: KUNNI',0,NULL,0,1,1.000000,0),(694,'2024-02-27','PTC Expense from: KUNNI',0,NULL,0,1,1.000000,0),(695,'2024-02-28','Automatic General Expense: Bank',0,NULL,0,1,1.000000,0),(696,'2024-03-03','Bank Money Transfer',1,NULL,0,1,1.000000,0),(697,'2024-02-28','Automatic General Expense: Bank',0,NULL,0,1,1.000000,0),(698,'2024-02-29','Automatic General Expense: Bank',0,NULL,0,1,1.000000,0),(699,'2024-02-28','Automatic General Expense: Bank',0,NULL,0,1,1.000000,0),(700,'2024-03-02','Automatic General Expense: Bank',0,NULL,0,1,1.000000,0),(701,'2024-02-28','Automatic General Expense: Bank',0,NULL,0,1,1.000000,0),(702,'2024-03-02','PTC Expense from: KUNNI',0,NULL,0,1,1.000000,0),(703,'2024-03-02','PTC Expense from: KUNNI',0,NULL,0,1,1.000000,0),(704,'2024-02-28','PTC Expense from: KUNNI',0,NULL,0,1,1.000000,0),(705,'2024-02-29','PTC Expense from: KUNNI',0,NULL,0,1,1.000000,0),(706,'2024-03-02','PTC Expense from: KUNNI',0,NULL,0,1,1.000000,0),(707,'2024-02-28','PTC Expense from: KUNNI',0,NULL,0,1,1.000000,0),(708,'2024-02-28','PTC Expense from: KUNNI',0,NULL,0,1,1.000000,0),(709,'2024-03-02','PTC Expense from: KUNNI',0,NULL,0,1,1.000000,0),(710,'2024-03-02','PTC Expense from: BHAGYESH',0,NULL,0,1,1.000000,0),(711,'2024-03-03','Automatic General Expense: Bank',0,NULL,0,1,1.000000,0),(712,'2024-03-02','Automatic General Expense: Bank',0,NULL,0,1,1.000000,0),(713,'2024-01-22','Automatic General Expense: Bank',0,NULL,0,1,1.000000,0),(714,'2024-02-29','Automatic General Expense: Bank',0,NULL,0,1,1.000000,0),(715,'2024-02-29','Automatic General Expense: Bank',0,NULL,0,1,1.000000,0),(716,'2024-03-02','Automatic General Expense: Bank',0,NULL,0,1,1.000000,0),(717,'2024-03-02','Automatic General Expense: Bank',0,NULL,0,1,1.000000,0),(718,'2024-03-02','Automatic General Expense: Bank',0,NULL,0,1,1.000000,0),(719,'2024-03-01','Automatic General Expense: Bank',0,NULL,0,1,1.000000,0),(720,'2024-03-01','Automatic General Expense: Bank',0,NULL,0,5,0.100000,1),(721,'2024-03-03','PTC Expense from: JUNED',0,NULL,0,4,0.100000,0),(722,'2024-03-03','PTC Expense from: JUNED',0,NULL,0,4,0.100000,0),(723,'2024-03-02','PTC Expense from: JUNED',0,NULL,0,4,0.100000,0),(724,'2024-02-29','Invoice: TAX INVOICE70',0,NULL,0,5,0.100000,0),(725,'2024-03-04','Purchase Order: PURCHASE ORDER #217',0,NULL,0,1,1.000000,0),(726,'2024-01-07','Purchase Order: PURCHASE ORDER #133',0,NULL,0,1,1.000000,0),(727,'2024-01-07','Purchase Order: PURCHASE ORDER #134',0,NULL,0,1,1.000000,0),(728,'2024-01-07','Purchase Order: PURCHASE ORDER #135',0,NULL,0,1,1.000000,0),(729,'2024-01-07','Purchase Order: PURCHASE ORDER #136',0,NULL,0,1,1.000000,0),(730,'2024-01-07','Purchase Order: PURCHASE ORDER #145',0,NULL,0,1,1.000000,0),(731,'2024-01-24','Purchase Order: PURCHASE ORDER #207',0,NULL,0,1,1.000000,0),(732,'2024-02-27','Purchase Order: PURCHASE ORDER #216',0,NULL,0,1,1.000000,0),(733,'2024-02-26','Purchase Order: PURCHASE ORDER #215',0,NULL,0,1,1.000000,0),(734,'2024-02-11','Purchase Order: PURCHASE ORDER #139',0,NULL,0,1,1.000000,0),(735,'2024-02-27','Purchase Order: PURCHASE ORDER #214',0,NULL,0,1,1.000000,0),(736,'2024-02-26','PTC Expense from: ARASU',0,NULL,0,1,1.000000,0),(737,'2024-02-28','PTC Expense from: ARASU',0,NULL,0,1,1.000000,0),(738,'2024-03-03','PTC Expense from: ARASU',0,NULL,0,1,1.000000,0),(739,'2024-03-03','Automatic General Expense: Bank',0,NULL,0,1,1.000000,0),(740,'2024-03-03','Automatic General Expense: Bank',0,NULL,0,1,1.000000,0),(741,'2024-03-03','Automatic General Expense: Bank',0,NULL,0,1,1.000000,1),(742,'2024-03-03','Automatic General Expense: Bank',0,NULL,0,1,1.000000,0),(743,'2024-03-03','Automatic General Expense: Bank',0,NULL,0,1,1.000000,1),(744,'2024-03-03','Automatic General Expense: Bank',0,NULL,0,1,1.000000,0),(745,'2024-03-03','Automatic General Expense: Bank',0,NULL,0,1,1.000000,0),(746,'2024-03-03','Automatic General Expense: Bank',0,NULL,0,1,1.000000,0),(747,'2023-12-14','Automatic Purchase Payment: PURCHASE ORDER #94',0,NULL,0,1,1.000000,0),(748,'2024-03-04','Purchase Order: PURCHASE ORDER #219',0,NULL,0,1,1.000000,0),(749,'2024-02-27','Purchase Order: PURCHASE ORDER #218',0,NULL,0,1,1.000000,0),(750,'2024-01-07','Purchase Order: PURCHASE ORDER #137',0,NULL,0,1,1.000000,0),(751,'2024-02-26','PTC Expense from: KUNNI',0,NULL,0,1,1.000000,0),(752,'2024-02-25','PTC Expense from: KUNNI',0,NULL,0,1,1.000000,0),(753,'2024-02-22','PTC Expense from: KUNNI',0,NULL,0,1,1.000000,0),(754,'2024-02-25','PTC Expense from: KUNNI',0,NULL,0,1,1.000000,0),(755,'2024-02-21','PTC Expense from: KUNNI',0,NULL,0,1,1.000000,0),(756,'2024-02-23','PTC Expense from: BHAGYESH',0,NULL,0,1,1.000000,0),(757,'2024-02-23','PTC Expense from: KUNNI',0,NULL,0,1,1.000000,0),(758,'2024-02-24','PTC Expense from: BHAGYESH',0,NULL,0,1,1.000000,0),(759,'2024-03-05','PTC Expense from: ARASU',0,NULL,0,1,1.000000,0),(760,'2024-02-21','PTC Expense from: Admin',0,NULL,0,1,1.000000,1),(761,'2024-02-05','journal_entry',1,'',0,1,1.000000,0),(762,'2024-02-26','journal_entry',1,'',0,1,1.000000,0),(763,'2024-03-02','PTC Expense from: JAVED ',0,NULL,0,1,1.000000,0),(764,'2024-02-14','PTC Expense from: BHAGYESH',0,NULL,0,1,1.000000,0),(765,'2024-02-28','Automatic General Expense: Bank',0,NULL,0,1,1.000000,0),(766,'2024-02-28','Automatic General Expense: Bank',0,NULL,0,1,1.000000,0),(767,'2024-02-21','PTC Expense from: Admin',0,NULL,0,1,1.000000,0),(768,'2024-02-01','Automatic General Expense: Bank',0,NULL,0,1,1.000000,0),(769,'2024-01-29','Automatic General Expense: Bank',0,NULL,0,1,1.000000,0),(770,'2024-01-28','PTC Expense from: BAIJU',0,NULL,0,1,1.000000,0),(771,'2024-03-04','Bank Money Transfer',1,NULL,0,5,0.100000,0),(772,'2024-03-06','Bank Money Transfer',1,NULL,0,5,0.100000,0),(773,'2024-03-06','journal_entry',1,'',0,1,1.000000,0),(774,'2024-02-29','receipt_voucher',1,'',0,1,1.000000,1),(775,'2024-03-06','Invoice Payment Received: TAX INVOICE71',0,NULL,0,1,1.000000,1),(776,'2024-03-06','Invoice Payment Received: TAX INVOICE71',0,NULL,0,1,1.000000,1),(777,'2024-03-04','Automatic General Expense: Bank',0,NULL,0,1,1.000000,1),(778,'2024-03-07','Automatic General Expense: Bank',0,NULL,0,1,1.000000,0),(779,'2024-03-07','Purchase Order: PURCHASE ORDER #220',0,NULL,0,4,0.100000,0),(780,'2024-03-06','PTC Expense from: Admin',0,NULL,0,1,1.000000,0),(781,'2024-03-04','PTC Expense from: Admin',0,NULL,0,1,1.000000,0),(782,'2024-03-05','PTC Expense from: Admin',0,NULL,0,1,1.000000,0),(783,'2024-03-07','Purchase Order: PURCHASE ORDER #221',0,NULL,0,4,0.100000,0),(784,'2024-03-04','Automatic General Expense: Bank',0,NULL,0,1,1.000000,0),(785,'2024-03-07','Automatic General Expense: Bank',0,NULL,0,1,1.000000,0),(786,'2024-03-06','PTC Expense from: Admin',0,NULL,0,1,1.000000,0),(787,'2024-03-06','PTC Expense from: Abu',0,NULL,0,1,1.000000,0),(788,'2024-03-06','PTC Expense from: Abu',0,NULL,0,1,1.000000,0),(789,'2024-03-07','PTC Expense from: Abu',0,NULL,0,1,1.000000,0),(790,'2024-03-07','Purchase Order: PURCHASE ORDER #222',0,NULL,0,4,0.100000,0),(791,'2024-03-07','Automatic Purchase Payment: PURCHASE ORDER #222',0,NULL,0,4,0.100000,0),(792,'2024-01-03','journal_entry',1,'7786 fuel raza p.c',0,1,1.000000,0),(793,'2024-01-08','journal_entry',1,'',0,1,1.000000,0),(794,'2024-01-07','journal_entry',1,'7786 fuel raza p.c',0,1,1.000000,0),(795,'2024-01-06','journal_entry',1,'bilal bhai medical matress',0,1,1.000000,0),(796,'2024-01-08','journal_entry',1,'bilal bhai house gas ',0,1,1.000000,0),(797,'2024-01-08','journal_entry',1,'7786 fuel raza p.c',0,1,1.000000,0),(798,'2024-01-06','journal_entry',1,'boss photoscan',0,1,1.000000,0),(799,'2024-01-08','journal_entry',1,'raza p.c boss home fish food',0,1,1.000000,0),(800,'2024-01-12','journal_entry',1,'2786 fuel crv raza p.c',0,1,1.000000,0),(801,'2024-01-11','journal_entry',1,'fuel gmc raza p.c',0,1,1.000000,0),(802,'2024-01-13','journal_entry',1,'sugar for office ',0,1,1.000000,0),(803,'2024-01-15','journal_entry',1,'gmc fuel ',0,1,1.000000,0),(804,'2024-01-23','journal_entry',1,'sayaf pick up fuel',0,1,1.000000,0),(805,'2024-01-23','journal_entry',1,'duracell battery for office',0,1,1.000000,0),(806,'2024-01-18','journal_entry',1,'pickup washing & cleaning',0,1,1.000000,0),(807,'2024-01-22','journal_entry',1,'printing of mulkiya of pickup',0,1,1.000000,0),(808,'2024-01-22','journal_entry',1,'ironing & laundry of boss',0,1,1.000000,0),(809,'2024-02-04','journal_entry',1,'gmc fuel',0,1,1.000000,0),(810,'2024-01-29','journal_entry',1,'gmc fuel',0,1,1.000000,0),(811,'2024-01-30','journal_entry',1,'ginger for office use',0,1,1.000000,0),(812,'2024-02-01','journal_entry',1,'talib trouser & shirt for office',0,1,1.000000,0),(813,'2024-02-01','journal_entry',1,'talib new shoes for office',0,1,1.000000,0),(814,'2024-02-03','journal_entry',1,'ironing of clothes talib',0,1,1.000000,0),(815,'2024-01-31','journal_entry',1,'aslam i.t food',0,1,1.000000,0),(816,'2024-01-29','journal_entry',1,'bilal bhai house electric work',0,1,1.000000,0),(817,'2024-01-08','journal_entry',1,'gmc fuel kunni',0,1,1.000000,0),(818,'2024-01-03','journal_entry',1,'fuel for range rover',0,1,1.000000,0),(819,'2024-01-06','journal_entry',1,'DU simcard recharge dubai',0,1,1.000000,0),(820,'2024-01-06','journal_entry',1,'',0,1,1.000000,0),(821,'2024-01-09','journal_entry',1,'',0,1,1.000000,0),(822,'2024-01-09','journal_entry',1,'fish foods for boss home',0,1,1.000000,0),(823,'2024-01-06','journal_entry',1,'gmc fuel',0,1,1.000000,0),(824,'2024-03-09','Purchase Order: PURCHASE ORDER #223',0,NULL,0,4,0.100000,0),(825,'2024-02-29','Purchase Order: PURCHASE ORDER #224',0,NULL,0,4,0.100000,0),(826,'2024-03-07','Automatic Purchase Payment: PURCHASE ORDER #59',0,NULL,0,4,0.100000,0),(827,'2024-03-09','Automatic Purchase Payment: PURCHASE ORDER #223',0,NULL,0,4,0.100000,0),(828,'2024-03-04','PTC Expense from: Admin',0,NULL,0,1,1.000000,0),(829,'2024-03-10','Purchase Order: PURCHASE ORDER #226',0,NULL,0,4,0.100000,0),(830,'2024-02-20','PTC Expense from: ASHWIN BHARATH',0,NULL,0,1,1.000000,0),(831,'2024-03-11','journal_entry',1,'',0,1,1.000000,0),(832,'2024-03-11','Bank Money Transfer',1,NULL,0,1,1.000000,0),(833,'2024-03-11','journal_entry',1,'',0,1,1.000000,0),(834,'2024-03-11','journal_entry',1,'',0,1,1.000000,0),(835,'2024-03-11','journal_entry',1,'',0,1,1.000000,0),(836,'2024-03-12','Purchase Order: PURCHASE ORDER #228',0,NULL,0,1,1.000000,0),(837,'2024-03-12','Purchase Order: PURCHASE ORDER #229',0,NULL,0,1,1.000000,0),(838,'2024-03-09','PTC Expense from: Admin',0,NULL,0,1,1.000000,0),(839,'2024-03-05','PTC Expense from: BAIJU',0,NULL,0,1,1.000000,0),(840,'2024-02-26','PTC Expense from: ASHWIN BHARATH',0,NULL,0,1,1.000000,0),(841,'2024-02-29','PTC Expense from: ASHWIN BHARATH',0,NULL,0,1,1.000000,0),(842,'2024-03-02','PTC Expense from: ASHWIN BHARATH',0,NULL,0,1,1.000000,0),(843,'2024-02-27','PTC Expense from: ASHWIN BHARATH',0,NULL,0,1,1.000000,0),(844,'2023-12-21','Purchase Order: PURCHASE ORDER #121',0,NULL,0,1,1.000000,0),(845,'2023-11-07','Purchase Order: PURCHASE ORDER #191',0,NULL,0,1,1.000000,0),(846,'2024-02-24','PTC Expense from: ASHWIN BHARATH',0,NULL,0,1,1.000000,0),(847,'2024-02-22','PTC Expense from: ASHWIN BHARATH',0,NULL,0,1,1.000000,0),(848,'2024-03-02','PTC Expense from: ASHWIN BHARATH',0,NULL,0,1,1.000000,0),(849,'2024-03-02','PTC Expense from: ASHWIN BHARATH',0,NULL,0,1,1.000000,0),(850,'2024-02-20','PTC Expense from: ASHWIN BHARATH',0,NULL,0,1,1.000000,0),(851,'2024-02-28','PTC Expense from: ASHWIN BHARATH',0,NULL,0,1,1.000000,0),(852,'2024-02-28','PTC Expense from: ASHWIN BHARATH',0,NULL,0,1,1.000000,0),(853,'2024-03-02','PTC Expense from: ASHWIN BHARATH',0,NULL,0,1,1.000000,0),(854,'2024-02-20','PTC Expense from: ASHWIN BHARATH',0,NULL,0,1,1.000000,0),(855,'2024-02-28','PTC Expense from: ASHWIN BHARATH',0,NULL,0,1,1.000000,0),(856,'2024-02-20','PTC Expense from: ASHWIN BHARATH',0,NULL,0,1,1.000000,0),(857,'2024-02-27','PTC Expense from: ASHWIN BHARATH',0,NULL,0,1,1.000000,0),(858,'2024-03-03','journal_entry',1,'petty cash ashwin 57.890',0,1,1.000000,0),(859,'2024-03-13','Automatic General Expense: Bank',0,NULL,0,1,1.000000,0),(860,'2024-03-10','PTC Expense from: BHAGYESH',0,NULL,0,1,1.000000,0),(861,'2024-03-07','PTC Expense from: KUNNI',0,NULL,0,1,1.000000,0),(862,'2024-03-11','PTC Expense from: KUNNI',0,NULL,0,1,1.000000,0),(863,'2024-03-11','Automatic General Expense: Bank',0,NULL,0,1,1.000000,0),(864,'2024-03-11','Automatic General Expense: Bank',0,NULL,0,1,1.000000,0),(865,'2024-03-11','Automatic General Expense: Bank',0,NULL,0,1,1.000000,0),(866,'2024-03-13','PTC Expense from: Admin',0,NULL,0,1,1.000000,0),(867,'2024-03-07','PTC Expense from: BAIJU',0,NULL,0,1,1.000000,0),(868,'2024-03-07','PTC Expense from: BAIJU',0,NULL,0,1,1.000000,0),(869,'2024-03-06','PTC Expense from: BAIJU',0,NULL,0,1,1.000000,0),(870,'2024-03-08','PTC Expense from: BAIJU',0,NULL,0,1,1.000000,0),(871,'2024-03-04','PTC Expense from: ASHWIN BHARATH',0,NULL,0,1,1.000000,0),(872,'2024-03-11','PTC Expense from: BAIJU',0,NULL,0,1,1.000000,0),(873,'2024-03-11','PTC Expense from: BHAGYESH',0,NULL,0,1,1.000000,0),(874,'2024-03-11','PTC Expense from: BHAGYESH',0,NULL,0,1,1.000000,0),(875,'2024-03-12','journal_entry',1,'bilal petty cash',0,1,1.000000,0),(876,'2024-03-12','journal_entry',1,'javed petty cash',0,1,1.000000,0),(877,'2024-03-10','Automatic General Expense: Bank',0,NULL,0,1,1.000000,0),(878,'2024-03-11','PTC Expense from: Admin',0,NULL,0,1,1.000000,0),(879,'2024-02-20','Automatic General Expense: Bank',0,NULL,0,1,1.000000,0),(880,'2024-03-11','PTC Expense from: Admin',0,NULL,0,1,1.000000,0),(881,'2024-03-08','PTC Expense from: Admin',0,NULL,0,1,1.000000,0),(882,'2024-03-07','Automatic General Expense: Bank',0,NULL,0,1,1.000000,0),(883,'2024-03-12','Automatic General Expense: Bank',0,NULL,0,1,1.000000,0),(884,'2024-03-12','Automatic General Expense: Bank',0,NULL,0,1,1.000000,0),(885,'2023-12-06','Purchase Order: PURCHASE ORDER #230',0,NULL,0,1,1.000000,0),(886,'2024-03-16','Purchase Order: PURCHASE ORDER #233',0,NULL,0,1,1.000000,0),(887,'2024-02-18','Automatic General Expense: Bank',0,NULL,0,1,1.000000,0),(888,'2024-03-10','Automatic Purchase Payment: PURCHASE ORDER #226',0,NULL,0,4,0.100000,0),(889,'2024-03-13','PTC Expense from: Admin',0,NULL,0,1,1.000000,0),(890,'2024-03-14','Automatic General Expense: Bank',0,NULL,0,1,1.000000,0),(891,'2024-03-13','Automatic General Expense: Bank',0,NULL,0,1,1.000000,0),(892,'2024-03-13','PTC Expense from: SAYYAF',0,NULL,0,1,1.000000,0),(893,'2024-03-13','Automatic General Expense: Bank',0,NULL,0,1,1.000000,0),(894,'2024-03-17','Purchase Order: PURCHASE ORDER #234',0,NULL,0,1,1.000000,0),(895,'2024-03-14','Automatic General Expense: Bank',0,NULL,0,1,1.000000,0),(896,'2024-03-13','Automatic General Expense: Bank',0,NULL,0,1,1.000000,0),(897,'2024-03-13','Automatic General Expense: Bank',0,NULL,0,1,1.000000,0),(898,'2024-03-16','Automatic General Expense: Bank',0,NULL,0,1,1.000000,0),(899,'2024-03-17','Automatic General Expense: Bank',0,NULL,0,1,1.000000,0),(900,'2024-03-14','Automatic General Expense: Bank',0,NULL,0,1,1.000000,0),(901,'2024-03-02','PTC Expense from: ARASU',0,NULL,0,1,1.000000,0),(902,'2024-03-05','PTC Expense from: ARASU',0,NULL,0,1,1.000000,0),(903,'2024-03-06','journal_entry',1,'petty cash transfer to ashwin',0,1,1.000000,0),(904,'2024-03-12','journal_entry',1,'petty cash trasnfer to ashwin',0,1,1.000000,0),(905,'2024-02-14','Automatic General Expense: Bank',0,NULL,0,1,1.000000,0),(906,'2024-03-07','PTC Expense from: ARASU',0,NULL,0,1,1.000000,0),(907,'2024-03-10','PTC Expense from: ARASU',0,NULL,0,1,1.000000,0),(908,'2024-03-14','PTC Expense from: BHAGYESH',0,NULL,0,1,1.000000,0),(909,'2024-03-18','PTC Expense from: BHAGYESH',0,NULL,0,1,1.000000,0),(910,'2024-03-14','Automatic General Expense: Bank',0,NULL,0,1,1.000000,0),(911,'2024-03-18','Automatic General Expense: Bank',0,NULL,0,1,1.000000,0),(912,'2024-03-18','Automatic General Expense: Bank',0,NULL,0,1,1.000000,0),(913,'2024-03-14','Automatic General Expense: Bank',0,NULL,0,1,1.000000,0),(914,'2024-03-19','journal_entry',1,'cash transfer to adil pro for new car transfer & registery',0,1,1.000000,0),(915,'2024-03-18','Automatic General Expense: Bank',0,NULL,0,1,1.000000,0),(916,'2024-03-18','Automatic General Expense: Bank',0,NULL,0,1,1.000000,0),(917,'2024-03-11','Purchase Order: PURCHASE ORDER #227',0,NULL,0,4,0.100000,0),(918,'2024-03-18','Automatic General Expense: Bank',0,NULL,0,1,1.000000,0),(919,'2024-03-18','journal_entry',1,'BILAL P.C TRANSFER',0,1,1.000000,0),(920,'2024-03-12','PTC Expense from: ASHWIN BHARATH',0,NULL,0,1,1.000000,0),(921,'2024-03-07','PTC Expense from: ASHWIN BHARATH',0,NULL,0,1,1.000000,0),(922,'2024-03-07','PTC Expense from: ASHWIN BHARATH',0,NULL,0,1,1.000000,0),(923,'2024-03-07','PTC Expense from: ASHWIN BHARATH',0,NULL,0,1,1.000000,0),(924,'2024-03-12','PTC Expense from: ASHWIN BHARATH',0,NULL,0,1,1.000000,0),(925,'2024-03-06','PTC Expense from: ASHWIN BHARATH',0,NULL,0,1,1.000000,0),(926,'2024-03-16','Automatic General Expense: Bank',0,NULL,0,1,1.000000,0),(927,'2024-03-17','Automatic General Expense: Bank',0,NULL,0,1,1.000000,0),(928,'2024-03-16','Automatic General Expense: Bank',0,NULL,0,1,1.000000,0),(929,'2024-03-18','Automatic General Expense: Bank',0,NULL,0,1,1.000000,0),(930,'2024-03-18','Automatic General Expense: Bank',0,NULL,0,1,1.000000,0),(931,'2024-03-18','Automatic General Expense: Bank',0,NULL,0,1,1.000000,0),(932,'2024-03-15','PTC Expense from: Admin',0,NULL,0,1,1.000000,0),(933,'2024-03-15','PTC Expense from: Admin',0,NULL,0,1,1.000000,0),(934,'2024-03-18','Automatic General Expense: Bank',0,NULL,0,1,1.000000,0),(935,'2024-03-03','PTC Expense from: KUNNI',0,NULL,0,1,1.000000,0),(936,'2024-03-05','PTC Expense from: KUNNI',0,NULL,0,1,1.000000,0),(937,'2024-03-05','PTC Expense from: KUNNI',0,NULL,0,1,1.000000,0),(938,'2024-03-12','Purchase Order: PURCHASE ORDER #235',0,NULL,0,4,0.100000,0),(939,'2024-02-29','PTC Expense from: KUNNI',0,NULL,0,1,1.000000,0),(940,'2024-03-03','PTC Expense from: KUNNI',0,NULL,0,1,1.000000,0),(941,'2024-03-03','PTC Expense from: KUNNI',0,NULL,0,1,1.000000,0),(942,'2024-03-19','Purchase Order: PURCHASE ORDER #236',0,NULL,0,4,0.100000,0),(943,'2024-03-11','Automatic General Expense: Bank',0,NULL,0,1,1.000000,0),(944,'2024-03-19','Automatic General Expense: Bank',0,NULL,0,1,1.000000,0),(945,'2024-03-13','Automatic Purchase Payment: PURCHASE ORDER #34',0,NULL,0,1,1.000000,0),(946,'2024-03-17','PTC Expense from: Admin',0,NULL,0,1,1.000000,0),(947,'2024-03-16','PTC Expense from: Admin',0,NULL,0,1,1.000000,0),(948,'2024-03-02','Automatic General Expense: Bank',0,NULL,0,1,1.000000,0),(949,'2024-03-02','Automatic General Expense: Bank',0,NULL,0,1,1.000000,0),(950,'2024-03-17','Automatic Purchase Payment: PURCHASE ORDER #223',0,NULL,0,4,0.100000,0),(951,'2024-03-14','Automatic Purchase Payment: PURCHASE ORDER #235',0,NULL,0,4,0.100000,0),(952,'2024-03-19','Automatic Purchase Payment: PURCHASE ORDER #236',0,NULL,0,4,0.100000,0),(953,'2024-03-19','PTC Expense from: LOAI ',0,NULL,0,4,0.100000,1),(954,'2024-03-10','Automatic Purchase Payment: PURCHASE ORDER #225',0,NULL,0,1,1.000000,0),(955,'2024-03-19','PTC Expense from: LOAI ',0,NULL,0,4,0.100000,0),(956,'2024-03-19','PTC Expense from: LOAI ',0,NULL,0,4,0.100000,0),(957,'2024-03-19','PTC Expense from: LOAI ',0,NULL,0,4,0.100000,0),(958,'2024-03-19','PTC Expense from: LOAI ',0,NULL,0,4,0.100000,0),(959,'2024-03-19','PTC Expense from: LOAI ',0,NULL,0,4,0.100000,0),(960,'2024-03-19','PTC Expense from: LOAI ',0,NULL,0,4,0.100000,0),(961,'2024-03-19','PTC Expense from: LOAI ',0,NULL,0,4,0.100000,0),(962,'2024-03-19','PTC Expense from: LOAI ',0,NULL,0,4,0.100000,1),(963,'2024-03-19','PTC Expense from: LOAI ',0,NULL,0,4,0.100000,0),(964,'2024-03-19','PTC Expense from: LOAI ',0,NULL,0,4,0.100000,0),(965,'2024-03-19','PTC Expense from: LOAI ',0,NULL,0,4,0.100000,0),(966,'2024-03-19','PTC Expense from: LOAI ',0,NULL,0,4,0.100000,0),(967,'2024-03-19','PTC Expense from: LOAI ',0,NULL,0,4,0.100000,0),(968,'2024-03-19','PTC Expense from: LOAI ',0,NULL,0,4,0.100000,0),(969,'2024-03-19','PTC Expense from: LOAI ',0,NULL,0,4,0.100000,1),(970,'2024-03-19','PTC Expense from: LOAI ',0,NULL,0,4,0.100000,1),(971,'2024-03-19','PTC Expense from: LOAI ',0,NULL,0,4,0.100000,0),(972,'2024-03-21','Purchase Order: PURCHASE ORDER #237',0,NULL,0,1,1.000000,0),(973,'2024-03-20','Purchase Order: PURCHASE ORDER #238',0,NULL,0,1,1.000000,0),(974,'2024-01-10','Automatic Purchase Payment: PURCHASE ORDER #35',0,NULL,0,1,1.000000,0),(975,'2024-03-12','Automatic Purchase Payment: PURCHASE ORDER #143',0,NULL,0,1,1.000000,0),(976,'2024-03-07','Automatic Purchase Payment: PURCHASE ORDER #218',0,NULL,0,1,1.000000,0),(977,'2024-01-24','Purchase Order: PURCHASE ORDER #140',0,NULL,0,1,1.000000,0),(978,'2024-03-19','PTC Expense from: LOAI ',0,NULL,0,4,0.100000,1),(979,'2024-03-19','PTC Expense from: LOAI ',0,NULL,0,4,0.100000,0),(980,'2024-03-19','PTC Expense from: LOAI ',0,NULL,0,4,0.100000,0),(981,'2024-02-29','Automatic Purchase Payment: PURCHASE ORDER #224',0,NULL,0,4,0.100000,0),(982,'2024-03-22','Purchase Order: PURCHASE ORDER #239',0,NULL,0,1,1.000000,0),(983,'2024-03-22','Automatic Purchase Payment: PURCHASE ORDER #239',0,NULL,0,1,1.000000,0),(984,'2024-03-24','Purchase Order: PURCHASE ORDER #240',0,NULL,0,4,0.100000,0),(985,'2024-03-25','Purchase Order: PURCHASE ORDER #241',0,NULL,0,5,0.100000,0),(986,'2024-03-21','PTC Expense from: Admin',0,NULL,0,1,1.000000,0),(987,'2024-03-20','Automatic General Expense: Bank',0,NULL,0,1,1.000000,0),(988,'2024-03-25','Purchase Order: PURCHASE ORDER #242',0,NULL,0,1,1.000000,0),(989,'2024-03-25','Purchase Order: PURCHASE ORDER #243',0,NULL,0,1,1.000000,0),(990,'2024-03-23','Purchase Order: PURCHASE ORDER #244',0,NULL,0,1,1.000000,0),(991,'2024-03-19','Automatic General Expense: Bank',0,NULL,0,1,1.000000,0),(992,'2024-03-21','Automatic General Expense: Bank',0,NULL,0,1,1.000000,0),(993,'2024-03-21','Automatic General Expense: Bank',0,NULL,0,1,1.000000,0),(994,'2024-03-22','PTC Expense from: KUNNI',0,NULL,0,1,1.000000,0),(995,'2024-03-20','PTC Expense from: KUNNI',0,NULL,0,1,1.000000,0),(996,'2024-01-17','Automatic Purchase Payment: PURCHASE ORDER #42',0,NULL,0,4,0.100000,0),(997,'2024-03-23','PTC Expense from: KUNNI',0,NULL,0,1,1.000000,0),(998,'2024-03-18','PTC Expense from: KUNNI',0,NULL,0,1,1.000000,0),(999,'2024-03-19','PTC Expense from: KUNNI',0,NULL,0,1,1.000000,0),(1000,'2024-03-23','PTC Expense from: KUNNI',0,NULL,0,1,1.000000,0),(1001,'2024-03-26','Purchase Order: PURCHASE ORDER #245',0,NULL,0,5,0.100000,0),(1002,'2024-03-26','Purchase Order: PURCHASE ORDER #246',0,NULL,0,5,0.100000,0),(1003,'2024-03-25','PTC Expense from: KUNNI',0,NULL,0,1,1.000000,0),(1004,'2024-03-25','PTC Expense from: KUNNI',0,NULL,0,1,1.000000,0),(1005,'2024-03-25','PTC Expense from: KUNNI',0,NULL,0,1,1.000000,0),(1006,'2024-03-25','PTC Expense from: KUNNI',0,NULL,0,1,1.000000,0),(1007,'2024-03-24','PTC Expense from: KUNNI',0,NULL,0,1,1.000000,0),(1008,'2024-03-26','PTC Expense from: Admin',0,NULL,0,1,1.000000,0),(1009,'2024-03-26','PTC Expense from: Admin',0,NULL,0,1,1.000000,0),(1010,'2024-03-26','PTC Expense from: Admin',0,NULL,0,1,1.000000,0),(1011,'2024-03-26','PTC Expense from: Admin',0,NULL,0,1,1.000000,0),(1012,'2024-03-26','PTC Expense from: Admin',0,NULL,0,1,1.000000,0),(1013,'2024-03-24','PTC Expense from: Admin',0,NULL,0,1,1.000000,0),(1014,'2024-03-25','PTC Expense from: Admin',0,NULL,0,1,1.000000,0),(1015,'2024-03-25','PTC Expense from: Admin',0,NULL,0,1,1.000000,0),(1016,'2024-03-25','PTC Expense from: Admin',0,NULL,0,1,1.000000,0),(1017,'2024-03-25','PTC Expense from: Admin',0,NULL,0,1,1.000000,0),(1018,'2024-03-23','PTC Expense from: BAIJU',0,NULL,0,1,1.000000,0),(1019,'2024-03-23','PTC Expense from: BAIJU',0,NULL,0,1,1.000000,0),(1020,'2024-03-24','PTC Expense from: Admin',0,NULL,0,1,1.000000,0),(1021,'2024-03-17','PTC Expense from: ARASU',0,NULL,0,1,1.000000,0),(1022,'2024-03-19','PTC Expense from: ARASU',0,NULL,0,1,1.000000,0),(1023,'2024-03-20','PTC Expense from: ARASU',0,NULL,0,1,1.000000,0),(1024,'2024-03-26','Automatic General Expense: Bank',0,NULL,0,1,1.000000,0),(1025,'2024-03-27','PTC Expense from: LOAI ',0,NULL,0,4,0.100000,0),(1026,'2024-03-27','PTC Expense from: LOAI ',0,NULL,0,4,0.100000,0),(1027,'2024-03-27','PTC Expense from: LOAI ',0,NULL,0,4,0.100000,0),(1028,'2024-03-27','PTC Expense from: LOAI ',0,NULL,0,4,0.100000,0),(1029,'2024-03-27','PTC Expense from: LOAI ',0,NULL,0,4,0.100000,0),(1030,'2024-03-27','PTC Expense from: LOAI ',0,NULL,0,4,0.100000,0),(1031,'2024-03-27','PTC Expense from: LOAI ',0,NULL,0,4,0.100000,0),(1032,'2024-03-27','PTC Expense from: LOAI ',0,NULL,0,4,0.100000,0),(1033,'2024-03-21','Automatic General Expense: Bank',0,NULL,0,1,1.000000,0),(1034,'2024-03-19','Automatic General Expense: Bank',0,NULL,0,1,1.000000,0),(1035,'2024-03-23','PTC Expense from: Admin',0,NULL,0,1,1.000000,0),(1036,'2024-03-24','PTC Expense from: Admin',0,NULL,0,1,1.000000,0),(1037,'2024-03-28','PTC Expense from: Admin',0,NULL,0,1,1.000000,0),(1038,'2024-03-30','Purchase Order: PURCHASE ORDER #253',0,NULL,0,5,0.100000,0),(1039,'2024-03-27','Purchase Order: PURCHASE ORDER #251',0,NULL,0,1,1.000000,0),(1040,'2024-03-26','Purchase Order: PURCHASE ORDER #247',0,NULL,0,1,1.000000,0),(1041,'2024-03-26','Purchase Order: PURCHASE ORDER #254',0,NULL,0,1,1.000000,0),(1042,'2024-04-01','Purchase Order: PURCHASE ORDER #255',0,NULL,0,5,0.100000,0),(1043,'2024-03-09','Automatic General Expense: Bank',0,NULL,0,4,0.100000,0),(1044,'2024-03-09','Automatic General Expense: Bank',0,NULL,0,4,0.100000,0),(1045,'2024-03-09','Automatic General Expense: Bank',0,NULL,0,4,0.100000,0),(1046,'2024-03-09','Automatic General Expense: Bank',0,NULL,0,4,0.100000,0),(1047,'2024-03-30','Automatic General Expense: Bank',0,NULL,0,4,0.100000,0),(1048,'2024-03-30','Automatic General Expense: Bank',0,NULL,0,4,0.100000,0),(1049,'2024-03-30','Automatic General Expense: Bank',0,NULL,0,4,0.100000,0),(1050,'2024-03-30','Automatic General Expense: Bank',0,NULL,0,4,0.100000,0),(1051,'2024-03-05','Automatic General Expense: Bank',0,NULL,0,4,0.100000,0),(1052,'2024-04-01','Bank Money Transfer',1,NULL,0,5,0.100000,0),(1053,'2024-04-01','PTC Expense from: Admin',0,NULL,0,1,1.000000,0),(1054,'2024-03-26','PTC Expense from: Admin',0,NULL,0,1,1.000000,0),(1055,'2024-03-27','PTC Expense from: Admin',0,NULL,0,1,1.000000,0),(1056,'2024-03-28','PTC Expense from: Admin',0,NULL,0,1,1.000000,0),(1057,'2024-03-27','PTC Expense from: Admin',0,NULL,0,1,1.000000,0),(1058,'2024-03-30','PTC Expense from: BAIJU',0,NULL,0,1,1.000000,0),(1059,'2024-03-31','PTC Expense from: Admin',0,NULL,0,1,1.000000,0),(1060,'2024-03-31','PTC Expense from: Admin',0,NULL,0,1,1.000000,0),(1061,'2024-04-01','PTC Expense from: Admin',0,NULL,0,1,1.000000,0),(1062,'2024-02-13','Automatic General Expense: Bank',0,NULL,0,4,0.100000,0),(1063,'2024-03-09','Automatic General Expense: Bank',0,NULL,0,4,0.100000,1),(1064,'2024-03-26','Automatic General Expense: Bank',0,NULL,0,4,0.100000,1),(1065,'2024-03-09','Automatic General Expense: Bank',0,NULL,0,4,0.100000,0),(1066,'2024-02-03','Automatic Purchase Payment: PURCHASE ORDER #59',0,NULL,0,4,0.100000,0),(1067,'2024-04-03','Purchase Order: PURCHASE ORDER #259',0,NULL,0,5,0.100000,0),(1068,'2024-04-02','Automatic Purchase Payment: PURCHASE ORDER #258',0,NULL,0,4,0.100000,0),(1069,'2024-04-01','Automatic Purchase Payment: PURCHASE ORDER #260',0,NULL,0,4,0.100000,0),(1070,'2024-04-03','Purchase Order: PURCHASE ORDER #258',0,NULL,0,4,0.100000,0),(1071,'2024-04-03','Purchase Order: PURCHASE ORDER #260',0,NULL,0,4,0.100000,0),(1072,'2024-04-01','Automatic General Expense: Bank',0,NULL,0,4,0.100000,0),(1073,'2024-04-02','PTC Expense from: Admin',0,NULL,0,1,1.000000,0),(1074,'2024-03-28','PTC Expense from: Admin',0,NULL,0,1,1.000000,0),(1075,'2024-04-02','PTC Expense from: Admin',0,NULL,0,1,1.000000,0),(1076,'2024-04-05','Purchase Order: PURCHASE ORDER #261',0,NULL,0,5,0.100000,0),(1077,'2024-04-06','Purchase Order: PURCHASE ORDER #262',0,NULL,0,5,0.100000,0),(1078,'2024-04-03','PTC Expense from: LOAI ',0,NULL,0,4,0.100000,0),(1079,'2024-04-03','PTC Expense from: LOAI ',0,NULL,0,4,0.100000,0),(1080,'2024-04-03','PTC Expense from: LOAI ',0,NULL,0,4,0.100000,0),(1081,'2024-04-03','PTC Expense from: LOAI ',0,NULL,0,4,0.100000,0),(1082,'2024-04-03','PTC Expense from: LOAI ',0,NULL,0,4,0.100000,0),(1083,'2024-04-03','PTC Expense from: LOAI ',0,NULL,0,4,0.100000,0),(1084,'2024-04-03','PTC Expense from: LOAI ',0,NULL,0,4,0.100000,1),(1085,'2024-04-03','PTC Expense from: LOAI ',0,NULL,0,4,0.100000,0),(1086,'2024-04-04','PTC Expense from: LOAI ',0,NULL,0,4,0.100000,0),(1087,'2024-04-05','PTC Expense from: KUNNI',0,NULL,0,1,1.000000,0),(1088,'2024-04-03','PTC Expense from: BHAGYESH',0,NULL,0,1,1.000000,0),(1089,'2024-04-04','PTC Expense from: KUNNI',0,NULL,0,1,1.000000,0),(1090,'2024-04-04','PTC Expense from: KUNNI',0,NULL,0,1,1.000000,0),(1091,'2024-04-05','PTC Expense from: KUNNI',0,NULL,0,1,1.000000,0),(1092,'2024-04-02','PTC Expense from: KUNNI',0,NULL,0,1,1.000000,0),(1093,'2024-04-01','PTC Expense from: KUNNI',0,NULL,0,1,1.000000,0),(1094,'2024-04-05','PTC Expense from: KUNNI',0,NULL,0,1,1.000000,0),(1095,'2024-04-03','PTC Expense from: KUNNI',0,NULL,0,1,1.000000,0),(1096,'2024-04-06','PTC Expense from: KUNNI',0,NULL,0,1,1.000000,0),(1097,'2024-04-06','PTC Expense from: KUNNI',0,NULL,0,1,1.000000,0),(1098,'2024-04-06','PTC Expense from: Admin',0,NULL,0,1,1.000000,0),(1099,'2024-04-07','Automatic General Expense: Bank',0,NULL,0,1,1.000000,0),(1100,'2024-04-04','PTC Expense from: Admin',0,NULL,0,1,1.000000,0),(1101,'2024-04-04','PTC Expense from: Admin',0,NULL,0,1,1.000000,0),(1102,'2024-04-06','PTC Expense from: Admin',0,NULL,0,1,1.000000,0),(1103,'2024-03-31','PTC Expense from: KUNNI',0,NULL,0,1,1.000000,0),(1104,'2024-03-07','PTC Expense from: BHAGYESH',0,NULL,0,1,1.000000,0),(1105,'2024-03-08','PTC Expense from: BAIJU',0,NULL,0,1,1.000000,0),(1106,'2024-03-07','PTC Expense from: BAIJU',0,NULL,0,1,1.000000,0),(1107,'2024-04-08','PTC Expense from: Admin',0,NULL,0,1,1.000000,0),(1108,'2024-03-28','PTC Expense from: KUNNI',0,NULL,0,1,1.000000,0),(1109,'2024-03-31','PTC Expense from: KUNNI',0,NULL,0,1,1.000000,0),(1110,'2024-04-13','Purchase Order: PURCHASE ORDER #263',0,NULL,0,5,0.100000,0),(1111,'2024-03-28','PTC Expense from: KUNNI',0,NULL,0,1,1.000000,0),(1112,'2024-03-27','PTC Expense from: KUNNI',0,NULL,0,1,1.000000,0),(1113,'2024-03-27','PTC Expense from: KUNNI',0,NULL,0,1,1.000000,0),(1114,'2024-03-31','PTC Expense from: KUNNI',0,NULL,0,1,1.000000,0),(1115,'2024-04-08','PTC Expense from: Admin',0,NULL,0,1,1.000000,0),(1116,'2024-04-14','PTC Expense from: KUNNI',0,NULL,0,1,1.000000,0),(1117,'2024-04-10','PTC Expense from: KUNNI',0,NULL,0,1,1.000000,0),(1118,'2024-04-09','PTC Expense from: KUNNI',0,NULL,0,1,1.000000,0),(1119,'2024-04-08','PTC Expense from: KUNNI',0,NULL,0,1,1.000000,0),(1120,'2024-04-07','PTC Expense from: KUNNI',0,NULL,0,1,1.000000,0),(1121,'2024-04-13','PTC Expense from: KUNNI',0,NULL,0,1,1.000000,0),(1122,'2024-04-13','PTC Expense from: BHAGYESH',0,NULL,0,1,1.000000,0),(1123,'2024-04-14','PTC Expense from: KUNNI',0,NULL,0,1,1.000000,0),(1124,'2024-04-16','Purchase Order: PURCHASE ORDER #265',0,NULL,0,5,0.100000,0),(1125,'2024-04-14','Automatic Purchase Payment: PURCHASE ORDER #264',0,NULL,0,4,0.100000,0),(1126,'2024-04-14','Purchase Order: PURCHASE ORDER #264',0,NULL,0,4,0.100000,0),(1127,'2024-03-14','PTC Expense from: BAIJU',0,NULL,0,1,1.000000,0),(1128,'2024-03-16','PTC Expense from: BAIJU',0,NULL,0,1,1.000000,0),(1129,'2024-03-21','PTC Expense from: BAIJU',0,NULL,0,1,1.000000,0),(1130,'2024-03-24','PTC Expense from: BAIJU',0,NULL,0,1,1.000000,0),(1131,'2024-03-23','PTC Expense from: BAIJU',0,NULL,0,1,1.000000,0),(1132,'2024-04-20','Purchase Order: PURCHASE ORDER #266',0,NULL,0,5,0.100000,0),(1133,'2024-04-20','Purchase Order: PURCHASE ORDER #267',0,NULL,0,5,0.100000,0),(1134,'2024-03-27','PTC Expense from: Admin',0,NULL,0,1,1.000000,0),(1135,'2024-04-21','Automatic General Expense: Bank',0,NULL,0,1,1.000000,0),(1136,'2024-04-21','Automatic General Expense: Bank',0,NULL,0,1,1.000000,0),(1137,'2024-04-08','PTC Expense from: Admin',0,NULL,0,1,1.000000,0),(1138,'2024-04-21','Purchase Order: PURCHASE ORDER #269',0,NULL,0,4,0.100000,0),(1139,'2024-04-21','PTC Expense from: Admin',0,NULL,0,1,1.000000,0),(1140,'2024-03-19','PTC Expense from: BHAGYESH',0,NULL,0,1,1.000000,0),(1141,'2024-04-08','PTC Expense from: SAYYAF',0,NULL,0,1,1.000000,0),(1142,'2024-04-03','PTC Expense from: SAYYAF',0,NULL,0,1,1.000000,0),(1143,'2024-03-03','PTC Expense from: SAYYAF',0,NULL,0,1,1.000000,0),(1144,'2024-03-30','PTC Expense from: SAYYAF',0,NULL,0,1,1.000000,0),(1145,'2024-03-24','PTC Expense from: SAYYAF',0,NULL,0,1,1.000000,0),(1146,'2024-04-03','PTC Expense from: Admin',0,NULL,0,1,1.000000,0),(1147,'2024-04-08','PTC Expense from: Admin',0,NULL,0,1,1.000000,0),(1148,'2024-04-02','PTC Expense from: Admin',0,NULL,0,1,1.000000,0),(1149,'2024-04-03','PTC Expense from: Admin',0,NULL,0,1,1.000000,0),(1150,'2024-04-04','PTC Expense from: Admin',0,NULL,0,1,1.000000,0),(1151,'2024-04-19','Automatic General Expense: Bank',0,NULL,0,1,1.000000,0),(1152,'2024-04-19','Automatic General Expense: Bank',0,NULL,0,1,1.000000,0),(1153,'2024-04-08','Automatic General Expense: Bank',0,NULL,0,1,1.000000,0),(1154,'2024-03-28','Automatic General Expense: Bank',0,NULL,0,1,1.000000,0),(1155,'2024-02-03','PTC Expense from: SAMEER',0,NULL,0,1,1.000000,0),(1156,'2024-03-28','Automatic General Expense: Bank',0,NULL,0,1,1.000000,0),(1157,'2024-04-15','Automatic General Expense: Bank',0,NULL,0,1,1.000000,0),(1158,'2024-04-15','Automatic General Expense: Bank',0,NULL,0,1,1.000000,0),(1159,'2024-04-15','Automatic General Expense: Bank',0,NULL,0,1,1.000000,0),(1160,'2024-04-15','PTC Expense from: SAYYAF',0,NULL,0,1,1.000000,0),(1161,'2024-04-13','PTC Expense from: SAYYAF',0,NULL,0,1,1.000000,0),(1162,'2024-04-09','PTC Expense from: SAYYAF',0,NULL,0,1,1.000000,0),(1163,'2024-04-14','PTC Expense from: SAYYAF',0,NULL,0,1,1.000000,0),(1164,'2024-03-31','PTC Expense from: ARASU',0,NULL,0,1,1.000000,0),(1165,'2024-04-04','PTC Expense from: ARASU',0,NULL,0,1,1.000000,0),(1166,'2024-03-24','PTC Expense from: ARASU',0,NULL,0,1,1.000000,0),(1167,'2024-04-03','PTC Expense from: ARASU',0,NULL,0,1,1.000000,0),(1168,'2024-03-27','PTC Expense from: ARASU',0,NULL,0,1,1.000000,0),(1169,'2024-03-30','PTC Expense from: ARASU',0,NULL,0,1,1.000000,0),(1170,'2024-04-01','PTC Expense from: ARASU',0,NULL,0,1,1.000000,0),(1171,'2024-04-02','PTC Expense from: ARASU',0,NULL,0,1,1.000000,0),(1172,'2024-04-06','PTC Expense from: ARASU',0,NULL,0,1,1.000000,0),(1173,'2024-03-31','PTC Expense from: ARASU',0,NULL,0,1,1.000000,0),(1174,'2024-04-21','Automatic General Expense: Bank',0,NULL,0,1,1.000000,0),(1175,'2024-04-21','Automatic General Expense: Bank',0,NULL,0,1,1.000000,0),(1176,'2024-04-21','Automatic General Expense: Bank',0,NULL,0,1,1.000000,0),(1177,'2024-04-21','Automatic General Expense: Bank',0,NULL,0,1,1.000000,0),(1178,'2024-04-09','Automatic General Expense: Bank',0,NULL,0,1,1.000000,0),(1179,'2024-04-17','Automatic General Expense: Bank',0,NULL,0,1,1.000000,0),(1180,'2024-04-18','Automatic General Expense: Bank',0,NULL,0,1,1.000000,0),(1181,'2024-03-28','PTC Expense from: ASHWIN BHARATH',0,NULL,0,1,1.000000,0),(1182,'2024-03-25','PTC Expense from: ASHWIN BHARATH',0,NULL,0,1,1.000000,0),(1183,'2024-03-18','PTC Expense from: ASHWIN BHARATH',0,NULL,0,1,1.000000,0),(1184,'2024-03-19','PTC Expense from: ASHWIN BHARATH',0,NULL,0,1,1.000000,0),(1185,'2024-03-23','PTC Expense from: ASHWIN BHARATH',0,NULL,0,1,1.000000,0),(1186,'2024-03-26','PTC Expense from: ASHWIN BHARATH',0,NULL,0,1,1.000000,0),(1187,'2024-04-06','PTC Expense from: KUNNI',0,NULL,0,1,1.000000,0),(1188,'2024-04-07','PTC Expense from: KUNNI',0,NULL,0,1,1.000000,0),(1189,'2024-04-07','PTC Expense from: ASHWIN BHARATH',0,NULL,0,1,1.000000,0),(1190,'2024-04-06','PTC Expense from: KUNNI',0,NULL,0,1,1.000000,0),(1191,'2024-04-07','PTC Expense from: KUNNI',0,NULL,0,1,1.000000,0),(1192,'2024-04-07','PTC Expense from: KUNNI',0,NULL,0,1,1.000000,0),(1193,'2024-04-07','PTC Expense from: KUNNI',0,NULL,0,1,1.000000,0),(1194,'2024-04-17','Automatic General Expense: Bank',0,NULL,0,1,1.000000,0),(1195,'2024-04-08','Automatic General Expense: Bank',0,NULL,0,1,1.000000,0),(1196,'2024-04-08','Automatic General Expense: Bank',0,NULL,0,1,1.000000,0),(1197,'2024-04-08','Automatic General Expense: Bank',0,NULL,0,1,1.000000,0),(1198,'2024-04-08','Automatic General Expense: Bank',0,NULL,0,1,1.000000,0),(1199,'2024-04-09','Automatic General Expense: Bank',0,NULL,0,1,1.000000,0),(1200,'2024-04-03','PTC Expense from: long',0,NULL,0,1,1.000000,0),(1201,'2024-03-21','PTC Expense from: BHAGYESH',0,NULL,0,1,1.000000,0),(1202,'2024-04-03','PTC Expense from: long',0,NULL,0,1,1.000000,0),(1203,'2024-03-27','PTC Expense from: long',0,NULL,0,1,1.000000,0),(1204,'2024-04-08','Automatic General Expense: Bank',0,NULL,0,1,1.000000,0),(1205,'2024-03-25','Automatic General Expense: Bank',0,NULL,0,1,1.000000,0),(1206,'2024-04-10','PTC Expense from: Admin',0,NULL,0,1,1.000000,0),(1207,'2024-04-08','PTC Expense from: Admin',0,NULL,0,1,1.000000,0),(1208,'2024-04-11','PTC Expense from: Admin',0,NULL,0,1,1.000000,0),(1209,'2024-04-15','PTC Expense from: Admin',0,NULL,0,1,1.000000,0),(1210,'2024-04-18','PTC Expense from: Admin',0,NULL,0,1,1.000000,0),(1211,'2024-04-11','PTC Expense from: Admin',0,NULL,0,1,1.000000,0),(1212,'2024-04-14','PTC Expense from: Admin',0,NULL,0,1,1.000000,0),(1213,'2024-04-18','PTC Expense from: Admin',0,NULL,0,1,1.000000,0),(1214,'2024-04-22','Automatic General Expense: Bank',0,NULL,0,1,1.000000,0),(1215,'2024-04-11','PTC Expense from: Admin',0,NULL,0,1,1.000000,0),(1216,'2024-04-11','PTC Expense from: Admin',0,NULL,0,1,1.000000,0),(1217,'2024-04-24','Purchase Order: PURCHASE ORDER #271',0,NULL,0,5,0.100000,0),(1218,'2024-04-18','PTC Expense from: Admin',0,NULL,0,1,1.000000,0),(1219,'2024-04-11','PTC Expense from: Admin',0,NULL,0,1,1.000000,0),(1220,'2024-04-18','PTC Expense from: Admin',0,NULL,0,1,1.000000,0),(1221,'2024-04-24','Automatic General Expense: Bank',0,NULL,0,1,1.000000,0),(1222,'2024-04-22','PTC Expense from: Admin',0,NULL,0,1,1.000000,0),(1223,'2024-04-24','Automatic General Expense: Bank',0,NULL,0,1,1.000000,0),(1224,'2024-04-22','Automatic General Expense: Bank',0,NULL,0,1,1.000000,0),(1225,'2024-04-21','PTC Expense from: Admin',0,NULL,0,1,1.000000,0),(1226,'2024-04-13','PTC Expense from: Admin',0,NULL,0,1,1.000000,0),(1227,'2024-04-07','PTC Expense from: Admin',0,NULL,0,1,1.000000,0),(1228,'2024-04-20','PTC Expense from: Admin',0,NULL,0,1,1.000000,0),(1229,'2024-03-26','Automatic General Expense: Bank',0,NULL,0,1,1.000000,0),(1230,'2024-04-23','Automatic General Expense: Bank',0,NULL,0,1,1.000000,0),(1231,'2024-04-21','Automatic General Expense: Bank',0,NULL,0,1,1.000000,1),(1232,'2024-04-23','Automatic Purchase Payment: PURCHASE ORDER #28',0,NULL,0,4,0.100000,0),(1233,'2024-04-24','Automatic Purchase Payment: PURCHASE ORDER #270',0,NULL,0,4,0.100000,0),(1234,'2024-04-24','Purchase Order: PURCHASE ORDER #270',0,NULL,0,4,0.100000,0),(1235,'2024-04-15','PTC Expense from: KUNNI',0,NULL,0,1,1.000000,0),(1236,'2024-04-15','PTC Expense from: KUNNI',0,NULL,0,1,1.000000,0),(1237,'2024-04-15','PTC Expense from: KUNNI',0,NULL,0,1,1.000000,0),(1238,'2024-04-15','PTC Expense from: KUNNI',0,NULL,0,1,1.000000,0),(1239,'2024-04-14','PTC Expense from: KUNNI',0,NULL,0,1,1.000000,0),(1240,'2024-04-16','PTC Expense from: KUNNI',0,NULL,0,1,1.000000,0),(1241,'2024-04-14','PTC Expense from: KUNNI',0,NULL,0,1,1.000000,0),(1242,'2024-02-04','PTC Expense from: Admin',0,NULL,0,1,1.000000,0),(1243,'2024-01-29','PTC Expense from: Admin',0,NULL,0,1,1.000000,0),(1244,'2024-01-30','PTC Expense from: Admin',0,NULL,0,1,1.000000,0),(1245,'2024-02-01','PTC Expense from: Abu',0,NULL,0,1,1.000000,0),(1246,'2024-02-01','PTC Expense from: BHAGYESH',0,NULL,0,1,1.000000,0),(1247,'2024-02-01','PTC Expense from: Abu',0,NULL,0,1,1.000000,0),(1248,'2024-02-03','PTC Expense from: Abu',0,NULL,0,1,1.000000,0),(1249,'2024-01-31','PTC Expense from: Abu',0,NULL,0,1,1.000000,0),(1250,'2024-01-29','PTC Expense from: Admin',0,NULL,0,1,1.000000,0),(1251,'2024-04-25','Purchase Order: PURCHASE ORDER #272',0,NULL,0,4,0.100000,0),(1252,'2024-04-25','PTC Expense from: BAIJU',0,NULL,0,1,1.000000,0),(1253,'2024-03-26','PTC Expense from: BAIJU',0,NULL,0,1,1.000000,0),(1254,'2024-03-24','PTC Expense from: BAIJU',0,NULL,0,1,1.000000,0),(1255,'2024-03-24','PTC Expense from: BAIJU',0,NULL,0,1,1.000000,0),(1256,'2024-03-25','PTC Expense from: BAIJU',0,NULL,0,1,1.000000,0),(1257,'2024-04-23','PTC Expense from: Admin',0,NULL,0,1,1.000000,0),(1258,'2024-04-25','Automatic General Expense: Bank',0,NULL,0,1,1.000000,0),(1259,'2024-04-20','PTC Expense from: BAIJU',0,NULL,0,1,1.000000,0),(1260,'2024-04-08','PTC Expense from: BAIJU',0,NULL,0,1,1.000000,0),(1261,'2024-04-14','PTC Expense from: BAIJU',0,NULL,0,1,1.000000,0),(1262,'2024-04-15','PTC Expense from: BAIJU',0,NULL,0,1,1.000000,0),(1263,'2024-04-15','PTC Expense from: BAIJU',0,NULL,0,1,1.000000,0),(1264,'2024-04-15','PTC Expense from: BAIJU',0,NULL,0,1,1.000000,0),(1265,'2024-04-15','Automatic General Expense: Bank',0,NULL,0,1,1.000000,0),(1266,'2024-04-15','Automatic General Expense: Bank',0,NULL,0,1,1.000000,0),(1267,'2024-04-20','Automatic General Expense: Bank',0,NULL,0,1,1.000000,0),(1268,'2024-03-23','PTC Expense from: BAIJU',0,NULL,0,1,1.000000,0),(1269,'2024-03-16','PTC Expense from: BAIJU',0,NULL,0,1,1.000000,0),(1270,'2024-03-14','PTC Expense from: BAIJU',0,NULL,0,1,1.000000,0),(1271,'2024-03-21','PTC Expense from: BAIJU',0,NULL,0,1,1.000000,0),(1272,'2024-03-25','PTC Expense from: BAIJU',0,NULL,0,1,1.000000,0),(1273,'2024-03-25','PTC Expense from: BAIJU',0,NULL,0,1,1.000000,0),(1274,'2024-03-25','PTC Expense from: BAIJU',0,NULL,0,1,1.000000,0),(1275,'2024-03-28','PTC Expense from: BAIJU',0,NULL,0,1,1.000000,0),(1276,'2024-03-24','PTC Expense from: BAIJU',0,NULL,0,1,1.000000,0),(1277,'2024-03-25','PTC Expense from: BAIJU',0,NULL,0,1,1.000000,0),(1278,'2024-03-25','PTC Expense from: BAIJU',0,NULL,0,1,1.000000,0),(1279,'2024-03-23','PTC Expense from: BAIJU',0,NULL,0,1,1.000000,0),(1280,'2024-04-13','PTC Expense from: BAIJU',0,NULL,0,1,1.000000,0),(1281,'2024-03-23','PTC Expense from: BAIJU',0,NULL,0,1,1.000000,0),(1282,'2024-04-25','Automatic Purchase Payment: PURCHASE ORDER #273',0,NULL,0,4,0.100000,0),(1283,'2024-04-27','Purchase Order: PURCHASE ORDER #273',0,NULL,0,4,0.100000,0),(1284,'2024-04-16','PTC Expense from: BAIJU',0,NULL,0,1,1.000000,0),(1285,'2024-04-29','Purchase Order: PURCHASE ORDER #274',0,NULL,0,5,0.100000,0),(1286,'2024-03-17','PTC Expense from: KUNNI',0,NULL,0,1,1.000000,0),(1287,'2024-03-17','PTC Expense from: KUNNI',0,NULL,0,1,1.000000,0),(1288,'2024-03-12','PTC Expense from: KUNNI',0,NULL,0,1,1.000000,0),(1289,'2024-03-15','PTC Expense from: KUNNI',0,NULL,0,1,1.000000,0),(1290,'2024-03-14','PTC Expense from: BAIJU',0,NULL,0,1,1.000000,0),(1291,'2024-03-13','PTC Expense from: KUNNI',0,NULL,0,1,1.000000,0),(1292,'2024-03-13','PTC Expense from: KUNNI',0,NULL,0,1,1.000000,0),(1293,'2024-03-13','PTC Expense from: KUNNI',0,NULL,0,1,1.000000,0),(1294,'2024-03-17','PTC Expense from: KUNNI',0,NULL,0,1,1.000000,0),(1295,'2024-04-29','PTC Expense from: Admin',0,NULL,0,1,1.000000,0),(1296,'2024-04-28','PTC Expense from: Admin',0,NULL,0,1,1.000000,0),(1297,'2024-04-24','PTC Expense from: Admin',0,NULL,0,1,1.000000,0),(1298,'2024-04-27','PTC Expense from: Admin',0,NULL,0,1,1.000000,0),(1299,'2024-04-23','PTC Expense from: Admin',0,NULL,0,1,1.000000,0),(1300,'2024-04-24','PTC Expense from: Admin',0,NULL,0,1,1.000000,0),(1301,'2024-04-28','PTC Expense from: Admin',0,NULL,0,1,1.000000,0),(1302,'2024-04-30','Purchase Order: PURCHASE ORDER #275',0,NULL,0,5,0.100000,0),(1303,'2024-05-01','Purchase Order: PURCHASE ORDER #276',0,NULL,0,5,0.100000,0),(1304,'2024-05-01','Purchase Order: PURCHASE ORDER #277',0,NULL,0,5,0.100000,0),(1305,'2024-05-01','Purchase Order: PURCHASE ORDER #278',0,NULL,0,5,0.100000,0),(1306,'2024-05-01','Purchase Order: PURCHASE ORDER #279',0,NULL,0,5,0.100000,0),(1307,'2024-05-01','Purchase Order: PURCHASE ORDER #281',0,NULL,0,5,0.100000,0),(1308,'2024-05-01','Purchase Order: PURCHASE ORDER #280',0,NULL,0,5,0.100000,0),(1309,'2024-04-30','PTC Expense from: Admin',0,NULL,0,1,1.000000,0),(1310,'2024-05-01','PTC Expense from: Admin',0,NULL,0,1,1.000000,0),(1311,'2024-04-28','PTC Expense from: Admin',0,NULL,0,1,1.000000,0),(1312,'2024-04-30','PTC Expense from: Admin',0,NULL,0,1,1.000000,0),(1313,'2024-04-29','PTC Expense from: Admin',0,NULL,0,1,1.000000,0),(1314,'2024-05-03','Purchase Order: PURCHASE ORDER #282',0,NULL,0,5,0.100000,0),(1315,'2024-05-04','Purchase Order: PURCHASE ORDER #287',0,NULL,0,4,0.100000,0),(1316,'2024-05-04','Purchase Order: PURCHASE ORDER #285',0,NULL,0,4,0.100000,0),(1317,'2024-05-04','Purchase Order: PURCHASE ORDER #286',0,NULL,0,4,0.100000,0),(1318,'2024-05-04','Automatic Purchase Payment: PURCHASE ORDER #287',0,NULL,0,4,0.100000,0),(1319,'2024-05-01','Automatic Purchase Payment: PURCHASE ORDER #285',0,NULL,0,4,0.100000,0),(1320,'2024-05-02','Automatic Purchase Payment: PURCHASE ORDER #286',0,NULL,0,4,0.100000,0),(1321,'2024-05-07','PTC Expense from: Admin',0,NULL,0,1,1.000000,0),(1322,'2024-05-07','PTC Expense from: Admin',0,NULL,0,1,1.000000,0),(1323,'2024-05-07','Automatic General Expense: Bank',0,NULL,0,1,1.000000,0),(1324,'2024-04-01','Purchase Order: PURCHASE ORDER #288',0,NULL,0,1,1.000000,0),(1325,'2024-05-07','Automatic Purchase Payment: PURCHASE ORDER #288',0,NULL,0,1,1.000000,0),(1326,'2024-05-07','Purchase Order: PURCHASE ORDER #289',0,NULL,0,1,1.000000,0),(1327,'2024-05-06','PTC Expense from: Admin',0,NULL,0,1,1.000000,0),(1328,'2024-05-06','Automatic General Expense: Bank',0,NULL,0,1,1.000000,0),(1329,'2024-05-06','Automatic General Expense: Bank',0,NULL,0,1,1.000000,0),(1330,'2024-04-16','Automatic Purchase Payment: PURCHASE ORDER #218',0,NULL,0,1,1.000000,0),(1331,'2024-05-07','journal_entry',1,'',0,1,1.000000,0),(1332,'2024-04-16','Automatic General Expense: Bank',0,NULL,0,1,1.000000,0),(1333,'2024-04-08','PTC Expense from: Admin',0,NULL,0,1,1.000000,0),(1334,'2024-04-08','Automatic General Expense: Bank',0,NULL,0,1,1.000000,0),(1335,'2024-05-07','Automatic General Expense: Bank',0,NULL,0,1,1.000000,0),(1336,'2024-05-08','PTC Expense from: Admin',0,NULL,0,1,1.000000,0),(1337,'2024-04-25','PTC Expense from: BHAGYESH',0,NULL,0,1,1.000000,0),(1338,'2024-04-24','PTC Expense from: Admin',0,NULL,0,1,1.000000,0),(1339,'2024-05-06','PTC Expense from: Admin',0,NULL,0,1,1.000000,0),(1340,'2024-04-24','PTC Expense from: Admin',0,NULL,0,1,1.000000,0),(1341,'2024-05-07','Automatic General Expense: Bank',0,NULL,0,1,1.000000,0),(1342,'2024-05-06','Automatic General Expense: Bank',0,NULL,0,1,1.000000,0),(1343,'2024-05-04','PTC Expense from: Admin',0,NULL,0,1,1.000000,0),(1344,'2024-04-21','PTC Expense from: KUNNI',0,NULL,0,1,1.000000,0),(1345,'2024-04-21','PTC Expense from: KUNNI',0,NULL,0,1,1.000000,0),(1346,'2024-04-23','PTC Expense from: KUNNI',0,NULL,0,1,1.000000,0),(1347,'2024-04-23','PTC Expense from: KUNNI',0,NULL,0,1,1.000000,0),(1348,'2024-04-22','PTC Expense from: KUNNI',0,NULL,0,1,1.000000,0),(1349,'2024-04-21','PTC Expense from: KUNNI',0,NULL,0,1,1.000000,0),(1350,'2024-04-21','PTC Expense from: BHAGYESH',0,NULL,0,1,1.000000,0),(1351,'2024-04-19','PTC Expense from: KUNNI',0,NULL,0,1,1.000000,0),(1352,'2024-04-25','PTC Expense from: KUNNI',0,NULL,0,1,1.000000,0),(1353,'2024-05-04','PTC Expense from: KUNNI',0,NULL,0,1,1.000000,0),(1354,'2024-04-30','PTC Expense from: KUNNI',0,NULL,0,1,1.000000,0),(1355,'2024-04-30','PTC Expense from: KUNNI',0,NULL,0,1,1.000000,0),(1356,'2024-05-01','PTC Expense from: KUNNI',0,NULL,0,1,1.000000,0),(1357,'2024-04-30','PTC Expense from: KUNNI',0,NULL,0,1,1.000000,0),(1358,'2024-05-06','Automatic General Expense: Bank',0,NULL,0,1,1.000000,0),(1359,'2024-05-08','PTC Expense from: Abu',0,NULL,0,1,1.000000,0),(1360,'2024-05-08','PTC Expense from: Abu',0,NULL,0,1,1.000000,0),(1361,'2024-05-05','PTC Expense from: LOAI ',0,NULL,0,4,0.100000,0),(1362,'2024-05-05','PTC Expense from: LOAI ',0,NULL,0,4,0.100000,0),(1363,'2024-05-08','PTC Expense from: Abu',0,NULL,0,1,1.000000,0),(1364,'2024-05-04','PTC Expense from: Admin',0,NULL,0,1,1.000000,0),(1365,'2024-05-01','PTC Expense from: BHAGYESH',0,NULL,0,1,1.000000,0),(1366,'2024-05-02','PTC Expense from: Admin',0,NULL,0,1,1.000000,0),(1367,'2024-05-02','PTC Expense from: Admin',0,NULL,0,1,1.000000,0),(1368,'2024-04-23','PTC Expense from: Admin',0,NULL,0,1,1.000000,0),(1369,'2024-04-21','PTC Expense from: Admin',0,NULL,0,1,1.000000,0),(1370,'2024-04-24','PTC Expense from: Admin',0,NULL,0,1,1.000000,0),(1371,'2024-04-24','Automatic General Expense: Bank',0,NULL,0,1,1.000000,0),(1372,'2024-04-08','Automatic General Expense: Bank',0,NULL,0,1,1.000000,0),(1373,'2024-05-08','Automatic Purchase Payment: PURCHASE ORDER #28',0,NULL,0,4,0.100000,0),(1374,'2024-05-08','Automatic Purchase Payment: PURCHASE ORDER #293',0,NULL,0,4,0.100000,0),(1375,'2024-05-08','Automatic Purchase Payment: PURCHASE ORDER #292',0,NULL,0,4,0.100000,0),(1376,'2024-05-08','Purchase Order: PURCHASE ORDER #293',0,NULL,0,4,0.100000,0),(1377,'2024-05-08','Purchase Order: PURCHASE ORDER #292',0,NULL,0,4,0.100000,0),(1378,'2024-05-06','Automatic General Expense: Bank',0,NULL,0,1,1.000000,0),(1379,'2024-05-06','Automatic General Expense: Bank',0,NULL,0,1,1.000000,0),(1380,'2024-05-06','Automatic General Expense: Bank',0,NULL,0,1,1.000000,0),(1381,'2024-05-06','Automatic General Expense: Bank',0,NULL,0,1,1.000000,0),(1382,'2024-05-06','Automatic General Expense: Bank',0,NULL,0,1,1.000000,0),(1383,'2024-05-06','Automatic General Expense: Bank',0,NULL,0,1,1.000000,0),(1384,'2024-05-08','Automatic General Expense: Bank',0,NULL,0,1,1.000000,0),(1385,'2024-04-07','PTC Expense from: SAYYAF',0,NULL,0,1,1.000000,0),(1386,'2024-05-09','Automatic General Expense: Bank',0,NULL,0,1,1.000000,0),(1387,'2024-05-09','Automatic General Expense: Bank',0,NULL,0,1,1.000000,0),(1388,'2024-05-04','Automatic General Expense: Bank',0,NULL,0,4,0.100000,0),(1389,'2024-05-08','PTC Expense from: KUNNI',0,NULL,0,1,1.000000,0),(1390,'2024-05-06','PTC Expense from: KUNNI',0,NULL,0,1,1.000000,0),(1391,'2024-05-07','PTC Expense from: KUNNI',0,NULL,0,1,1.000000,0),(1392,'2024-05-08','PTC Expense from: KUNNI',0,NULL,0,1,1.000000,0),(1393,'2024-05-07','PTC Expense from: KUNNI',0,NULL,0,1,1.000000,0),(1394,'2024-05-06','PTC Expense from: KUNNI',0,NULL,0,1,1.000000,0),(1395,'2024-04-15','PTC Expense from: Ismail',0,NULL,0,4,0.100000,0),(1396,'2024-05-07','PTC Expense from: KUNNI',0,NULL,0,1,1.000000,0),(1397,'2024-05-09','Automatic General Expense: Bank',0,NULL,0,1,1.000000,0),(1398,'2024-05-09','Automatic General Expense: Bank',0,NULL,0,1,1.000000,0),(1399,'2024-05-06','Automatic General Expense: Bank',0,NULL,0,1,1.000000,0),(1400,'2024-05-06','Automatic General Expense: Bank',0,NULL,0,1,1.000000,0),(1401,'2024-05-06','Automatic General Expense: Bank',0,NULL,0,1,1.000000,0),(1402,'2024-05-06','Automatic General Expense: Bank',0,NULL,0,1,1.000000,0),(1403,'2024-05-06','Automatic General Expense: Bank',0,NULL,0,1,1.000000,0),(1404,'2024-04-29','PTC Expense from: KUNNI',0,NULL,0,1,1.000000,0),(1405,'2024-04-27','PTC Expense from: KUNNI',0,NULL,0,1,1.000000,0),(1406,'2024-04-28','PTC Expense from: KUNNI',0,NULL,0,1,1.000000,0),(1407,'2024-04-28','PTC Expense from: KUNNI',0,NULL,0,1,1.000000,0),(1408,'2024-04-25','PTC Expense from: KUNNI',0,NULL,0,1,1.000000,0),(1409,'2024-04-28','PTC Expense from: KUNNI',0,NULL,0,1,1.000000,0),(1410,'2024-05-09','Automatic General Expense: Bank',0,NULL,0,1,1.000000,0),(1411,'2024-05-11','PTC Expense from: Admin',0,NULL,0,1,1.000000,0),(1412,'2024-05-12','Automatic General Expense: Bank',0,NULL,0,1,1.000000,0),(1413,'2024-05-07','PTC Expense from: Admin',0,NULL,0,1,1.000000,0),(1414,'2024-05-08','PTC Expense from: ADIL',0,NULL,0,1,1.000000,0),(1415,'2024-05-12','Automatic General Expense: Bank',0,NULL,0,1,1.000000,0),(1416,'2024-05-12','Automatic General Expense: Bank',0,NULL,0,1,1.000000,0),(1417,'2024-05-12','PTC Expense from: Admin',0,NULL,0,1,1.000000,0),(1418,'2024-05-12','PTC Expense from: Admin',0,NULL,0,1,1.000000,0),(1419,'2024-05-12','PTC Expense from: Admin',0,NULL,0,1,1.000000,0),(1420,'2024-04-28','Automatic General Expense: Bank',0,NULL,0,1,1.000000,0),(1421,'2024-03-28','Automatic General Expense: Bank',0,NULL,0,1,1.000000,0),(1422,'2024-03-28','Automatic General Expense: Bank',0,NULL,0,1,1.000000,0),(1423,'2024-05-12','Automatic General Expense: Bank',0,NULL,0,1,1.000000,0),(1424,'2024-05-13','Automatic General Expense: Bank',0,NULL,0,1,1.000000,0),(1425,'2024-05-13','Automatic General Expense: Bank',0,NULL,0,1,1.000000,0),(1426,'2024-03-05','PTC Expense from: long',0,NULL,0,1,1.000000,0),(1427,'2024-04-02','PTC Expense from: long',0,NULL,0,1,1.000000,0),(1428,'2024-05-07','PTC Expense from: long',0,NULL,0,1,1.000000,0),(1429,'2024-05-13','PTC Expense from: Admin',0,NULL,0,1,1.000000,0),(1430,'2024-05-11','PTC Expense from: KUNNI',0,NULL,0,1,1.000000,0),(1431,'2024-05-13','PTC Expense from: KUNNI',0,NULL,0,1,1.000000,0),(1432,'2024-05-09','PTC Expense from: KUNNI',0,NULL,0,1,1.000000,0),(1433,'2024-05-13','PTC Expense from: KUNNI',0,NULL,0,1,1.000000,0),(1434,'2024-05-13','PTC Expense from: KUNNI',0,NULL,0,1,1.000000,0),(1435,'2024-05-13','PTC Expense from: KUNNI',0,NULL,0,1,1.000000,0),(1436,'2024-05-13','PTC Expense from: KUNNI',0,NULL,0,1,1.000000,0),(1437,'2024-05-12','PTC Expense from: KUNNI',0,NULL,0,1,1.000000,0),(1438,'2024-05-13','PTC Expense from: KUNNI',0,NULL,0,1,1.000000,0),(1439,'2024-05-09','PTC Expense from: KUNNI',0,NULL,0,1,1.000000,0),(1440,'2024-05-11','PTC Expense from: BHAGYESH',0,NULL,0,1,1.000000,0),(1441,'2024-05-12','PTC Expense from: KUNNI',0,NULL,0,1,1.000000,0),(1442,'2024-05-14','PTC Expense from: KUNNI',0,NULL,0,1,1.000000,0),(1443,'2024-05-14','PTC Expense from: KUNNI',0,NULL,0,1,1.000000,0),(1444,'2024-05-14','Automatic General Expense: Bank',0,NULL,0,1,1.000000,0),(1445,'2024-05-14','Automatic General Expense: Bank',0,NULL,0,1,1.000000,0),(1446,'2024-05-14','Automatic General Expense: Bank',0,NULL,0,1,1.000000,0),(1447,'2024-05-09','Automatic General Expense: Bank',0,NULL,0,1,1.000000,0),(1448,'2024-05-14','Automatic General Expense: Bank',0,NULL,0,1,1.000000,0),(1449,'2024-05-13','Automatic General Expense: Bank',0,NULL,0,1,1.000000,0),(1450,'2024-04-15','PTC Expense from: BAIJU',0,NULL,0,1,1.000000,0),(1451,'2024-04-22','PTC Expense from: BAIJU',0,NULL,0,1,1.000000,0),(1452,'2024-04-22','PTC Expense from: KUNNI',0,NULL,0,1,1.000000,0),(1453,'2024-04-05','PTC Expense from: BAIJU',0,NULL,0,1,1.000000,0),(1454,'2024-04-21','PTC Expense from: BAIJU',0,NULL,0,1,1.000000,0),(1455,'2024-04-21','PTC Expense from: BAIJU',0,NULL,0,1,1.000000,0),(1456,'2024-04-23','PTC Expense from: BAIJU',0,NULL,0,1,1.000000,0),(1457,'2024-04-27','PTC Expense from: BAIJU',0,NULL,0,1,1.000000,0),(1458,'2024-04-23','PTC Expense from: BHAGYESH',0,NULL,0,1,1.000000,0),(1459,'2024-04-25','PTC Expense from: BAIJU',0,NULL,0,1,1.000000,0),(1460,'2024-04-30','PTC Expense from: BAIJU',0,NULL,0,1,1.000000,0),(1461,'2024-04-26','PTC Expense from: BAIJU',0,NULL,0,1,1.000000,0),(1462,'2024-04-25','PTC Expense from: BAIJU',0,NULL,0,1,1.000000,0),(1463,'2024-04-30','PTC Expense from: BAIJU',0,NULL,0,1,1.000000,0),(1464,'2024-05-27','PTC Expense from: BAIJU',0,NULL,0,1,1.000000,0),(1465,'2024-04-24','PTC Expense from: BAIJU',0,NULL,0,1,1.000000,0),(1466,'2024-04-24','PTC Expense from: BAIJU',0,NULL,0,1,1.000000,0),(1467,'2024-05-14','Automatic General Expense: Bank',0,NULL,0,1,1.000000,0),(1468,'2024-05-14','Automatic General Expense: Bank',0,NULL,0,1,1.000000,0),(1469,'2024-05-14','Automatic General Expense: Bank',0,NULL,0,1,1.000000,0),(1470,'2024-05-15','Purchase Order: PURCHASE ORDER #296',0,NULL,0,5,0.100000,0),(1471,'2024-05-14','PTC Expense from: Admin',0,NULL,0,1,1.000000,0),(1472,'2024-05-14','Automatic General Expense: Bank',0,NULL,0,1,1.000000,0),(1473,'2024-05-11','PTC Expense from: ARASU',0,NULL,0,1,1.000000,0),(1474,'2024-05-04','PTC Expense from: ARASU',0,NULL,0,1,1.000000,0),(1475,'2024-05-05','PTC Expense from: ARASU',0,NULL,0,1,1.000000,0),(1476,'2024-05-04','PTC Expense from: ARASU',0,NULL,0,1,1.000000,0),(1477,'2024-05-06','PTC Expense from: ARASU',0,NULL,0,1,1.000000,0),(1478,'2024-05-07','PTC Expense from: ARASU',0,NULL,0,1,1.000000,0),(1479,'2024-04-08','PTC Expense from: ARASU',0,NULL,0,1,1.000000,0),(1480,'2024-04-14','PTC Expense from: ARASU',0,NULL,0,1,1.000000,0),(1481,'2024-04-18','PTC Expense from: ARASU',0,NULL,0,1,1.000000,0),(1482,'2024-04-17','PTC Expense from: ARASU',0,NULL,0,1,1.000000,0),(1483,'2024-04-21','PTC Expense from: ARASU',0,NULL,0,1,1.000000,0),(1484,'2024-05-02','PTC Expense from: ARASU',0,NULL,0,1,1.000000,0),(1485,'2024-04-22','PTC Expense from: ARASU',0,NULL,0,1,1.000000,0),(1486,'2024-04-22','PTC Expense from: ARASU',0,NULL,0,1,1.000000,0),(1487,'2024-04-22','PTC Expense from: ARASU',0,NULL,0,1,1.000000,0),(1488,'2024-04-22','PTC Expense from: BHAGYESH',0,NULL,0,1,1.000000,0),(1489,'2024-04-22','PTC Expense from: ARASU',0,NULL,0,1,1.000000,0),(1490,'2024-04-23','PTC Expense from: ARASU',0,NULL,0,1,1.000000,0),(1491,'2024-04-24','PTC Expense from: ARASU',0,NULL,0,1,1.000000,0),(1492,'2024-04-28','PTC Expense from: ARASU',0,NULL,0,1,1.000000,0),(1493,'2024-05-01','PTC Expense from: ARASU',0,NULL,0,1,1.000000,0),(1494,'2024-04-30','PTC Expense from: ARASU',0,NULL,0,1,1.000000,0),(1495,'2024-01-08','Automatic General Expense: Bank',0,NULL,0,1,1.000000,0),(1496,'2024-02-06','Automatic General Expense: Bank',0,NULL,0,1,1.000000,0),(1497,'2024-02-06','Automatic General Expense: Bank',0,NULL,0,1,1.000000,0),(1498,'2024-01-14','Automatic General Expense: Bank',0,NULL,0,1,1.000000,0),(1499,'2024-04-09','Automatic General Expense: Bank',0,NULL,0,1,1.000000,0),(1500,'2024-03-31','Automatic General Expense: Bank',0,NULL,0,1,1.000000,0),(1501,'2024-05-15','PTC Expense from: Admin',0,NULL,0,1,1.000000,0),(1502,'2024-05-15','Automatic General Expense: Bank',0,NULL,0,1,1.000000,0),(1503,'2024-05-15','Automatic General Expense: Bank',0,NULL,0,1,1.000000,0),(1504,'2024-05-16','Automatic General Expense: Bank',0,NULL,0,1,1.000000,0),(1505,'2024-05-15','Automatic General Expense: Bank',0,NULL,0,1,1.000000,0),(1506,'2024-05-20','PTC Expense from: JUNED',0,NULL,0,4,0.100000,0),(1507,'2024-05-16','Automatic General Expense: Bank',0,NULL,0,1,1.000000,0),(1508,'2024-05-20','Purchase Order: PURCHASE ORDER #300',0,NULL,0,5,0.100000,0),(1509,'2024-05-20','Automatic General Expense: Bank',0,NULL,0,1,1.000000,0),(1510,'2024-05-20','PTC Expense from: KUNNI',0,NULL,0,1,1.000000,0),(1511,'2024-05-20','PTC Expense from: KUNNI',0,NULL,0,1,1.000000,0),(1512,'2024-05-19','PTC Expense from: KUNNI',0,NULL,0,1,1.000000,0),(1513,'2024-05-20','PTC Expense from: KUNNI',0,NULL,0,1,1.000000,0),(1514,'2024-05-19','PTC Expense from: KUNNI',0,NULL,0,1,1.000000,0),(1515,'2024-04-16','Automatic General Expense: Bank',0,NULL,0,1,1.000000,0),(1516,'2024-05-16','Automatic General Expense: Bank',0,NULL,0,1,1.000000,0),(1517,'2024-05-20','Automatic General Expense: Bank',0,NULL,0,1,1.000000,0),(1518,'2024-05-20','Automatic General Expense: Bank',0,NULL,0,1,1.000000,0),(1519,'2024-05-21','Automatic General Expense: Bank',0,NULL,0,1,1.000000,0),(1520,'2024-05-20','Automatic General Expense: Bank',0,NULL,0,1,1.000000,0),(1521,'2024-05-21','Purchase Order: PURCHASE ORDER #301',0,NULL,0,5,0.100000,0),(1522,'2024-05-21','Automatic General Expense: Bank',0,NULL,0,1,1.000000,0),(1523,'2024-05-20','PTC Expense from: Admin',0,NULL,0,1,1.000000,0),(1524,'2024-05-16','PTC Expense from: KUNNI',0,NULL,0,1,1.000000,0),(1525,'2024-05-15','PTC Expense from: BHAGYESH',0,NULL,0,1,1.000000,0),(1526,'2024-05-16','PTC Expense from: KUNNI',0,NULL,0,1,1.000000,0),(1527,'2024-05-19','PTC Expense from: KUNNI',0,NULL,0,1,1.000000,0),(1528,'2024-05-18','PTC Expense from: KUNNI',0,NULL,0,1,1.000000,0),(1529,'2024-05-19','PTC Expense from: BHAGYESH',0,NULL,0,1,1.000000,0),(1530,'2024-05-20','Automatic General Expense: Bank',0,NULL,0,1,1.000000,0),(1531,'2024-05-21','PTC Expense from: Admin',0,NULL,0,1,1.000000,0),(1532,'2024-05-16','PTC Expense from: ARASU',0,NULL,0,1,1.000000,0),(1533,'2024-05-08','PTC Expense from: ARASU',0,NULL,0,1,1.000000,0),(1534,'2024-05-13','PTC Expense from: ARASU',0,NULL,0,1,1.000000,0),(1535,'2024-05-08','PTC Expense from: ARASU',0,NULL,0,1,1.000000,0),(1536,'2024-05-12','PTC Expense from: ARASU',0,NULL,0,1,1.000000,0),(1537,'2024-05-13','PTC Expense from: ARASU',0,NULL,0,1,1.000000,0),(1538,'2024-05-22','Purchase Order: PURCHASE ORDER #302',0,NULL,0,5,0.100000,0),(1539,'2024-05-10','PTC Expense from: ARASU',0,NULL,0,1,1.000000,0),(1540,'2024-05-21','Automatic General Expense: Bank',0,NULL,0,1,1.000000,0),(1541,'2024-05-22','Purchase Order: PURCHASE ORDER #304',0,NULL,0,5,0.100000,0),(1542,'2024-05-19','Automatic General Expense: Bank',0,NULL,0,1,1.000000,0),(1543,'2024-05-22','PTC Expense from: SAFA Issa Humaid',0,NULL,0,1,1.000000,0),(1544,'2024-05-21','PTC Expense from: KUNNI',0,NULL,0,1,1.000000,0),(1545,'2024-05-21','PTC Expense from: KUNNI',0,NULL,0,1,1.000000,0),(1546,'2024-05-21','PTC Expense from: KUNNI',0,NULL,0,1,1.000000,0),(1547,'2024-05-21','PTC Expense from: KUNNI',0,NULL,0,1,1.000000,0),(1548,'2024-05-21','PTC Expense from: KUNNI',0,NULL,0,1,1.000000,0),(1549,'2024-05-21','PTC Expense from: KUNNI',0,NULL,0,1,1.000000,0),(1550,'2024-05-20','PTC Expense from: KUNNI',0,NULL,0,1,1.000000,0),(1551,'2024-05-23','Purchase Order: PURCHASE ORDER #305',0,NULL,0,5,0.100000,0),(1552,'2024-05-22','PTC Expense from: KUNNI',0,NULL,0,1,1.000000,0),(1553,'2024-05-23','Purchase Order: PURCHASE ORDER #306',0,NULL,0,5,0.100000,0),(1554,'2024-05-19','Purchase Order: PURCHASE ORDER #299',0,NULL,0,4,0.100000,0),(1555,'2024-05-19','Automatic Purchase Payment: PURCHASE ORDER #299',0,NULL,0,4,0.100000,0),(1556,'2024-05-19','Purchase Order: PURCHASE ORDER #298',0,NULL,0,4,0.100000,0),(1557,'2024-05-19','Automatic Purchase Payment: PURCHASE ORDER #298',0,NULL,0,4,0.100000,0),(1558,'2024-05-25','Purchase Order: PURCHASE ORDER #310',0,NULL,0,4,0.100000,0),(1559,'2024-05-23','Purchase Order: PURCHASE ORDER #307',0,NULL,0,4,0.100000,0),(1560,'2024-05-23','Purchase Order: PURCHASE ORDER #308',0,NULL,0,4,0.100000,0),(1561,'2024-05-24','PTC Expense from: Admin',0,NULL,0,1,1.000000,0),(1562,'2024-05-23','Automatic General Expense: Bank',0,NULL,0,1,1.000000,0),(1563,'2024-05-25','PTC Expense from: LOAI ',0,NULL,0,4,0.100000,0),(1564,'2024-05-23','PTC Expense from: LOAI ',0,NULL,0,4,0.100000,0),(1565,'2024-05-23','PTC Expense from: LOAI ',0,NULL,0,4,0.100000,0),(1566,'2024-05-19','PTC Expense from: LOAI ',0,NULL,0,4,0.100000,0),(1567,'2024-05-26','PTC Expense from: Admin',0,NULL,0,1,1.000000,0),(1568,'2024-05-19','PTC Expense from: LOAI ',0,NULL,0,4,0.100000,0),(1569,'2024-05-19','PTC Expense from: LOAI ',0,NULL,0,4,0.100000,0),(1570,'2024-05-19','PTC Expense from: LOAI ',0,NULL,0,4,0.100000,0),(1571,'2024-05-19','PTC Expense from: LOAI ',0,NULL,0,4,0.100000,0),(1572,'2024-05-19','PTC Expense from: LOAI ',0,NULL,0,4,0.100000,0),(1573,'2024-05-23','Purchase Order: PURCHASE ORDER #309',0,NULL,0,4,0.100000,0),(1574,'2024-05-26','PTC Expense from: SAMEER',0,NULL,0,1,1.000000,0),(1575,'2024-05-26','PTC Expense from: SAMEER',0,NULL,0,1,1.000000,0),(1576,'2024-05-19','PTC Expense from: LOAI ',0,NULL,0,4,0.100000,1),(1577,'2024-05-26','Automatic General Expense: Bank',0,NULL,0,1,1.000000,0),(1578,'2024-05-23','PTC Expense from: KUNNI',0,NULL,0,1,1.000000,0),(1579,'2024-05-25','PTC Expense from: KUNNI',0,NULL,0,1,1.000000,0),(1580,'2024-05-26','PTC Expense from: KUNNI',0,NULL,0,1,1.000000,0),(1581,'2024-05-25','PTC Expense from: KUNNI',0,NULL,0,1,1.000000,0),(1582,'2024-05-27','PTC Expense from: Ismail',0,NULL,0,4,0.100000,0),(1583,'2024-05-13','Automatic General Expense: Bank',0,NULL,0,4,0.100000,0),(1584,'2024-05-23','PTC Expense from: KUNNI',0,NULL,0,1,1.000000,0),(1585,'2024-05-25','Automatic Purchase Payment: PURCHASE ORDER #310',0,NULL,0,4,0.100000,0),(1586,'2024-05-23','Automatic Purchase Payment: PURCHASE ORDER #308',0,NULL,0,4,0.100000,0),(1587,'2024-05-23','Automatic Purchase Payment: PURCHASE ORDER #307',0,NULL,0,4,0.100000,0),(1588,'2024-05-23','Automatic Purchase Payment: PURCHASE ORDER #309',0,NULL,0,4,0.100000,0),(1589,'2024-05-23','PTC Expense from: KUNNI',0,NULL,0,1,1.000000,0),(1590,'2024-05-23','PTC Expense from: KUNNI',0,NULL,0,1,1.000000,0),(1591,'2024-05-26','PTC Expense from: KUNNI',0,NULL,0,1,1.000000,0),(1592,'2024-05-27','PTC Expense from: KUNNI',0,NULL,0,1,1.000000,0),(1593,'2024-05-27','PTC Expense from: BHAGYESH',0,NULL,0,1,1.000000,0),(1594,'2024-05-28','PTC Expense from: Admin',0,NULL,0,1,1.000000,0),(1595,'2024-05-28','Automatic General Expense: Bank',0,NULL,0,1,1.000000,0),(1596,'2024-05-28','Automatic General Expense: Bank',0,NULL,0,1,1.000000,0),(1597,'2024-05-28','Purchase Order: PURCHASE ORDER #313',0,NULL,0,5,0.100000,0),(1598,'2024-05-23','Automatic General Expense: Bank',0,NULL,0,1,1.000000,0),(1599,'2024-05-26','PTC Expense from: Admin',0,NULL,0,1,1.000000,0),(1600,'2024-05-18','PTC Expense from: BHAGYESH',0,NULL,0,1,1.000000,0),(1601,'2024-05-15','PTC Expense from: long',0,NULL,0,1,1.000000,0),(1602,'2024-05-16','PTC Expense from: long',0,NULL,0,1,1.000000,0),(1603,'2024-05-07','PTC Expense from: long',0,NULL,0,1,1.000000,0),(1604,'2024-05-29','Purchase Order: PURCHASE ORDER #315',0,NULL,0,5,0.100000,0),(1605,'2024-05-05','PTC Expense from: BAIJU',0,NULL,0,1,1.000000,0),(1606,'2024-05-02','PTC Expense from: BAIJU',0,NULL,0,1,1.000000,0),(1607,'2024-05-04','PTC Expense from: BAIJU',0,NULL,0,1,1.000000,0),(1608,'2024-05-01','PTC Expense from: BAIJU',0,NULL,0,1,1.000000,0),(1609,'2024-05-04','PTC Expense from: BAIJU',0,NULL,0,1,1.000000,0),(1610,'2024-05-08','PTC Expense from: BAIJU',0,NULL,0,1,1.000000,0),(1611,'2024-05-01','PTC Expense from: BHAGYESH',0,NULL,0,1,1.000000,0),(1612,'2024-05-06','PTC Expense from: BAIJU',0,NULL,0,1,1.000000,0),(1613,'2024-05-06','PTC Expense from: BAIJU',0,NULL,0,1,1.000000,0),(1614,'2024-05-07','PTC Expense from: BAIJU',0,NULL,0,1,1.000000,0),(1615,'2024-05-07','PTC Expense from: BAIJU',0,NULL,0,1,1.000000,0),(1616,'2024-05-15','PTC Expense from: BAIJU',0,NULL,0,1,1.000000,0),(1617,'2024-05-13','PTC Expense from: BAIJU',0,NULL,0,1,1.000000,0),(1618,'2024-05-13','PTC Expense from: BAIJU',0,NULL,0,1,1.000000,0),(1619,'2024-05-13','PTC Expense from: BAIJU',0,NULL,0,1,1.000000,0),(1620,'2024-05-08','PTC Expense from: BAIJU',0,NULL,0,1,1.000000,0),(1621,'2024-05-28','Automatic General Expense: Bank',0,NULL,0,1,1.000000,0),(1622,'2024-05-28','Automatic General Expense: Bank',0,NULL,0,1,1.000000,0),(1623,'2024-05-28','PTC Expense from: Admin',0,NULL,0,1,1.000000,0),(1624,'2024-05-29','Automatic General Expense: Bank',0,NULL,0,1,1.000000,0),(1625,'2024-05-29','PTC Expense from: Admin',0,NULL,0,1,1.000000,0),(1626,'2024-05-28','Automatic Purchase Payment: PURCHASE ORDER #311',0,NULL,0,4,0.100000,0),(1627,'2024-05-27','Purchase Order: PURCHASE ORDER #311',0,NULL,0,4,0.100000,0),(1628,'2024-05-28','PTC Expense from: Admin',0,NULL,0,1,1.000000,0),(1629,'2024-05-28','Automatic General Expense: Bank',0,NULL,0,1,1.000000,0),(1630,'2024-05-26','PTC Expense from: Admin',0,NULL,0,1,1.000000,0),(1631,'2024-05-26','PTC Expense from: Admin',0,NULL,0,1,1.000000,0),(1632,'2024-05-27','Automatic General Expense: Bank',0,NULL,0,1,1.000000,0),(1633,'2024-05-28','PTC Expense from: SAMEER',0,NULL,0,1,1.000000,0),(1634,'2024-05-29','PTC Expense from: SAMEER',0,NULL,0,1,1.000000,0),(1635,'2024-05-14','PTC Expense from: Admin',0,NULL,0,1,1.000000,0),(1636,'2024-05-30','Purchase Order: PURCHASE ORDER #316',0,NULL,0,5,0.100000,0),(1637,'2024-06-01','Purchase Order: PURCHASE ORDER #317',0,NULL,0,5,0.100000,0),(1638,'2024-06-01','PTC Expense from: SAMEER',0,NULL,0,1,1.000000,0),(1639,'2024-05-30','Automatic General Expense: Bank',0,NULL,0,1,1.000000,0),(1640,'2024-05-30','Automatic General Expense: Bank',0,NULL,0,1,1.000000,0),(1641,'2024-05-30','Automatic General Expense: Bank',0,NULL,0,1,1.000000,0),(1642,'2024-05-29','Automatic General Expense: Bank',0,NULL,0,1,1.000000,0),(1643,'2024-05-30','PTC Expense from: Admin',0,NULL,0,1,1.000000,0),(1644,'2024-05-28','Automatic General Expense: Bank',0,NULL,0,1,1.000000,0),(1645,'2024-05-30','Automatic General Expense: Bank',0,NULL,0,1,1.000000,0),(1646,'2024-05-30','Automatic General Expense: Bank',0,NULL,0,1,1.000000,0),(1647,'2024-06-03','PTC Expense from: ADIL',0,NULL,0,1,1.000000,0),(1648,'2024-06-03','PTC Expense from: ADIL',0,NULL,0,1,1.000000,0),(1649,'2024-05-29','PTC Expense from: ADIL',0,NULL,0,1,1.000000,0),(1650,'2024-06-03','PTC Expense from: ADIL',0,NULL,0,1,1.000000,0),(1651,'2024-06-02','Automatic General Expense: Bank',0,NULL,0,1,1.000000,0),(1652,'2024-06-03','PTC Expense from: Admin',0,NULL,0,1,1.000000,0),(1653,'2024-06-02','PTC Expense from: Admin',0,NULL,0,1,1.000000,0),(1654,'2024-05-30','Automatic General Expense: Bank',0,NULL,0,1,1.000000,0),(1655,'2024-06-02','PTC Expense from: Admin',0,NULL,0,1,1.000000,0),(1656,'2024-06-02','PTC Expense from: Admin',0,NULL,0,1,1.000000,0),(1657,'2024-06-02','PTC Expense from: Admin',0,NULL,0,1,1.000000,0),(1658,'2024-06-02','PTC Expense from: Admin',0,NULL,0,1,1.000000,0),(1659,'2024-05-30','Automatic General Expense: Bank',0,NULL,0,1,1.000000,0),(1660,'2024-05-30','Automatic General Expense: Bank',0,NULL,0,1,1.000000,0),(1661,'2024-06-03','Automatic General Expense: Bank',0,NULL,0,1,1.000000,0),(1662,'2024-05-29','Automatic General Expense: Bank',0,NULL,0,1,1.000000,0),(1663,'2024-05-27','PTC Expense from: KUNNI',0,NULL,0,1,1.000000,0),(1664,'2024-05-27','PTC Expense from: KUNNI',0,NULL,0,1,1.000000,0),(1665,'2024-05-29','PTC Expense from: KUNNI',0,NULL,0,1,1.000000,0),(1666,'2024-05-26','PTC Expense from: KUNNI',0,NULL,0,1,1.000000,0),(1667,'2024-05-27','PTC Expense from: KUNNI',0,NULL,0,1,1.000000,0),(1668,'2024-05-26','PTC Expense from: KUNNI',0,NULL,0,1,1.000000,0),(1669,'2024-05-30','PTC Expense from: KUNNI',0,NULL,0,1,1.000000,0),(1670,'2024-05-25','PTC Expense from: BHAGYESH',0,NULL,0,1,1.000000,0),(1671,'2024-05-26','PTC Expense from: BHAGYESH',0,NULL,0,1,1.000000,0),(1672,'2024-05-26','PTC Expense from: BHAGYESH',0,NULL,0,1,1.000000,0),(1673,'2024-05-25','PTC Expense from: BHAGYESH',0,NULL,0,1,1.000000,0),(1674,'2024-05-25','PTC Expense from: BHAGYESH',0,NULL,0,1,1.000000,0),(1675,'2024-05-23','PTC Expense from: BHAGYESH',0,NULL,0,1,1.000000,0),(1676,'2024-06-01','Automatic Purchase Payment: PURCHASE ORDER #318',0,NULL,0,4,0.100000,0),(1677,'2024-06-01','Purchase Order: PURCHASE ORDER #318',0,NULL,0,4,0.100000,0),(1678,'2024-06-04','Purchase Order: PURCHASE ORDER #319',0,NULL,0,5,0.100000,0),(1679,'2024-05-03','Purchase Order: PURCHASE ORDER #283',0,NULL,0,5,0.100000,0),(1680,'2024-06-04','Automatic Purchase Payment: PURCHASE ORDER #320',0,NULL,0,4,0.100000,0),(1681,'2024-06-01','Purchase Order: PURCHASE ORDER #320',0,NULL,0,4,0.100000,0),(1682,'2024-05-25','PTC Expense from: BAIJU',0,NULL,0,1,1.000000,0),(1683,'2024-05-23','PTC Expense from: BAIJU',0,NULL,0,1,1.000000,0),(1684,'2024-05-31','PTC Expense from: BAIJU',0,NULL,0,1,1.000000,0),(1685,'2024-05-29','PTC Expense from: BAIJU',0,NULL,0,1,1.000000,0),(1686,'2024-05-11','PTC Expense from: BAIJU',0,NULL,0,1,1.000000,0),(1687,'2024-05-09','PTC Expense from: BAIJU',0,NULL,0,1,1.000000,0),(1688,'2024-05-18','PTC Expense from: BAIJU',0,NULL,0,1,1.000000,0),(1689,'2024-05-15','PTC Expense from: BAIJU',0,NULL,0,1,1.000000,0),(1690,'2024-05-12','PTC Expense from: BAIJU',0,NULL,0,1,1.000000,0),(1691,'2024-06-05','PTC Expense from: Admin',0,NULL,0,1,1.000000,0),(1692,'2024-06-05','PTC Expense from: SAFA Issa Humaid',0,NULL,0,1,1.000000,0),(1693,'2024-06-04','PTC Expense from: SAFA Issa Humaid',0,NULL,0,1,1.000000,0),(1694,'2024-06-04','PTC Expense from: SAFA Issa Humaid',0,NULL,0,1,1.000000,0),(1695,'2024-06-03','PTC Expense from: Admin',0,NULL,0,1,1.000000,0),(1696,'2024-06-05','PTC Expense from: Admin',0,NULL,0,1,1.000000,0),(1697,'2024-06-06','PTC Expense from: Admin',0,NULL,0,1,1.000000,0),(1698,'2024-06-08','Automatic General Expense: Bank',0,NULL,0,1,1.000000,0),(1699,'2024-04-24','PTC Expense from: Abu',0,NULL,0,1,1.000000,0),(1700,'2024-06-06','PTC Expense from: Abu',0,NULL,0,1,1.000000,0),(1701,'2024-06-06','PTC Expense from: Abu',0,NULL,0,1,1.000000,0),(1702,'2024-06-08','Automatic General Expense: Bank',0,NULL,0,1,1.000000,0),(1703,'2024-06-02','PTC Expense from: long',0,NULL,0,1,1.000000,0),(1704,'2024-05-31','PTC Expense from: SAYYAF',0,NULL,0,1,1.000000,0),(1705,'2024-06-02','PTC Expense from: SAYYAF',0,NULL,0,1,1.000000,0),(1706,'2024-06-01','PTC Expense from: SAYYAF',0,NULL,0,1,1.000000,0),(1707,'2024-05-30','PTC Expense from: SAYYAF',0,NULL,0,1,1.000000,0),(1708,'2024-06-05','PTC Expense from: SAYYAF',0,NULL,0,1,1.000000,0),(1709,'2024-06-05','PTC Expense from: SAYYAF',0,NULL,0,1,1.000000,0),(1710,'2024-06-05','PTC Expense from: SAYYAF',0,NULL,0,1,1.000000,0),(1711,'2024-06-01','PTC Expense from: SAYYAF',0,NULL,0,1,1.000000,0),(1712,'2024-06-08','PTC Expense from: SAYYAF',0,NULL,0,1,1.000000,0),(1713,'2024-06-05','PTC Expense from: SAYYAF',0,NULL,0,1,1.000000,0),(1714,'2024-06-05','PTC Expense from: SAYYAF',0,NULL,0,1,1.000000,0),(1715,'2024-05-07','PTC Expense from: SAYYAF',0,NULL,0,1,1.000000,0),(1716,'2024-06-02','PTC Expense from: BHAGYESH',0,NULL,0,1,1.000000,0),(1717,'2024-05-26','PTC Expense from: BAIJU',0,NULL,0,1,1.000000,0),(1718,'2024-05-23','PTC Expense from: BAIJU',0,NULL,0,1,1.000000,0),(1719,'2024-05-23','PTC Expense from: BAIJU',0,NULL,0,1,1.000000,0),(1720,'2024-05-25','PTC Expense from: BAIJU',0,NULL,0,1,1.000000,0),(1721,'2024-05-19','PTC Expense from: BAIJU',0,NULL,0,1,1.000000,0),(1722,'2024-05-27','PTC Expense from: BAIJU',0,NULL,0,1,1.000000,0),(1723,'2024-05-26','PTC Expense from: BAIJU',0,NULL,0,1,1.000000,0),(1724,'2024-05-26','PTC Expense from: BAIJU',0,NULL,0,1,1.000000,0),(1725,'2024-05-26','PTC Expense from: BAIJU',0,NULL,0,1,1.000000,0),(1726,'2024-06-05','Automatic Purchase Payment: PURCHASE ORDER #321',0,NULL,0,4,0.100000,0),(1727,'2024-06-05','Purchase Order: PURCHASE ORDER #321',0,NULL,0,4,0.100000,0),(1728,'2024-06-02','PTC Expense from: SAYYAF',0,NULL,0,1,1.000000,0),(1729,'2024-06-03','PTC Expense from: BAIJU',0,NULL,0,1,1.000000,0),(1730,'2024-06-04','PTC Expense from: BAIJU',0,NULL,0,1,1.000000,0),(1731,'2024-06-05','PTC Expense from: ARASU',0,NULL,0,1,1.000000,0),(1732,'2024-06-05','PTC Expense from: ARASU',0,NULL,0,1,1.000000,0),(1733,'2024-06-06','PTC Expense from: ARASU',0,NULL,0,1,1.000000,0),(1734,'2024-06-08','PTC Expense from: ARASU',0,NULL,0,1,1.000000,0),(1735,'2024-06-08','Automatic General Expense: Bank',0,NULL,0,1,1.000000,0),(1736,'2024-06-06','Automatic General Expense: Bank',0,NULL,0,1,1.000000,0),(1737,'2024-06-08','Automatic General Expense: Bank',0,NULL,0,1,1.000000,0),(1738,'2024-06-08','Automatic General Expense: Bank',0,NULL,0,1,1.000000,0),(1739,'2024-06-08','Automatic General Expense: Bank',0,NULL,0,1,1.000000,0),(1740,'2024-06-04','Automatic General Expense: Bank',0,NULL,0,1,1.000000,0),(1741,'2024-06-09','PTC Expense from: Admin',0,NULL,0,1,1.000000,0),(1742,'2024-06-04','Automatic General Expense: Bank',0,NULL,0,1,1.000000,0),(1743,'2024-06-08','Automatic General Expense: Bank',0,NULL,0,1,1.000000,0),(1744,'2024-06-06','Automatic General Expense: Bank',0,NULL,0,1,1.000000,0),(1745,'2024-05-28','Automatic General Expense: Bank',0,NULL,0,1,1.000000,0),(1746,'2024-06-06','Automatic General Expense: Bank',0,NULL,0,1,1.000000,0),(1747,'2024-06-06','Automatic General Expense: Bank',0,NULL,0,1,1.000000,0),(1748,'2024-06-08','Automatic General Expense: Bank',0,NULL,0,1,1.000000,0),(1749,'2024-06-06','Automatic General Expense: Bank',0,NULL,0,1,1.000000,0),(1750,'2024-06-06','Automatic General Expense: Bank',0,NULL,0,1,1.000000,0),(1751,'2024-06-06','Automatic General Expense: Bank',0,NULL,0,1,1.000000,0),(1752,'2024-06-06','Automatic General Expense: Bank',0,NULL,0,1,1.000000,0),(1753,'2024-06-03','Automatic General Expense: Bank',0,NULL,0,1,1.000000,0),(1754,'2024-05-28','Automatic General Expense: Bank',0,NULL,0,1,1.000000,0),(1755,'2024-05-19','Automatic General Expense: Bank',0,NULL,0,1,1.000000,0),(1756,'2024-06-04','PTC Expense from: KUNNI',0,NULL,0,1,1.000000,0),(1757,'2024-06-04','PTC Expense from: KUNNI',0,NULL,0,1,1.000000,0),(1758,'2024-06-04','PTC Expense from: KUNNI',0,NULL,0,1,1.000000,0),(1759,'2024-06-05','PTC Expense from: KUNNI',0,NULL,0,1,1.000000,0),(1760,'2024-05-30','PTC Expense from: KUNNI',0,NULL,0,1,1.000000,0),(1761,'2024-06-02','PTC Expense from: BHAGYESH',0,NULL,0,1,1.000000,0),(1762,'2024-05-22','PTC Expense from: KUNNI',0,NULL,0,1,1.000000,0),(1763,'2024-05-26','PTC Expense from: KUNNI',0,NULL,0,1,1.000000,0),(1764,'2024-06-02','PTC Expense from: KUNNI',0,NULL,0,1,1.000000,0),(1765,'2024-06-03','PTC Expense from: KUNNI',0,NULL,0,1,1.000000,0),(1766,'2024-06-03','Automatic General Expense: Bank',0,NULL,0,1,1.000000,0),(1767,'2024-06-06','Automatic General Expense: Bank',0,NULL,0,1,1.000000,0),(1768,'2024-05-26','PTC Expense from: KUNNI',0,NULL,0,1,1.000000,0),(1769,'2024-05-19','PTC Expense from: ARASU',0,NULL,0,1,1.000000,0),(1770,'2024-05-19','PTC Expense from: ARASU',0,NULL,0,1,1.000000,0),(1771,'2024-05-20','PTC Expense from: ARASU',0,NULL,0,1,1.000000,0),(1772,'2024-05-20','PTC Expense from: BHAGYESH',0,NULL,0,1,1.000000,0),(1773,'2024-05-20','PTC Expense from: ARASU',0,NULL,0,1,1.000000,0),(1774,'2024-05-22','PTC Expense from: ARASU',0,NULL,0,1,1.000000,0),(1775,'2024-05-21','PTC Expense from: ARASU',0,NULL,0,1,1.000000,0),(1776,'2024-05-26','PTC Expense from: ARASU',0,NULL,0,1,1.000000,0),(1777,'2024-05-27','PTC Expense from: ARASU',0,NULL,0,1,1.000000,0),(1778,'2024-05-29','PTC Expense from: ARASU',0,NULL,0,1,1.000000,0),(1779,'2024-06-06','PTC Expense from: ARASU',0,NULL,0,1,1.000000,0),(1780,'2024-06-09','PTC Expense from: Admin',0,NULL,0,1,1.000000,0),(1781,'2024-06-10','Automatic General Expense: Bank',0,NULL,0,1,1.000000,0),(1782,'2024-06-09','Automatic Purchase Payment: PURCHASE ORDER #205',0,NULL,0,4,0.100000,0),(1783,'2024-06-10','PTC Expense from: Admin',0,NULL,0,1,1.000000,0),(1784,'2024-06-10','PTC Expense from: Admin',0,NULL,0,1,1.000000,0),(1785,'2024-06-11','PTC Expense from: Admin',0,NULL,0,1,1.000000,0),(1786,'2024-06-10','PTC Expense from: KUNNI',0,NULL,0,1,1.000000,0),(1787,'2024-06-07','PTC Expense from: KUNNI',0,NULL,0,1,1.000000,0),(1788,'2024-06-09','PTC Expense from: KUNNI',0,NULL,0,1,1.000000,0),(1789,'2024-06-08','PTC Expense from: BAIJU',0,NULL,0,1,1.000000,0),(1790,'2024-06-08','PTC Expense from: KUNNI',0,NULL,0,1,1.000000,0),(1791,'2024-06-09','PTC Expense from: KUNNI',0,NULL,0,1,1.000000,0),(1792,'2024-06-10','PTC Expense from: BHAGYESH',0,NULL,0,1,1.000000,0),(1793,'2024-06-08','PTC Expense from: KUNNI',0,NULL,0,1,1.000000,0),(1794,'2024-06-09','PTC Expense from: KUNNI',0,NULL,0,1,1.000000,0),(1795,'2024-06-08','PTC Expense from: KUNNI',0,NULL,0,1,1.000000,0),(1796,'2024-06-10','PTC Expense from: KUNNI',0,NULL,0,1,1.000000,0),(1797,'2024-06-04','Automatic General Expense: Bank',0,NULL,0,1,1.000000,0),(1798,'2024-06-04','PTC Expense from: SAMEER',0,NULL,0,1,1.000000,0),(1799,'2024-06-05','PTC Expense from: SAMEER',0,NULL,0,1,1.000000,0),(1800,'2024-06-05','PTC Expense from: SAMEER',0,NULL,0,1,1.000000,0),(1801,'2024-06-05','PTC Expense from: SAMEER',0,NULL,0,1,1.000000,0),(1802,'2024-06-05','PTC Expense from: SAMEER',0,NULL,0,1,1.000000,0),(1803,'2024-06-05','PTC Expense from: SAMEER',0,NULL,0,1,1.000000,0),(1804,'2024-06-05','PTC Expense from: SAMEER',0,NULL,0,1,1.000000,0),(1805,'2024-06-10','Automatic General Expense: Bank',0,NULL,0,1,1.000000,0),(1806,'2024-06-11','Automatic General Expense: Bank',0,NULL,0,1,1.000000,0),(1807,'2024-06-11','Automatic General Expense: Bank',0,NULL,0,1,1.000000,0),(1808,'2024-06-11','Automatic General Expense: Bank',0,NULL,0,1,1.000000,0),(1809,'2024-06-13','PTC Expense from: Admin',0,NULL,0,1,1.000000,0),(1810,'2024-06-12','Automatic General Expense: Bank',0,NULL,0,1,1.000000,0),(1811,'2024-06-11','Automatic Purchase Payment: PURCHASE ORDER #325',0,NULL,0,4,0.100000,0),(1812,'2024-06-11','Purchase Order: PURCHASE ORDER #325',0,NULL,0,4,0.100000,0),(1813,'2024-05-27','PTC Expense from: JUNED',0,NULL,0,4,0.100000,0),(1814,'2024-05-27','PTC Expense from: JUNED',0,NULL,0,4,0.100000,0),(1815,'2024-05-28','PTC Expense from: JUNED',0,NULL,0,4,0.100000,0),(1816,'2024-05-29','PTC Expense from: JUNED',0,NULL,0,4,0.100000,0),(1817,'2024-06-13','Automatic General Expense: Bank',0,NULL,0,1,1.000000,0),(1818,'2024-06-13','Automatic General Expense: Bank',0,NULL,0,1,1.000000,0),(1819,'2024-06-13','Automatic General Expense: Bank',0,NULL,0,1,1.000000,0),(1820,'2024-06-13','Automatic General Expense: Bank',0,NULL,0,1,1.000000,0),(1821,'2024-06-13','Automatic General Expense: Bank',0,NULL,0,1,1.000000,0),(1822,'2024-06-13','PTC Expense from: Admin',0,NULL,0,1,1.000000,0),(1823,'2024-06-15','Automatic General Expense: Bank',0,NULL,0,1,1.000000,0),(1824,'2024-06-13','Automatic General Expense: Bank',0,NULL,0,1,1.000000,0),(1825,'2024-06-13','Automatic General Expense: Bank',0,NULL,0,1,1.000000,0),(1826,'2024-06-13','Automatic General Expense: Bank',0,NULL,0,1,1.000000,0),(1827,'2024-06-13','Automatic General Expense: Bank',0,NULL,0,1,1.000000,0),(1828,'2024-06-13','Automatic General Expense: Bank',0,NULL,0,1,1.000000,0),(1829,'2024-06-10','PTC Expense from: Admin',0,NULL,0,1,1.000000,0),(1830,'2024-06-12','PTC Expense from: Admin',0,NULL,0,1,1.000000,0),(1831,'2024-06-11','PTC Expense from: Admin',0,NULL,0,1,1.000000,0),(1832,'2024-06-11','PTC Expense from: Admin',0,NULL,0,1,1.000000,0),(1833,'2024-06-04','Automatic General Expense: Bank',0,NULL,0,1,1.000000,0),(1834,'2024-06-12','Automatic General Expense: Bank',0,NULL,0,1,1.000000,0),(1835,'2024-06-12','Automatic General Expense: Bank',0,NULL,0,1,1.000000,0),(1836,'2024-06-12','Automatic General Expense: Bank',0,NULL,0,1,1.000000,0),(1837,'2024-06-12','Automatic General Expense: Bank',0,NULL,0,1,1.000000,0),(1838,'2024-06-12','Automatic General Expense: Bank',0,NULL,0,1,1.000000,0),(1839,'2024-06-12','Automatic General Expense: Bank',0,NULL,0,1,1.000000,0),(1840,'2024-06-12','Automatic General Expense: Bank',0,NULL,0,1,1.000000,0),(1841,'2024-06-13','PTC Expense from: BHAGYESH',0,NULL,0,1,1.000000,0),(1842,'2024-06-13','Automatic General Expense: Bank',0,NULL,0,1,1.000000,0),(1843,'2024-06-13','Automatic General Expense: Bank',0,NULL,0,1,1.000000,0),(1844,'2024-06-13','Automatic General Expense: Bank',0,NULL,0,1,1.000000,0),(1845,'2024-06-10','PTC Expense from: Admin',0,NULL,0,1,1.000000,0),(1846,'2024-06-05','PTC Expense from: Admin',0,NULL,0,1,1.000000,0),(1847,'2024-06-12','PTC Expense from: Admin',0,NULL,0,1,1.000000,0),(1848,'2024-06-13','Automatic General Expense: Bank',0,NULL,0,1,1.000000,1),(1849,'2024-06-13','Automatic General Expense: Bank',0,NULL,0,1,1.000000,0),(1850,'2024-06-13','Automatic General Expense: Bank',0,NULL,0,1,1.000000,0),(1851,'2024-06-13','Automatic General Expense: Bank',0,NULL,0,1,1.000000,0),(1852,'2024-06-13','Automatic General Expense: Bank',0,NULL,0,1,1.000000,0),(1853,'2024-06-15','Automatic General Expense: Bank',0,NULL,0,1,1.000000,0),(1854,'2024-06-15','Automatic General Expense: Bank',0,NULL,0,1,1.000000,0),(1855,'2024-06-15','Automatic General Expense: Bank',0,NULL,0,1,1.000000,0),(1856,'2024-06-05','Automatic General Expense: Bank',0,NULL,0,1,1.000000,0),(1857,'2024-06-12','PTC Expense from: ARASU',0,NULL,0,1,1.000000,0),(1858,'2024-06-10','PTC Expense from: ARASU',0,NULL,0,1,1.000000,0),(1859,'2024-06-11','PTC Expense from: ARASU',0,NULL,0,1,1.000000,0),(1860,'2024-06-09','PTC Expense from: ARASU',0,NULL,0,1,1.000000,0),(1861,'2024-06-12','PTC Expense from: ARASU',0,NULL,0,1,1.000000,0),(1862,'2024-06-15','Automatic General Expense: Bank',0,NULL,0,1,1.000000,0),(1863,'2024-06-15','Automatic General Expense: Bank',0,NULL,0,1,1.000000,0),(1864,'2024-06-11','PTC Expense from: Admin',0,NULL,0,1,1.000000,0),(1865,'2024-03-07','Automatic General Expense: Bank',0,NULL,0,1,1.000000,0),(1866,'2024-06-15','Automatic General Expense: Bank',0,NULL,0,1,1.000000,0),(1867,'2024-06-08','Automatic General Expense: Bank',0,NULL,0,1,1.000000,0),(1868,'2024-06-15','Automatic General Expense: Bank',0,NULL,0,1,1.000000,0),(1869,'2024-06-15','Automatic General Expense: Bank',0,NULL,0,1,1.000000,0),(1870,'2024-06-19','PTC Expense from: Admin',0,NULL,0,1,1.000000,0),(1871,'2024-06-12','PTC Expense from: Admin',0,NULL,0,1,1.000000,0),(1872,'2024-06-12','Automatic General Expense: Bank',0,NULL,0,1,1.000000,0),(1873,'2024-06-15','Automatic General Expense: Bank',0,NULL,0,1,1.000000,0),(1874,'2024-04-21','PTC Expense from: ADIL',0,NULL,0,1,1.000000,0),(1875,'2024-03-29','PTC Expense from: ADIL',0,NULL,0,1,1.000000,0),(1876,'2024-05-21','PTC Expense from: ADIL',0,NULL,0,1,1.000000,0),(1877,'2024-05-21','PTC Expense from: ADIL',0,NULL,0,1,1.000000,0),(1878,'2024-06-05','PTC Expense from: ADIL',0,NULL,0,1,1.000000,0),(1879,'2024-06-05','PTC Expense from: ADIL',0,NULL,0,1,1.000000,0),(1880,'2024-05-23','PTC Expense from: ADIL',0,NULL,0,1,1.000000,0),(1881,'2024-06-04','PTC Expense from: ADIL',0,NULL,0,1,1.000000,0),(1882,'2024-06-04','PTC Expense from: ADIL',0,NULL,0,1,1.000000,0),(1883,'2024-06-03','PTC Expense from: ADIL',0,NULL,0,1,1.000000,0),(1884,'2024-05-13','Automatic General Expense: Bank',0,NULL,0,1,1.000000,0),(1885,'2024-05-13','Automatic General Expense: Bank',0,NULL,0,1,1.000000,0),(1886,'2024-05-13','Automatic General Expense: Bank',0,NULL,0,1,1.000000,0),(1887,'2024-05-12','Automatic General Expense: Bank',0,NULL,0,1,1.000000,0),(1888,'2024-05-12','Automatic General Expense: Bank',0,NULL,0,1,1.000000,0),(1889,'2024-05-12','Automatic General Expense: Bank',0,NULL,0,1,1.000000,0),(1890,'2024-06-20','Automatic General Expense: Bank',0,NULL,0,1,1.000000,1),(1891,'2024-05-12','Automatic General Expense: Bank',0,NULL,0,1,1.000000,0),(1892,'2024-05-12','Automatic General Expense: Bank',0,NULL,0,1,1.000000,0),(1893,'2024-05-28','Automatic General Expense: Bank',0,NULL,0,1,1.000000,0),(1894,'2024-05-29','Automatic General Expense: Bank',0,NULL,0,1,1.000000,0),(1895,'2024-05-29','Automatic General Expense: Bank',0,NULL,0,1,1.000000,0),(1896,'2024-05-29','Automatic General Expense: Bank',0,NULL,0,1,1.000000,0),(1897,'2024-06-20','PTC Expense from: Admin',0,NULL,0,1,1.000000,0),(1898,'2024-06-20','PTC Expense from: Admin',0,NULL,0,1,1.000000,0),(1899,'2024-06-11','PTC Expense from: SAMEER',0,NULL,0,1,1.000000,0),(1900,'2024-06-13','PTC Expense from: SAMEER',0,NULL,0,1,1.000000,0),(1901,'2024-06-10','PTC Expense from: KUNNI',0,NULL,0,1,1.000000,0),(1902,'2024-06-20','PTC Expense from: KUNNI',0,NULL,0,1,1.000000,0),(1903,'2024-06-13','PTC Expense from: KUNNI',0,NULL,0,1,1.000000,0),(1904,'2024-06-12','PTC Expense from: KUNNI',0,NULL,0,1,1.000000,0),(1905,'2024-06-10','PTC Expense from: KUNNI',0,NULL,0,1,1.000000,0),(1906,'2024-06-10','PTC Expense from: KUNNI',0,NULL,0,1,1.000000,0),(1907,'2024-06-12','PTC Expense from: KUNNI',0,NULL,0,1,1.000000,0),(1908,'2024-06-11','PTC Expense from: KUNNI',0,NULL,0,1,1.000000,0),(1909,'2024-06-15','PTC Expense from: KUNNI',0,NULL,0,1,1.000000,0),(1910,'2024-06-13','Purchase Order: PURCHASE ORDER #327',0,NULL,0,4,0.100000,0),(1911,'2024-06-13','Automatic Purchase Payment: PURCHASE ORDER #327',0,NULL,0,4,0.100000,0),(1912,'2024-06-13','Purchase Order: PURCHASE ORDER #326',0,NULL,0,4,0.100000,0),(1913,'2024-06-13','Automatic Purchase Payment: PURCHASE ORDER #326',0,NULL,0,4,0.100000,0),(1914,'2024-06-22','Purchase Order: PURCHASE ORDER #329',0,NULL,0,4,0.100000,0),(1915,'2024-06-22','Automatic Purchase Payment: PURCHASE ORDER #329',0,NULL,0,4,0.100000,0),(1916,'2024-06-24','Automatic General Expense: Bank',0,NULL,0,1,1.000000,0),(1917,'2024-06-24','PTC Expense from: Admin',0,NULL,0,1,1.000000,0),(1918,'2024-06-23','Automatic General Expense: Bank',0,NULL,0,1,1.000000,0),(1919,'2024-05-27','Automatic General Expense: Bank',0,NULL,0,1,1.000000,0),(1920,'2024-06-11','Automatic General Expense: Bank',0,NULL,0,1,1.000000,0),(1921,'2024-05-30','Automatic General Expense: Bank',0,NULL,0,1,1.000000,0),(1922,'2024-05-27','Automatic General Expense: Bank',0,NULL,0,1,1.000000,0),(1923,'2024-06-24','PTC Expense from: Admin',0,NULL,0,1,1.000000,0),(1924,'2024-06-22','PTC Expense from: Admin',0,NULL,0,1,1.000000,0),(1925,'2024-06-24','PTC Expense from: Admin',0,NULL,0,1,1.000000,0),(1926,'2024-06-24','PTC Expense from: Admin',0,NULL,0,1,1.000000,0),(1927,'2024-06-16','PTC Expense from: KUNNI',0,NULL,0,1,1.000000,0),(1928,'2024-06-17','PTC Expense from: KUNNI',0,NULL,0,1,1.000000,0),(1929,'2024-06-06','PTC Expense from: KUNNI',0,NULL,0,1,1.000000,0),(1930,'2024-06-17','PTC Expense from: KUNNI',0,NULL,0,1,1.000000,0),(1931,'2024-06-19','PTC Expense from: KUNNI',0,NULL,0,1,1.000000,0),(1932,'2024-06-19','PTC Expense from: KUNNI',0,NULL,0,1,1.000000,0),(1933,'2024-06-15','PTC Expense from: KUNNI',0,NULL,0,1,1.000000,0),(1934,'2024-06-16','PTC Expense from: KUNNI',0,NULL,0,1,1.000000,0),(1935,'2024-06-16','PTC Expense from: KUNNI',0,NULL,0,1,1.000000,0),(1936,'2024-06-16','PTC Expense from: KUNNI',0,NULL,0,1,1.000000,0),(1937,'2024-06-20','PTC Expense from: KUNNI',0,NULL,0,1,1.000000,0),(1938,'2024-06-20','PTC Expense from: BHAGYESH',0,NULL,0,1,1.000000,0),(1939,'2024-06-20','PTC Expense from: KUNNI',0,NULL,0,1,1.000000,0),(1940,'2024-06-20','PTC Expense from: KUNNI',0,NULL,0,1,1.000000,0),(1941,'2024-06-26','PTC Expense from: Admin',0,NULL,0,1,1.000000,0),(1942,'2024-06-24','PTC Expense from: Admin',0,NULL,0,1,1.000000,0),(1943,'2024-06-22','PTC Expense from: Admin',0,NULL,0,1,1.000000,0),(1944,'2024-06-19','PTC Expense from: Admin',0,NULL,0,1,1.000000,0),(1945,'2024-06-23','PTC Expense from: Admin',0,NULL,0,1,1.000000,0),(1946,'2024-06-25','PTC Expense from: Admin',0,NULL,0,1,1.000000,0),(1947,'2024-06-01','PTC Expense from: JUNED',0,NULL,0,4,0.100000,0),(1948,'2024-06-01','PTC Expense from: JUNED',0,NULL,0,4,0.100000,0),(1949,'2024-06-01','PTC Expense from: JUNED',0,NULL,0,4,0.100000,0),(1950,'2024-06-02','PTC Expense from: LOAI ',0,NULL,0,4,0.100000,0),(1951,'2024-06-02','PTC Expense from: JUNED',0,NULL,0,4,0.100000,0),(1952,'2024-06-02','PTC Expense from: JUNED',0,NULL,0,4,0.100000,0),(1953,'2024-06-02','PTC Expense from: Ismail',0,NULL,0,4,0.100000,0),(1954,'2024-06-02','PTC Expense from: JUNED',0,NULL,0,4,0.100000,0),(1955,'2024-06-02','PTC Expense from: Ismail',0,NULL,0,4,0.100000,0),(1956,'2024-06-02','PTC Expense from: JUNED',0,NULL,0,4,0.100000,0),(1957,'2024-06-02','PTC Expense from: Ismail',0,NULL,0,4,0.100000,0),(1958,'2024-06-02','PTC Expense from: JUNED',0,NULL,0,4,0.100000,0),(1959,'2024-06-02','PTC Expense from: LOAI ',0,NULL,0,4,0.100000,0),(1960,'2024-06-02','PTC Expense from: LOAI ',0,NULL,0,4,0.100000,0),(1961,'2024-06-02','PTC Expense from: LOAI ',0,NULL,0,4,0.100000,0),(1962,'2024-06-02','PTC Expense from: LOAI ',0,NULL,0,4,0.100000,0),(1963,'2024-06-02','PTC Expense from: LOAI ',0,NULL,0,4,0.100000,0),(1964,'2024-06-02','PTC Expense from: LOAI ',0,NULL,0,4,0.100000,0),(1965,'2024-06-02','PTC Expense from: LOAI ',0,NULL,0,4,0.100000,0),(1966,'2024-06-02','PTC Expense from: LOAI ',0,NULL,0,4,0.100000,0),(1967,'2024-06-02','Automatic General Expense: Bank',0,NULL,0,4,0.100000,0),(1968,'2024-06-03','PTC Expense from: JUNED',0,NULL,0,4,0.100000,0),(1969,'2024-06-03','PTC Expense from: JUNED',0,NULL,0,4,0.100000,0),(1970,'2024-06-03','PTC Expense from: LOAI ',0,NULL,0,4,0.100000,0),(1971,'2024-06-04','PTC Expense from: JUNED',0,NULL,0,4,0.100000,0),(1972,'2024-06-04','PTC Expense from: JUNED',0,NULL,0,4,0.100000,0),(1973,'2024-06-04','PTC Expense from: JUNED',0,NULL,0,4,0.100000,0),(1974,'2024-06-04','PTC Expense from: JUNED',0,NULL,0,4,0.100000,0),(1975,'2024-06-04','PTC Expense from: JUNED',0,NULL,0,4,0.100000,0),(1976,'2024-06-04','PTC Expense from: JUNED',0,NULL,0,4,0.100000,0),(1977,'2024-06-05','PTC Expense from: JUNED',0,NULL,0,4,0.100000,0),(1978,'2024-06-06','PTC Expense from: JUNED',0,NULL,0,4,0.100000,0),(1979,'2024-06-06','PTC Expense from: JUNED',0,NULL,0,4,0.100000,0),(1980,'2024-06-06','PTC Expense from: JUNED',0,NULL,0,4,0.100000,0),(1981,'2024-06-08','PTC Expense from: JUNED',0,NULL,0,4,0.100000,0),(1982,'2024-06-08','PTC Expense from: JUNED',0,NULL,0,4,0.100000,0),(1983,'2024-06-08','PTC Expense from: JUNED',0,NULL,0,4,0.100000,0),(1984,'2024-06-09','PTC Expense from: JUNED',0,NULL,0,4,0.100000,0),(1985,'2024-06-09','PTC Expense from: JUNED',0,NULL,0,4,0.100000,0),(1986,'2024-06-10','PTC Expense from: JUNED',0,NULL,0,4,0.100000,0),(1987,'2024-06-10','PTC Expense from: JUNED',0,NULL,0,4,0.100000,0),(1988,'2024-06-10','PTC Expense from: JUNED',0,NULL,0,4,0.100000,0),(1989,'2024-06-10','PTC Expense from: JUNED',0,NULL,0,4,0.100000,0),(1990,'2024-06-10','PTC Expense from: JUNED',0,NULL,0,4,0.100000,0),(1991,'2024-06-10','PTC Expense from: LOAI ',0,NULL,0,4,0.100000,0),(1992,'2024-06-10','PTC Expense from: LOAI ',0,NULL,0,4,0.100000,0),(1993,'2024-06-10','PTC Expense from: LOAI ',0,NULL,0,4,0.100000,0),(1994,'2024-06-10','PTC Expense from: LOAI ',0,NULL,0,4,0.100000,0),(1995,'2024-06-10','PTC Expense from: LOAI ',0,NULL,0,4,0.100000,0),(1996,'2024-06-10','PTC Expense from: LOAI ',0,NULL,0,4,0.100000,0),(1997,'2024-06-11','PTC Expense from: JUNED',0,NULL,0,4,0.100000,0),(1998,'2024-06-11','PTC Expense from: JUNED',0,NULL,0,4,0.100000,0),(1999,'2024-06-11','Automatic General Expense: Bank',0,NULL,0,4,0.100000,0),(2000,'2024-06-11','Automatic General Expense: Bank',0,NULL,0,4,0.100000,0),(2001,'2024-06-12','PTC Expense from: JUNED',0,NULL,0,4,0.100000,0),(2002,'2024-06-12','PTC Expense from: JUNED',0,NULL,0,4,0.100000,0),(2003,'2024-06-12','PTC Expense from: JUNED',0,NULL,0,4,0.100000,0),(2004,'2024-06-12','PTC Expense from: JUNED',0,NULL,0,4,0.100000,0),(2005,'2024-06-12','PTC Expense from: JUNED',0,NULL,0,4,0.100000,0),(2006,'2024-06-13','PTC Expense from: JUNED',0,NULL,0,4,0.100000,0),(2007,'2024-06-13','PTC Expense from: LOAI ',0,NULL,0,4,0.100000,0),(2008,'2024-06-13','PTC Expense from: JUNED',0,NULL,0,4,0.100000,0),(2009,'2024-06-15','PTC Expense from: LOAI ',0,NULL,0,4,0.100000,0),(2010,'2024-06-15','PTC Expense from: LOAI ',0,NULL,0,4,0.100000,0),(2011,'2024-06-15','PTC Expense from: LOAI ',0,NULL,0,4,0.100000,0),(2012,'2024-06-15','PTC Expense from: LOAI ',0,NULL,0,4,0.100000,0),(2013,'2024-06-15','PTC Expense from: JUNED',0,NULL,0,4,0.100000,0),(2014,'2024-06-15','PTC Expense from: JUNED',0,NULL,0,4,0.100000,0),(2015,'2024-06-15','PTC Expense from: JUNED',0,NULL,0,4,0.100000,0),(2016,'2024-06-15','PTC Expense from: JUNED',0,NULL,0,4,0.100000,0),(2017,'2024-06-20','PTC Expense from: JUNED',0,NULL,0,4,0.100000,0),(2018,'2024-06-20','PTC Expense from: JUNED',0,NULL,0,4,0.100000,0),(2019,'2024-06-20','PTC Expense from: JUNED',0,NULL,0,4,0.100000,0),(2020,'2024-06-22','PTC Expense from: JUNED',0,NULL,0,4,0.100000,0),(2021,'2024-06-22','PTC Expense from: JUNED',0,NULL,0,4,0.100000,0),(2022,'2024-06-22','PTC Expense from: LOAI ',0,NULL,0,4,0.100000,0),(2023,'2024-06-22','PTC Expense from: LOAI ',0,NULL,0,4,0.100000,0),(2024,'2024-06-22','Automatic General Expense: Bank',0,NULL,0,4,0.100000,0),(2025,'2024-06-23','PTC Expense from: JUNED',0,NULL,0,4,0.100000,0),(2026,'2024-06-23','PTC Expense from: JUNED',0,NULL,0,4,0.100000,0),(2027,'2024-06-23','PTC Expense from: JUNED',0,NULL,0,4,0.100000,0),(2028,'2024-06-23','PTC Expense from: JUNED',0,NULL,0,4,0.100000,0),(2029,'2024-06-24','PTC Expense from: JUNED',0,NULL,0,4,0.100000,0),(2030,'2024-06-24','PTC Expense from: JUNED',0,NULL,0,4,0.100000,0),(2031,'2024-06-24','PTC Expense from: JUNED',0,NULL,0,4,0.100000,0),(2032,'2024-06-24','PTC Expense from: JUNED',0,NULL,0,4,0.100000,0),(2033,'2024-06-25','PTC Expense from: JUNED',0,NULL,0,4,0.100000,0),(2034,'2024-06-25','PTC Expense from: JUNED',0,NULL,0,4,0.100000,0),(2035,'2024-06-25','PTC Expense from: JUNED',0,NULL,0,4,0.100000,0),(2036,'2024-06-25','PTC Expense from: JUNED',0,NULL,0,4,0.100000,0),(2037,'2024-06-25','Automatic General Expense: Bank',0,NULL,0,4,0.100000,0),(2038,'2024-06-25','PTC Expense from: Admin',0,NULL,0,1,1.000000,0),(2039,'2024-06-25','PTC Expense from: Admin',0,NULL,0,1,1.000000,0),(2040,'2024-06-26','PTC Expense from: Admin',0,NULL,0,1,1.000000,0),(2041,'2024-06-27','PTC Expense from: Admin',0,NULL,0,1,1.000000,0),(2042,'2024-06-27','PTC Expense from: Admin',0,NULL,0,1,1.000000,0),(2043,'2024-06-27','PTC Expense from: Admin',0,NULL,0,1,1.000000,0),(2044,'2024-06-22','Automatic Purchase Payment: PURCHASE ORDER #330',0,NULL,0,4,0.100000,0),(2045,'2024-06-22','Purchase Order: PURCHASE ORDER #330',0,NULL,0,4,0.100000,0),(2046,'2024-06-22','Automatic Purchase Payment: PURCHASE ORDER #331',0,NULL,0,4,0.100000,0),(2047,'2024-06-22','Purchase Order: PURCHASE ORDER #331',0,NULL,0,4,0.100000,0),(2048,'2024-06-24','PTC Expense from: KUNNI',0,NULL,0,1,1.000000,0),(2049,'2024-06-29','PTC Expense from: KUNNI',0,NULL,0,1,1.000000,0),(2050,'2024-06-30','PTC Expense from: KUNNI',0,NULL,0,1,1.000000,0),(2051,'2024-06-27','PTC Expense from: Admin',0,NULL,0,1,1.000000,0),(2052,'2024-06-27','PTC Expense from: Admin',0,NULL,0,1,1.000000,0),(2053,'2024-06-26','PTC Expense from: KUNNI',0,NULL,0,1,1.000000,0),(2054,'2024-06-26','PTC Expense from: BAIJU',0,NULL,0,1,1.000000,0),(2055,'2024-06-25','PTC Expense from: Admin',0,NULL,0,1,1.000000,0),(2056,'2024-06-24','PTC Expense from: BAIJU',0,NULL,0,1,1.000000,0),(2057,'2024-06-30','Automatic General Expense: Bank',0,NULL,0,1,1.000000,0),(2058,'2024-05-26','Automatic General Expense: Bank',0,NULL,0,1,1.000000,0),(2059,'2024-06-22','PTC Expense from: KUNNI',0,NULL,0,1,1.000000,0),(2060,'2024-06-25','PTC Expense from: KUNNI',0,NULL,0,1,1.000000,0),(2061,'2024-06-23','PTC Expense from: KUNNI',0,NULL,0,1,1.000000,0),(2062,'2024-06-23','PTC Expense from: KUNNI',0,NULL,0,1,1.000000,0),(2063,'2024-06-28','PTC Expense from: KUNNI',0,NULL,0,1,1.000000,0),(2064,'2024-06-27','PTC Expense from: KUNNI',0,NULL,0,1,1.000000,0),(2065,'2024-06-28','PTC Expense from: KUNNI',0,NULL,0,1,1.000000,0),(2066,'2024-06-30','PTC Expense from: SAYYAF',0,NULL,0,1,1.000000,0),(2067,'2024-06-29','Automatic General Expense: Bank',0,NULL,0,1,1.000000,0),(2068,'2024-06-29','Automatic General Expense: Bank',0,NULL,0,1,1.000000,0),(2069,'2024-06-29','Automatic General Expense: Bank',0,NULL,0,1,1.000000,0),(2070,'2024-06-29','Automatic General Expense: Bank',0,NULL,0,1,1.000000,0),(2071,'2024-06-29','Automatic General Expense: Bank',0,NULL,0,1,1.000000,0),(2072,'2024-06-29','Automatic General Expense: Bank',0,NULL,0,1,1.000000,0),(2073,'2024-06-29','Automatic General Expense: Bank',0,NULL,0,1,1.000000,0),(2074,'2024-06-29','Automatic General Expense: Bank',0,NULL,0,1,1.000000,0),(2075,'2024-06-29','Automatic General Expense: Bank',0,NULL,0,1,1.000000,0),(2076,'2024-05-27','Automatic General Expense: Bank',0,NULL,0,1,1.000000,0),(2077,'2024-05-29','Automatic General Expense: Bank',0,NULL,0,1,1.000000,0),(2078,'2024-05-23','Automatic General Expense: Bank',0,NULL,0,1,1.000000,0),(2079,'2024-06-29','Automatic General Expense: Bank',0,NULL,0,1,1.000000,0),(2080,'2024-06-29','Automatic General Expense: Bank',0,NULL,0,1,1.000000,0),(2081,'2024-05-09','Automatic General Expense: Bank',0,NULL,0,1,1.000000,0),(2082,'2024-06-15','Automatic General Expense: Bank',0,NULL,0,1,1.000000,0),(2083,'2024-06-23','Automatic General Expense: Bank',0,NULL,0,1,1.000000,0),(2084,'2024-06-23','Automatic General Expense: Bank',0,NULL,0,1,1.000000,0),(2085,'2024-06-30','Automatic General Expense: Bank',0,NULL,0,1,1.000000,0),(2086,'2024-04-21','Automatic General Expense: Bank',0,NULL,0,1,1.000000,0),(2087,'2024-04-24','Automatic General Expense: Bank',0,NULL,0,1,1.000000,0),(2088,'2024-04-29','Automatic General Expense: Bank',0,NULL,0,1,1.000000,0),(2089,'2024-04-30','Automatic General Expense: Bank',0,NULL,0,1,1.000000,0),(2090,'2024-05-27','Automatic General Expense: Bank',0,NULL,0,1,1.000000,0),(2091,'2024-05-27','Automatic General Expense: Bank',0,NULL,0,1,1.000000,0),(2092,'2024-05-27','Automatic General Expense: Bank',0,NULL,0,1,1.000000,0),(2093,'2024-06-30','PTC Expense from: Admin',0,NULL,0,1,1.000000,0),(2094,'2024-06-28','PTC Expense from: Admin',0,NULL,0,1,1.000000,0),(2095,'2024-06-27','PTC Expense from: Admin',0,NULL,0,1,1.000000,0),(2096,'2024-06-26','PTC Expense from: Admin',0,NULL,0,1,1.000000,0),(2097,'2024-06-25','PTC Expense from: Admin',0,NULL,0,1,1.000000,0),(2098,'2024-06-25','PTC Expense from: Admin',0,NULL,0,1,1.000000,0),(2099,'2024-06-30','PTC Expense from: Admin',0,NULL,0,1,1.000000,0),(2100,'2024-06-28','PTC Expense from: Admin',0,NULL,0,1,1.000000,0),(2101,'2024-06-26','PTC Expense from: Admin',0,NULL,0,1,1.000000,0),(2102,'2024-06-28','PTC Expense from: Admin',0,NULL,0,1,1.000000,0),(2103,'2024-05-04','Automatic General Expense: Bank',0,NULL,0,1,1.000000,0),(2104,'2024-06-23','Automatic General Expense: Bank',0,NULL,0,1,1.000000,0),(2105,'2024-11-27','Automatic General Expense: Bank',0,NULL,0,1,1.000000,0),(2106,'2024-05-16','Automatic General Expense: Bank',0,NULL,0,1,1.000000,0),(2107,'2024-06-04','Automatic General Expense: Bank',0,NULL,0,1,1.000000,0),(2108,'2024-06-04','Automatic General Expense: Bank',0,NULL,0,1,1.000000,0),(2109,'2024-05-23','Automatic General Expense: Bank',0,NULL,0,1,1.000000,0),(2110,'2024-06-13','Automatic General Expense: Bank',0,NULL,0,1,1.000000,0),(2111,'2024-05-14','Automatic General Expense: Bank',0,NULL,0,1,1.000000,0),(2112,'2024-06-16','Automatic General Expense: Bank',0,NULL,0,1,1.000000,0),(2113,'2024-06-23','Automatic General Expense: Bank',0,NULL,0,1,1.000000,0),(2114,'2024-05-13','Automatic General Expense: Bank',0,NULL,0,1,1.000000,0),(2115,'2024-05-07','Automatic General Expense: Bank',0,NULL,0,1,1.000000,0),(2116,'2024-05-16','Automatic General Expense: Bank',0,NULL,0,1,1.000000,0),(2117,'2024-05-26','Automatic General Expense: Bank',0,NULL,0,1,1.000000,0),(2118,'2024-06-01','Automatic General Expense: Bank',0,NULL,0,1,1.000000,0),(2119,'2024-06-04','Automatic General Expense: Bank',0,NULL,0,1,1.000000,0),(2120,'2024-06-04','Automatic General Expense: Bank',0,NULL,0,1,1.000000,0),(2121,'2024-06-10','Automatic General Expense: Bank',0,NULL,0,1,1.000000,0),(2122,'2024-05-20','Automatic General Expense: Bank',0,NULL,0,1,1.000000,0),(2123,'2024-06-13','Automatic General Expense: Bank',0,NULL,0,1,1.000000,0),(2124,'2024-06-23','Automatic General Expense: Bank',0,NULL,0,1,1.000000,0),(2125,'2024-06-20','Automatic General Expense: Bank',0,NULL,0,1,1.000000,0),(2126,'2024-05-29','Automatic General Expense: Bank',0,NULL,0,1,1.000000,0),(2127,'2024-05-20','Automatic General Expense: Bank',0,NULL,0,1,1.000000,0),(2128,'2024-06-09','Automatic General Expense: Bank',0,NULL,0,1,1.000000,0),(2129,'2024-06-03','Automatic General Expense: Bank',0,NULL,0,1,1.000000,0),(2130,'2024-06-08','Automatic General Expense: Bank',0,NULL,0,1,1.000000,0),(2131,'2024-05-25','Automatic General Expense: Bank',0,NULL,0,1,1.000000,0),(2132,'2024-05-18','Automatic General Expense: Bank',0,NULL,0,1,1.000000,0),(2133,'2024-05-26','Automatic General Expense: Bank',0,NULL,0,1,1.000000,0),(2134,'2024-05-31','Automatic General Expense: Bank',0,NULL,0,1,1.000000,0),(2135,'2024-05-16','Automatic General Expense: Bank',0,NULL,0,1,1.000000,0),(2136,'2024-05-30','Automatic General Expense: Bank',0,NULL,0,1,1.000000,0),(2137,'2024-05-26','Automatic General Expense: Bank',0,NULL,0,1,1.000000,0),(2138,'2024-06-10','Automatic General Expense: Bank',0,NULL,0,1,1.000000,0),(2139,'2024-05-25','Automatic General Expense: Bank',0,NULL,0,1,1.000000,0),(2140,'2024-05-16','Automatic General Expense: Bank',0,NULL,0,1,1.000000,0),(2141,'2024-05-31','Automatic General Expense: Bank',0,NULL,0,1,1.000000,0),(2142,'2024-04-09','Automatic General Expense: Bank',0,NULL,0,1,1.000000,0),(2143,'2024-04-22','Automatic General Expense: Bank',0,NULL,0,1,1.000000,0),(2144,'2024-06-03','Automatic General Expense: Bank',0,NULL,0,1,1.000000,0),(2145,'2024-06-30','Automatic General Expense: Bank',0,NULL,0,1,1.000000,0),(2146,'2024-05-13','PTC Expense from: SAYYAF',0,NULL,0,1,1.000000,0),(2147,'2024-06-03','Automatic General Expense: Bank',0,NULL,0,1,1.000000,0),(2148,'2024-06-03','Automatic General Expense: Bank',0,NULL,0,1,1.000000,0),(2149,'2024-06-03','Automatic General Expense: Bank',0,NULL,0,1,1.000000,0),(2150,'2024-06-29','PTC Expense from: Admin',0,NULL,0,1,1.000000,0),(2151,'2024-06-04','PTC Expense from: ARASU',0,NULL,0,1,1.000000,0),(2152,'2024-05-19','PTC Expense from: ARASU',0,NULL,0,1,1.000000,0),(2153,'2024-06-19','PTC Expense from: ARASU',0,NULL,0,1,1.000000,0),(2154,'2024-06-22','PTC Expense from: ARASU',0,NULL,0,1,1.000000,0),(2155,'2024-06-24','PTC Expense from: ARASU',0,NULL,0,1,1.000000,0),(2156,'2024-06-24','PTC Expense from: ARASU',0,NULL,0,1,1.000000,0),(2157,'2024-06-26','PTC Expense from: ARASU',0,NULL,0,1,1.000000,0),(2158,'2024-06-30','PTC Expense from: ARASU',0,NULL,0,1,1.000000,0),(2159,'2024-06-30','PTC Expense from: ARASU',0,NULL,0,1,1.000000,0),(2160,'2024-06-30','PTC Expense from: ARASU',0,NULL,0,1,1.000000,0),(2161,'2024-07-02','PTC Expense from: ARASU',0,NULL,0,1,1.000000,0),(2162,'2024-07-04','PTC Expense from: ARASU',0,NULL,0,1,1.000000,0),(2163,'2024-06-26','Automatic General Expense: Bank',0,NULL,0,1,1.000000,0),(2164,'2024-06-30','PTC Expense from: ARASU',0,NULL,0,1,1.000000,0),(2165,'2024-06-25','Automatic General Expense: Bank',0,NULL,0,1,1.000000,0),(2166,'2024-07-11','Automatic General Expense: Bank',0,NULL,0,1,1.000000,0),(2167,'2024-07-02','Automatic General Expense: Bank',0,NULL,0,1,1.000000,0),(2168,'2024-05-26','Automatic General Expense: Bank',0,NULL,0,1,1.000000,0),(2169,'2024-06-25','Automatic General Expense: Bank',0,NULL,0,1,1.000000,0),(2170,'2024-07-10','Automatic General Expense: Bank',0,NULL,0,1,1.000000,0),(2171,'2024-06-20','Automatic General Expense: Bank',0,NULL,0,1,1.000000,0),(2172,'2024-06-30','Automatic General Expense: Bank',0,NULL,0,1,1.000000,0),(2173,'2024-06-20','Automatic General Expense: Bank',0,NULL,0,1,1.000000,0),(2174,'2024-06-30','Automatic General Expense: Bank',0,NULL,0,1,1.000000,0),(2175,'2024-06-23','Automatic General Expense: Bank',0,NULL,0,1,1.000000,0),(2176,'2024-05-28','Automatic General Expense: Bank',0,NULL,0,1,1.000000,0),(2177,'2024-06-03','PTC Expense from: BAIJU',0,NULL,0,1,1.000000,0),(2178,'2024-06-04','PTC Expense from: BAIJU',0,NULL,0,1,1.000000,0),(2179,'2024-06-01','PTC Expense from: BAIJU',0,NULL,0,1,1.000000,0),(2180,'2024-06-03','PTC Expense from: BAIJU',0,NULL,0,1,1.000000,0),(2181,'2024-06-04','PTC Expense from: BAIJU',0,NULL,0,1,1.000000,0),(2182,'2024-06-04','PTC Expense from: BAIJU',0,NULL,0,1,1.000000,0),(2183,'2024-06-05','PTC Expense from: BAIJU',0,NULL,0,1,1.000000,0),(2184,'2024-06-04','PTC Expense from: BAIJU',0,NULL,0,1,1.000000,0),(2185,'2024-06-03','PTC Expense from: BAIJU',0,NULL,0,1,1.000000,0),(2186,'2024-06-03','PTC Expense from: BAIJU',0,NULL,0,1,1.000000,0),(2187,'2024-06-03','PTC Expense from: BAIJU',0,NULL,0,1,1.000000,0),(2188,'2024-06-03','PTC Expense from: BAIJU',0,NULL,0,1,1.000000,0),(2189,'2024-06-03','PTC Expense from: BAIJU',0,NULL,0,1,1.000000,0),(2190,'2024-06-05','PTC Expense from: BAIJU',0,NULL,0,1,1.000000,0),(2191,'2024-06-05','PTC Expense from: BAIJU',0,NULL,0,1,1.000000,0),(2192,'2024-06-30','PTC Expense from: Admin',0,NULL,0,1,1.000000,0),(2193,'2024-06-26','PTC Expense from: Admin',0,NULL,0,1,1.000000,0),(2194,'2024-06-30','PTC Expense from: Admin',0,NULL,0,1,1.000000,0),(2195,'2024-06-09','PTC Expense from: Admin',0,NULL,0,1,1.000000,0),(2196,'2024-06-27','PTC Expense from: Admin',0,NULL,0,1,1.000000,0),(2197,'2024-06-15','PTC Expense from: Admin',0,NULL,0,1,1.000000,0),(2198,'2025-02-24','receipt_voucher',1,'',0,1,1.000000,0),(2199,'2024-05-19','PTC Expense from: LOAI ',0,NULL,0,4,0.100000,0),(2200,'2024-03-19','PTC Expense from: LOAI ',0,NULL,0,4,0.100000,0),(2201,'2024-03-19','PTC Expense from: LOAI ',0,NULL,0,4,0.100000,0),(2202,'2024-02-18','PTC Expense from: JUNED',0,NULL,0,4,0.100000,0),(2203,'2024-04-23','PTC Expense from: JUNED',0,NULL,0,4,0.100000,1),(2204,'2024-01-18','PTC Expense from: LOAI ',0,NULL,0,4,0.100000,0),(2205,'2024-04-07','PTC Expense from: LOAI ',0,NULL,0,4,0.100000,0),(2206,'2024-04-23','PTC Expense from: JUNED',0,NULL,0,4,0.100000,0);


