-- Table structure for table `payment_methods`
--

CREATE TABLE `payment_methods` (
  `id` int(11) NOT NULL AUTO_INCREMENT,
  `title` text COLLATE utf8_unicode_ci NOT NULL,
  `type` varchar(100) COLLATE utf8_unicode_ci NOT NULL DEFAULT 'custom',
  `description` text COLLATE utf8_unicode_ci NOT NULL,
  `online_payable` tinyint(1) NOT NULL DEFAULT '0',
  `available_on_invoice` tinyint(1) NOT NULL DEFAULT '0',
  `minimum_payment_amount` double NOT NULL DEFAULT '0',
  `settings` longtext COLLATE utf8_unicode_ci NOT NULL,
  `deleted` tinyint(1) NOT NULL DEFAULT '0',
  PRIMARY KEY (`id`)
) ENGINE=InnoDB AUTO_INCREMENT=6 DEFAULT CHARSET=utf8 COLLATE=utf8_unicode_ci;

--
-- Dumping data for table `payment_methods`
--

INSERT INTO `payment_methods` VALUES (1,'Cash','custom','',0,0,0,'a:0:{}',0),(4,'Bank transfer / Card','custom','',0,0,0,'a:0:{}',0),(5,'Cheque','custom','',0,0,0,'a:0:{}',0);

--
-- Table structure for table `paypal_ipn`
--

CREATE TABLE `paypal_ipn` (
  `id` int(11) NOT NULL AUTO_INCREMENT,
  `transaction_id` tinytext COLLATE utf8_unicode_ci,
  `ipn_hash` longtext COLLATE utf8_unicode_ci NOT NULL,
  `ipn_data` longtext COLLATE utf8_unicode_ci NOT NULL,
  `deleted` tinyint(1) NOT NULL DEFAULT '0',
  PRIMARY KEY (`id`)
) ENGINE=InnoDB DEFAULT CHARSET=utf8 COLLATE=utf8_unicode_ci;

--
-- Dumping data for table `paypal_ipn`
--


--
-- Table structure for table `payroll`
--

CREATE TABLE `payroll` (
  `id` int(11) NOT NULL AUTO_INCREMENT,
  `month` date NOT NULL,
  `status` varchar(255) COLLATE utf8_unicode_ci NOT NULL DEFAULT 'draft',
  `deleted` int(11) NOT NULL DEFAULT '0',
  `payment_item_id` int(11) NOT NULL DEFAULT '0',
  `cost_center_id` int(11) NOT NULL DEFAULT '1',
  PRIMARY KEY (`id`)
) ENGINE=MyISAM AUTO_INCREMENT=23 DEFAULT CHARSET=utf8 COLLATE=utf8_unicode_ci;

--
-- Dumping data for table `payroll`
--

INSERT INTO `payroll` VALUES (1,'2023-02-01','processed',0,76,1),(2,'2023-06-01','draft',0,0,1),(3,'2023-02-01','draft',0,0,1),(4,'2023-01-01','draft',0,0,1),(5,'2023-03-01','processed',0,76,1),(6,'2023-05-01','processed',0,126,1),(7,'2023-06-01','draft',0,0,1),(8,'2023-08-01','processed',0,126,1),(9,'2023-06-01','processed',0,76,1),(10,'2023-08-01','processed',0,76,1),(11,'2023-08-01','processed',0,76,1),(12,'2023-08-01','processed',0,76,1),(13,'2023-08-01','processed',0,76,1),(14,'2023-09-01','processed',0,76,1),(15,'2023-10-01','draft',0,0,2),(16,'2023-12-01','approved',0,0,1),(17,'2023-12-01','draft',0,0,1),(18,'2024-01-01','draft',0,0,1),(19,'2023-12-01','draft',1,0,5),(20,'2024-01-01','pending',1,0,5),(21,'2024-02-01','draft',1,0,4),(22,'2024-03-01','draft',1,0,4);

--
-- Table structure for table `payroll_detail`
--

CREATE TABLE `payroll_detail` (
  `id` int(11) NOT NULL AUTO_INCREMENT,
  `payroll_id` int(11) NOT NULL,
  `employee_id` int(11) NOT NULL,
  `salary` float(8,3) NOT NULL,
  `manual_deduction` float(8,3) NOT NULL,
  `manual_deduction_reason` text COLLATE utf8_unicode_ci,
  `manual_bounce` float(8,3) NOT NULL,
  `manual_bonus_reason` text COLLATE utf8_unicode_ci,
  `advance` float(10,3) NOT NULL,
  `loan` float(10,3) NOT NULL,
  `pasi_company` double DEFAULT '0',
  `pasi_employee` double DEFAULT '0',
  `job_s_company` double DEFAULT '0',
  `job_s_employee` double DEFAULT '0',
  `files` text COLLATE utf8_unicode_ci,
  `deleted` int(11) NOT NULL DEFAULT '0',
  PRIMARY KEY (`id`)
) ENGINE=MyISAM AUTO_INCREMENT=420 DEFAULT CHARSET=utf8 COLLATE=utf8_unicode_ci;

--
-- Dumping data for table `payroll_detail`
--

INSERT INTO `payroll_detail` VALUES (1,1,1,0.000,0.000,NULL,0.000,NULL,0.000,0.000,0,0,0,0,NULL,0),(2,1,2,0.000,0.000,NULL,0.000,NULL,0.000,0.000,0,0,0,0,NULL,0),(3,1,13,0.000,0.000,NULL,0.000,NULL,0.000,0.000,0,0,0,0,NULL,0),(4,1,12,0.000,0.000,NULL,0.000,NULL,0.000,0.000,0,0,0,0,NULL,0),(5,1,18,0.000,0.000,NULL,0.000,NULL,0.000,0.000,0,0,0,0,NULL,0),(6,1,16,0.000,0.000,NULL,0.000,NULL,0.000,0.000,0,0,0,0,NULL,0),(7,1,9,0.000,0.000,NULL,0.000,NULL,0.000,0.000,0,0,0,0,NULL,0),(8,1,20,0.000,0.000,NULL,0.000,NULL,0.000,0.000,0,0,0,0,NULL,0),(9,1,19,0.000,0.000,NULL,0.000,NULL,0.000,0.000,0,0,0,0,NULL,0),(10,2,1,0.000,0.000,NULL,0.000,NULL,0.000,0.000,0,0,0,0,NULL,0),(11,2,2,0.000,0.000,NULL,0.000,NULL,0.000,0.000,0,0,0,0,NULL,0),(12,2,13,0.000,0.000,NULL,0.000,NULL,0.000,0.000,0,0,0,0,NULL,0),(13,2,12,0.000,0.000,NULL,0.000,NULL,0.000,0.000,0,0,0,0,NULL,0),(14,2,18,0.000,0.000,NULL,0.000,NULL,0.000,0.000,0,0,0,0,NULL,0),(15,2,16,0.000,0.000,NULL,0.000,NULL,0.000,0.000,0,0,0,0,NULL,0),(16,2,9,0.000,0.000,NULL,0.000,NULL,0.000,0.000,0,0,0,0,NULL,0),(17,2,20,0.000,0.000,NULL,0.000,NULL,0.000,0.000,0,0,0,0,NULL,0),(18,2,19,0.000,0.000,NULL,0.000,NULL,0.000,0.000,0,0,0,0,NULL,0),(19,3,1,0.000,0.000,NULL,0.000,NULL,0.000,0.000,0,0,0,0,NULL,0),(20,3,2,0.000,0.000,NULL,0.000,NULL,0.000,0.000,0,0,0,0,NULL,0),(21,3,13,0.000,0.000,NULL,0.000,NULL,0.000,0.000,0,0,0,0,NULL,0),(22,3,21,50000.000,0.000,NULL,0.000,NULL,0.000,0.000,0,0,0,0,NULL,0),(23,3,12,0.000,0.000,NULL,0.000,NULL,0.000,0.000,0,0,0,0,NULL,0),(24,3,18,0.000,0.000,NULL,0.000,NULL,0.000,0.000,0,0,0,0,NULL,0),(25,3,16,0.000,0.000,NULL,0.000,NULL,0.000,0.000,0,0,0,0,NULL,0),(26,3,22,0.000,0.000,NULL,0.000,NULL,0.000,0.000,0,0,0,0,NULL,0),(27,3,23,0.000,0.000,NULL,0.000,NULL,0.000,0.000,0,0,0,0,NULL,0),(28,3,9,0.000,0.000,NULL,0.000,NULL,0.000,0.000,0,0,0,0,NULL,0),(29,3,20,0.000,0.000,NULL,0.000,NULL,0.000,0.000,0,0,0,0,NULL,0),(30,3,19,0.000,0.000,NULL,0.000,NULL,0.000,0.000,0,0,0,0,NULL,0),(31,3,24,0.000,0.000,NULL,0.000,NULL,0.000,0.000,0,0,0,0,NULL,0),(32,3,25,250.000,0.000,NULL,0.000,NULL,0.000,0.000,0,0,0,0,NULL,0),(33,3,29,400.000,0.000,NULL,0.000,NULL,0.000,0.000,0,0,0,0,NULL,0),(34,3,27,300.000,0.000,NULL,0.000,NULL,0.000,0.000,0,0,0,0,NULL,0),(35,3,28,250.000,0.000,NULL,0.000,NULL,0.000,0.000,0,0,0,0,NULL,0),(36,3,31,420.000,0.000,NULL,0.000,NULL,0.000,0.000,0,0,0,0,NULL,0),(37,3,33,520.000,0.000,NULL,0.000,NULL,0.000,0.000,0,0,0,0,NULL,0),(38,3,34,500.000,0.000,NULL,0.000,NULL,0.000,0.000,0,0,0,0,NULL,0),(39,3,26,450.000,0.000,NULL,0.000,NULL,0.000,0.000,0,0,0,0,NULL,0),(40,3,32,580.000,0.000,NULL,0.000,NULL,0.000,0.000,0,0,0,0,NULL,0),(41,3,30,350.000,0.000,NULL,0.000,NULL,0.000,0.000,0,0,0,0,NULL,0),(42,3,35,420.000,0.000,NULL,0.000,NULL,0.000,0.000,0,0,0,0,NULL,0),(43,3,36,250.000,0.000,NULL,0.000,NULL,0.000,0.000,0,0,0,0,NULL,0),(44,4,1,0.000,0.000,NULL,0.000,NULL,0.000,0.000,0,0,0,0,NULL,0),(45,4,2,0.000,0.000,NULL,0.000,NULL,0.000,0.000,0,0,0,0,NULL,0),(46,4,13,0.000,0.000,NULL,0.000,NULL,0.000,0.000,0,0,0,0,NULL,0),(47,4,21,50000.000,0.000,NULL,0.000,NULL,0.000,0.000,0,0,0,0,NULL,0),(48,4,12,0.000,0.000,NULL,0.000,NULL,0.000,0.000,0,0,0,0,NULL,0),(49,4,18,0.000,0.000,NULL,0.000,NULL,0.000,0.000,0,0,0,0,NULL,0),(50,4,16,0.000,0.000,NULL,0.000,NULL,0.000,0.000,0,0,0,0,NULL,0),(51,4,22,0.000,0.000,NULL,0.000,NULL,0.000,0.000,0,0,0,0,NULL,0),(52,4,23,0.000,0.000,NULL,0.000,NULL,0.000,0.000,0,0,0,0,NULL,0),(53,4,9,0.000,0.000,NULL,0.000,NULL,0.000,0.000,0,0,0,0,NULL,0),(54,4,20,0.000,0.000,NULL,0.000,NULL,0.000,0.000,0,0,0,0,NULL,0),(55,4,19,0.000,0.000,NULL,0.000,NULL,0.000,0.000,0,0,0,0,NULL,0),(56,4,24,0.000,0.000,NULL,0.000,NULL,0.000,0.000,0,0,0,0,NULL,0),(57,4,25,250.000,0.000,NULL,0.000,NULL,0.000,0.000,0,0,0,0,NULL,0),(58,4,29,400.000,0.000,NULL,0.000,NULL,0.000,0.000,0,0,0,0,NULL,0),(59,4,27,300.000,0.000,NULL,0.000,NULL,0.000,0.000,0,0,0,0,NULL,0),(60,4,28,250.000,0.000,NULL,0.000,NULL,0.000,0.000,0,0,0,0,NULL,0),(61,4,31,420.000,0.000,NULL,0.000,NULL,0.000,0.000,0,0,0,0,NULL,0),(62,4,33,520.000,0.000,NULL,0.000,NULL,0.000,0.000,0,0,0,0,NULL,0),(63,4,34,500.000,0.000,NULL,0.000,NULL,0.000,0.000,0,0,0,0,NULL,0),(64,4,26,450.000,0.000,NULL,0.000,NULL,0.000,0.000,0,0,0,0,NULL,0),(65,4,32,580.000,0.000,NULL,0.000,NULL,0.000,0.000,0,0,0,0,NULL,0),(66,4,30,350.000,0.000,NULL,0.000,NULL,0.000,0.000,0,0,0,0,NULL,0),(67,4,35,420.000,0.000,NULL,0.000,NULL,0.000,0.000,0,0,0,0,NULL,0),(68,4,36,250.000,0.000,NULL,0.000,NULL,0.000,0.000,0,0,0,0,NULL,0),(69,5,1,0.000,0.000,NULL,0.000,NULL,0.000,0.000,0,0,0,0,NULL,0),(70,5,2,0.000,0.000,NULL,0.000,NULL,0.000,0.000,0,0,0,0,NULL,0),(71,5,13,0.000,0.000,'',0.000,'',0.000,0.000,0,0,0,0,NULL,0),(72,5,21,50000.000,0.000,NULL,0.000,NULL,0.000,0.000,0,0,0,0,NULL,0),(73,5,12,0.000,0.000,NULL,0.000,NULL,0.000,0.000,0,0,0,0,NULL,0),(74,5,18,0.000,0.000,NULL,0.000,NULL,0.000,0.000,0,0,0,0,NULL,0),(75,5,16,0.000,0.000,NULL,0.000,NULL,0.000,0.000,0,0,0,0,NULL,0),(76,5,37,0.000,0.000,NULL,0.000,NULL,0.000,0.000,0,0,0,0,NULL,0),(77,5,22,0.000,0.000,NULL,0.000,NULL,0.000,0.000,0,0,0,0,NULL,0),(78,5,23,0.000,0.000,NULL,0.000,NULL,0.000,0.000,0,0,0,0,NULL,0),(79,5,9,0.000,0.000,NULL,0.000,NULL,0.000,0.000,0,0,0,0,NULL,0),(80,5,20,0.000,0.000,NULL,0.000,NULL,0.000,0.000,0,0,0,0,NULL,0),(81,5,19,0.000,0.000,NULL,0.000,NULL,0.000,0.000,0,0,0,0,NULL,0),(82,5,24,0.000,0.000,NULL,0.000,NULL,0.000,0.000,0,0,0,0,NULL,0),(83,5,25,250.000,0.000,NULL,0.000,NULL,0.000,0.000,0,0,0,0,NULL,0),(84,5,29,400.000,0.000,NULL,0.000,NULL,0.000,0.000,0,0,0,0,NULL,0),(85,5,27,300.000,0.000,NULL,0.000,NULL,0.000,0.000,0,0,0,0,NULL,0),(86,5,28,250.000,0.000,NULL,0.000,NULL,0.000,0.000,0,0,0,0,NULL,0),(87,5,31,420.000,0.000,NULL,0.000,NULL,0.000,0.000,0,0,0,0,NULL,0),(88,5,33,520.000,0.000,NULL,0.000,NULL,0.000,0.000,0,0,0,0,NULL,0),(89,5,34,500.000,0.000,NULL,0.000,NULL,0.000,0.000,0,0,0,0,NULL,0),(90,5,26,450.000,0.000,NULL,0.000,NULL,0.000,0.000,0,0,0,0,NULL,0),(91,5,32,580.000,0.000,NULL,0.000,NULL,0.000,0.000,0,0,0,0,NULL,0),(92,5,30,350.000,0.000,NULL,0.000,NULL,0.000,0.000,0,0,0,0,NULL,0),(93,5,35,420.000,0.000,NULL,0.000,NULL,0.000,0.000,0,0,0,0,NULL,0),(94,5,36,250.000,0.000,NULL,0.000,NULL,0.000,0.000,0,0,0,0,NULL,0),(95,6,41,0.000,0.000,NULL,0.000,NULL,0.000,0.000,0,0,0,0,NULL,0),(96,6,1,0.000,0.000,NULL,0.000,NULL,0.000,0.000,0,0,0,0,NULL,0),(97,6,2,0.000,0.000,NULL,0.000,NULL,0.000,0.000,0,0,0,0,NULL,0),(98,6,21,50000.000,0.000,NULL,0.000,NULL,0.000,0.000,0,0,0,0,NULL,0),(99,6,12,0.000,0.000,NULL,0.000,NULL,0.000,0.000,0,0,0,0,NULL,0),(100,6,18,0.000,0.000,NULL,0.000,NULL,0.000,0.000,0,0,0,0,NULL,0),(101,6,40,0.000,0.000,NULL,0.000,NULL,0.000,0.000,0,0,0,0,NULL,0),(102,6,16,0.000,0.000,NULL,0.000,NULL,0.000,0.000,0,0,0,0,NULL,0),(103,6,37,0.000,0.000,NULL,0.000,NULL,0.000,0.000,0,0,0,0,NULL,0),(104,6,22,0.000,0.000,NULL,0.000,NULL,0.000,0.000,0,0,0,0,NULL,0),(105,6,23,0.000,0.000,NULL,0.000,NULL,0.000,0.000,0,0,0,0,NULL,0),(106,6,9,0.000,0.000,NULL,0.000,NULL,0.000,0.000,0,0,0,0,NULL,0),(107,6,20,0.000,0.000,NULL,0.000,NULL,0.000,0.000,0,0,0,0,NULL,0),(108,6,19,0.000,0.000,NULL,0.000,NULL,0.000,0.000,0,0,0,0,NULL,0),(109,6,38,1233.000,0.000,NULL,0.000,NULL,0.000,0.000,0,0,0,0,NULL,0),(110,6,24,0.000,0.000,NULL,0.000,NULL,0.000,0.000,0,0,0,0,NULL,0),(111,6,25,250.000,0.000,NULL,0.000,NULL,0.000,0.000,0,0,0,0,NULL,0),(112,6,29,400.000,0.000,NULL,0.000,NULL,0.000,0.000,0,0,0,0,NULL,0),(113,6,27,300.000,0.000,NULL,0.000,NULL,0.000,0.000,0,0,0,0,NULL,0),(114,6,28,250.000,0.000,NULL,0.000,NULL,0.000,0.000,0,0,0,0,NULL,0),(115,6,31,420.000,0.000,NULL,0.000,NULL,0.000,0.000,0,0,0,0,NULL,0),(116,6,39,450.000,0.000,NULL,0.000,NULL,0.000,0.000,0,0,0,0,NULL,0),(117,6,33,520.000,0.000,NULL,0.000,NULL,0.000,0.000,0,0,0,0,NULL,0),(118,6,34,500.000,0.000,NULL,0.000,NULL,0.000,0.000,0,0,0,0,NULL,0),(119,6,26,450.000,0.000,NULL,0.000,NULL,0.000,0.000,0,0,0,0,NULL,0),(120,6,32,580.000,0.000,NULL,0.000,NULL,0.000,0.000,0,0,0,0,NULL,0),(121,6,30,350.000,0.000,NULL,0.000,NULL,0.000,0.000,0,0,0,0,NULL,0),(122,6,35,420.000,0.000,NULL,0.000,NULL,0.000,0.000,0,0,0,0,NULL,0),(123,6,36,250.000,0.000,NULL,0.000,NULL,0.000,0.000,0,0,0,0,NULL,0),(124,7,41,0.000,0.000,NULL,0.000,NULL,0.000,0.000,0,0,0,0,NULL,0),(125,7,1,0.000,0.000,NULL,0.000,NULL,0.000,0.000,0,0,0,0,NULL,0),(126,7,2,0.000,0.000,NULL,0.000,NULL,0.000,0.000,0,0,0,0,NULL,0),(127,7,21,50000.000,0.000,NULL,0.000,NULL,0.000,0.000,0,0,0,0,NULL,0),(128,7,12,250.000,0.000,NULL,0.000,NULL,0.000,0.000,0,0,0,0,NULL,0),(129,7,18,0.000,0.000,NULL,0.000,NULL,0.000,0.000,0,0,0,0,NULL,0),(130,7,40,0.000,0.000,NULL,0.000,NULL,0.000,0.000,0,0,0,0,NULL,0),(131,7,16,0.000,0.000,NULL,0.000,NULL,0.000,0.000,0,0,0,0,NULL,0),(132,7,37,0.000,0.000,NULL,0.000,NULL,0.000,0.000,0,0,0,0,NULL,0),(133,7,22,0.000,0.000,NULL,0.000,NULL,0.000,0.000,0,0,0,0,NULL,0),(134,7,23,0.000,0.000,NULL,0.000,NULL,0.000,0.000,0,0,0,0,NULL,0),(135,7,9,0.000,0.000,NULL,0.000,NULL,0.000,0.000,0,0,0,0,NULL,0),(136,7,20,0.000,0.000,NULL,0.000,NULL,0.000,0.000,0,0,0,0,NULL,0),(137,7,19,0.000,0.000,NULL,0.000,NULL,0.000,0.000,0,0,0,0,NULL,0),(138,7,38,1233.000,0.000,NULL,0.000,NULL,0.000,0.000,0,0,0,0,NULL,0),(139,7,24,0.000,0.000,NULL,0.000,NULL,0.000,0.000,0,0,0,0,NULL,0),(140,7,25,250.000,0.000,NULL,0.000,NULL,0.000,0.000,0,0,0,0,NULL,0),(141,7,29,400.000,0.000,NULL,0.000,NULL,0.000,0.000,0,0,0,0,NULL,0),(142,7,27,300.000,0.000,NULL,0.000,NULL,0.000,0.000,0,0,0,0,NULL,0),(143,7,28,250.000,0.000,NULL,0.000,NULL,0.000,0.000,0,0,0,0,NULL,0),(144,7,31,420.000,0.000,NULL,0.000,NULL,0.000,0.000,0,0,0,0,NULL,0),(145,7,39,450.000,0.000,NULL,0.000,NULL,0.000,0.000,0,0,0,0,NULL,0),(146,7,33,520.000,0.000,NULL,0.000,NULL,0.000,0.000,0,0,0,0,NULL,0),(147,7,34,500.000,0.000,NULL,0.000,NULL,0.000,0.000,0,0,0,0,NULL,0),(148,7,26,450.000,0.000,NULL,0.000,NULL,0.000,0.000,0,0,0,0,NULL,0),(149,7,32,580.000,0.000,NULL,0.000,NULL,0.000,0.000,0,0,0,0,NULL,0),(150,7,30,350.000,0.000,NULL,0.000,NULL,0.000,0.000,0,0,0,0,NULL,0),(151,7,35,420.000,0.000,NULL,0.000,NULL,0.000,0.000,0,0,0,0,NULL,0),(152,7,36,250.000,0.000,NULL,0.000,NULL,0.000,0.000,0,0,0,0,NULL,0),(153,8,41,0.000,0.000,NULL,0.000,NULL,0.000,0.000,0,0,0,0,NULL,0),(154,8,1,0.000,0.000,NULL,0.000,NULL,0.000,0.000,0,0,0,0,NULL,0),(155,8,2,0.000,0.000,NULL,0.000,NULL,0.000,0.000,0,0,0,0,NULL,0),(156,8,21,50000.000,0.000,NULL,0.000,NULL,0.000,0.000,0,0,0,0,NULL,0),(157,8,12,250.000,0.000,NULL,0.000,NULL,0.000,0.000,0,0,0,0,NULL,0),(158,8,18,0.000,0.000,NULL,0.000,NULL,0.000,0.000,0,0,0,0,NULL,0),(159,8,40,0.000,0.000,NULL,0.000,NULL,0.000,0.000,0,0,0,0,NULL,0),(160,8,16,0.000,0.000,NULL,0.000,NULL,0.000,0.000,0,0,0,0,NULL,0),(161,8,37,0.000,0.000,NULL,0.000,NULL,0.000,0.000,0,0,0,0,NULL,0),(162,8,22,0.000,0.000,NULL,0.000,NULL,0.000,0.000,0,0,0,0,NULL,0),(163,8,23,0.000,0.000,NULL,0.000,NULL,0.000,0.000,0,0,0,0,NULL,0),(164,8,9,0.000,0.000,NULL,0.000,NULL,0.000,0.000,0,0,0,0,NULL,0),(165,8,20,0.000,0.000,NULL,0.000,NULL,0.000,0.000,0,0,0,0,NULL,0),(166,8,19,0.000,0.000,NULL,0.000,NULL,0.000,0.000,0,0,0,0,NULL,0),(167,8,38,1233.000,0.000,NULL,0.000,NULL,0.000,0.000,0,0,0,0,NULL,0),(168,8,24,0.000,0.000,NULL,0.000,NULL,0.000,0.000,0,0,0,0,NULL,0),(169,8,25,250.000,0.000,NULL,0.000,NULL,0.000,0.000,0,0,0,0,NULL,0),(170,8,29,400.000,0.000,NULL,0.000,NULL,0.000,0.000,0,0,0,0,NULL,0),(171,8,27,300.000,0.000,NULL,0.000,NULL,0.000,0.000,0,0,0,0,NULL,0),(172,8,28,250.000,0.000,NULL,0.000,NULL,0.000,0.000,0,0,0,0,NULL,0),(173,8,31,420.000,0.000,NULL,0.000,NULL,0.000,0.000,0,0,0,0,NULL,0),(174,8,39,450.000,0.000,NULL,0.000,NULL,0.000,0.000,0,0,0,0,NULL,0),(175,8,33,520.000,0.000,NULL,0.000,NULL,0.000,0.000,0,0,0,0,NULL,0),(176,8,34,500.000,0.000,NULL,0.000,NULL,0.000,0.000,0,0,0,0,NULL,0),(177,8,26,450.000,0.000,NULL,0.000,NULL,0.000,0.000,0,0,0,0,NULL,0),(178,8,32,580.000,0.000,NULL,0.000,NULL,0.000,0.000,0,0,0,0,NULL,0),(179,8,30,350.000,0.000,NULL,0.000,NULL,0.000,0.000,0,0,0,0,NULL,0),(180,8,35,420.000,0.000,NULL,0.000,NULL,0.000,0.000,0,0,0,0,NULL,0),(181,8,36,250.000,0.000,NULL,0.000,NULL,0.000,0.000,0,0,0,0,NULL,0),(182,9,41,0.000,0.000,NULL,0.000,NULL,0.000,0.000,0,0,0,0,NULL,0),(183,9,1,0.000,0.000,NULL,0.000,NULL,0.000,0.000,0,0,0,0,NULL,0),(184,9,2,0.000,0.000,NULL,0.000,NULL,0.000,0.000,0,0,0,0,NULL,0),(185,9,21,50000.000,0.000,NULL,0.000,NULL,0.000,0.000,0,0,0,0,NULL,0),(186,9,12,250.000,0.000,NULL,0.000,NULL,0.000,0.000,0,0,0,0,NULL,0),(187,9,18,0.000,0.000,'',500.000,'test',0.000,0.000,0,0,0,0,NULL,0),(188,9,40,0.000,0.000,NULL,0.000,NULL,0.000,0.000,0,0,0,0,NULL,0),(189,9,16,0.000,0.000,NULL,0.000,NULL,0.000,0.000,0,0,0,0,NULL,0),(190,9,37,0.000,0.000,NULL,0.000,NULL,0.000,0.000,0,0,0,0,NULL,0),(191,9,22,0.000,0.000,NULL,0.000,NULL,0.000,0.000,0,0,0,0,NULL,0),(192,9,23,0.000,0.000,NULL,0.000,NULL,0.000,0.000,0,0,0,0,NULL,0),(193,9,9,0.000,0.000,NULL,0.000,NULL,0.000,0.000,0,0,0,0,NULL,0),(194,9,20,0.000,0.000,NULL,0.000,NULL,0.000,0.000,0,0,0,0,NULL,0),(195,9,19,0.000,0.000,NULL,0.000,NULL,0.000,0.000,0,0,0,0,NULL,0),(196,9,38,1233.000,0.000,NULL,0.000,NULL,0.000,0.000,0,0,0,0,NULL,0),(197,9,24,0.000,0.000,NULL,0.000,NULL,0.000,0.000,0,0,0,0,NULL,0),(198,9,25,250.000,0.000,NULL,0.000,NULL,0.000,0.000,0,0,0,0,NULL,0),(199,9,29,400.000,0.000,NULL,0.000,NULL,0.000,0.000,0,0,0,0,NULL,0),(200,9,27,300.000,0.000,NULL,0.000,NULL,0.000,0.000,0,0,0,0,NULL,0),(201,9,28,250.000,0.000,NULL,0.000,NULL,0.000,0.000,0,0,0,0,NULL,0),(202,9,31,420.000,0.000,NULL,0.000,NULL,0.000,0.000,0,0,0,0,NULL,0),(203,9,39,450.000,0.000,NULL,0.000,NULL,0.000,0.000,0,0,0,0,NULL,0),(204,9,33,520.000,0.000,NULL,0.000,NULL,0.000,0.000,0,0,0,0,NULL,0),(205,9,34,500.000,0.000,NULL,0.000,NULL,0.000,0.000,0,0,0,0,NULL,0),(206,9,26,450.000,0.000,NULL,0.000,NULL,0.000,0.000,0,0,0,0,NULL,0),(207,9,32,580.000,0.000,NULL,0.000,NULL,0.000,0.000,0,0,0,0,NULL,0),(208,9,30,350.000,0.000,NULL,0.000,NULL,0.000,0.000,0,0,0,0,NULL,0),(209,9,35,420.000,0.000,NULL,0.000,NULL,0.000,0.000,0,0,0,0,NULL,0),(210,9,36,250.000,0.000,NULL,0.000,NULL,0.000,0.000,0,0,0,0,NULL,0),(211,10,41,0.000,0.000,NULL,0.000,NULL,0.000,0.000,0,0,0,0,NULL,0),(212,10,1,0.000,0.000,NULL,0.000,NULL,0.000,0.000,0,0,0,0,NULL,0),(213,10,2,0.000,0.000,NULL,0.000,NULL,0.000,0.000,0,0,0,0,NULL,0),(214,10,21,50000.000,0.000,NULL,0.000,NULL,0.000,0.000,0,0,0,0,NULL,0),(215,10,12,250.000,0.000,NULL,0.000,NULL,0.000,0.000,0,0,0,0,NULL,0),(216,10,42,400.000,0.000,NULL,0.000,NULL,0.000,0.000,0,0,0,0,NULL,0),(217,10,18,0.000,0.000,NULL,0.000,NULL,0.000,0.000,0,0,0,0,NULL,0),(218,10,40,0.000,0.000,NULL,0.000,NULL,0.000,0.000,0,0,0,0,NULL,0),(219,10,16,0.000,0.000,NULL,0.000,NULL,0.000,0.000,0,0,0,0,NULL,0),(220,10,37,0.000,0.000,NULL,0.000,NULL,0.000,0.000,0,0,0,0,NULL,0),(221,10,22,0.000,0.000,NULL,0.000,NULL,0.000,0.000,0,0,0,0,NULL,0),(222,10,23,0.000,0.000,NULL,0.000,NULL,0.000,0.000,0,0,0,0,NULL,0),(223,10,9,0.000,0.000,NULL,0.000,NULL,0.000,0.000,0,0,0,0,NULL,0),(224,10,20,0.000,0.000,NULL,0.000,NULL,0.000,0.000,0,0,0,0,NULL,0),(225,10,44,10000.000,0.000,NULL,0.000,NULL,0.000,0.000,0,0,0,0,NULL,0),(226,10,19,0.000,0.000,NULL,0.000,NULL,0.000,0.000,0,0,0,0,NULL,0),(227,10,38,1233.000,0.000,'',0.000,'666',0.000,0.000,0,0,0,0,NULL,0),(228,10,24,0.000,0.000,NULL,0.000,NULL,0.000,0.000,0,0,0,0,NULL,0),(229,10,43,500.000,0.000,NULL,0.000,NULL,0.000,0.000,0,0,0,0,NULL,0),(230,10,25,250.000,0.000,NULL,0.000,NULL,0.000,0.000,0,0,0,0,NULL,0),(231,10,29,400.000,0.000,NULL,0.000,NULL,0.000,0.000,0,0,0,0,NULL,0),(232,10,27,300.000,0.000,NULL,0.000,NULL,0.000,0.000,0,0,0,0,NULL,0),(233,10,28,250.000,0.000,NULL,0.000,NULL,0.000,0.000,0,0,0,0,NULL,0),(234,10,31,420.000,0.000,NULL,0.000,NULL,0.000,0.000,0,0,0,0,NULL,0),(235,10,39,450.000,0.000,NULL,0.000,NULL,0.000,0.000,0,0,0,0,NULL,0),(236,10,33,520.000,0.000,NULL,0.000,NULL,0.000,0.000,0,0,0,0,NULL,0),(237,10,34,500.000,0.000,NULL,0.000,NULL,0.000,0.000,0,0,0,0,NULL,0),(238,10,26,450.000,0.000,NULL,0.000,NULL,0.000,0.000,0,0,0,0,NULL,0),(239,10,32,580.000,0.000,NULL,0.000,NULL,0.000,0.000,0,0,0,0,NULL,0),(240,10,30,350.000,0.000,NULL,0.000,NULL,0.000,0.000,0,0,0,0,NULL,0),(241,10,35,420.000,0.000,NULL,0.000,NULL,0.000,0.000,0,0,0,0,NULL,0),(242,10,36,250.000,0.000,NULL,0.000,NULL,0.000,0.000,0,0,0,0,NULL,0),(243,11,41,0.000,0.000,NULL,0.000,NULL,0.000,0.000,0,0,0,0,NULL,0),(244,11,1,0.000,0.000,NULL,0.000,NULL,0.000,0.000,0,0,0,0,NULL,0),(245,11,2,0.000,0.000,NULL,0.000,NULL,0.000,0.000,0,0,0,0,NULL,0),(246,11,21,50000.000,0.000,NULL,0.000,NULL,0.000,0.000,0,0,0,0,NULL,0),(247,11,12,250.000,0.000,NULL,0.000,NULL,0.000,0.000,0,0,0,0,NULL,0),(248,11,42,400.000,0.000,NULL,0.000,NULL,0.000,0.000,0,0,0,0,NULL,0),(249,11,18,0.000,0.000,NULL,0.000,NULL,0.000,0.000,0,0,0,0,NULL,0),(250,11,40,0.000,0.000,NULL,0.000,NULL,0.000,0.000,0,0,0,0,NULL,0),(251,11,16,0.000,0.000,NULL,0.000,NULL,0.000,0.000,0,0,0,0,NULL,0),(252,11,37,0.000,0.000,NULL,0.000,NULL,0.000,0.000,0,0,0,0,NULL,0),(253,11,22,0.000,0.000,NULL,0.000,NULL,0.000,0.000,0,0,0,0,NULL,0),(254,11,23,0.000,0.000,NULL,0.000,NULL,0.000,0.000,0,0,0,0,NULL,0),(255,11,9,0.000,0.000,NULL,0.000,NULL,0.000,0.000,0,0,0,0,NULL,0),(256,11,20,0.000,0.000,NULL,0.000,NULL,0.000,0.000,0,0,0,0,NULL,0),(257,11,44,10000.000,0.000,NULL,0.000,NULL,0.000,0.000,0,0,0,0,NULL,0),(258,11,19,0.000,0.000,NULL,0.000,NULL,0.000,0.000,0,0,0,0,NULL,0),(259,11,38,1233.000,0.000,NULL,0.000,NULL,0.000,0.000,0,0,0,0,NULL,0),(260,11,24,0.000,0.000,NULL,0.000,NULL,0.000,0.000,0,0,0,0,NULL,0),(261,11,43,500.000,0.000,NULL,0.000,NULL,0.000,0.000,0,0,0,0,NULL,0),(262,11,25,250.000,0.000,NULL,0.000,NULL,0.000,0.000,0,0,0,0,NULL,0),(263,11,29,400.000,0.000,NULL,0.000,NULL,0.000,0.000,0,0,0,0,NULL,0),(264,11,27,300.000,0.000,NULL,0.000,NULL,0.000,0.000,0,0,0,0,NULL,0),(265,11,28,250.000,0.000,NULL,0.000,NULL,0.000,0.000,0,0,0,0,NULL,0),(266,11,31,420.000,0.000,NULL,0.000,NULL,0.000,0.000,0,0,0,0,NULL,0),(267,11,39,450.000,0.000,NULL,0.000,NULL,0.000,0.000,0,0,0,0,NULL,0),(268,11,33,520.000,0.000,NULL,0.000,NULL,0.000,0.000,0,0,0,0,NULL,0),(269,11,34,500.000,0.000,NULL,0.000,NULL,0.000,0.000,0,0,0,0,NULL,0),(270,11,26,450.000,0.000,NULL,0.000,NULL,0.000,0.000,0,0,0,0,NULL,0),(271,11,32,580.000,0.000,NULL,0.000,NULL,0.000,0.000,0,0,0,0,NULL,0),(272,11,30,350.000,0.000,NULL,0.000,NULL,0.000,0.000,0,0,0,0,NULL,0),(273,11,35,420.000,0.000,NULL,0.000,NULL,0.000,0.000,0,0,0,0,NULL,0),(274,11,36,250.000,0.000,NULL,0.000,NULL,0.000,0.000,0,0,0,0,NULL,0),(275,12,41,0.000,0.000,NULL,0.000,NULL,0.000,0.000,0,0,0,0,NULL,0),(276,12,1,0.000,0.000,NULL,0.000,NULL,0.000,0.000,0,0,0,0,NULL,0),(277,12,2,0.000,0.000,NULL,0.000,NULL,0.000,0.000,0,0,0,0,NULL,0),(278,12,21,50000.000,0.000,NULL,0.000,NULL,0.000,0.000,0,0,0,0,NULL,0),(279,12,12,250.000,0.000,NULL,0.000,NULL,0.000,0.000,0,0,0,0,NULL,0),(280,12,42,400.000,0.000,NULL,0.000,NULL,0.000,0.000,0,0,0,0,NULL,0),(281,12,18,0.000,0.000,NULL,0.000,NULL,0.000,0.000,0,0,0,0,NULL,0),(282,12,40,0.000,0.000,NULL,0.000,NULL,0.000,0.000,0,0,0,0,NULL,0),(283,12,16,0.000,0.000,NULL,0.000,NULL,0.000,0.000,0,0,0,0,NULL,0),(284,12,37,0.000,0.000,NULL,0.000,NULL,0.000,0.000,0,0,0,0,NULL,0),(285,12,22,0.000,0.000,NULL,0.000,NULL,0.000,0.000,0,0,0,0,NULL,0),(286,12,23,0.000,0.000,NULL,0.000,NULL,0.000,0.000,0,0,0,0,NULL,0),(287,12,9,0.000,0.000,NULL,0.000,NULL,0.000,0.000,0,0,0,0,NULL,0),(288,12,20,0.000,0.000,NULL,0.000,NULL,0.000,0.000,0,0,0,0,NULL,0),(289,12,44,10000.000,0.000,NULL,0.000,NULL,0.000,0.000,0,0,0,0,NULL,0),(290,12,19,0.000,0.000,NULL,0.000,NULL,0.000,0.000,0,0,0,0,NULL,0),(291,12,38,1233.000,0.000,NULL,0.000,NULL,0.000,0.000,0,0,0,0,NULL,0),(292,12,24,0.000,0.000,NULL,0.000,NULL,0.000,0.000,0,0,0,0,NULL,0),(293,12,43,500.000,0.000,NULL,0.000,NULL,0.000,0.000,0,0,0,0,NULL,0),(294,12,25,250.000,0.000,NULL,0.000,NULL,0.000,0.000,0,0,0,0,NULL,0),(295,12,29,400.000,0.000,NULL,0.000,NULL,0.000,0.000,0,0,0,0,NULL,0),(296,12,27,300.000,0.000,NULL,0.000,NULL,0.000,0.000,0,0,0,0,NULL,0),(297,12,28,250.000,0.000,NULL,0.000,NULL,0.000,0.000,0,0,0,0,NULL,0),(298,12,31,420.000,0.000,NULL,0.000,NULL,0.000,0.000,0,0,0,0,NULL,0),(299,12,39,450.000,0.000,NULL,0.000,NULL,0.000,0.000,0,0,0,0,NULL,0),(300,12,33,520.000,0.000,NULL,0.000,NULL,0.000,0.000,0,0,0,0,NULL,0),(301,12,34,500.000,0.000,NULL,0.000,NULL,0.000,0.000,0,0,0,0,NULL,0),(302,12,26,450.000,0.000,NULL,0.000,NULL,0.000,0.000,0,0,0,0,NULL,0),(303,12,32,580.000,0.000,NULL,0.000,NULL,0.000,0.000,0,0,0,0,NULL,0),(304,12,30,350.000,0.000,NULL,0.000,NULL,0.000,0.000,0,0,0,0,NULL,0),(305,12,35,420.000,0.000,NULL,0.000,NULL,0.000,0.000,0,0,0,0,NULL,0),(306,12,36,250.000,0.000,NULL,0.000,NULL,0.000,0.000,0,0,0,0,NULL,0),(307,13,41,0.000,0.000,NULL,0.000,NULL,0.000,0.000,0,0,0,0,NULL,0),(308,13,1,0.000,0.000,NULL,0.000,NULL,0.000,0.000,0,0,0,0,NULL,0),(309,13,2,0.000,0.000,NULL,0.000,NULL,0.000,0.000,0,0,0,0,NULL,0),(310,13,21,50000.000,0.000,NULL,0.000,NULL,0.000,0.000,0,0,0,0,NULL,0),(311,13,12,250.000,0.000,NULL,0.000,NULL,0.000,0.000,0,0,0,0,NULL,0),(312,13,42,400.000,0.000,NULL,0.000,NULL,0.000,0.000,0,0,0,0,NULL,0),(313,13,18,0.000,0.000,NULL,0.000,NULL,0.000,0.000,0,0,0,0,NULL,0),(314,13,40,0.000,0.000,NULL,0.000,NULL,0.000,0.000,0,0,0,0,NULL,0),(315,13,16,0.000,0.000,NULL,0.000,NULL,0.000,0.000,0,0,0,0,NULL,0),(316,13,37,0.000,0.000,NULL,0.000,NULL,0.000,0.000,0,0,0,0,NULL,0),(317,13,22,0.000,0.000,NULL,0.000,NULL,0.000,0.000,0,0,0,0,NULL,0),(318,13,23,0.000,0.000,NULL,0.000,NULL,0.000,0.000,0,0,0,0,NULL,0),(319,13,9,0.000,0.000,NULL,0.000,NULL,0.000,0.000,0,0,0,0,NULL,0),(320,13,20,0.000,0.000,NULL,0.000,NULL,0.000,0.000,0,0,0,0,NULL,0),(321,13,44,10000.000,0.000,NULL,0.000,NULL,0.000,0.000,0,0,0,0,NULL,0),(322,13,19,0.000,0.000,NULL,0.000,NULL,0.000,0.000,0,0,0,0,NULL,0),(323,13,38,1233.000,0.000,NULL,0.000,NULL,0.000,0.000,0,0,0,0,NULL,0),(324,13,24,0.000,0.000,NULL,0.000,NULL,0.000,0.000,0,0,0,0,NULL,0),(325,13,43,500.000,0.000,NULL,0.000,NULL,0.000,0.000,0,0,0,0,NULL,0),(326,13,25,250.000,0.000,NULL,0.000,NULL,0.000,0.000,0,0,0,0,NULL,0),(327,13,29,400.000,0.000,NULL,0.000,NULL,0.000,0.000,0,0,0,0,NULL,0),(328,13,27,300.000,0.000,NULL,0.000,NULL,0.000,0.000,0,0,0,0,NULL,0),(329,13,28,250.000,0.000,NULL,0.000,NULL,0.000,0.000,0,0,0,0,NULL,0),(330,13,31,420.000,0.000,NULL,0.000,NULL,0.000,0.000,0,0,0,0,NULL,0),(331,13,39,450.000,0.000,NULL,0.000,NULL,0.000,0.000,0,0,0,0,NULL,0),(332,13,33,520.000,0.000,NULL,0.000,NULL,0.000,0.000,0,0,0,0,NULL,0),(333,13,34,500.000,0.000,NULL,0.000,NULL,0.000,0.000,0,0,0,0,NULL,0),(334,13,26,450.000,0.000,NULL,0.000,NULL,0.000,0.000,0,0,0,0,NULL,0),(335,13,32,580.000,0.000,NULL,0.000,NULL,0.000,0.000,0,0,0,0,NULL,0),(336,13,30,350.000,0.000,NULL,0.000,NULL,0.000,0.000,0,0,0,0,NULL,0),(337,13,35,420.000,0.000,NULL,0.000,NULL,0.000,0.000,0,0,0,0,NULL,0),(338,13,36,250.000,0.000,NULL,0.000,NULL,0.000,0.000,0,0,0,0,NULL,0),(339,14,41,0.000,0.000,NULL,0.000,NULL,0.000,0.000,0,0,0,0,NULL,0),(340,14,1,0.000,0.000,NULL,0.000,NULL,0.000,0.000,0,0,0,0,NULL,0),(341,14,2,0.000,0.000,NULL,0.000,NULL,0.000,0.000,0,0,0,0,NULL,0),(342,14,21,50000.000,0.000,NULL,0.000,NULL,0.000,0.000,0,0,0,0,NULL,0),(343,14,12,250.000,0.000,NULL,0.000,NULL,0.000,0.000,0,0,0,0,NULL,0),(344,14,42,400.000,0.000,NULL,0.000,NULL,0.000,0.000,0,0,0,0,NULL,0),(345,14,18,0.000,0.000,NULL,0.000,NULL,0.000,0.000,0,0,0,0,NULL,0),(346,14,40,0.000,0.000,NULL,0.000,NULL,0.000,0.000,0,0,0,0,NULL,0),(347,14,16,0.000,0.000,NULL,0.000,NULL,0.000,0.000,0,0,0,0,NULL,0),(348,14,37,0.000,0.000,NULL,0.000,NULL,0.000,0.000,0,0,0,0,NULL,0),(349,14,22,0.000,0.000,NULL,0.000,NULL,0.000,0.000,0,0,0,0,NULL,0),(350,14,23,0.000,0.000,NULL,0.000,NULL,0.000,0.000,0,0,0,0,NULL,0),(351,14,9,0.000,0.000,NULL,0.000,NULL,0.000,0.000,0,0,0,0,NULL,0),(352,14,20,0.000,0.000,NULL,0.000,NULL,0.000,0.000,0,0,0,0,NULL,0),(353,14,44,10000.000,0.000,NULL,0.000,NULL,0.000,0.000,0,0,0,0,NULL,0),(354,14,19,0.000,0.000,NULL,0.000,NULL,0.000,0.000,0,0,0,0,NULL,0),(355,14,38,1233.000,0.000,NULL,0.000,NULL,0.000,0.000,0,0,0,0,NULL,0),(356,14,24,0.000,0.000,NULL,0.000,NULL,0.000,0.000,0,0,0,0,NULL,0),(357,14,43,500.000,0.000,NULL,0.000,NULL,0.000,0.000,0,0,0,0,NULL,0),(358,14,25,250.000,0.000,NULL,0.000,NULL,0.000,0.000,0,0,0,0,NULL,0),(359,14,29,400.000,0.000,NULL,0.000,NULL,0.000,0.000,0,0,0,0,NULL,0),(360,14,27,300.000,0.000,NULL,0.000,NULL,0.000,0.000,0,0,0,0,NULL,0),(361,14,28,250.000,0.000,NULL,0.000,NULL,0.000,0.000,0,0,0,0,NULL,0),(362,14,31,420.000,0.000,NULL,0.000,NULL,0.000,0.000,0,0,0,0,NULL,0),(363,14,39,450.000,0.000,NULL,0.000,NULL,0.000,0.000,0,0,0,0,NULL,0),(364,14,33,520.000,0.000,NULL,0.000,NULL,0.000,0.000,0,0,0,0,NULL,0),(365,14,34,500.000,0.000,NULL,0.000,NULL,0.000,0.000,0,0,0,0,NULL,0),(366,14,26,450.000,0.000,NULL,0.000,NULL,0.000,0.000,0,0,0,0,NULL,0),(367,14,32,580.000,0.000,NULL,0.000,NULL,0.000,0.000,0,0,0,0,NULL,0),(368,14,30,350.000,0.000,NULL,0.000,NULL,0.000,0.000,0,0,0,0,NULL,0),(369,14,35,420.000,0.000,NULL,0.000,NULL,0.000,0.000,0,0,0,0,NULL,0),(370,14,36,250.000,0.000,NULL,0.000,NULL,0.000,0.000,0,0,0,0,NULL,0),(371,15,1,0.000,0.000,NULL,0.000,NULL,0.000,0.000,0,0,0,0,NULL,0),(372,16,1,0.000,0.000,NULL,0.000,NULL,0.000,0.000,0,0,0,0,NULL,0),(373,16,54,0.000,0.000,NULL,0.000,NULL,0.000,0.000,0,0,0,0,NULL,0),(374,16,51,0.000,0.000,'',0.000,'',50.000,0.000,0,0,0,0,NULL,0),(375,17,1,0.000,0.000,NULL,0.000,NULL,0.000,0.000,0,0,0,0,NULL,0),(376,17,54,0.000,0.000,NULL,0.000,NULL,0.000,0.000,0,0,0,0,NULL,0),(377,17,51,0.000,0.000,NULL,0.000,NULL,0.000,0.000,0,0,0,0,NULL,0),(378,18,1,0.000,0.000,NULL,0.000,NULL,0.000,0.000,0,0,0,0,NULL,0),(379,18,54,0.000,0.000,NULL,0.000,NULL,0.000,0.000,0,0,0,0,NULL,0),(380,18,51,100.000,0.000,NULL,0.000,NULL,0.000,0.000,0,0,0,0,NULL,0),(381,19,1,0.000,0.000,NULL,0.000,NULL,0.000,0.000,0,0,0,0,NULL,0),(382,19,68,6000.000,0.000,NULL,0.000,NULL,0.000,0.000,0,0,0,0,NULL,0),(383,19,65,3000.000,0.000,NULL,0.000,NULL,0.000,0.000,0,0,0,0,NULL,0),(384,19,63,0.000,0.000,NULL,0.000,NULL,0.000,0.000,0,0,0,0,NULL,0),(385,19,69,13000.000,0.000,NULL,0.000,NULL,0.000,0.000,0,0,0,0,NULL,0),(386,19,76,3500.000,0.000,NULL,0.000,NULL,0.000,0.000,0,0,0,0,NULL,0),(387,19,72,2250.000,0.000,NULL,0.000,NULL,0.000,0.000,0,0,0,0,NULL,0),(388,19,74,1.000,0.000,NULL,0.000,NULL,0.000,0.000,0,0,0,0,NULL,0),(389,19,64,3000.000,0.000,NULL,0.000,NULL,0.000,0.000,0,0,0,0,NULL,0),(390,19,73,6500.000,0.000,NULL,0.000,NULL,0.000,0.000,0,0,0,0,NULL,0),(391,19,67,9750.000,0.000,NULL,0.000,NULL,0.000,0.000,0,0,0,0,NULL,0),(392,19,62,5000.000,0.000,NULL,0.000,NULL,0.000,0.000,0,0,0,0,NULL,0),(393,19,70,4000.000,0.000,NULL,0.000,NULL,0.000,0.000,0,0,0,0,NULL,0),(394,19,75,3000.000,0.000,NULL,0.000,NULL,0.000,0.000,0,0,0,0,NULL,0),(395,19,71,6750.000,0.000,NULL,0.000,NULL,0.000,0.000,0,0,0,0,NULL,0),(396,19,66,1700.000,0.000,NULL,0.000,NULL,0.000,0.000,0,0,0,0,NULL,0),(397,20,68,6000.000,0.000,NULL,0.000,NULL,0.000,0.000,0,0,0,0,NULL,0),(398,20,65,3000.000,0.000,NULL,0.000,NULL,0.000,0.000,0,0,0,0,NULL,0),(399,20,83,1.000,0.000,NULL,0.000,NULL,0.000,0.000,0,0,0,0,NULL,0),(400,20,63,0.000,0.000,NULL,0.000,NULL,0.000,0.000,0,0,0,0,NULL,0),(401,20,69,13000.000,0.000,NULL,0.000,NULL,0.000,0.000,0,0,0,0,NULL,0),(402,20,76,3500.000,0.000,NULL,0.000,NULL,0.000,0.000,0,0,0,0,NULL,0),(403,20,72,2250.000,0.000,NULL,0.000,NULL,0.000,0.000,0,0,0,0,NULL,0),(404,20,74,1.000,0.000,NULL,0.000,NULL,0.000,0.000,0,0,0,0,NULL,0),(405,20,82,1.000,0.000,NULL,0.000,NULL,0.000,0.000,0,0,0,0,NULL,0),(406,20,64,3000.000,0.000,NULL,0.000,NULL,0.000,0.000,0,0,0,0,NULL,0),(407,20,73,6500.000,0.000,NULL,0.000,NULL,0.000,0.000,0,0,0,0,NULL,0),(408,20,67,9750.000,0.000,NULL,0.000,NULL,0.000,0.000,0,0,0,0,NULL,0),(409,20,62,5000.000,0.000,NULL,0.000,NULL,0.000,0.000,0,0,0,0,NULL,0),(410,20,70,4000.000,0.000,NULL,0.000,NULL,0.000,0.000,0,0,0,0,NULL,0),(411,20,75,3000.000,0.000,NULL,0.000,NULL,0.000,0.000,0,0,0,0,NULL,0),(412,20,71,6750.000,0.000,NULL,0.000,NULL,0.000,0.000,0,0,0,0,NULL,0),(413,20,66,1700.000,0.000,NULL,0.000,NULL,0.000,0.000,0,0,0,0,NULL,0),(414,21,81,4000.000,0.000,NULL,0.000,NULL,0.000,0.000,0,0,0,0,NULL,0),(415,21,78,8500.000,0.000,NULL,0.000,NULL,0.000,0.000,0,0,0,0,NULL,0),(416,21,79,14000.000,0.000,NULL,0.000,NULL,0.000,0.000,0,0,0,0,NULL,0),(417,22,81,4000.000,0.000,NULL,0.000,NULL,0.000,0.000,0,0,0,0,NULL,0),(418,22,78,8500.000,0.000,NULL,0.000,NULL,0.000,0.000,0,0,0,0,NULL,0),(419,22,79,14000.000,0.000,NULL,0.000,NULL,0.000,0.000,0,0,0,0,NULL,0);

--
-- Table structure for table `posts`
--

CREATE TABLE `posts` (
  `id` int(11) NOT NULL AUTO_INCREMENT,
  `created_by` int(11) NOT NULL,
  `created_at` datetime NOT NULL,
  `description` mediumtext COLLATE utf8_unicode_ci NOT NULL,
  `post_id` int(11) NOT NULL,
  `share_with` text COLLATE utf8_unicode_ci,
  `files` longtext COLLATE utf8_unicode_ci,
  `deleted` tinyint(1) NOT NULL DEFAULT '0',
  PRIMARY KEY (`id`)
) ENGINE=InnoDB AUTO_INCREMENT=2 DEFAULT CHARSET=utf8 COLLATE=utf8_unicode_ci;

--
-- Dumping data for table `posts`
--

INSERT INTO `posts` VALUES (1,1,'2022-12-18 12:07:40','dlfkhsdkjfds\n',0,'','a:0:{}',0);

--
-- Table structure for table `proforma_invoice_items`
--

CREATE TABLE `proforma_invoice_items` (
  `id` int(11) NOT NULL AUTO_INCREMENT,
  `item_id` int(11) NOT NULL DEFAULT '0',
  `title` text COLLATE utf8_unicode_ci NOT NULL,
  `cost` double NOT NULL,
  `description` text COLLATE utf8_unicode_ci,
  `quantity` double NOT NULL,
  `unit_type` varchar(20) COLLATE utf8_unicode_ci NOT NULL DEFAULT '',
  `rate` double NOT NULL,
  `total` double NOT NULL,
  `sort` int(11) NOT NULL DEFAULT '0',
  `invoice_id` int(11) NOT NULL,
  `deleted` tinyint(1) NOT NULL DEFAULT '0',
  `old_id` int(11) DEFAULT '0',
  `tax_id` int(11) DEFAULT '0',
  `tax_id2` int(11) DEFAULT '0',
  PRIMARY KEY (`id`)
) ENGINE=InnoDB DEFAULT CHARSET=utf8 COLLATE=utf8_unicode_ci;

--
-- Dumping data for table `proforma_invoice_items`
--


--
-- Table structure for table `proforma_invoice_payments`
--

CREATE TABLE `proforma_invoice_payments` (
  `id` int(11) NOT NULL AUTO_INCREMENT,
  `amount` double NOT NULL,
  `payment_date` date NOT NULL,
  `payment_method_id` int(11) NOT NULL,
  `cheque_due_date` date DEFAULT NULL,
  `cheque_description` varchar(150) COLLATE utf8_unicode_ci DEFAULT NULL,
  `cheque_account` varchar(150) COLLATE utf8_unicode_ci DEFAULT NULL,
  `cheque_number` varchar(150) COLLATE utf8_unicode_ci DEFAULT NULL,
  `cheque_transaction_id` int(11) NOT NULL DEFAULT '0',
  `note` text COLLATE utf8_unicode_ci,
  `invoice_id` int(11) NOT NULL,
  `status` enum('draft','request_approval','approved','bounce','deposited','refunded','cancelled','delayed','on_hold') COLLATE utf8_unicode_ci NOT NULL DEFAULT 'draft',
  `deleted` tinyint(1) NOT NULL DEFAULT '0',
  `transaction_id` tinytext COLLATE utf8_unicode_ci,
  `account_transaction_id` int(11) NOT NULL DEFAULT '0',
  `advance_transaction_id` int(11) NOT NULL DEFAULT '0',
  `created_by` int(11) DEFAULT '1',
  `created_at` datetime DEFAULT NULL,
  `files` varchar(255) COLLATE utf8_unicode_ci DEFAULT NULL,
  `bank` int(11) DEFAULT NULL,
  PRIMARY KEY (`id`),
  KEY `id` (`id`),
  KEY `id_2` (`id`)
) ENGINE=InnoDB DEFAULT CHARSET=utf8 COLLATE=utf8_unicode_ci;

--
-- Dumping data for table `proforma_invoice_payments`
--


--
-- Table structure for table `proforma_invoices`
--

CREATE TABLE `proforma_invoices` (
  `id` int(11) NOT NULL AUTO_INCREMENT,
  `quotation_id` int(11) NOT NULL,
  `client_id` int(11) NOT NULL,
  `project_id` int(11) NOT NULL DEFAULT '0',
  `bill_date` date NOT NULL,
  `due_date` date NOT NULL,
  `note` mediumtext COLLATE utf8_unicode_ci,
  `labels` text COLLATE utf8_unicode_ci,
  `last_email_sent_date` date DEFAULT NULL,
  `status` enum('draft','not_paid','cancelled') COLLATE utf8_unicode_ci NOT NULL DEFAULT 'draft',
  `delivery_status` enum('delivered','not_delivered') COLLATE utf8_unicode_ci NOT NULL DEFAULT 'not_delivered',
  `approval_status` enum('not_approved','request_approval','approved') COLLATE utf8_unicode_ci NOT NULL DEFAULT 'not_approved',
  `tax_id` int(11) NOT NULL DEFAULT '0',
  `tax_id2` int(11) NOT NULL DEFAULT '0',
  `recurring` tinyint(4) NOT NULL DEFAULT '0',
  `recurring_invoice_id` int(11) NOT NULL DEFAULT '0',
  `repeat_every` int(11) NOT NULL DEFAULT '0',
  `repeat_type` enum('days','weeks','months','years') COLLATE utf8_unicode_ci DEFAULT NULL,
  `no_of_cycles` int(11) NOT NULL DEFAULT '0',
  `next_recurring_date` date DEFAULT NULL,
  `no_of_cycles_completed` int(11) NOT NULL DEFAULT '0',
  `due_reminder_date` date DEFAULT NULL,
  `recurring_reminder_date` date DEFAULT NULL,
  `discount_amount` double NOT NULL,
  `discount_amount_type` enum('percentage','fixed_amount') COLLATE utf8_unicode_ci NOT NULL,
  `discount_type` enum('before_tax','after_tax') COLLATE utf8_unicode_ci DEFAULT NULL,
  `cancelled_at` datetime DEFAULT NULL,
  `cancelled_by` int(11) NOT NULL,
  `owner` int(11) NOT NULL,
  `revised` int(11) NOT NULL,
  `deleted` tinyint(1) NOT NULL DEFAULT '0',
  `old_project` int(11) DEFAULT '0',
  `old_invoice_no` varchar(255) COLLATE utf8_unicode_ci DEFAULT NULL,
  `old_quotation_id` int(11) DEFAULT '0',
  `department` int(11) NOT NULL DEFAULT '0',
  PRIMARY KEY (`id`)
) ENGINE=InnoDB DEFAULT CHARSET=utf8 COLLATE=utf8_unicode_ci;

--
-- Dumping data for table `proforma_invoices`
--


--
-- Table structure for table `project_comments`
--

CREATE TABLE `project_comments` (
  `id` int(11) NOT NULL AUTO_INCREMENT,
  `created_by` int(11) NOT NULL,
  `created_at` datetime NOT NULL,
  `description` mediumtext COLLATE utf8_unicode_ci NOT NULL,
  `project_id` int(11) NOT NULL DEFAULT '0',
  `comment_id` int(11) NOT NULL DEFAULT '0',
  `task_id` int(11) NOT NULL DEFAULT '0',
  `file_id` int(11) NOT NULL DEFAULT '0',
  `customer_feedback_id` int(11) NOT NULL DEFAULT '0',
  `files` longtext COLLATE utf8_unicode_ci,
  `deleted` tinyint(1) NOT NULL DEFAULT '0',
  PRIMARY KEY (`id`)
) ENGINE=InnoDB AUTO_INCREMENT=5 DEFAULT CHARSET=utf8 COLLATE=utf8_unicode_ci;

--
-- Dumping data for table `project_comments`
--

INSERT INTO `project_comments` VALUES (1,1,'2023-04-16 08:34:45','SDFGDSFG',5,0,0,0,0,'a:0:{}',1),(2,1,'2023-05-28 10:17:02','hi\n',2,0,0,0,0,'a:0:{}',1),(3,1,'2023-08-16 11:42:23','xcvcvcxczvsdjhkjdshf\n',6,0,9,0,0,'a:0:{}',1),(4,76,'2024-01-22 09:06:24','',25,0,14,0,0,'a:1:{i:0;a:4:{s:9:\"file_name\";s:47:\"project_comment_file65ae30101628e-P74-MR-01.pdf\";s:9:\"file_size\";s:6:\"804913\";s:7:\"file_id\";N;s:12:\"service_type\";N;}}',0);

--
-- Table structure for table `project_files`
--

CREATE TABLE `project_files` (
  `id` int(11) NOT NULL AUTO_INCREMENT,
  `file_name` text COLLATE utf8_unicode_ci NOT NULL,
  `file_id` text COLLATE utf8_unicode_ci,
  `service_type` varchar(20) COLLATE utf8_unicode_ci DEFAULT NULL,
  `description` mediumtext COLLATE utf8_unicode_ci,
  `file_size` double NOT NULL,
  `created_at` datetime NOT NULL,
  `project_id` int(11) NOT NULL,
  `uploaded_by` int(11) NOT NULL,
  `deleted` tinyint(1) NOT NULL DEFAULT '0',
  PRIMARY KEY (`id`)
) ENGINE=InnoDB AUTO_INCREMENT=8 DEFAULT CHARSET=utf8 COLLATE=utf8_unicode_ci;

--
-- Dumping data for table `project_files`
--

INSERT INTO `project_files` VALUES (1,'_file65925104bcd7a-Abrar---NDT-Fatual-report---UPV.pdf','','','NDT Water tank testing',2339157,'2024-01-01 05:43:32',11,59,0),(2,'_file659d23a64080e-WhatsApp-Image-2024-01-08-at-6.55.43-PM.jpeg','','','Showel Invoce dated 08-01-2024 - 75 OMR',133986,'2024-01-09 10:44:54',11,59,0),(3,'_file65c88cc509091-20240211150451.pdf','','','Work permit form & consultant letter',3529113,'2024-02-11 09:00:53',26,51,0),(4,'_file65c88d5e3c7ce-20240210192410.pdf','','','Letter of Award',1895713,'2024-02-11 09:03:26',26,51,0),(5,'_file65cb2b5bcc6d3-20240213160614.pdf','','','',1103812,'2024-02-13 08:42:03',26,1,0),(6,'_file65cb2b5ccf0b5-20240213160546.pdf','','','',1310638,'2024-02-13 08:42:03',26,1,0),(7,'_file65dd753546f94-تصريح-عمل---سويتز.pdf','','','Work permit - P68',601377,'2024-02-27 05:37:57',11,1,0);

--
-- Table structure for table `project_members`
--

CREATE TABLE `project_members` (
  `id` int(11) NOT NULL AUTO_INCREMENT,
  `user_id` int(11) NOT NULL,
  `project_id` int(11) NOT NULL,
  `is_leader` tinyint(1) DEFAULT '0',
  `deleted` tinyint(1) NOT NULL DEFAULT '0',
  PRIMARY KEY (`id`)
) ENGINE=InnoDB AUTO_INCREMENT=153 DEFAULT CHARSET=utf8 COLLATE=utf8_unicode_ci;

--
-- Dumping data for table `project_members`
--

INSERT INTO `project_members` VALUES (1,1,1,1,0),(2,1,2,1,0),(3,16,1,0,0),(4,24,3,1,0),(5,23,3,0,0),(6,1,4,1,0),(7,21,2,0,0),(8,1,5,1,0),(9,12,3,0,0),(10,40,2,0,0),(11,41,2,0,0),(12,1,6,1,0),(13,41,6,0,0),(14,21,6,0,0),(15,1,7,1,0),(16,41,7,0,0),(17,2,7,0,0),(18,21,7,0,0),(19,48,8,1,0),(20,48,9,1,0),(21,1,10,1,0),(22,50,10,0,0),(23,54,10,0,0),(24,53,10,0,0),(25,55,11,1,0),(26,59,11,0,0),(27,61,11,0,0),(28,60,11,0,0),(29,63,11,0,0),(30,56,11,0,0),(31,58,11,0,0),(32,1,11,0,1),(33,79,12,1,0),(34,78,12,0,0),(35,81,12,0,0),(36,55,12,0,0),(37,56,12,0,0),(38,71,13,1,0),(39,51,12,0,0),(40,62,14,1,0),(41,76,14,0,0),(42,73,14,0,0),(43,55,14,0,0),(44,56,14,0,0),(45,66,14,0,0),(46,65,14,0,0),(47,71,15,1,0),(48,68,15,0,0),(49,65,15,0,0),(50,63,15,0,0),(51,55,15,0,0),(52,72,15,0,0),(53,56,15,0,0),(54,62,15,0,0),(55,70,15,0,0),(56,66,15,0,0),(57,71,16,1,0),(58,65,16,0,0),(59,63,16,0,0),(60,55,16,0,0),(61,56,16,0,0),(62,82,16,0,0),(63,62,16,0,0),(64,70,16,0,0),(65,66,16,0,0),(66,72,16,0,0),(67,71,17,1,0),(68,65,17,0,0),(69,63,17,0,0),(70,76,17,0,0),(71,72,17,0,0),(72,56,17,0,0),(73,55,17,0,0),(74,62,17,0,0),(75,70,17,0,0),(76,66,17,0,0),(77,71,18,1,0),(78,71,19,1,0),(79,71,20,1,0),(80,71,21,1,0),(81,71,22,1,0),(82,71,23,1,0),(83,71,24,1,0),(84,71,25,1,0),(85,65,20,0,0),(86,63,20,0,0),(87,76,20,0,0),(88,73,20,0,0),(89,72,20,0,0),(90,55,20,0,0),(91,56,20,0,0),(92,66,20,0,0),(93,70,20,0,0),(94,62,20,0,0),(95,68,21,0,0),(96,63,21,0,0),(97,83,21,0,0),(98,65,21,0,0),(99,55,21,0,0),(100,56,21,0,0),(101,72,21,0,0),(102,62,21,0,0),(103,70,21,0,0),(104,66,21,0,0),(105,65,22,0,0),(106,63,22,0,0),(107,55,22,0,0),(108,56,22,0,0),(109,62,22,0,0),(110,76,22,0,0),(111,72,22,0,0),(112,73,22,0,0),(113,65,23,0,0),(114,63,23,0,0),(115,76,23,0,0),(116,56,23,0,0),(117,72,23,0,0),(118,55,23,0,0),(119,73,23,0,0),(120,62,23,0,0),(121,70,23,0,0),(122,65,24,0,0),(123,63,24,0,0),(124,55,24,0,0),(125,72,24,0,0),(126,56,24,0,0),(127,82,24,0,0),(128,62,24,0,0),(129,66,24,0,0),(130,65,25,0,0),(131,63,25,0,0),(132,76,25,0,0),(133,56,25,0,0),(134,55,25,0,0),(135,73,25,0,0),(136,62,25,0,0),(137,70,25,0,0),(138,51,26,1,0),(139,60,26,0,0),(140,55,26,0,0),(141,61,26,0,0),(142,56,26,0,0),(143,58,26,0,0),(144,80,26,0,0),(145,51,25,0,0),(146,81,27,1,0),(147,51,27,0,0),(148,55,27,0,0),(149,56,27,0,0),(150,78,27,0,0),(151,79,27,0,0),(152,51,28,1,0);

--
-- Table structure for table `project_settings`
--

CREATE TABLE `project_settings` (
  `project_id` int(11) NOT NULL,
  `setting_name` varchar(100) COLLATE utf8_unicode_ci NOT NULL,
  `setting_value` mediumtext COLLATE utf8_unicode_ci NOT NULL,
  `deleted` tinyint(1) NOT NULL DEFAULT '0',
  UNIQUE KEY `unique_index` (`project_id`,`setting_name`)
) ENGINE=InnoDB DEFAULT CHARSET=utf8 COLLATE=utf8_unicode_ci;

--
-- Dumping data for table `project_settings`
--


--
-- Table structure for table `project_time`
--

CREATE TABLE `project_time` (
  `id` int(11) NOT NULL AUTO_INCREMENT,
  `project_id` int(11) NOT NULL,
  `user_id` int(11) NOT NULL,
  `start_time` datetime NOT NULL,
  `end_time` datetime DEFAULT NULL,
  `status` enum('open','logged','approved') COLLATE utf8_unicode_ci NOT NULL DEFAULT 'logged',
  `note` text COLLATE utf8_unicode_ci,
  `task_id` int(11) NOT NULL DEFAULT '0',
  `deleted` tinyint(1) NOT NULL DEFAULT '0',
  PRIMARY KEY (`id`)
) ENGINE=InnoDB AUTO_INCREMENT=30 DEFAULT CHARSET=utf8 COLLATE=utf8_unicode_ci;

--
-- Dumping data for table `project_time`
--

INSERT INTO `project_time` VALUES (1,4,1,'2023-06-04 07:46:59','2023-12-21 07:49:25','logged','',0,0),(2,7,1,'2023-08-30 23:05:00','2023-08-31 20:20:00','logged','',0,0),(3,11,59,'2024-01-01 03:50:00','2024-01-01 13:10:00','logged','',0,0),(4,11,59,'2024-01-01 05:45:54',NULL,'open',NULL,0,0),(5,11,58,'2024-01-03 06:18:46','2024-01-07 04:11:00','logged','',0,0),(6,11,51,'2024-01-03 10:14:02',NULL,'open',NULL,0,0),(7,11,1,'2024-01-04 05:43:07',NULL,'open',NULL,0,0),(8,11,58,'2024-01-07 04:12:26','2024-01-08 04:07:08','logged','',0,0),(9,11,58,'2024-01-08 04:07:17','2024-01-14 05:01:44','logged','',0,0),(10,12,55,'2024-01-09 05:18:13',NULL,'open',NULL,0,0),(11,12,79,'2024-01-09 09:38:35','2024-02-22 11:57:08','logged','',0,0),(12,12,81,'2024-01-09 15:01:59',NULL,'open',NULL,0,0),(13,12,1,'2024-01-10 04:36:00',NULL,'open',NULL,0,0),(14,12,51,'2024-01-10 07:00:16',NULL,'open',NULL,0,0),(15,11,58,'2024-01-14 05:02:03','2024-01-14 10:37:38','logged','',0,0),(16,12,56,'2024-01-17 06:11:07',NULL,'open',NULL,0,0),(17,11,58,'2024-01-18 05:06:58','2024-01-21 04:21:18','logged','',0,0),(18,11,58,'2024-01-21 04:21:33','2024-01-21 10:37:14','logged','',0,0),(19,11,58,'2024-01-22 04:02:36','2024-01-25 07:14:10','logged','',0,0),(20,25,76,'2024-01-24 09:58:13','2024-01-24 09:59:07','logged','test',0,0),(21,11,58,'2024-01-25 07:14:53','2024-01-25 09:20:35','logged','',0,0),(22,11,58,'2024-01-28 04:42:09','2024-01-29 05:19:30','logged','',0,0),(23,11,58,'2024-01-29 05:19:40','2024-01-31 04:41:49','logged','',0,0),(24,11,58,'2024-01-31 04:41:59','2024-02-01 05:38:08','logged','',0,0),(25,11,58,'2024-02-05 04:55:37','2024-02-06 04:53:54','logged','',0,0),(26,11,58,'2024-02-06 04:54:07','2024-02-07 04:14:36','logged','',0,0),(27,24,82,'2024-02-06 06:25:12',NULL,'open',NULL,0,0),(28,21,83,'2024-02-06 06:57:57','2024-02-06 06:58:04','logged','',0,0),(29,25,65,'2024-04-03 05:50:05',NULL,'open',NULL,0,0);

--
-- Table structure for table `projects`
--

CREATE TABLE `projects` (
  `id` int(11) NOT NULL AUTO_INCREMENT,
  `title` text COLLATE utf8_unicode_ci NOT NULL,
  `description` mediumtext COLLATE utf8_unicode_ci,
  `start_date` date DEFAULT NULL,
  `deadline` date DEFAULT NULL,
  `client_id` int(11) NOT NULL,
  `created_date` date DEFAULT NULL,
  `created_by` int(11) NOT NULL DEFAULT '0',
  `status` enum('open','completed','hold','canceled','pending','') COLLATE utf8_unicode_ci NOT NULL DEFAULT 'pending',
  `labels` text COLLATE utf8_unicode_ci,
  `price` double NOT NULL DEFAULT '0',
  `starred_by` mediumtext COLLATE utf8_unicode_ci NOT NULL,
  `estimate_id` int(11) NOT NULL,
  `geo_location` varchar(255) COLLATE utf8_unicode_ci DEFAULT NULL,
  `deleted` tinyint(1) NOT NULL DEFAULT '0',
  `cost_center_id` int(11) NOT NULL DEFAULT '1',
  `currency_rate_at_creation` double(8,6) unsigned DEFAULT NULL,
  PRIMARY KEY (`id`)
) ENGINE=InnoDB AUTO_INCREMENT=29 DEFAULT CHARSET=utf8 COLLATE=utf8_unicode_ci;

--
-- Dumping data for table `projects`
--

INSERT INTO `projects` VALUES (1,'project 1','desc','2023-03-05','2023-03-27',1,'2023-03-05',1,'open','pp',10000,'',0,NULL,1,1,NULL),(2,'Al mouj project','','2023-03-13','2023-06-26',2,'2023-03-13',1,'open','',0,'',0,NULL,1,1,NULL),(3,'project suhaib','','2023-03-15','2023-03-16',2,'2023-03-15',24,'open','jk',50,'',0,NULL,1,1,NULL),(4,'test','','2023-03-20','2023-03-30',2,'2023-03-20',1,'open','',0,'',0,NULL,1,1,NULL),(5,'P12','','2023-04-16','2023-07-04',1,'2023-04-16',1,'open','',6000,'',0,NULL,1,1,NULL),(6,'P123','dasdas','2023-08-16','2023-08-30',1,'2023-08-16',1,'open','',10000,'',0,NULL,1,1,NULL),(7,'project 12','','2023-08-31','2023-09-21',1,'2023-08-31',1,'open','label',10000,'',0,NULL,1,1,NULL),(8,'pppfewf','rewrrr','2023-11-13','2023-11-13',15,'2023-11-13',48,'open','',100,'',0,NULL,1,3,NULL),(9,'23rewrwr','rewrrw','2023-11-13','2023-11-13',15,'2023-11-13',48,'open','',20,'',0,NULL,1,3,0.500000),(10,'Alshanfari Project','','2023-12-24','2024-02-18',18,'2023-12-24',1,'open','civil',100000,'',26,NULL,1,1,1.000000),(11,'P68-Reconstruction of Switz Group factory & Renovation of Admin block & External Services','','2023-06-22','2024-06-21',19,'2023-12-30',55,'open','',1538427,',:59:,:51:',0,NULL,0,1,1.000000),(12,'P70 - Renovation of Existing Plant To Sambosa Pastry-G+M Warehouse & Office And External Services @ Mudon, Dammam , KSA','','2023-10-24',NULL,20,'2024-01-02',79,'open','',10808904,'',0,NULL,0,4,0.100000),(13,'Kraft Liner Paper Mill','Proposed Factory','2024-01-10',NULL,22,'2024-01-13',71,'open','',0,'',0,NULL,1,5,0.100000),(14,'P72 - Global Warehouse','',NULL,NULL,23,'2024-01-22',62,'open','',0,'',0,NULL,1,5,0.100000),(15,'P-66 Kraft Liner Paper Mill Industry','Proposed Kraft Liner Paper Mill Factory @Plot # 27,Sector #KHIA 4, KEZAD,ABUDHABI, UAE','2022-02-20','2024-03-31',23,'2024-01-22',71,'open','',27500000,'',0,NULL,1,5,0.100000),(16,'P-73 MUBARRAZ OIL FIELD INSTALLATIONS LLC','Proposed Construction of Admin Block(G+1),Workshop with Workers Utility, Painting Shed,Blasting Shed,Maintenance Shed,Washin Bay and Anicllary Faclities ','2024-01-03','2024-09-27',24,'2024-01-22',71,'open','',15000000,'',0,NULL,1,5,0.100000),(17,'P71-GLOBAL SUPPLY -OLD WAREHOUSE','Warehouse\nPlot No:5980308\nDubai Investment Park -1,Dubai -UAE','2023-12-22','2024-04-22',25,'2024-01-22',71,'open','',1524109,'',0,NULL,1,5,0.100000),(18,'P65-TURNKEY-DIP','Proposed G+1 Warehouse On Plot 597-1203\nDIP-1','2023-02-08','2024-02-08',27,'2024-01-22',71,'open','',3800000,'',0,NULL,1,5,0.100000),(19,'P74-HUNTER FOODS','Proposed Construction of Warehousing & Food Manufacturing and External Services at Plot No.TP040108 & Jabal Ali Industrial3,Dubai','2024-01-19','2024-11-18',26,'2024-01-22',71,'open','',28400000,'',0,NULL,1,5,0.100000),(20,'P-65-TURNKEY-DIP','Proposed G+1 Warehouse On Plot 5971203\nDIP-1','2023-02-08','2024-02-08',27,'2024-01-22',71,'open','',3800000,'',0,NULL,0,5,0.100000),(21,'P-66-KRAFT LINER PAPER MILL-KEZAD-ABUDHABI','Proposed Kraft Liner Paper Mill Factory\nPlot #27 , #KHIA4 , KEZAD,ABUDHABI','2023-02-20','2024-03-31',23,'2024-01-22',71,'open','',27500000,'',0,NULL,0,5,0.100000),(22,'P-71-GLOBAL SUPPLY -OLD WAREHOUSE','Warehouse\nPlot No 5980308\nDubai Investment Park-1','2023-12-22','2024-04-22',25,'2024-01-22',71,'open','',1524109,'',0,NULL,0,5,0.100000),(23,'P-72-GLOBAL SUPPLY-NEW WAREHOUSE','Construction Of Warehouse\nat Plot 5980348\nDIP-1','2024-01-01','2024-08-01',25,'2024-01-22',71,'open','',1524109,'',0,NULL,0,5,0.100000),(24,'P-73-MUBARRAZ OIL-ICAD 3-ABUDHABI','Proposed Construction of Admin Block (G+1)\nWorkshop,Workers Utility,Painting Shed,Blasting Shed,\nMaintenance Shed,Washing Bay and Ancillary Facilities','2024-01-03','2024-09-27',24,'2024-01-22',71,'open','',15000000,',:82:',0,NULL,0,5,0.100000),(25,'P-74-HUNTER FOODS-DUBAI','Proposed Construction Of Warehousing & Food Manufacturing and External Services at Plot No. TP040108 & Jabal Ali Industrial 3 , Dubai','2024-01-19','2024-11-18',26,'2024-01-22',71,'open','',28400000,'',0,NULL,0,5,0.100000),(26,'P76 - PROPOSED COLD STORE AND WAREHOUSE AT RUSAYL INDUSTRIAL ESTATE','','2024-02-07','2024-12-06',28,'2024-02-11',51,'open','',0,'',0,NULL,0,1,1.000000),(27,'P80 - PROPOSED G+M SHED ON PLOT NO. 0171B00102, AL KHARJ INDUSTRIAL CITY (B), SAUDI ARABIA. ','.','2024-03-16',NULL,30,'2024-03-16',81,'open','',8263240,'',0,NULL,0,4,0.100000),(28,'CHIT FUND 10 OMR','','2024-08-01','2024-08-10',32,'2024-08-10',51,'open','',160,'',0,NULL,0,1,1.000000);

--
-- Table structure for table `purchase_order_items`
--

CREATE TABLE `purchase_order_items` (
  `id` int(11) NOT NULL AUTO_INCREMENT,
  `item_id` int(11) NOT NULL DEFAULT '0',
  `title` text COLLATE utf8_unicode_ci NOT NULL,
  `description` text COLLATE utf8_unicode_ci,
  `quantity` double NOT NULL,
  `unit_type` varchar(20) COLLATE utf8_unicode_ci NOT NULL DEFAULT '',
  `rate` double NOT NULL,
  `total` double NOT NULL,
  `sort` int(11) NOT NULL DEFAULT '0',
  `purchase_order_id` int(11) NOT NULL,
  `tax_id` int(11) DEFAULT '0',
  `tax_id2` int(11) DEFAULT '0',
  `deleted` tinyint(1) NOT NULL DEFAULT '0',
  PRIMARY KEY (`id`)
) ENGINE=InnoDB AUTO_INCREMENT=779 DEFAULT CHARSET=utf8 COLLATE=utf8_unicode_ci;

--
-- Dumping data for table `purchase_order_items`
--

INSERT INTO `purchase_order_items` VALUES (22,8,'Smart lock 123','test ',1,'Piece',300,300,0,12,1,0,0),(23,8,'Smart lock 123','test ',1,'Piece',300,300,0,12,1,0,0),(24,9,'Plant x','',1,'PC',8,8,0,12,1,0,0),(25,2,'iPhone','iphone 5',1,'PC',400,400,0,12,1,0,0),(26,2,'iPhone','iphone 5',1,'PC',400,400,0,21,1,0,0),(27,2,'iPhone','BHEJ DO ',5,'PCS',50,250,0,22,1,0,0),(28,2,'iPhone','iphone 5',2,'PC',400,800,0,23,0,0,0),(29,2,'iPhone','iphone 5',2,'PC',400,800,0,24,0,0,0),(30,0,'soil shoring','soil shoring-UG TANK',30,'Mtr',1800,54000,0,26,5,0,0),(31,0,'earth works machinery rental','earth works machinery rental',2,'pcs',700,1400,0,26,0,0,0),(32,0,'design works','',1,'lumsum',0,0,0,27,0,0,0),(33,0,'mezzanine building ','steel+sandwich',1,'lump sum',205000,205000,0,27,5,0,0),(34,0,'coulumn replacment+ extention works','coulumn replacment+ extention works',1,'lump sum',35000,35000,0,27,5,0,0),(35,0,'Roof sandwich panels 100mm','Roof sandwich panels 100mm',3033,'Mtr',152,461016,0,27,5,0,0),(36,0,'Wall sandwich panels 75mm','Wall sandwich panels 75mm',1258,'Mtr',137,172346,0,27,5,0,0),(37,27,'Roof sandwich panels 100mm','Roof sandwich panels 100mm',3033,'Mtr',152,461016,0,28,5,0,0),(38,26,'coulumn replacment+ extention works','coulumn replacment+ extention works',1,'lump sum',35000,35000,0,28,5,0,0),(39,25,'mezzanine building ','steel+sandwich',1,'lump sum',205000,205000,0,28,5,0,0),(40,24,'design works','',1,'lumsum',0,0,0,28,0,0,0),(41,28,'Wall sandwich panels 75mm','Wall sandwich panels 75mm',1258,'Mtr',137,172346,0,28,5,0,0),(42,0,'steel tubes','steel tubes for side openings /purlins',1,'lumsum',7350,7350,0,29,5,0,0),(43,0,'water tank','',1,'lumpsum',55000,55000,0,31,5,0,0),(44,0,'service buildings+ extension Area','',1,'lumpsum',27000,27000,0,31,5,0,0),(45,0,'neighbours walls','',1,'lumpsum',20000,20000,0,31,5,0,0),(46,0,'MODON walls','',1,'lumpsum',30000,30000,0,31,5,0,0),(47,0,'wire mesh slab + ramps + doors steps','',1,'lumpsum',37000,37000,0,31,5,0,0),(48,0,'sand blasting steel maintenance','',1,'lumpsum',25000,25000,0,31,5,0,0),(49,0,' steel primer paint',' steel primer paint',1,'lumpsum',15000,15000,0,31,5,0,0),(50,0,'fire protection paint','fire protection paint',1,'lumpsum',10000,10000,0,31,0,0,0),(51,0,'final paint','final paint',1,'lump sump',10000,10000,0,31,5,0,0),(52,0,'Construction and finishing','Construction and finishing',1,'lump sum',229000,229000,0,33,5,0,0),(53,39,'Construction and finishing','Construction and finishing',1,'lump sum',229000,229000,0,34,5,0,0),(54,2,'iPhone','iphone 5',5,'PC',400,2000,0,35,1,0,0),(55,8,'Smart lock 123','test ',5,'Piece',300,1500,0,36,0,0,0),(56,2,'iPhone','iphone 5',5,'PC',400,2000,0,37,1,0,0),(57,27,'Roof sandwich panels 100mm','Roof sandwich panels 100mm',1,'Mtr',152,152,0,38,0,0,0),(58,0,'cement block 10cm','cement block 10cm',1500,'pc',1.35,2025,0,40,5,0,0),(59,0,'cement block 20 cm','cement block 20 cm',2100,'pc',1.45,3045,0,40,5,0,0),(60,0,'Ready MIX concrete 3000 -Sulfate Resistance','Ready MIX concrete 3000 -Sulfate Resistance',20,'CUM',165,3300,0,40,5,0,0),(61,0,'bitumen rolls 4mm 3 layers','bitumen rolls 4mm 3 layers (bitmatt)',300,'sq.m',60,18000,0,41,5,0,0),(62,0,'water stop 10 m','',6,'pcs',250,1500,0,41,5,0,0),(63,2,'sadad','SADAD NO 208 الهيئة السعودية للمقاولين',1,'PC',750,750,0,42,0,0,0),(64,0,'Finishing cement','',150,'pc',11.5,1725,0,43,5,0,0),(65,0,'Generator Rental','Generator Rental',1,'mounth',3217.39,3217.39,0,44,5,0,0),(66,27,'Roof sandwich panels 100mm','Roof sandwich panels 100mm',1,'Mtr',152,152,0,47,1,0,0),(67,43,'cement block 20 cm','cement block 20 cm For mobilization:\n (workers rest room & Site Lab)\n',1350,'pc',1.45,1957.5,0,48,0,0,0),(68,42,'cement block 10cm','cement block 10cm',900,'pc',1.35,1215,0,48,0,0,0),(69,0,'steel rebars','steel rebars',29,'ton',2300,66700,0,49,5,0,0),(70,0,'steel rebars 10mm','steel rebars 10mm',1,'ton',2400,2400,0,49,5,0,0),(71,0,'Galvanized zinc corrugated sheet ','',90,'sq.m',0,0,0,50,0,0,0),(72,0,'Extra works','extra works',1,'lumpsum',70000,70000,0,51,5,0,0),(73,0,'3/4 x 1/2\" PPR male socket','',6,'nos',0,0,0,52,0,0,0),(74,0,'3/4 PPR union','',9,'nos',0,0,0,52,0,0,0),(75,0,'3/4 PPR Elbow','',22,'nos',0,0,0,52,0,0,0),(76,0,'3/4 PPR Tee','',17,'nos',0,0,0,52,0,0,0),(77,0,'3/4 x 1/2\" PPR female elbow','',20,'nos',0,0,0,52,0,0,0),(78,0,'3/4 PPR socket','',18,'nos',0,0,0,52,0,0,0),(79,0,'3/4 PPR socket','',18,'nos',0,0,0,52,0,0,0),(80,0,'Teflon tape','',20,'nos',0,0,0,52,0,0,0),(81,0,'3/4\" PPR pipe','',150,'metre',0,0,0,52,0,0,0),(82,0,'1/2\" Water tap','',12,'nos',0,0,0,52,0,0,0),(83,0,'1/2\" PPR angle gate valve','',1,'no',0,0,0,52,0,0,0),(84,0,'PPR welding machine','',1,'no',0,0,0,52,0,0,0),(85,0,'4\" PVC Elbow','',22,'nos',0,0,0,52,0,0,0),(86,0,'4\" PVC Tee','',12,'nos',0,0,0,52,0,0,0),(87,0,'4\" PVC socket','',10,'nos',0,0,0,52,0,0,0),(88,0,'PVC Glue ','',4,'nos',0,0,0,52,0,0,0),(89,0,'4\" PVC pipe','',60,'metre',0,0,0,52,0,0,0),(90,0,'Indian W/C','',6,'nos',0,0,0,52,0,0,0),(91,0,'Floor trap','',3,'nos',0,0,0,52,0,0,0),(92,0,'2\" High pressure pipe','',4,'metre',0,0,0,52,0,0,0),(93,0,'2\" High pressure elbow','',2,'nos',0,0,0,52,0,0,0),(94,0,'2\" female socket','',1,'no',0,0,0,52,0,0,0),(95,0,'2.5 \" Wire nail ','',4,'box',0,0,0,53,0,0,0),(96,0,'1\" Wire nail ','',1,'box',0,0,0,53,0,0,0),(97,0,'2\" Wire nail ','',2,'box',0,0,0,53,0,0,0),(98,0,'Binding wire','',10,'bundle',0,0,0,53,0,0,0),(99,0,'PVC bucket (yellow)','',6,'nos',0,0,0,53,0,0,0),(100,0,'Steel nail 1.5\"','',2,'box',0,0,0,53,0,0,0),(101,0,'Measuring tape 10m','',2,'nos',0,0,0,53,0,0,0),(102,0,'C40/20 drymix concrete (super str)','',6,'m3',0,0,0,54,0,0,0),(103,0,'Steel nail 2\"','',2,'box',0,0,0,55,0,0,0),(104,0,'Binding wire','',4,'bundle',0,0,0,55,0,0,0),(105,0,'Measuring tape 10m','',2,'nos',0,0,0,55,0,0,0),(106,0,'Nail pulling crow bar','',3,'nos',0,0,0,55,0,0,0),(107,86,'C40/20 drymix concrete (super str)','',6,'m3',0,0,0,56,0,0,0),(108,0,'PVC water tank 2000 Gallon','',2000,'no',0,0,0,58,0,0,0),(109,0,'steel frames for offices area (material+erection)','steel frames for offices area (material+erection)',600,'M.sq',60,36000,0,59,5,0,0),(110,0,'steel rebars 16-18','steel rebars 16-18',2.5,'ton',2460,6150,0,60,5,0,0),(111,0,'Coverall','XXL SIZE = 6 nos\nXL SIZE =4 nos',10,'nos',0,0,0,61,0,0,0),(112,0,'Safety Shoe','44 Size = 3 nos\n43 Size = 2 nos',5,'nos',0,0,0,61,0,0,0),(113,0,'3 Core Flexible cable 10mm','',90,'metre',0,0,0,64,0,0,0),(114,0,'Reinforcement steel 8mm','',3,'ton',0,0,0,65,0,0,0),(115,0,'Reinforcement steel 10mm','',3,'ton',0,0,0,65,0,0,0),(116,0,'Reinforcement steel 12mm','',6,'ton',0,0,0,65,0,0,0),(117,0,'Reinforcement steel 16mm','',12,'ton',0,0,0,65,0,0,0),(118,0,'Reinforcement steel 20mm','',0.386,'ton',0,0,0,65,0,0,0),(119,0,'steel rebars','steel rebars',1.5,'ton',2300,3450,0,67,5,0,0),(120,0,'WATER STOP 10M','WATER STOP 10M',1,'PCS',250,250,0,68,5,0,0),(121,0,'safety material','site safety material',0,'pcs',0,0,0,69,1,0,1),(122,0,'Safety goggles - Clear','',50,'pc',0,0,0,70,0,0,0),(123,0,'Aluminium ladder - 4m','',4,'pc',0,0,0,70,0,0,0),(124,0,'Aluminium scaffolding set -5 mtr height','',2,'set',0,0,0,70,0,0,0),(125,0,'Safety belt with harness ','',10,'pc',0,0,0,70,0,0,0),(126,0,'Welding Apron','',2,'pc',0,0,0,70,0,0,0),(127,0,'Face mask','',10,'box',0,0,0,70,0,0,0),(128,0,'Fire blanket','',1,'no',0,0,0,70,0,0,0),(129,0,'Cotton rope','',1,'roll',0,0,0,70,0,0,0),(130,0,'Safety flag - Red & green','',2,'set',0,0,0,70,0,0,0),(131,0,'Fire Extinguisher (CO2) - 5kg','',2,'pc',0,0,0,70,0,0,0),(132,0,'Fire Extinguisher Powder - 6kg','',2,'pc',0,0,0,70,0,0,0),(133,0,'Dry powder 3kg','',2,'pc',0,0,0,70,0,0,0),(134,0,'First Aid Box','25 person',2,'pc',0,0,0,70,0,0,0),(135,0,'8 inch hollow block','',300,'nos',0,0,0,71,0,0,0),(136,0,'C40/20 (super str) concrete - ','Wetmix',4,'m3',0,0,0,72,0,0,0),(137,0,'Welding machine - Single phase','',1,'no',0,0,0,74,0,0,0),(138,0,'Welding rod 2.5mm','',1,'box',0,0,0,74,0,0,0),(139,0,'PPR PIPE 25mm 3/4\" ','',20,'nos',0,0,0,75,0,0,0),(140,0,'PPR Socket - 25mm ','',30,'nos',0,0,0,75,0,0,0),(141,0,'Wash basin tap','',1,'no',0,0,0,75,0,0,0),(142,0,'A3 printer with scanner','All in one laser printer (office type) with catridge',1,'nos',0,0,0,76,0,0,0),(143,0,'A3 paper ','',2,'packet',0,0,0,76,0,0,0),(144,0,'A4 paper','',2,'packet',0,0,0,76,0,0,0),(145,0,'Washer ( for plastering)','',1,'kg',0,0,0,77,0,0,0),(146,0,'CIVIL SUBCONTRACT','AGREEMENT',1,'',45000,45000,0,78,0,0,0),(147,0,'Roadbase','',3,'m3',0,0,0,79,0,0,0),(148,119,'C40/20 (super str) concrete - ','Wetmix',3,'m3',0,0,0,80,0,0,0),(149,0,'HOLDING TANK','',2,'',200,400,0,81,0,0,0),(150,0,'FAT TANK','',3,'',400,1200,0,81,0,0,0),(151,0,'DISCOUNT','',1,'',-600,-600,0,81,0,0,0),(152,0,'STEEL AND MEZZANINE SHEET ACCESSORIES AND ERECTION','',1,'',14677,14677,0,82,1,0,0),(153,0,'REMOVAL AND CART AWAY OF COMPLETE CONSTRUCTION DEBRIS AT SITE','',1,'',175,175,0,83,0,0,0),(154,118,'8 inch hollow block','hollow blocks 8\" purchased',3000,'pcs',0.14,420,0,84,0,0,0),(155,0,'supply 25 ton crane for 1 trailer off loading','',3,'hours',45,135,0,85,0,0,0),(156,0,'supply 25 ton crane with operator on dailu basis minimum work 10 hours per day','',1,'day',61,61,0,85,0,0,0),(157,0,'plazzo white - wall tiles','',16,'mtr',2.1,33.6,0,86,1,0,1),(158,140,'plazzo white - wall tiles','',5,'mtr',2.1,10.5,0,86,1,0,1),(159,0,'insulated block 8\"','',6000,'pcs',0.42,2520,0,87,1,0,0),(160,0,'polygrout NS','',1200,'bag',2.9,3480,0,88,1,0,0),(161,142,'SRC 15N','CONCRETE',112,'M3',18.5,2072,0,89,1,0,0),(162,141,'SUPPLY OF DUNE SAND - 45M3','',1,'TRIP',120,120,0,90,0,0,0),(163,0,'csds-102-60x60 heavy duty double seal manhole cover','',2,'pcs',55,110,0,91,1,0,0),(164,0,'CDD-145N - 45x45 heavy duty double seal manhole cover','',2,'pcs',35,70,0,91,1,0,0),(165,145,'BRC MESH A252-8MM','',25,'NOS',12.3,307.5,0,92,1,0,0),(166,0,'cement','',400,'bags',1.5,600,0,93,1,0,0),(167,0,'ROOF WATERPROOFING WORKS','',1,'LS ',56500,56500,0,94,0,0,0),(168,0,'C35 OPC READYMIX','',25,'M3',19.45,486.25,0,95,1,0,0),(169,144,'insulated block 8\"','',18000,'NOS',0.42,7560,0,96,1,0,0),(170,0,'OPC 35N','',25,'M3',19.55,488.75,0,96,1,0,0),(171,0,'SRC 35N','',1150,'M3',19.55,22482.5,0,96,1,0,0),(172,0,'COMBINATION HAMMER 26mm[1\"] - makita','',2,'nos',68,136,0,97,1,0,0),(173,0,'COMM PLYWOOD 4x8x18mm KINGDO','',35,'MTR',12.8,448,0,98,1,0,0),(174,156,'SRC 35N','',45,'M3',19.55,879.75,0,99,1,0,0),(175,145,'BRC MESH A252-8MM','',50,'NOS',12.3,615,0,100,1,0,0),(176,0,'vario base plate, rs210','',1,'nos',27,27,0,101,1,0,0),(177,0,'push - pull prop, RS650 cm','',1,'nos',607.56,607.56,0,101,1,0,0),(178,0,'surveyor hiring for monthly base working','',1,'month',775,775,0,102,0,0,0),(179,0,'CSDS-102- 60x60 heavy duty double seal manhole cover','',2,'pcs',55,110,0,103,1,0,0),(180,0,'CDD-145N - 45x45 heavy duty double seal manhole cover','',2,'pcs',35,70,0,103,1,0,0),(181,0,'customization for teamway ERP system','',1,'pcs',900,900,0,108,1,0,0),(182,0,'scraper 10\"','',5,'nos',1,5,0,109,1,0,0),(183,0,'scraper 4\"','',5,'nos',0.85,4.25,0,109,1,0,0),(184,0,'gypsum powder 30kg {global}','',5,'bags',1.8,9,0,109,1,0,0),(185,0,'white cement 40kg','',5,'bags',3,15,0,109,1,0,0),(186,0,'4\" paint brush','',5,'nos',1,5,0,109,1,0,0),(187,0,'paint stick 3 mtr normal','',5,'nos',1.6,8,0,109,1,0,0),(188,0,'sand paper 120 made in france','',5,'pkts',7.5,37.5,0,109,1,0,0),(189,0,'national putty','',15,'drum',6.8,102,0,109,1,0,0),(190,0,'permanent marker black','',2,'pkts',2.2,4.4,0,109,1,0,0),(191,0,'parachute safety belt single','',4,'pcs',6,24,0,109,1,0,0),(192,0,'cotton rope 12mm x 40y','',2,'rolls',7,14,0,109,1,0,0),(193,0,'supply & installation supervision of steel water tank','1. model: cs - wt04r5\n2. diameter : 3.69m, height: 5.1m\n3. gross capacity: 54.51 m3',2,'',4454.29,8908.58,0,110,1,0,0),(194,0,'ecel white 9016 emulsion mat','',27,'pcs',22,594,0,111,1,0,0),(195,154,'C35 OPC READYMIX','',100,'M3',19.45,1945,0,112,1,0,0),(196,0,'grey cement ','',500,'bags',1.5,750,0,113,1,0,0),(197,0,'scafffolding board end banded','',25,'pcs',6,150,0,114,1,0,0),(198,145,'BRC MESH A252-8MM','',1134,'NOS',12.3,13948.2,0,115,1,0,0),(199,0,'SAFETY SHOES- 151100400 48','',7,'PCS',3.8,26.6,0,116,1,0,0),(200,0,'SAFETY SHOES - 151100400 49','',8,'PCS',3.8,30.4,0,116,1,0,0),(201,0,'SAFETY SHOES - 151100400 50','',8,'PCS',3.8,30.4,0,116,1,0,0),(202,0,'SAFETY SHOES - 151100400 60','',5,'PCS',3.8,19,0,116,1,0,0),(203,0,'milano coverall poly twill cotton petrol blue - 15110100707','',5,'pcs',2.6,13,0,116,1,0,0),(204,0,'milano coverall poly twill cotton petrol blue - 15110100710','',8,'pcs',2.6,20.8,0,116,1,0,0),(205,0,'covnev bead','',50,'nos',0.38,19,0,117,1,0,0),(206,0,'GI PLASTER MESH [6x50]','',20,'roll',2.9,58,0,117,1,0,0),(207,0,'BLACK BUCKET','',25,'NOS',0.45,11.25,0,117,1,0,0),(208,0,'WHEEL BARROW ','',5,'NOS',14,70,0,117,1,0,0),(209,0,'1000g x 8kg polythene sheet','',40,'roll',7.9,316,0,117,1,0,0),(210,0,'kanchi [scissors]','',1,'nos',0.8,0.8,0,117,1,0,0),(211,0,'aluminium patta 6mtr','',3,'pcs',7.6,22.8,0,117,1,0,0),(212,0,'floor hardner','',50,'bags',3.9,195,0,117,1,0,0),(213,0,'extension power cable 50m','',4,'rolls',28,112,0,117,1,0,0),(214,0,'water pipe [hose] 3/4 x 50 yard [h.d india]','',4,'rolls',8.6,34.4,0,117,1,0,0),(215,0,'gypsum powder','',5,'bags',1.8,9,0,117,1,0,0),(216,0,'paint wall putty','',40,'bkt',6.8,272,0,117,1,0,0),(217,0,'graphite grey [internal ceiling paint]','',10,'bkt',34.9,349,0,117,1,0,0),(218,0,'garden rake','',5,'nos',2,10,0,117,1,0,0),(219,0,'muscat steel 8mm','',1.8,'ton',245,441,0,118,1,0,0),(220,0,'muscat steel 10mm ','',2.5,'ton',245,612.5,0,118,1,0,0),(221,0,'muscat steel 12mm ','',1.5,'ton',245,367.5,0,118,1,0,0),(222,0,'muscat steel 16mm','',1.6,'ton',245,392,0,118,1,0,0),(223,0,'muscat steel 20mm','',2.5,'ton',245,612.5,0,118,1,0,0),(224,0,'muscat steel 25mm','',3.4,'ton',245,833,0,118,1,0,0),(225,0,'muscat steel 32mm','',0.8,'ton ',245,196,0,118,1,0,0),(226,0,'supply & apply of 5mm thick GRP water proofing linning with top coat for concrete tank {incl. VAT5%}','',235,'M2',12.4,2914,0,119,1,0,0),(227,0,'BRC MESH A142 5.5mm','',630,'sheets',22,13860,0,120,1,0,0),(228,0,'SUPPLY AND INSTALLATIONS OF STEEL DOORS AND ROLLING SHUTTERS','QUOTATION REF NO. {CRD/TR/VK-286-R02}',1,'DAYS',12810,12810,0,121,1,0,0),(229,200,'muscat steel 8mm','',1,'ton',240,240,0,122,1,0,0),(230,202,'muscat steel 12mm ','',3,'ton',240,720,0,122,1,0,0),(231,205,'muscat steel 25mm','',1,'ton',11.5,11.5,0,122,1,0,0),(232,133,'HOLDING TANK','',2,'',200,400,0,123,0,0,0),(233,134,'FAT TANK','',3,'',400,1200,0,123,0,0,0),(234,0,'600x600mm [solid top type]','',4,'',75,300,0,124,1,0,0),(235,0,'800x800mm [recessed type]','',1,'',120.2,120.2,0,124,1,0,0),(236,0,'Supply and apply of weberdry SPF 45, polyurethane foam insulation at 30-35mm thick with density 45 kg/m3 to flt area over primary slab from M/S Sodamco','',6623,'',10.2,67554.6,0,125,0,0,0),(237,0,'Ditto to upstands 200mm high ','sand cement to be provided by main contractor FOC basis',750,'',2.2,1650,0,125,0,0,0),(238,0,'SAFTY FENCE 2.5 M HIGHT','SAFTY FENCE',125,'LM',80,10000,0,126,0,0,0),(239,0,'10/16.5 10PRL2B SAMSON TL CHINA','TYRE',4,'',36,144,0,128,1,0,0),(240,0,'Bruserstang aluminium tiles white perforated clip in 60x60x0.6mm{concealed} with suspension','',0.36,'sqm',4.8,1.728,0,129,1,0,0),(241,0,'gypline trade 1200x2400x12mm fire rated/RE','',1,'PCS',2.6,2.6,0,129,1,0,0),(242,0,'MILANO CHANNEL SCREW WAFFER HEAD 7/16*6-ZINC','',1,'PKT',1.6,1.6,0,129,1,0,0),(243,0,'MILANO DRYWALL SCREW GRAY PHOSPHATED FINE 1x6 [12pkt/ctn]','',1,'pkt',1.5,1.5,0,129,1,0,0),(244,0,'G.I METAL FURRING CHANNEL 3 MTR LONG ','',1,'PCS',0.65,0.65,0,129,1,0,0),(245,0,'G.I METAL WALL ANGLE 3 MTR LONG','',1,'PCS',0.325,0.325,0,129,1,0,0),(246,0,'G.I METAL MAIN CHANNEL 3MTR LONG','',1,'PCS',0.38,0.38,0,129,1,0,0),(247,0,'G.I METAL TRACK 72MM x 3MTR LONG','',1,'PCS',0.7,0.7,0,129,1,0,0),(248,0,'G.I METAL STUD 70MM X 3 MTR LONG ','',1,'PCS',0.8,0.8,0,129,1,0,0),(249,0,'SCREED OPC C35 N','',640,'m3',19.55,12512,0,130,1,0,0),(250,178,'grey cement ','',500,'bags',1.5,750,0,131,1,0,0),(251,0,'SUPPLY, DESIGN, INSTALLATION, FIRE CONSULTANCY CHARGES, TESTING & COMMISSIONING OF DELUGE SYSTEM','',1,'LS',7540,7540,0,133,1,0,0),(252,0,'DESIGN, SUPPLY, INSTALLATION, TESTING & SHOP DRAWINGS ','PRERPATION OF SCH 40\" PIPING, FITIINGS & ACCESSORIES FOR LPG TANK TO AIR COMPRESSOR ROOM.',1,'LS',760,760,0,134,1,0,0),(253,0,'SUPPLY OF HFC 227 EA FM 200 FIRE SYSTEM FOR LV ROOM{10x5x2.94} trench depth - 1.48 M & WIDTH 0.810M','INSTALLATION, FLOW CALCULATION & DESIGN OF ABOVE ITEMS WITH REQUIRED DETECTION SYSTEM CONDUITING, MECHANICAL SYSTEM PIPING, FIXING OF ALL DEVICES AGENT CYLINDER, EXTINGUISH PANEL DETECTORS, WARNING DEVICES ETC.',1,'SET',5696,5696,0,135,1,0,0),(254,0,'DESIGN, SUPPLY, INSTALLATION TESTING & COMMISIONNING OF FSS-ISLAND KITCHEN HOOD 3.6x1.67 MTR ','[KITCHEN HOOD SYSTEM COCNSISTS OF WET CHEMICAL RELEASING INSTALLED WITH MULTIPLE NOZZLES FOR RANGE WITH MANUAL PULL STATION, AUDIO VISUAL ALARM, CONTROL PANEL WET CHEMICAL FILLED IN STAINLESS STEEL CYLINDER ALONG WITH PRESSURE GAUGE AND SHUT OFF VALVE PROVISON FOR INTERLINKED WITH FIRE ALARM SYSTEM] -2 SYSTEM',1,'LS',4842,4842,0,136,1,0,0),(255,0,'SUPPLY & INSTALLATION OF ESE LIGHTING PROTECTION SYSTEM','',1,'',4500,4500,0,137,1,0,0),(256,0,'60x60 METAL TILES','',157.1,'SQM',3.5,549.85,0,138,0,0,0),(257,0,'FIXING OF METAL FRAMING AND GYPSUM MR BOARD CEILING ','',180.81,'SQM',3.9,705.159,0,138,0,0,0),(258,0,'FIXING OF METAL FRAMING AND GYPSUM FR BOARD BULKHEAD ','',73.27,'SQM',3.9,285.753,0,138,0,0,0),(259,0,'FIXING METAL FRAMING AND GYPSUM BOARD PARTITION','',72.63,'SQM',3.5,254.205,0,138,0,0,0),(260,0,'PUTTY ','',50,'DRM',7.2,360,0,139,1,0,0),(261,0,'EXTERNAL PRIMER [ACRYLIC]','',20,'DRM',9.8,196,0,139,1,0,0),(262,0,'9\" ROLLER BRUSH','',10,'NOS',0.95,9.5,0,139,1,0,0),(263,0,'JUMBO ROLLER ','',5,'NOS',1.3,6.5,0,139,1,0,0),(264,0,'WHITE CEMENT ','',10,'BAG',3,30,0,139,1,0,0),(265,0,'FLORENCE HI-GLOW LED COB DOWNLIGHT 30W 6000K-210300300270','',8,'PCS',2.2,17.6,0,140,1,0,0),(266,0,'FLORENCE HI-GLOW LED COB DOWNLIGHT 20W 6000K-210300300268','',2,'PCS',1.7,3.4,0,140,1,0,0),(267,0,'Whitewood 3\"x3\"','',1,'bundle',0,0,0,141,0,0,0),(268,0,'18mm Marine plywood ','',1,'bundle',0,0,0,141,0,0,0),(269,0,'Roadbase','',45,'m3',0,0,0,142,0,0,0),(270,198,'graphite grey [internal ceiling paint]','',40,'bkt',27.3,1092,0,143,1,0,0),(271,217,'gypline trade 1200x2400x12mm fire rated/RE','',30,'PCS',2.5,75,0,144,1,0,0),(272,0,'gypline trade 1200x2400x12mm fire resistant / RE','',74,'PCS',2.6,192.4,0,144,1,0,0),(273,218,'MILANO CHANNEL SCREW WAFFER HEAD 7/16*6-ZINC','',15,'PKT',1.6,24,0,144,1,0,0),(274,219,'MILANO DRYWALL SCREW GRAY PHOSPHATED FINE 1x6 [12pkt/ctn]','',20,'pkt',1.5,30,0,144,1,0,0),(275,220,'G.I METAL FURRING CHANNEL 3 MTR LONG ','',330,'PCS',0.65,214.5,0,144,1,0,0),(276,221,'G.I METAL WALL ANGLE 3 MTR LONG','',250,'PCS',0.325,81.25,0,144,1,0,0),(277,222,'G.I METAL MAIN CHANNEL 3MTR LONG','',120,'PCS',0.38,45.6,0,144,1,0,0),(278,216,'Bruserstang aluminium tiles white perforated clip in 60x60x0.6mm{concealed} with suspension','',172.08,'sqm',4.8,825.984,0,144,1,0,0),(279,0,'SUPPLY OF HFC 227 EA FM 200 FIRE SUPRESSION SYSTEM FOR ELEECTRICAL ROOM[7.70x10x4.2] trench depth - 1 48 M width 0.820M','INSTALLATION, FLOW CALCULATION & DESIGN OF ABOVE ITEMS WITH REQUIRED DETECTION SYSTEM CONDUITING, MECHANICAL SYATEM PIPING, FIXING OF ALL DEVICES AGENT CYCLINDER , COMMISIONING AND HANDING OVER OF COMPLETE SYSTEM.',1,'',8738,8738,0,145,1,0,0),(280,0,'WIRE NAIL 1.5\" 12KG','',2,'BOX',8.5,17,0,146,1,0,0),(281,81,'Wire nail 2\"','',2,'box',8.5,17,0,146,1,0,0),(282,0,'YELLOW BUKET ITALY','',20,'NOS',1,20,0,146,1,0,0),(283,0,'CONCRETE CUTTING BLADE 4\"','',3,'NOS',3.5,10.5,0,146,1,0,0),(284,0,'CONCRETE CUTTING BLADE 7\"','',1,'NOS',5.5,5.5,0,146,1,0,0),(285,0,'CLEANING BRUSH HARD [GOOD]','',10,'NOS',1.5,15,0,146,1,0,0),(286,0,'CLEANING BRUSH SOFT [GOOD QUALITY]','',10,'NOS',1.5,15,0,146,1,0,0),(287,0,'SCREW DRIVER STAR 10\" [6x250]','',1,'NOS',0.8,0.8,0,146,1,0,0),(288,0,'CUTTING PLAYER 7\" MAKITA','',1,'NOS',6,6,0,146,1,0,0),(289,0,'TESTER','',1,'NOS',0.6,0.6,0,146,1,0,0),(290,0,'SPIRIT LEVEL 60cm','',3,'nos',2.9,8.7,0,146,1,0,0),(291,0,'SAFETY JACKET RED','',25,'NOS',0.6,15,0,146,1,0,0),(292,0,'HAND GLOVES','',3,'BUND',6,18,0,146,1,0,0),(293,0,'LINE TURI MIXED 210x24x200','',45,'nos',0.5,22.5,0,146,1,0,0),(294,0,'corner beeding [6x50]','',25,'nos',0.4,10,0,146,1,0,0),(295,0,'steel tape 50mtr','',1,'nos',8,8,0,146,1,0,0),(296,0,'steel tape 30mtr','',1,'nos',4.5,4.5,0,146,1,0,0),(297,0,'white helmet','',10,'nos',1,10,0,146,1,0,0),(298,0,'flexible cable 4mm 3 core INDIA H.D','',3,'roll',49,147,0,146,1,0,0),(299,0,'yellow helmet','',10,'nos',1,10,0,146,1,0,0),(300,0,'warning tape','',5,'roll',1.3,6.5,0,146,1,0,0),(301,0,'face mask disposable','',4,'box',2,8,0,146,1,0,0),(302,0,'hand showel','',10,'nos',2.3,23,0,146,1,0,0),(303,0,'4mm connector','',1,'box',4,4,0,146,1,0,0),(304,0,'8/6 socket 15amp','',15,'nos',1.35,20.25,0,146,1,0,0),(305,0,'gsarden tap 1/2\"','',5,'nos',2,10,0,146,1,0,0),(306,0,'polythene sheet 1000g x 4kg','',40,'roll',3.2,128,0,146,1,0,0),(307,88,'Binding wire','',6,'roll',3.8,22.8,0,146,1,0,0),(308,0,'hand gloves dotted pakistan','',2,'bdl',3.6,7.2,0,147,1,0,0),(309,0,'hand gloves pvc cotted','',3,'bdl',6,18,0,147,1,0,0),(310,0,'safety goggles clear','',24,'nos',0.5,12,0,147,1,0,0),(311,0,'measuring tape 10m x 25mm ','',5,'nos',1.8,9,0,147,1,0,0),(312,0,'permanent marker','',2,'box',2,4,0,147,1,0,0),(313,0,'flood light led 50 watts 600k','',15,'nos',8,120,0,147,1,0,0),(314,0,'construction foam b3 fire proof','',35,'nos',1.075,37.625,0,147,1,0,0),(315,0,'steel cutting blade 4mm germany ','',15,'nos',0.3,4.5,0,147,1,0,0),(316,265,'yellow helmet','',25,'nos',1,25,0,147,1,0,0),(317,251,'CLEANING BRUSH HARD [GOOD]','',10,'NOS',1.5,15,0,147,0,0,1),(318,251,'CLEANING BRUSH HARD [GOOD]','',10,'NOS',1,10,0,147,1,0,0),(319,252,'CLEANING BRUSH SOFT [GGOD QUALITY]','',10,'NOS',1,10,0,147,1,0,0),(320,0,'upvc pipe 1.5','',2,'nos',1.4,2.8,0,147,1,0,0),(321,0,'1 hp pressure pump','',1,'nos',35,35,0,147,1,0,0),(322,0,'hpvc gate valve 1.5','',2,'nos',1.9,3.8,0,147,1,0,0),(323,0,'hpvc f/socket 1.5','',8,'nos',0.25,2,0,147,1,0,0),(324,0,'hpvc f/socket 1','',4,'nos',0.125,0.5,0,147,1,0,0),(325,0,'SOLVENT 200ML USA','',3,'NOS',3.4,10.2,0,147,1,0,0),(326,0,'FISHER PLUG 4mm','',1,'BOX',0.13,0.13,0,147,1,0,0),(327,0,'HPVC UNION 1.5','',5,'NOS',0.13,0.65,0,147,1,0,0),(328,0,'Temporary fence sheet panel','without supports & foundation',12,'nos',0,0,0,148,0,0,0),(329,0,'SCREW 4mm','',1,'BOX ',0.13,0.13,0,147,1,0,0),(330,0,'GARDEN TAP 1/2','',5,'NOS',1.6,8,0,147,1,0,0),(331,0,'4 CX2.5 FLEXIBLE CABLE GOOD QUALITY','',4,'ROLL',29.9,119.6,0,147,1,0,0),(332,0,'4mm shuttering plywood','',10,'nos',3.5,35,0,147,1,0,0),(333,0,'kangaroo plywood 18mm','',80,'nos',12.5,1000,0,147,1,0,0),(334,0,'DEMOLISHING THE BUILDING AT SOHAR','DEMOLISHING THE BLOCK WALL,\nDEMOLISHING THE FLOOR CONCRETE,\nDEMOLISHING THE AREA UPTO GROUND LEVEL ALL DEMOLISH MATERIAL SHOULD BE REMOVED, ALL WORK SHOULD BE DONE ASPER DRAWINGS',1,'AREA',27000,27000,0,149,0,0,0),(335,0,'PRECAST BEAM, PRECAST COLUMN - C101, 265mm thick pre-stressed hollow core slabs ','transportation cost',1,'LS',80000,80000,0,150,0,0,0),(336,0,'EXCAVATION AND BACK FILLING','',1,'AREA',2200,2200,0,151,0,0,0),(337,0,'MOBILISATION AND DEMOBILISATION','ANCHOR BOLTS, FOOTING, COLUMN MARKING ',1,'DAY',700,700,0,152,1,0,0),(338,0,'ADJ BASE JACK','',82,'DAYS',0.3,24.6,0,153,0,0,0),(339,0,'STANDARD 3.0 MTR','',62,'DAYS',0.6,37.2,0,153,0,0,0),(340,0,'STANDARD 2.0 MTR','',20,'DAYS',0.5,10,0,153,0,0,0),(341,0,'LEDGER 2.5 MTR','',300,'DAYS',0.45,135,0,153,0,0,0),(342,0,'LEDGER 0.9 MTR','',20,'DAYS',0.35,7,0,153,0,0,0),(343,0,'LEDGER 1.2 MTR','',164,'DAYS',0.4,65.6,0,153,0,0,0),(344,0,'SPIGOT CONNECTOR','',20,'DAYS',0.125,2.5,0,153,0,0,0),(345,0,'IN TRANSOM 1.2MTR','',80,'DAYS',0.4,32,0,153,0,0,0),(346,0,'WOODEN PLANK 4.0 MTR','',120,'DAYS',0.9,108,0,153,0,0,0),(347,0,'BRC','',100,'DAYS',0.125,12.5,0,153,0,0,0),(348,0,'PLAIN PIPE 4.0 MTR','',15,'DAYS',0.5,7.5,0,153,0,0,0),(349,0,'SWIVEL COUPLER','',50,'DAYS',0.125,6.25,0,153,0,0,0),(350,0,'ALUMINIUM LADDER 3.0 MTR ','',3,'DAYS',3,9,0,153,0,0,0),(351,0,'ALUMINIUM 4.0 MTR ','',1,'DAYS',4,4,0,153,0,0,0),(352,0,'LADDER CLAMP','',16,'DAYS',0.15,2.4,0,153,0,0,0),(353,0,'SUPPLY OF MAG BTZ 2MP POE IP CAMERA FOR OUTDOOR :360 ','SUPPLY OF MAG 8 CHANNEL NVR WITH HDMI AND GA\nSUPPLY OF CAT6 CABLE - 100METRES\nSUPPLY OF 2 TB HARD DISK \nSUPPLY OF CCTV MONITOR WITH VGA AND HDMI PORT \nINSTALLATION ACCESSORIES ',1,'',450,450,0,154,0,0,0),(354,0,'SOIL INVESTING AND COMPACTING FIELD DENSITY TEST','',1,'',1000,1000,0,155,0,0,0),(355,200,'muscat steel 8mm','',3,'ton',258,774,0,156,1,0,0),(356,201,'muscat steel 10mm ','',6.5,'ton',258,1677,0,156,1,0,0),(357,202,'muscat steel 12mm ','',7,'ton',258,1806,0,156,1,0,0),(358,203,'muscat steel 16mm','',19,'ton',258,4902,0,156,1,0,0),(359,0,'WHITE WOOD 38X58 [+/-10%]','',972,'PCS',1.35,1312.2,0,157,1,0,0),(360,0,'FILM FACE PLYWOOD 4x8x18 mm kangaroo - wbp','',135,'pcs',11,1485,0,157,1,0,0),(361,0,'FILM FACE PLYWOOD 4x8x18mm crownplex','',90,'pcs',10,900,0,157,1,0,0),(362,0,'comm plywood 4x8x06 mm kingdo','',10,'pcs',4.5,45,0,157,1,0,0),(363,0,'white wood 19x80 [+/-10%]','',200,'pcs',0.9,180,0,157,1,0,0),(364,0,'milano stoning hammer 1000g fiber handle','',10,'pcs',2.63,26.3,0,157,1,0,0),(365,0,'milano spirit level 36\" with magnet','',5,'pcs',2.5,12.5,0,157,1,0,0),(366,0,'milano measuring tape 5 mtr [19mm] with magnetic hook','',12,'pcs',1,12,0,157,1,0,0),(367,0,'milano chalk line reel set','',2,'pcs',1.36,2.72,0,157,1,0,0),(368,0,'milano masking tape 2\"x20 yard x 24 roll','',1,'ctn',4.5,4.5,0,157,1,0,0),(369,0,'plate load','',2,'nos',65,130,0,158,1,0,0),(370,0,'mobilization','',1,'trip',30,30,0,158,1,0,0),(371,156,'SRC 35N','',100,'M3',19.55,1955,0,159,1,0,0),(372,178,'grey cement ','',500,'bags',1.5,750,0,160,1,0,0),(373,156,'SRC 35N','',90,'M3',19.55,1759.5,0,161,1,0,0),(374,0,'solid blocks 8\"','',5000,'pcs',0.17,850,0,162,0,0,0),(375,156,'SRC 35N','',100,'M3',21.2,2120,0,163,1,0,0),(376,156,'SRC 35N','',80,'M3',19.55,1564,0,164,1,0,0),(377,0,'ultrasonic pulse velocity test','',5,'nos',28,140,0,165,1,0,0),(378,327,'mobilization','',1,'nos',35,35,0,165,1,0,0),(379,156,'SRC 35N','',150,'M3',19.55,2932.5,0,166,1,0,0),(380,328,'solid blocks 8\"','',4000,'pcs',0.17,680,0,167,0,0,0),(381,118,'hollow blocks 8\"','',2000,'nos',0.14,280,0,167,0,0,0),(382,0,'bitumen borad 18mm','',150,'pcs',6,900,0,168,1,0,0),(383,317,'FILM FACE PLYWOOD 4x8x18 mm kangaroo - wbp','',45,'pcs',11,495,0,169,1,0,0),(384,0,'red wood 2x3x10ft','',1,'bndl',145,145,0,169,1,0,0),(385,0,'surveyor with total station','',1,'day',110,110,0,170,0,0,0),(386,156,'SRC 35N','',48,'M3',19.55,938.4,0,171,1,0,0),(387,0,'fiber glassmesh 4x50m [blue colour]','',25,'pcs',1.35,33.75,0,172,1,0,0),(388,156,'SRC 35N','',54,'M3',19.55,1055.7,0,173,1,0,0),(389,0,'GI MESH 4\" ROLLS','',20,'PCS',1.5,30,0,174,1,0,0),(390,0,'DOUBLE SOCKET METAL CLAD [6x3 size]','',4,'nos',3.2,12.8,0,174,1,0,0),(391,0,'flat chiesel - 10 inch','',2,'nos',1.8,3.6,0,174,1,0,0),(392,0,'sharp chiesel - 10 inch','',2,'nos',1.8,3.6,0,174,1,0,0),(393,0,'1\" steel nail','',1,'ctn',14.5,14.5,0,174,1,0,0),(394,0,'bitumen drum oil based','',6,'nos',55,330,0,175,1,0,0),(395,237,'9\" ROLLER BRUSH','',30,'NOS',0.8,24,0,175,1,0,0),(396,0,'4\" roller brush','',5,'nos',0.6,3,0,175,1,0,0),(397,0,'4.5\" steel cutting disc','',20,'nos',0.35,7,0,175,1,0,0),(398,0,'4.5\" concrete floor finishing disc','',2,'pcs',4.2,8.4,0,175,1,0,0),(399,0,'binding wire 9kg ','',30,'bndl',3.7,111,0,176,1,0,0),(400,189,'WHEEL BARROW ','',7,'NOS',13.5,94.5,0,176,1,0,0),(401,0,'lifting belt 2 ton 2mtr','',4,'nos',3.5,14,0,176,1,0,0),(402,0,'bitumen paint water 200 lt','',4,'drum',28,112,0,176,1,0,0),(403,0,'primer wall 18 lt','',10,'drum',6.9,69,0,176,1,0,0),(404,81,'Wire nail 2\"','',5,'ctn',1.9,9.5,0,176,1,0,0),(405,0,'wire nail 3\"','',2,'ctn',1.9,3.8,0,176,1,0,0),(406,87,'Steel nail 2\"','',5,'ctn',14.5,72.5,0,176,1,0,0),(407,239,'WHITE CEMENT ','',3,'BAG',2.8,8.4,0,176,1,0,0),(408,0,'material screening supply with SIEVE, shovel and labor approximately','',1640,'m3',0.75,1230,0,177,0,0,0),(409,0,'filling layer by layer after screening supply labor and shovel [without compaction]','',1640,'m3',0.2,328,0,177,0,0,0),(410,0,'supply imported back filling approved material 0 to 50mm approximately qty 150 trip [each trip16m3]','',50,'trip',35,1750,0,177,0,0,0),(411,0,'compaction layer by layer [1layer maximum thickness will 40cm] water supply by contractor .1st layer compaction by baby rooler 2 and 3 ton compactor supply by client .2nd and also 3rd layer by 5 ton compactor in our scope. also supply grader for top layer level','',2700,'m3',0.25,675,0,177,0,0,0),(412,0,'red wood 2/3','',3,'bndl',150,450,0,178,1,0,0),(413,0,'techglow sb','',1,'drum',65,65,0,178,1,0,0),(414,0,'steel nail 2\"[AL]','',3,'CTN',11,33,0,178,1,0,0),(415,0,'STEEL NAIL 3\" [AL]','',5,'CTN',11,55,0,178,1,0,0),(416,81,'Wire nail 2\"','',3,'CTN',7.2,21.6,0,178,1,0,0),(417,79,'2.5 \" Wire nail ','',3,'CTN',7.2,21.6,0,178,1,0,0),(418,0,'WIRE NAIL 3\"','',3,'CTN',7.2,21.6,0,178,1,0,0),(419,0,'STEEL CUTTING DISC','',2,'CTN',25,50,0,178,1,0,0),(420,0,'WATER LEVEL HORSE','',2,'NOS',1,2,0,178,1,0,0),(421,0,'BRADED WATER HORSE ','',5,'NOS',10.5,52.5,0,178,1,0,0),(422,0,'TROWEL KARANDI ','',10,'NOS',0.375,3.75,0,178,1,0,0),(423,0,'WHEEL BARROW [WELDED]','',3,'NOS',12.8,38.4,0,178,1,0,0),(424,0,'LATTEX GLOVES [YELLOW]','',5,'PKT',2.1,10.5,0,178,1,0,0),(425,0,'PVC BUCKET','',10,'NOS',0.5,5,0,178,1,0,0),(426,344,'Binding wire','',23,'bndl',3.5,80.5,0,178,1,0,0),(427,357,'WIRE NAIL 1.5\"','',1,'CTN',7.5,7.5,0,178,1,0,0),(428,0,'4 inch hollow block','',108,'nos',0,0,0,179,0,0,0),(429,0,'Supply - Building no. 01','Pre engineering steel structure',1,'No',1050000,1050000,0,63,1,0,1),(430,0,'Supply - Pre engineering steel structure','Building No. 01',1,'No',1050000,1050000,0,63,1,0,0),(431,368,'Supply - Pre engineering steel structure','Building No. 02',1,'No',60000,60000,0,63,1,0,0),(432,368,'Supply - Pre engineering steel structure','Building No. 03',1,'No',70000,70000,0,63,1,0,0),(433,368,'Supply - Pre engineering steel structure','Building No. 04',1,'No',38750,38750,0,63,1,0,0),(434,368,'Supply - Pre engineering steel structure','Building No. 05',1,'No',31250,31250,0,63,1,0,0),(435,0,'Erection steel + panel','Building No. 01',1,'Lumpsum',290000,290000,0,63,1,0,0),(436,369,'Erection steel + panel','Building No. 02',1,'Lumpsum',18000,18000,0,63,1,0,0),(437,369,'Erection steel + panel','Building No. 03',1,'',20000,20000,0,63,1,0,0),(438,369,'Erection steel + panel','Building No. 04',1,'',12000,12000,0,63,1,0,0),(439,369,'Erection steel + panel','Building No. 05',1,'',10000,10000,0,63,1,0,0),(440,0,'Preparation of shop drawing','Fire fighting, fire alarm, emergency and exit light supply',1,'',8000,8000,0,180,1,0,0),(441,0,'Supply, installation, testing and commissioning ','Fire fighting system',1,'',420000,420000,0,180,1,0,0),(442,371,'Supply, installation, testing and commissioning ','Fire Alarm System',1,'',98000,98000,0,180,1,0,0),(443,371,'Supply, installation, testing and commissioning ','Emergency / Exit Light System',1,'',59000,59000,0,180,1,0,0),(444,371,'Supply, installation, testing and commissioning ','Fire pump set 1000 GPM UL listed and Control Panel',1,'',220000,220000,0,180,1,0,0),(445,135,'DISCOUNT','',1,'',-46000,-46000,0,180,1,0,0),(446,0,'4\" wire nail','',1,'CTN',0,0,0,181,0,0,0),(447,0,'PVC bucket yellow','<p>&nbsp;&nbsp;&nbsp;&nbsp;<br></p>',24,'nos',0,0,0,181,0,0,0),(448,0,'18mm marine plywood','<p>Good quality</p>',2,'bundle',0,0,0,181,0,0,0),(449,0,'4.5\" steel cutting disc','<p>&nbsp;&nbsp;&nbsp;&nbsp;<br></p>',50,'nos',0,0,0,181,0,0,0),(450,0,'Dotted handgloves','',120,'pair',0,0,0,181,0,0,0),(451,0,'Wheel barrow','<p>&nbsp;&nbsp;&nbsp;&nbsp;<br></p>',3,'nos',0,0,0,181,0,0,0),(452,0,'Safety goggles','',12,'nos',0,0,0,181,0,0,0),(453,0,'Safety goggles','<p>Black</p>',12,'nos',0,0,0,181,0,0,0),(454,0,'Hand shovel','<p>Square type</p>',4,'nos',0,0,0,181,0,0,0),(455,135,'DISCOUNT','',1,'',-324.485,-324.485,0,153,4,0,0),(456,201,'muscat steel 10mm ','',7.25,'ton',246,1783.5,0,182,1,0,0),(457,202,'muscat steel 12mm ','',1.5,'ton',246,369,0,182,1,0,0),(458,203,'muscat steel 16mm','',12,'ton',246,2952,0,182,1,0,0),(459,0,'Delivery Charges','',1,'',60,60,0,182,0,0,0),(460,0,'supply & installation of electrical & plumbing services','',1,'',119058.142,119058.142,0,183,1,0,0),(461,135,'DISCOUNT','',1,'',-11.049,-11.049,0,183,0,0,0),(462,0,'Flexcell board( Rubber)','<p>Rubber type expansion joint board</p>',2,'nos',0,0,0,184,0,0,0),(463,0,'putty 20 kg','<p>putty 20 kg</p>',50,'pcs',33,1650,0,185,5,0,0),(464,0,'crack filler','<p>crack filler 25 kg<br></p>',20,'pcs',41.5,830,0,185,5,0,0),(465,0,'primer paint','<p>Primer paint</p>',7,'pc',117.39,821.73,0,186,5,0,0),(466,0,'painting stick 3 m','<p>painting stick 3m</p>',3,'pcs',13.04,39.12,0,186,5,0,0),(467,0,'painting roll','<p>painting roll</p>',3,'pc',13.04,39.12,0,186,5,0,0),(468,0,'RC READY MIX CONCRETE  4000 psi 1% Micro selika','<p>RC READY MIX CONCRETE&nbsp; 4000 psi 1% Micro selika</p>',93,'CUM',182,16926,0,187,5,0,0),(469,0,'genarator rental','<p>Site generator rental<br></p>',1,'mounth',3217.39,3217.39,0,188,5,0,0),(470,0,'design, supply, installation , testing,commisioning & ROP certification of fire alarm system, fire extinguisher, fire fighting system, fire sprinkler system, fire hydrants, fire valves, fire pump set, fire supression FM 200system, emergency light & exit light system','',1,'',72380.95,72380.95,0,189,1,0,0),(471,0,'APPLICATION ONLY','<p>EQUIPMENT AND LABOUR TO LAY THE CONCRETE AND FINISH TO PROPER LEVEL SOME HELPERS FROM MAIN CONTRACTOR. ALL MATERIALS BY MAIN CONTRACTOR.</p>',6455,'M2',2,12910,0,191,1,0,0),(472,0,'wire mesh steel sheets','<p>wire mesh steel sheets</p>',44,'sheet',135,5940,0,192,5,0,0),(473,0,'Polythene sheet 1000 guage','<p>&nbsp;&nbsp;&nbsp;&nbsp;<br></p>',5,'nos',0,0,0,193,0,0,0),(474,0,'Black sand','<p>Good quality</p>',3,'m3',0,0,0,194,0,0,0),(475,0,'OPC cement','<p>Ultratech&nbsp; &nbsp;</p>',50,'nos',0,0,0,195,0,0,0),(476,86,'C40/20 drymix concrete (super str)','',6,'m3',0,0,0,197,0,0,0),(477,0,'safety fence','<p>safety fence</p>',43.75,'lm',80,3500,0,198,0,0,0),(478,0,'Demolition of compound wall 3000  demolition of neighbor wall 1000  steel transportation 200','<p>Demolition of compound wall 3000</p><p>demolition of neighbor wall 1000</p><p>steel transportation 200</p>',1,'lump sum',4200,4200,0,199,0,0,0),(479,0,'Ready mix concrete','<p>Ready mix concrete microsilica 1% 4000psi<br></p>',50,'cum',182,9100,0,200,5,0,0),(480,0,'fire fighting and alarm systems','fire fighting and alarm systems',1,'lumpsum',390077,390077,0,205,5,0,0),(481,0,'Fire & life safety review and preliminary approval from CDAA','',1,'m2',400,400,0,206,1,0,0),(482,245,'gypline trade 1200x2400x12mm fire resistant / RE','',30,'PCS',2.5,75,0,207,1,0,0),(483,0,'bruserstang G.I METAL FURRING CHANNEL 3 MTR LONG','',91,'PCS',0.65,59.15,0,207,1,0,0),(484,402,'bruserstang G.I METAL FURRING CHANNEL 3 MTR LONG','',250,'PCS',0.325,81.25,0,207,1,0,0),(485,216,'Bruserstang aluminium tiles white perforated clip in 60x60x0.6mm{concealed} with suspension','',0.01,'sqm',4.7,0.047,0,208,1,0,0),(486,0,'EDGE TRIM ALUM CEILING 3 MTR [0.21PC/SQM','',32,'PCS',0.9,28.8,0,208,1,0,0),(487,0,'CROWN G.I METAL MAIN CHANNEL 38mm x 12mm x 3mtr long','',71,'pcs',0.235,16.685,0,208,1,0,0),(488,0,'alu.tile[spring t] connector [1sqm=0.4pcs]','',69,'PCS',0.02,1.38,0,208,1,0,0),(489,0,'ALU. TILE SPRING TEE [1SQM=0.6PC]','',104,'PCS',0.8,83.2,0,208,1,0,0),(490,0,'BRUSERTSTANG ALUMINIUM TILES WHITE PLAIN CLIP IN 60X60X0.6MM [CONCEALED]','',171.6,'SQM',3.907,670.4412,0,208,1,0,0),(491,0,'alu.tile susp [channel] bracket [1sqm=2pcs]','',344,'pcs',0.07,24.08,0,208,1,0,0),(492,0,'Backfilling Basecourse A-1A ','Backfilling Basecourse A-1A ',3,'Trip',800,2400,0,209,0,0,0),(493,0,'lowbed','lowbed',2,'pcs',400,800,0,210,0,0,0),(494,0,'PACO HOLE','PACO HOLE',1,'PCS',700,700,0,210,0,0,0),(495,0,'Compactors','ROLLER COMPACTOR',1,'PCS',400,400,0,210,0,0,0),(496,0,'Excavation for cold store area, freezers and antifreeze pipes ','Excavation for cold store area, freezers and antifreeze pipes ',1,'LUMPSUM',7000,7000,0,211,0,0,0),(497,0,'Ready MIX concrete screed 4000','Ready MIX concrete screed 4000',57,'cum',195,11115,0,212,5,0,0),(498,0,'survey works','survey works',0,'lump sum',2173.91,0,0,213,5,0,0),(499,0,'survey works','survey works',1,'lumpsum',2173.91,2173.91,0,213,5,0,0),(500,0,'C20/10 OPC-FB','',1200,'m3',19.5,23400,0,214,1,0,0),(501,0,'polythene sheet 1000gx3kg','',5,'roll',3,15,0,215,1,0,0),(502,0,'clow hammer','',10,'nos',1.7,17,0,215,1,0,0),(503,396,'cement','',5,'bag',1.35,6.75,0,215,1,0,0),(504,239,'WHITE CEMENT ','',1,'BAG',3,3,0,215,1,0,0),(505,0,'upvc pipe 2\"x4 mtr ','',2,'nos',2.9,5.8,0,215,1,0,0),(506,0,'MEASURING TAPE 10MTR ','',1,'NOS',2.2,2.2,0,215,1,0,0),(507,0,'MEASURING TAPE 5MTR 19MM SUNPRO','',3,'NOS',0.75,2.25,0,215,1,0,0),(508,0,'MEASURING TAPE 7.5 MTR 25MM SUNPRO','',1,'NOS',0.9,0.9,0,215,1,0,0),(509,0,'UPVC SOCKET 4\"','',3,'NOS',0.7,2.1,0,215,1,0,0),(510,135,'DISCOUNT','',1,'',600,600,0,215,0,0,1),(511,0,'DOUBLE LEAF SWING STEEL DOORS','DOUBLE LEAF SWING STEEL DOORS [FR-120MIN] 46MM LEAF THICKNESS, 1.2MM THICK PPGI SHEET WITH PAPER HONEYCOMB INFILL WITHOUT VISION PANEL, 10HINGES, 1 DOOR CLOSER, 1 PANIC BAR, 1 PANIC TRIM',3,'NOS',595,1785,0,216,1,0,0),(512,0,'SINGLE LEAF SWING DOORS ','SINGLE LEAF SWING STEEL DOORS[FR-120MIN] 46mm LEAF THICKNESS, 1.2MM THICK PPGI SHEET WITH PAPER HONEYCOMB INFILL WITHOUT VISION PANEL, 4 HINGES, 1 DOOR CLOSER, 1 PANIC BAR, 1 PANIC TRIM SIZE - 1.0 M x 2.1 M',1,'',450,450,0,216,1,0,0),(513,0,'SUPPLY & INSTALLATION OF MEP','',1,'',55000,55000,0,217,0,0,0),(514,0,'WATER HEATER HOTEX HORIZONTAL 50 LTR','',4,'PCS',33.5,134,0,139,1,0,0),(515,0,'RECTIFICATION AND REPAINT SINGLE LEAF DOOR WITH FRAME, REPLACE WITH NEW HINGES, LOCK, DOOR CLOSER','',12,'PC',60,720,0,218,1,0,0),(516,0,'RECTIFICATION AND REPAINT DOUBLE LEAF DOOR WITH FRAME, REPLACE WITH NEW HINGES LOCK,HANDLE, DOOR CLOSER','',4,'PC',115,460,0,218,1,0,0),(517,0,'SUPPLY & INSTALLATION OF MERANTI WOOD FRAME','SINGLE LEAF WOODEN DOOR WITH MRHDF WATERPROOF, MIRINTY WOOD ARCHITRAVE, HINGES, LOCK, DOOR CLOSER WITH PAINT FINISH',2,'PC',105,210,0,218,1,0,0),(518,432,'SUPPLY & INSTALLATION OF MERANTI WOOD FRAME','DOUBLE LEAF 60 MINUTES FIRE DOOR, MIRINTY WOOD ARCHITRAVE, HINGES, LOCK, DOOR CLOSER WITH PAINT FINISH',1,'PC',245,245,0,218,1,0,0),(519,135,'DISCOUNT','',1,'',-36.75,-36.75,0,218,0,0,0),(520,0,'SUPPLY, INSTALLATION, TESTING AND COMMISSIONING OF','FIRE ALARM SYSTEM, FIRE EXTINGUISHERS, FIRE HOSE REEL SYSTEM, FIRE PUMP SET, FIRE HYDRANTS SYSTEM, FIRE FIGHTING VALVES, FIRE SPRINKLERS SYSTEM, LINEAR HEAT DETECTION SYSTEM AND EMERGENCY LIGHT & EXIT LIGHT SYSTEM',1,'L/S',49523.81,49523.81,0,219,1,0,0),(521,29,'Steel Rebars','steel Rebars',1,'lumsum',9650,9650,0,220,5,0,0),(522,29,'Steel Rebars','Steel Rebars',0.5,'',2400,1200,0,220,5,0,1),(523,384,'putty 20 kg','<p>putty 20 kg</p>',50,'pcs',33,1650,0,221,5,0,0),(524,385,'crack filler','<p>crack filler 25 kg<br></p>',20,'pcs',41.5,830,0,221,5,0,0),(525,0,'Safety fence','Safety fence ',310,'lm',90,27900,0,222,0,0,0),(526,0,'Supply design and installation of ceremony stage','Supply design and\ninstallation of ceremony\nstage',1,'LUMP SUM',10000,10000,0,223,5,0,0),(527,0,'Supply design and installation of project signboard','Supply design and\ninstallation of project\nsignboard',1,'lump sum',10000,10000,0,223,5,0,0),(528,0,'CONCRETING FLOOR SLAB .1 1 MEZZANINE FLOOR','CONCRETING FLOOR SLAB .1 1\nMEZZANINE FLOOR',1,'LUMP SUM',5000,5000,0,224,5,0,0),(529,0,'ASX 2.0 GLX 4 WD/ YEAR 2022 / 65000KM / SILVER','',1,'NOS',5333,5333,0,225,1,0,0),(530,0,'ASX 2.0 GLX 4 WD / YEAR 2021 / 900KM / WHITE','',1,'NOS',5428,5428,0,225,1,0,0),(531,0,'ASX 2.0 GLX 2 WD / YEAR 2024 / 0KM','MADE IN JAPAN',1,'NOS',7333,7333,0,225,1,0,0),(532,23,'earth works machinery rental','earth works machinery rental',1,'pcs',1750,1750,0,226,0,0,0),(533,22,'concrete blocks 20 cm','concrete blocks 20 cm',1000,'pcs',1.45,1450,0,227,5,0,0),(534,441,'concrete blocks 20 cm','concrete blocks 20 cm',1000,'pcs',1.45,1450,0,227,5,0,0),(535,441,'20 cm concrete blocks 20 cm',' 20 cm concrete blocks ',700,'pcs',1.45,1015,0,227,5,0,0),(536,441,'concrete blocks 10 cm','concrete blocks 10 cm',100,'pcs',1.35,135,0,227,5,0,0),(537,389,'RC READY MIX CONCRETE 3000 psi ','RC READY MIX CONCRETE 3000 psi ',20,'CUM',160,3200,0,227,5,0,0),(538,0,'RC READY MIX CONCRETE 4000 psi ','RC READY MIX CONCRETE 4000 psi ',4,'cum',170,680,0,227,5,0,0),(539,443,'RC READY MIX CONCRETE 3000 psi ','RC READY MIX CONCRETE 3000 psi ',3,'CUM',160,480,0,227,5,0,0),(540,23,'earth works machinery rental','RC READY MIX CONCRETE 4000 psi  sulfate resistance ',23,'cum',175,4025,0,227,5,0,0),(541,0,'polythene sheet 1000g','',40,'nos',3,120,0,228,1,0,0),(542,0,'page seperator','',20,'nos',0.1,2,0,228,1,0,0),(543,0,'manhole cover 60x60 heavy duty EN124 D400 DRAIN','',3,'NOS',48,144,0,229,1,0,0),(544,0,'Manhole cover 80x80 heavy duty EN124 D400 SOAK PIT','',2,'NOS',96,192,0,229,1,0,0),(545,0,'REMOVAL OF EXISTING WINDOWS, SUPPLY AND INSTALLATION OF NEW WINDOWS IN ADMIN BLOCKS','',1,'',57060,57060,0,230,0,0,0),(546,0,'SUPPLY, INSTALLATION, OF ECC CABLES & TERMINATION','',1,'',22000,22000,0,233,1,0,0),(547,0,'NATIONAL PAINTS TEXO COMPOUND 5 USG','',40,'DRUM',11.58,463.2,0,234,1,0,0),(548,0,'NATIONAL PAINTS MATT EMULSION 9930[JOTUN COLOR] 5 USG','',40,'DRUM',18.3,732,0,234,1,0,0),(549,0,'NATIONAL PAINTS MATT EMULSION 9904[JOTUN COLOR] 5 USG','',25,'DRUM',16.4,410,0,234,1,0,0),(550,444,'RC READY MIX CONCRETE 4000 psi ','RC READY MIX CONCRETE 4000 psi ',32,'cum',170,5440,0,235,5,0,0),(551,50,'Generator Rental','generator rental',1,'pcs',3217.39,3217.39,0,236,5,0,0),(552,0,'SERIES:REFENITO DOUBLE CHARGED & FULLY VITRIFIED BODY COLOUR REFERENCE: T216021NA - CRYSTAL SUPER WHITE','',320,'M2',3.5,1120,0,237,1,0,0),(553,0,'6cm red uni interlock','',206,'sqm',1.9,391.4,0,238,1,0,0),(554,0,'kerbstones 600x205x105','',361,'rm',1.7,613.7,0,238,1,0,0),(555,366,'4 inch hollow block','',100,'nos',0.95,95,0,239,1,0,0),(556,0,'survey works for trapia project','survey works for trapia project',1,'lumpsum',5000,5000,0,240,5,0,0),(557,0,'8\" GI block mesh','',12,'nos',0,0,0,241,0,0,0),(558,0,'4\" GI block mesh','',4,'nos',0,0,0,241,0,0,0),(559,0,'6\" GI plaster mesh','',10,'nos',0,0,0,241,0,0,0),(560,0,'National Paints Matt Emulsion (800 white) – 5 USG','',20,'drum',15.8,316,0,242,1,0,0),(561,0,'National Paints Matt Emulsion (200 Dyro Grey) – 5 USG','',20,'drum',16.32,326.4,0,242,1,0,0),(562,0,'National Paints Stucco Filler – 5 USG','',10,'drum',7.16,71.6,0,242,1,0,0),(563,79,'2.5 \" Wire nail ','',1,'ctn',7.2,7.2,0,243,1,0,0),(564,81,'Wire nail 2\"','',3,'ctn',7.2,21.6,0,243,1,0,0),(565,357,'wire nail 3\"','',1,'CTN',7.2,7.2,0,243,1,0,0),(566,355,'Steel nail 2\"','',2,'CTN',11,22,0,243,1,0,0),(567,356,'STEEL NAIL 3\" [AL]','',2,'CTN',11,22,0,243,1,0,0),(568,0,'steel nail 2.5\"','',2,'ctn',11,22,0,243,1,0,0),(569,0,'line doori','',20,'nos`',0.3,6,0,243,1,0,0),(570,422,'Measuring tape 10m','',2,'NOS',1.7,3.4,0,243,1,0,0),(571,423,'MEASURING TAPE 5MTR 19MM SUNPRO','',4,'NOS',0.7,2.8,0,243,1,0,0),(572,0,'claw hammer ','',10,'nos',1.7,17,0,243,1,0,0),(573,0,'hand saw','16\"/400mm',4,'nos',2,8,0,243,1,0,0),(574,359,'WATER LEVEL HORSE','6mmx8mmx25',2,'NOS',1,2,0,243,1,0,0),(575,256,'SPIRIT LEVEL 60cm','',5,'nos',2.5,12.5,0,243,1,0,0),(576,0,'blue dotted gloves','12pair',5,'kit',1.2,6,0,243,1,0,0),(577,0,'aluminium hollow section','3\"x1.5\"',2,'nos',5.8,11.6,0,243,1,0,0),(578,0,'Sub Structure','01.\nSupply & Install of sub structure along wall areas with MS\ntube sub frames - 30 X 60 frame (3mm Thick)\n\n',55,'sqmtr',250,13750,0,244,0,0,0),(579,0,'sub structure','02.\nSupply & Install of sub frames along Parapet area with MS\ntubes 60 X 60 main column (up to 3m) and horizontal\nsupports with MS tube sub frames - 30 X 60 frame (3mm\nThic',375,'Sq/mtr',250,93750,0,244,0,0,0),(580,0,'Cladding for Plant Room, Tank area and Service block','01. Supply & Install Cladding with Corrugated GI Powder\ncoated sheet (RAL color)- 0.7mm tk. as per the Drawing',550,'sqmtr',275,151250,0,244,0,0,0),(581,0,'02. Supply & Install Louvers for tank area - Aluminum powder coated louver (RAL color) - as per the Drawing','',48,'sqmtr',650,31200,0,244,0,0,0),(582,0,'03. Supply & Installation of Door Aluminum Cladding With Powder Coating .7mm Thick.','',20,'sqmtr',275,5500,0,244,0,0,0),(583,0,'Admin Block - Elevation Treatment','01.\nSupply & Install ACP CNC cut cladding as per the Drawing\n(Fire Rated-B1) - as per the design on the final structural\nsupport',375,'sqmtr',575,215625,0,244,0,0,0),(584,0,'02. Supply & Install ACP Boxing treatment on the Elevation (Fire Rated-B1)','',250,'sqmtr',550,137500,0,244,0,0,0),(585,0,'3. Supply & Fabrication & Installation Of M.S Frame With Red','Oxide For Acp Cladding.\nSize.600x450x600mm',250,'sqmtr',250,62500,0,244,0,0,0),(586,0,'03. Supply & Install MS powder coated fins 3cm thick as per the Design with Laser cutting and powder coated finish as per the design. Size.3.7 x 30m','',125,'sqmtr',1050,131250,0,244,0,0,0),(587,135,'DISCOUNT','',1,'',-92325,-92325,0,244,0,0,0),(588,0,'PVC bucket (yellow)','',20,'nos',0,0,0,245,0,0,0),(589,0,'Wirenail 2 inch','',1,'box',0,0,0,245,0,0,0),(590,0,'Wirenail 2.5 inch','',1,'box',0,0,0,245,0,0,0),(591,0,'Wirenail 1.5\"','',1,'box',0,0,0,245,0,0,0),(592,0,'Steel nail 2\"','',1,'box',0,0,0,245,0,0,0),(593,0,'Hollow block 6 inch','',432,'nos',0,0,0,246,0,0,0),(594,0,'Hollow block 4 inch','',432,'nos',0,0,0,246,0,0,0),(595,0,'Hollow block 8 inch','',486,'nos',0,0,0,246,0,0,0),(596,118,'8 inch hollow block','',7000,'nos',3,21000,0,250,1,0,0),(597,0,'OPC cement','',50,'bag',0,0,0,253,0,0,0),(598,0,'film face plywood 4x8x18mm kangaroo - wbp','',100,'pcs',11.1,1110,0,251,1,0,0),(599,0,'white wood 38x58[+/-10%]','',984,'pcs',1.515,1490.76,0,251,1,0,0),(600,0,'comm plywood 4x8x06mm kingdo','',12,'pcs',4.4,52.8,0,251,1,0,0),(601,0,'redwood 2/3','4m [140 nos]',2,'bundle',130,260,0,247,1,0,0),(602,0,'whitewood 1/4 [21\"x94\"]','',200,'nos',1.15,230,0,247,1,0,0),(603,0,'national paints matt emulsion [800 white] 5 usg','',20,'drum',16,320,0,254,1,0,0),(604,0,'national paints matt emulsion [200 dyro grey] 5 usg','',20,'drum',16.5,330,0,254,1,0,0),(605,0,'national paint stucco filler 5 usg','',10,'drum',7,70,0,254,1,0,0),(606,135,'DISCOUNT','',1,'',-7.35,-7.35,0,254,0,0,0),(607,244,'Roadbase','',335,'m3',0,0,0,255,0,0,0),(608,119,'C40/20 (super str) concrete - ','Wetmix concrete with 42m pump',11,'m3',0,0,0,256,0,0,0),(609,0,'PVC conduit pipe 25mm','',100,'nos',0,0,0,259,0,0,0),(610,0,'GI water stopper','',150,'nos',0,0,0,259,0,0,0),(611,0,'PVC adaptor for GI water stopper','',300,'nos',0,0,0,259,0,0,0),(612,0,'internal painting','internal painting',5961,'sq.m',10,59610,0,258,5,0,0),(613,0,'PU foam','',10,'nos',0,0,0,259,0,0,0),(614,0,'Steel gurumala','',10,'nos',0,0,0,259,0,0,0),(615,0,'16A industrial socket (male)-220V','',10,'nos',0,0,0,259,0,0,0),(616,0,'16A industrial socket (female)-220V','',10,'nos',0,0,0,259,0,0,0),(617,0,'12mm flexcell board(rubber type)','',7,'nos',0,0,0,259,0,0,0),(618,0,'Traffic safety cone','',4,'nos',0,0,0,259,0,0,0),(619,0,'Roadbase','',12,'m3',0,0,0,259,0,0,0),(620,0,'GI block mesh - 10 inch','',10,'nos',0,0,0,259,0,0,0),(621,0,'backfiling sand','backfiling sand',3,'trip',400,1200,0,260,0,0,0),(622,0,'jcp rental','jcp rental',1,'pcs',600,600,0,260,0,0,0),(623,0,'A 193 BRC mesh ','',75,'nos',0,0,0,261,0,0,0),(624,0,'Bitumen','Henkel polybit polycoat',5,'drum',0,0,0,262,0,0,0),(625,0,'18mm marine plywood','',3,'bundles',0,0,0,262,0,0,0),(626,0,'Whitewood 3\"x3\"','',3,'bundle',0,0,0,262,0,0,0),(627,0,'Binding wire','',5,'bundle',0,0,0,263,0,0,0),(628,0,'Knipex cutter','',6,'nos',0,0,0,263,0,0,0),(629,0,'Cover block 30mm','',1000,'nos',0,0,0,263,0,0,0),(630,0,'Aluminium tube - 6m','For plastering & concrete finish',2,'nos',0,0,0,263,0,0,0),(631,0,'Traffic safety cone','',6,'nos',0,0,0,263,0,0,0),(632,0,'Concrete punja','',6,'nos',0,0,0,263,0,0,0),(633,444,'Ready mix concrete','RC READY MIX CONCRETE 4000 psi ',31,'cum',170,5270,0,264,5,0,0),(634,43,'cement block 20 cm','cement block 20 cm',1000,'pc',1.45,1450,0,264,5,0,0),(635,0,'4TB Surveillance Hard Disk','WD Brand',1,'no',0,0,0,265,0,0,0),(636,0,'CAT6 cable ','',1,'roll',0,0,0,265,0,0,0),(637,0,'25mm pvc conduit pipe','',50,'pc',0,0,0,265,0,0,0),(638,0,'C40/20 (super) concrete ','With 42m pump',57,'m3',0,0,0,266,0,0,0),(639,0,'30mm cover block','',1000,'nos',0,0,0,267,0,0,0),(640,0,'40mm cover block','',800,'nos',0,0,0,267,0,0,0),(641,0,'GI water stopper pvc cone','',300,'nos',0,0,0,268,0,0,0),(642,102,'steel rebars','steel rebars',6.5,'ton',2400,15600,0,269,5,0,0),(643,50,'Generator Rental','Generator Rental',1,'mounth',3217.39,3217.39,0,270,5,0,0),(644,0,'Fencing sheet','',12,'nos',0,0,0,271,0,0,0),(645,0,'final payment','final payment',1,'lump sum',60869.5652,60869.5652,0,272,5,0,0),(646,0,'front compound wall demolition','front compound wall demolition',1,'lump sum',4000,4000,0,273,0,0,0),(647,0,'removal  of old site debris','removal  of old site debris',5,'trip',350,1750,0,273,0,0,0),(648,0,'pacohole rental','pacohole rental excavator.',1.5,'day',800,1200,0,273,0,0,0),(649,22,'machinery transportation','machinery transportation',2,'trip',150,300,0,273,0,0,0),(650,0,'removal of excavation debris ','removal of excavation debris ',3,'trip',350,1050,0,273,0,0,0),(651,0,'JCP rental','JCP rental',1,'day',600,600,0,273,0,0,0),(652,0,'Fencing sheet with support pipe','(foundation not needed)',24,'pc',0,0,0,274,0,0,0),(653,0,'C40/20(Sup) Drymix concrete','',6,'m3',0,0,0,275,0,0,0),(654,0,'OPC cement','Brand- Ultratech ',200,'bag',0,0,0,276,0,0,0),(655,0,'Black sand','',12,'m3',0,0,0,277,0,0,0),(656,0,'18mm marine plywood','',1,'bundle',0,0,0,278,0,0,0),(657,0,'4 inch hollow block','',1080,'nos',0,0,0,279,0,0,0),(658,0,'8 inch hollow block','',432,'nos',0,0,0,279,0,0,0),(659,0,'BRC Mesh cutter -1m','',1,'no',0,0,0,280,0,0,0),(660,0,'GI nail washer','',2,'kg',0,0,0,280,0,0,0),(661,0,'C40/20 (Super) drymix concrete','',4,'m3',0,0,0,281,0,0,0),(662,0,'C40/20(super) concrete with  36m pump','',15,'m3',0,0,0,282,0,0,0),(663,0,'Rust remover - 1gallon','',5,'nos',0,0,0,283,0,0,0),(664,0,'Ceramic floor tile 30x30cm','6mm thick non slip ',73,'m2',0,0,0,284,0,0,0),(665,0,'Ceramic wall tile 30x60cm','6mm thick glazed ceramic ',330,'m2',0,0,0,284,0,0,0),(666,0,'Threshold 200mm','Dark grey color',6,'RM',0,0,0,284,0,0,0),(667,43,'cement block 20 cm','1000pcs blocks',1000,'pc',1.45,1450,0,285,5,0,0),(668,43,'cement block 20 cm','cement block 20 cm',450,'pc',1.45,652.5,0,285,5,0,0),(669,441,'concrete blocks 20 cm','concrete blocks 20 cm',500,'pcs',1.45,725,0,285,5,0,0),(670,414,'Ready MIX concrete screed 4000','Ready MIX concrete screed 4000',8,'cum',170,1360,0,285,5,0,0),(671,414,'Ready MIX concrete screed 4000','Ready MIX concrete screed 4000',16,'cum',170,2720,0,285,5,0,0),(672,414,'Ready MIX concrete screed 4000','Ready MIX concrete screed 4000',18,'cum',170,3060,0,285,5,0,0),(673,43,'cement block 20 cm','cement block 20 cm',300,'pc',1.45,435,0,285,5,0,0),(674,0,'insulated blocks','insulated blocks 20 cm',200,'pcs',3.6,720,0,285,5,0,0),(675,414,'Ready MIX concrete screed 4000','Ready MIX concrete screed 4000',18,'cum',170,3060,0,285,5,0,0),(676,0,'soil test  ','soil test gulf west',1,'lumpsum',4000,4000,0,286,5,0,0),(677,0,'soil test TRAPIA','soil test TRAPIA',1,'LUMP SUM',5000,5000,0,286,5,0,0),(678,0,'soil platting test sm10','soil platting test sm10',1,'lump sum',700,700,0,286,5,0,0),(679,0,'water proofing - toilets + betu guard paint ','water proofing - toilets + betu guard paint ',1,'lumpsum',5700,5700,0,287,5,0,0),(680,0,'Back filling material [upto 70mm]','',1,'TRIP',9000,9000,0,288,0,0,0),(681,0,'MILANO WC MODEL NO:0098 S-TRAP WHITE 250MM-MADE IN CHINA','',11,'PCS',23.5,258.5,0,289,1,0,0),(682,0,'MILANO DITO BASIN MIXER','',19,'PCS',9.9,188.1,0,289,1,0,0),(683,0,'MILANO DELUXE PLUS SHATTAF CHROME- MADE IN CHINA','',14,'PCS',1.9,26.6,0,289,1,0,0),(684,0,'URINAL 158-2 WHITE D16 SMALL - MILANO-MADE IN CHINA','',12,'PCS',9.5,114,0,289,1,0,0),(685,0,'MILANO URINAL BOTTEL TRAP 11/2 \"','',12,'PCS',1.8,21.6,0,289,1,0,0),(686,0,'MILANO URINAL FLUSH VALVE DALIMADE IN CHINA13','',12,'PCS',8,96,0,289,1,0,0),(687,0,'MILANO METAL HAND DRYER HSD908-1-MADE IN CHINA','',6,'PCS',20,120,0,289,1,0,0),(688,0,'MILANO SS TISSUE PAPER DISPENSER MTD 228','',6,'PCS',9.5,57,0,289,1,0,0),(689,0,'MILANO LIQUID SOAP DISPENCER HSD -818-3 CHROME-MADE IN CHINA','',6,'PCS',7,42,0,289,1,0,0),(690,0,'MILANO KIKA - CHROME FINISH PAPER HOLDER -15604-MADE IN CHINA','',22,'PCS',3,66,0,289,1,0,0),(691,0,'\"MILANO CROWN BRASS ANGLE VALVE-MADE IN CHINA\"','',34,'PCS',1.1,37.4,0,289,1,0,0),(692,0,'MILANO S.S BRAIDED FLEXIBLE HOSE 60 CM-MADE IN CHINA','',4,'PCS',0.5,2,0,289,1,0,0),(693,0,'White sand','',20,'m3',0,0,0,290,0,0,0),(694,0,'OPC cement','Ultratech',100,'bag',0,0,0,291,0,0,0),(695,532,'machinery','machinery ',1,'Lump sum',10450,10450,0,292,0,0,0),(696,0,'100mm thick Synthetic Polypropylene Macro Fibers concrete','100mm thick Synthetic Polypropylene Macro Fibers concrete',2500,'Sq.m',50,125000,0,293,5,0,0),(697,0,'Steel cutting disc 4.5\"','',50,'nos',0,0,0,294,0,0,0),(698,0,'White chalk','',2,'box',0,0,0,294,0,0,0),(699,0,'Measuring tape  5m','',5,'nos',0,0,0,294,0,0,0),(700,0,'3 core Flexible cable ','',2,'roll',0,0,0,294,0,0,0),(701,0,'Masking tape 2 inch','',4,'box',0,0,0,294,0,0,0),(702,0,'Soft brush with handle','',12,'nos',0,0,0,294,0,0,0),(703,0,'FIbre plaster mesh 8 inch','',5,'nos',0,0,0,294,0,0,0),(704,0,'Welding rod 2.5mm','',1,'box',0,0,0,294,0,0,0),(705,0,'Polythene sheet 1000 gauge','',20,'nos',0,0,0,294,0,0,0),(706,0,'Warning tape','',2,'nos',0,0,0,294,0,0,0),(707,0,'Permanent marker','',3,'box',0,0,0,294,0,0,0),(708,0,'GI block mesh 8 inch','',10,'nos',0,0,0,294,0,0,0),(709,0,'GI block mesh 6 inch','',10,'nos',0,0,0,294,0,0,0),(710,0,'GI block mesh 4 inch','',10,'nos',0,0,0,294,0,0,0),(711,0,'Pvc bucket - yellow','',15,'nos',0,0,0,294,0,0,0),(712,0,'Cotton waste','',2,'bag',0,0,0,294,0,0,0),(713,0,'10 inch thermal block ','',900,'nos',0,0,0,295,0,0,0),(714,0,'8 inch hollow block','',1026,'nos',0,0,0,296,0,0,0),(715,0,'Nylon rope 10mm','',2,'roll',0,0,0,297,0,0,0),(716,0,'PVA Rushbond ','',10,'bucket',0,0,0,297,0,0,0),(717,0,'Water filter catridge','',3,'set',0,0,0,297,0,0,0),(718,444,'Ready mix concrete','RC READY MIX CONCRETE 4000 psi ',16,'cum',170,2720,0,298,5,0,0),(719,444,'Ready mix concrete','RC READY MIX CONCRETE 4000 psi ',10,'cum',170,1700,0,298,5,0,0),(720,43,'cement block 20 cm','cement block 20 cm',1000,'pc',1.45,1450,0,298,5,0,0),(721,50,'Generator Rental','Generator Rental',1,'mounth',3217.39,3217.39,0,299,5,0,0),(722,0,'C40/20 (Super) concrete ','without pump',65,'m3',0,0,0,300,0,0,0),(723,0,'C40/20(super) drymix','',6,'m3',0,0,0,300,0,0,0),(724,0,'White sand ','',20,'m3',0,0,0,301,0,0,0),(725,0,'Roadbase','',20,'m3',0,0,0,301,0,0,0),(726,0,'OPC cement','Ultratech',100,'bag',0,0,0,301,0,0,0),(727,0,'Standard 2.5m','',250,'nos',0,0,0,302,0,0,0),(728,0,'Ledger 2.50m','',300,'nos',0,0,0,302,0,0,0),(729,0,'Ledger 1.20m','',300,'nos',0,0,0,302,0,0,0),(730,0,'Base jack','',50,'nos',0,0,0,302,0,0,0),(731,0,'Transom 1.20m','',20,'nos',0,0,0,302,0,0,0),(732,0,'Spigot pin','',50,'nos',0,0,0,302,0,0,0),(733,0,'Bracing tube 6m','',15,'nos',0,0,0,302,0,0,0),(734,0,'Board retaining clamp (BRC)','',50,'nos',0,0,0,302,0,0,0),(735,0,'Swivel coupler','',50,'nos',0,0,0,302,0,0,0),(736,0,'Aluminium ladder-4m','',4,'nos',0,0,0,302,0,0,0),(737,0,'AAC block( 600x300x250)','',600,'nos',0,0,0,304,0,0,0),(738,0,'Glue','',15,'nos',0,0,0,304,0,0,0),(739,0,'Aluminium scaffolding 6m','',2,'set',0,0,0,305,0,0,0),(740,0,'8 inch GI block mesh','',10,'nos',0,0,0,306,0,0,0),(741,0,'4 inch GI block mesh','',5,'nos',0,0,0,306,0,0,0),(742,0,'Spirit level 60cm','',2,'nos',0,0,0,306,0,0,0),(743,0,'Steel nail  1.5 inch','',4,'CTN',0,0,0,306,0,0,0),(744,0,'porcelain tiles','porcelain tiles 60x60',171.36,'sq.m',39,6683.04,0,307,5,0,1),(745,615,'porcelain tiles','porcelain tiles 60x60',171.36,'sq.m',37.05,6348.888,0,307,5,0,0),(746,0,'porcelain tiles 120x60','porcelain tiles 120x60',1215.36,'sq.m',48.45,58884.192,0,307,5,0,0),(747,0,'Vetonite porcelain tiles fix','Vetonite porcelain tiles fix 20kg',50,'pcs',31.5,1575,0,308,5,0,0),(748,0,'Non Toxic epoxy waterproofing 300 micron for under ground water tank','Non Toxic epoxy waterproofing 300 micron for under ground water tank  FOSAM DCB',387,'SQ.M',35,13545,0,309,5,0,0),(749,0,'Pu foam fire rated (B2)','Pu foam fire rated (B2)',120,'PCS',25.5,3060,0,310,5,0,0),(750,589,'8 inch hollow block','',1026,'nos',0,0,0,312,0,0,0),(751,0,'10 inch thermal block','',900,'nos',0,0,0,313,0,0,0),(752,0,'backfilling +compacting + backfilling martial +labours -deduction of scrap cost','backfilling +compacting + backfilling martial +labours\n-deduction of scrap cost',1,'lumsum',8330,8330,0,311,0,0,0),(753,0,'OPC cement','Ultratech ',200,'bags',0,0,0,314,0,0,0),(754,0,'OPC cement','Ultratech',200,'bags',0,0,0,315,0,0,0),(755,0,'8 inch hollow block','',1026,'nos',0,0,0,316,0,0,0),(756,0,'C40/20 concrete(super) - wetmix','With 56m pump',37,'m3',0,0,0,317,0,0,0),(757,617,'Vetonite porcelain tiles fix','Vetonite porcelain tiles fix 20kg',150,'pcs',31.5,4725,0,318,5,0,0),(758,0,'Mason Trowel - Medium','',10,'nos',0,0,0,319,0,0,0),(759,0,'Knipex cutter ','Original Germany',6,'nos',0,0,0,319,0,0,0),(760,0,'Dotted hand gloves','',120,'pair',0,0,0,319,0,0,0),(761,0,'Carpenter Hand saw','',4,'nos',0,0,0,319,0,0,0),(762,0,'Warning tape ','',5,'nos',0,0,0,319,0,0,0),(763,0,'Measuring tape-50m','',1,'no',0,0,0,319,0,0,0),(764,0,'machinery  rental+labour','machinery  rental+labour',1,'lump sum',1550,1550,0,320,0,0,0),(765,154,'C35 OPC READYMIX','ready mix conrete',10,'M3',170,1700,0,321,5,0,0),(766,0,'8 inch hollow block','',1026,'nos',0,0,0,322,0,0,0),(767,0,'OPC Cement','Ultratech',150,'nos',0,0,0,323,0,0,0),(768,0,'C40/20 (wetmix)  concrete','With 56m pump',43,'m3',0,0,0,324,0,0,0),(769,618,'Non Toxic Epoxy Waterproofing 300 Micron For Under Ground Water Tank Non Toxic Epoxy Waterproofing 300 Micron For Under Ground Water Tank FOSAM DCB','Non Toxic epoxy waterproofing 300 micron for under ground water tank  FOSAM DCB',126,'SQ.M',35,4410,0,325,5,0,0),(770,617,'porcelain tiles',' porcelain ',1,'lum sum',4883.76,4883.76,0,326,5,0,0),(771,0,'false ceiling','false ceiling ',1,'lump sum',21615.3,21615.3,0,327,5,0,0),(772,0,'8 inch hollow blocks','',1026,'nos',0,0,0,328,0,0,0),(773,0,'C40/20(Super) Drymix concrete','',6,'m3',0,0,0,328,0,0,0),(774,617,'Vetonite porcelain tiles fix','Vetonite porcelain tiles fix 20kg',100,'pcs',31.5,3150,0,329,5,0,0),(775,50,'Generator Rental','Generator Rental',1,'mounth',3217.39,3217.39,0,330,5,0,0),(776,0,'roof water proofing','roof water proofing',120,'sq.m',35,4200,0,331,5,0,0),(777,0,'epoxy fixing material','epoxy fixing material',4,'pc',75,300,0,331,5,0,0),(778,0,'JANAB YUSUF MOOSA','',1,'',10,10,0,332,0,0,0);

--
-- Table structure for table `purchase_order_payments`
--

CREATE TABLE `purchase_order_payments` (
  `id` int(11) NOT NULL AUTO_INCREMENT,
  `files` text COLLATE utf8_unicode_ci,
  `amount` double NOT NULL,
  `payment_date` date NOT NULL,
  `payment_method_id` int(11) NOT NULL,
  `cheque_due_date` date DEFAULT NULL,
  `cheque_description` varchar(255) COLLATE utf8_unicode_ci DEFAULT NULL,
  `cheque_account` varchar(150) COLLATE utf8_unicode_ci DEFAULT NULL,
  `cheque_number` varchar(150) COLLATE utf8_unicode_ci DEFAULT NULL,
  `cheque_transaction_id` int(11) NOT NULL DEFAULT '0',
  `note` text COLLATE utf8_unicode_ci,
  `purchase_order_id` int(11) NOT NULL,
  `status` enum('draft','request_approval','approved') COLLATE utf8_unicode_ci NOT NULL DEFAULT 'draft',
  `deleted` tinyint(1) NOT NULL DEFAULT '0',
  `transaction_id` int(11) DEFAULT '0',
  `prepayment_transaction_id` int(11) NOT NULL DEFAULT '0',
  `created_by` int(11) DEFAULT '1',
  `bank` int(11) NOT NULL DEFAULT '0',
  `treasury` int(11) NOT NULL DEFAULT '0',
  `created_at` datetime DEFAULT NULL,
  PRIMARY KEY (`id`),
  KEY `id` (`id`),
  KEY `id_2` (`id`)
) ENGINE=InnoDB AUTO_INCREMENT=161 DEFAULT CHARSET=utf8 COLLATE=utf8_unicode_ci;

--
-- Dumping data for table `purchase_order_payments`
--

INSERT INTO `purchase_order_payments` VALUES (1,'a:0:{}',12.5,'2023-12-30',4,'2023-12-30','','','',0,'',22,'draft',1,0,0,51,76,0,'2023-12-30 08:10:18'),(2,'a:0:{}',262.5,'2023-12-30',4,'2023-12-30','','','',0,'S',22,'draft',1,0,0,51,76,0,'2023-12-30 08:11:13'),(3,'a:3:{i:0;a:4:{s:9:\"file_name\";s:76:\"invoice_file659d48638a869-WhatsApp-Image-2024-01-08-at-19.18.18_3ebfba39.jpg\";s:9:\"file_size\";s:5:\"89529\";s:7:\"file_id\";N;s:12:\"service_type\";N;}i:1;a:4:{s:9:\"file_name\";s:36:\"invoice_file659d48638ac76-RFP-56.pdf\";s:9:\"',0,'2024-01-09',4,'2024-01-09','','','',0,'38,660 SAR',25,'approved',0,271,0,79,82,0,'2024-01-09 13:21:39'),(4,'a:3:{i:0;a:4:{s:9:\"file_name\";s:57:\"invoice_file659d4d4a8129a-CamScanner-01-01-2024-12.38.pdf\";s:9:\"file_size\";s:7:\"1058916\";s:7:\"file_id\";N;s:12:\"service_type\";N;}i:1;a:4:{s:9:\"file_name\";s:76:\"invoice_file659d4d4a81bc8-WhatsApp-Image-2024-01-08-at-19.18',38660,'2024-01-08',4,'2024-01-09','','','',0,'',26,'draft',0,0,0,79,82,0,'2024-01-09 13:42:34'),(5,'a:3:{i:0;a:4:{s:9:\"file_name\";s:76:\"invoice_file659d4f9402508-WhatsApp-Image-2024-01-08-at-19.18.18_3ebfba39.jpg\";s:9:\"file_size\";s:5:\"89529\";s:7:\"file_id\";N;s:12:\"service_type\";N;}i:1;a:4:{s:9:\"file_name\";s:36:\"invoice_file659d4f9402764-RFP-56.pdf\";s:9:\"',38660,'2024-01-08',4,'2024-01-09','','','',0,'final payment',26,'draft',0,0,0,79,82,0,'2024-01-09 13:52:20'),(6,'a:0:{}',38660,'2024-01-09',4,'2024-01-09','','','',0,'final payment',26,'draft',0,0,0,79,78,0,'2024-01-09 13:53:50'),(7,'a:2:{i:0;a:4:{s:9:\"file_name\";s:73:\"invoice_file659d5a0bb0478-PRO-FORMA-INVOICE---10%-Contracrt-1197_0001.pdf\";s:9:\"file_size\";s:6:\"815206\";s:7:\"file_id\";N;s:12:\"service_type\";N;}i:1;a:4:{s:9:\"file_name\";s:35:\"invoice_file659d5a0bb0979-RFP58.pdf\";s:9:\"fil',88131.13,'2024-01-08',4,'2024-01-09','','','',0,'10% against design - -7283.67 deduction for old invoice',28,'draft',1,0,0,79,78,0,'2024-01-09 14:36:59'),(8,'a:0:{}',88131.13,'2024-01-09',4,'2024-01-09','','','',0,'10% against design --7283.67 (old invoice deduction)',28,'draft',1,0,0,79,78,0,'2024-01-09 14:43:50'),(9,'a:2:{i:0;a:4:{s:9:\"file_name\";s:73:\"invoice_file659d5c296d0af-PRO-FORMA-INVOICE---10%-Contracrt-1197_0001.pdf\";s:9:\"file_size\";s:6:\"815206\";s:7:\"file_id\";N;s:12:\"service_type\";N;}i:1;a:4:{s:9:\"file_name\";s:35:\"invoice_file659d5c296d7d8-RFP58.pdf\";s:9:\"fil',88131.13,'2024-01-08',4,'2024-01-09','','','',0,'10% against design --7283.67 (old invoice deduction)',28,'approved',0,0,0,79,78,0,'2024-01-09 14:46:01'),(10,'a:0:{}',100,'2024-01-09',4,'2024-01-09','','','',0,'',26,'draft',0,0,0,81,94,0,'2024-01-09 14:55:09'),(11,'a:2:{i:0;a:4:{s:9:\"file_name\";s:58:\"invoice_file659d5f3bb531f-Quotation-01---Material_0001.pdf\";s:9:\"file_size\";s:6:\"846739\";s:7:\"file_id\";N;s:12:\"service_type\";N;}i:1;a:4:{s:9:\"file_name\";s:41:\"invoice_file659d5f3bb5b5a-bank-acount.png\";s:9:\"file_size\";s',8452.5,'2024-01-09',4,'2024-01-09','','','',0,'steel tubes/purlins',29,'draft',0,0,0,79,94,0,'2024-01-09 14:59:07'),(12,'a:0:{}',24840,'2024-01-09',4,'2024-01-09','','','',0,'Partially paid',26,'draft',0,0,0,81,94,0,'2024-01-09 15:01:45'),(13,'a:3:{i:0;a:4:{s:9:\"file_name\";s:76:\"invoice_file659d65556e199-WhatsApp-Image-2024-01-08-at-19.18.18_3ebfba39.jpg\";s:9:\"file_size\";s:5:\"89529\";s:7:\"file_id\";N;s:12:\"service_type\";N;}i:1;a:4:{s:9:\"file_name\";s:36:\"invoice_file659d65556e34b-RFP-56.pdf\";s:9:\"',38660,'2024-01-09',4,'2024-01-09','','','',0,'shoring +backfilling',26,'draft',0,0,0,81,94,0,'2024-01-09 15:25:09'),(14,'a:3:{i:0;a:4:{s:9:\"file_name\";s:57:\"invoice_file659d666bb7053-CamScanner-01-01-2024-12.38.pdf\";s:9:\"file_size\";s:7:\"1058916\";s:7:\"file_id\";N;s:12:\"service_type\";N;}i:1;a:4:{s:9:\"file_name\";s:76:\"invoice_file659d666bb7a2a-WhatsApp-Image-2024-01-08-at-19.18',38660,'2024-01-09',4,'2024-01-09','','','',0,'',26,'draft',0,0,0,81,94,0,'2024-01-09 15:29:47'),(15,'a:3:{i:0;a:4:{s:9:\"file_name\";s:76:\"invoice_file659d68eee2267-WhatsApp-Image-2024-01-08-at-19.18.18_3ebfba39.jpg\";s:9:\"file_size\";s:5:\"89529\";s:7:\"file_id\";N;s:12:\"service_type\";N;}i:1;a:4:{s:9:\"file_name\";s:36:\"invoice_file659d68eee24a2-RFP-56.pdf\";s:9:\"',38660,'2024-01-09',4,'2024-01-09','','','',0,'',26,'draft',0,0,0,81,94,0,'2024-01-09 15:40:30'),(16,'a:1:{i:0;a:4:{s:9:\"file_name\";s:36:\"invoice_file659d69c38995d-RFP-56.pdf\";s:9:\"file_size\";s:5:\"88796\";s:7:\"file_id\";N;s:12:\"service_type\";N;}}',38660,'2024-01-09',4,'2024-01-09','','','',0,'',26,'draft',0,0,0,81,94,0,'2024-01-09 15:44:03'),(17,'a:2:{i:0;a:4:{s:9:\"file_name\";s:41:\"invoice_file659d6bdf537dc-bank-acount.png\";s:9:\"file_size\";s:5:\"24608\";s:7:\"file_id\";N;s:12:\"service_type\";N;}i:1;a:4:{s:9:\"file_name\";s:58:\"invoice_file659d6bdf53a42-Quotation-01---Material_0001.pdf\";s:9:\"file_size\";s:',8452.5,'2024-01-09',4,'2024-01-09','','','',0,'',29,'draft',0,0,0,79,94,0,'2024-01-09 15:53:03'),(18,'a:0:{}',1,'2024-01-10',4,'2024-01-10','','','',0,'test',26,'draft',1,0,0,1,82,0,'2024-01-10 07:44:22'),(19,'a:0:{}',23901.6,'2024-01-10',4,'2024-01-10','','','',0,'plastering works',34,'draft',1,0,0,79,94,0,'2024-01-10 12:43:42'),(20,'a:0:{}',2100,'2024-01-13',4,'2024-01-13','','','',0,'',35,'draft',1,0,0,1,78,0,'2024-01-13 07:15:46'),(21,'a:0:{}',1500,'2024-01-13',4,'2024-01-13','','','',0,'3',36,'draft',1,0,0,1,82,0,'2024-01-13 08:08:58'),(22,'a:1:{i:0;a:4:{s:9:\"file_name\";s:135:\"invoice_file65a24ff347685-فاتورة-شركة-ابرار-اعمال-اللياسة-للمكاتب-ودورات-المياه-1--2-.pdf\";s:9:\"file_size\";s:6:\"181701\";s:7:\"file_id\";N;s:12:\"service_type\";N;}}',23901.6,'2024-01-13',4,'2024-01-13','','','',0,'',34,'draft',1,0,0,81,94,0,'2024-01-13 08:55:15'),(23,'a:1:{i:0;a:4:{s:9:\"file_name\";s:135:\"invoice_file65a250a087ac3-فاتورة-شركة-ابرار-اعمال-اللياسة-للمكاتب-ودورات-المياه-1--2-.pdf\";s:9:\"file_size\";s:6:\"181701\";s:7:\"file_id\";N;s:12:\"service_type\";N;}}',23901.6,'2024-01-13',4,'2024-01-13','','','',0,'Plastering work',34,'approved',0,247,0,81,94,0,'2024-01-13 08:58:08'),(24,'a:0:{}',152,'2024-01-13',4,'2024-01-13','','','',0,'',38,'draft',1,0,0,79,94,0,'2024-01-13 10:53:22'),(25,'a:1:{i:0;a:4:{s:9:\"file_name\";s:74:\"invoice_file65a2754e04c88-كشف-حساب-عميل-شركه-ابرار.pdf\";s:9:\"file_size\";s:7:\"3574873\";s:7:\"file_id\";N;s:12:\"service_type\";N;}}',9625.49,'2024-01-13',4,'2024-01-13','','','',0,'SA4510000065914985000900\nSNB BANK',40,'approved',0,0,0,79,94,0,'2024-01-13 11:34:38'),(26,'a:0:{}',15697.5,'2024-01-15',4,'2024-01-15','','','',0,'70% D.P\nALJAZIRA BANK ACC:\n011895027679001\n IBAN SA6260100011895027679001',41,'approved',0,254,0,79,94,0,'2024-01-15 17:49:11'),(27,'a:0:{}',750,'2024-01-17',4,'2024-01-17','','','',0,'SADAD NO 208 الهيئة السعودية للمقاولين\nbill no 50099089804039',42,'approved',0,996,0,79,94,0,'2024-01-17 11:17:23'),(28,'a:1:{i:0;a:4:{s:9:\"file_name\";s:53:\"invoice_file65a7b794b39ee-SCA-»-الفواتير.pdf\";s:9:\"file_size\";s:6:\"163331\";s:7:\"file_id\";N;s:12:\"service_type\";N;}}',750,'2024-01-17',4,'2024-01-17','','','',0,'SADAD NO 208 الهيئة السعودية للمقاولين',42,'approved',0,261,0,79,94,0,'2024-01-17 11:18:44'),(29,'a:1:{i:0;a:4:{s:9:\"file_name\";s:86:\"invoice_file65a91b9bea17e-اعمال-المباني-شركة-ابرار-انفرا.pdf\";s:9:\"file_size\";s:6:\"210947\";s:7:\"file_id\";N;s:12:\"service_type\";N;}}',14365.8,'2024-01-17',4,'2024-01-18','','','',0,'',34,'draft',1,0,0,79,94,0,'2024-01-18 12:37:47'),(30,'a:1:{i:0;a:4:{s:9:\"file_name\";s:86:\"invoice_file65a91c2e04f9e-اعمال-المباني-شركة-ابرار-انفرا.pdf\";s:9:\"file_size\";s:6:\"210947\";s:7:\"file_id\";N;s:12:\"service_type\";N;}}',14365.8,'2024-01-17',4,'2024-01-18','','','',0,'',34,'approved',0,258,0,79,94,0,'2024-01-18 12:40:14'),(31,'a:1:{i:0;a:4:{s:9:\"file_name\";s:44:\"invoice_file65abe646cb850-ابرار-8-1.pdf\";s:9:\"file_size\";s:6:\"177643\";s:7:\"file_id\";N;s:12:\"service_type\";N;}}',1983.75,'2024-01-18',4,'2024-01-20','','','',0,'CEMENT',43,'approved',0,0,0,79,94,0,'2024-01-20 15:27:02'),(32,'a:1:{i:0;a:4:{s:9:\"file_name\";s:51:\"invoice_file65abe89c8f833-ابرار-انفرا.pdf\";s:9:\"file_size\";s:6:\"166699\";s:7:\"file_id\";N;s:12:\"service_type\";N;}}',3700,'2024-01-19',4,'2024-01-20','','','',0,'ALJAZIRA BANK ACC/ 0016519095001',44,'approved',0,268,0,79,94,0,'2024-01-20 15:37:00'),(33,'a:1:{i:0;a:4:{s:9:\"file_name\";s:90:\"invoice_file65ae71ebf1be4-ABRAR-INFRA-BUILDING-COMPANY-LTD.-Proforma-Invoice-A22012024.pdf\";s:9:\"file_size\";s:6:\"644691\";s:7:\"file_id\";N;s:12:\"service_type\";N;}}',79465,'2024-01-22',4,'2024-01-22','','','',0,'SAB BANK : IBAN\nSA1345000000044700300010',49,'approved',0,278,0,79,94,0,'2024-01-22 13:47:23'),(34,'a:1:{i:0;a:4:{s:9:\"file_name\";s:33:\"invoice_file65b0d38702074-054.pdf\";s:9:\"file_size\";s:6:\"319966\";s:7:\"file_id\";N;s:12:\"service_type\";N;}}',6727.5,'2024-01-23',4,'2024-01-24','','','',0,'30% final payment\n ALJAZIRA BANK ACC: 011895027679001\n IBAN SA6260100011895027679001',41,'approved',0,279,0,79,94,0,'2024-01-24 09:08:23'),(35,'a:1:{i:0;a:4:{s:9:\"file_name\";s:68:\"invoice_file65b4bfeea6074-Proforma-invoice-10---Extra-Work-Abrar.pdf\";s:9:\"file_size\";s:6:\"126402\";s:7:\"file_id\";N;s:12:\"service_type\";N;}}',80500,'2024-01-25',4,'2024-01-27','','','',0,'EXTRA WORK',51,'approved',0,282,0,79,94,0,'2024-01-27 08:33:50'),(36,'a:1:{i:0;a:4:{s:9:\"file_name\";s:81:\"invoice_file65b7a0c05f70b-شركة-ابرار--اعمال-الاعمدة-4000.pdf\";s:9:\"file_size\";s:6:\"135850\";s:7:\"file_id\";N;s:12:\"service_type\";N;}}',4600,'2024-01-29',4,'2024-01-29','','','',0,'SNB / SA9110000004600000182401 \nSteel columns  R.C  concrete jacketing',34,'approved',0,490,0,79,94,0,'2024-01-29 12:57:36'),(37,'a:1:{i:0;a:4:{s:9:\"file_name\";s:78:\"invoice_file65be45961d5d6-شركة-ابرار-اعمال-.التيوبات.pdf\";s:9:\"file_size\";s:6:\"134716\";s:7:\"file_id\";N;s:12:\"service_type\";N;}}',9549.6,'2024-02-03',4,'2024-02-03','','','',0,'steel frames for offices area\npayment  80%',59,'approved',0,1066,0,79,94,0,'2024-02-03 13:54:30'),(38,'a:1:{i:0;a:4:{s:9:\"file_name\";s:96:\"invoice_file65bf56083966b-ABRAR-INFRA-BUILDING-COMPANY-LTD.-Proforma-Invoice-A04022024-REV#2.pdf\";s:9:\"file_size\";s:6:\"637794\";s:7:\"file_id\";N;s:12:\"service_type\";N;}}',7072.5,'2024-02-03',4,'2024-02-04','','','',0,' SAB Bank /SA1345000000044700300010',60,'approved',0,307,0,79,94,0,'2024-02-04 09:16:56'),(39,'a:1:{i:0;a:4:{s:9:\"file_name\";s:61:\"invoice_file65bf5894093df-PRO-FORMA-INVOICE11--ABRAR-1266.pdf\";s:9:\"file_size\";s:6:\"814920\";s:7:\"file_id\";N;s:12:\"service_type\";N;}}',52440,'2024-02-03',4,'2024-02-04','','','',0,'20% after fabrication starts for MIZZ and extension area ',28,'approved',0,305,0,79,94,0,'2024-02-04 09:27:48'),(40,'a:1:{i:0;a:4:{s:9:\"file_name\";s:90:\"invoice_file65c1e56d0c012-ABRAR-INFRA-BUILDING-COMPANY-LTD.-Proforma-Invoice-A05022024.pdf\";s:9:\"file_size\";s:6:\"637631\";s:7:\"file_id\";N;s:12:\"service_type\";N;}}',3967.5,'2024-02-06',4,'2024-02-06','','','',0,'SA1345000000044700300010\nSAB BANK',67,'approved',0,308,0,79,94,0,'2024-02-06 07:53:17'),(41,'a:1:{i:0;a:4:{s:9:\"file_name\";s:34:\"invoice_file65c1ed4ea45c1-1111.pdf\";s:9:\"file_size\";s:6:\"319494\";s:7:\"file_id\";N;s:12:\"service_type\";N;}}',287.5,'2024-02-06',4,'2024-02-06','','','',0,'WATER STOP 10M\nBANK ALJAZIRA ACC/011895027679001',68,'approved',0,309,0,79,94,0,'2024-02-06 08:26:54'),(42,'a:0:{}',5000,'2023-08-22',4,'2024-02-10','','','',0,'ADVANCE',78,'approved',0,318,0,1,82,0,'2024-02-10 11:04:34'),(43,'a:0:{}',7000,'2023-08-31',4,'2024-02-10','','','',0,'',78,'approved',0,319,0,1,82,0,'2024-02-10 11:05:09'),(44,'a:0:{}',5000,'2023-10-15',4,'2024-02-10','','','',0,'',78,'approved',0,320,0,1,82,0,'2024-02-10 11:05:45'),(45,'a:0:{}',1500,'2023-10-25',4,'2024-02-10','','','',0,'',78,'approved',0,321,0,1,82,0,'2024-02-10 11:06:09'),(46,'a:0:{}',5000,'2023-11-15',4,'2024-02-10','','','',0,'',78,'approved',0,322,0,1,82,0,'2024-02-10 11:06:36'),(47,'a:0:{}',2100,'2024-02-11',4,'2024-02-11','','','',0,'d',35,'draft',1,0,0,51,82,0,'2024-02-11 05:34:39'),(48,'a:1:{i:0;a:4:{s:9:\"file_name\";s:52:\"invoice_file65cb048b9ae0d-Adobe-Scan-13-Feb-2024.pdf\";s:9:\"file_size\";s:7:\"1284352\";s:7:\"file_id\";N;s:12:\"service_type\";N;}}',136507.88,'2024-02-12',4,'2024-02-13','','','',0,'NATIONAL ARAB  BANK \nSA8830400108095572010015',28,'draft',1,0,0,79,94,0,'2024-02-13 05:56:27'),(49,'a:1:{i:0;a:4:{s:9:\"file_name\";s:52:\"invoice_file65cb05601221f-Adobe-Scan-13-Feb-2024.pdf\";s:9:\"file_size\";s:7:\"1284352\";s:7:\"file_id\";N;s:12:\"service_type\";N;}}',136507.88,'2024-02-12',4,'2024-02-13','','','',0,'NATONAL ARAB BANK\nSA8830400108095572010015',28,'draft',1,0,0,79,94,0,'2024-02-13 06:00:00'),(50,'a:1:{i:0;a:4:{s:9:\"file_name\";s:107:\"invoice_file65cb0ee63fef7-Abdulrahman-Alusaimi-General-Contracting-Co-Invoice-sandwich-Panel-&-Mizanine.pdf\";s:9:\"file_size\";s:7:\"1284352\";s:7:\"file_id\";N;s:12:\"service_type\";N;}}',78386.88,'2024-02-13',4,'2024-02-13','','','',0,'35% for mezzanine ',28,'approved',0,337,0,1,94,0,'2024-02-13 06:40:38'),(51,'a:1:{i:0;a:4:{s:9:\"file_name\";s:107:\"invoice_file65cb0f225e588-Abdulrahman-Alusaimi-General-Contracting-Co-Invoice-sandwich-Panel-&-Mizanine.pdf\";s:9:\"file_size\";s:7:\"1284352\";s:7:\"file_id\";N;s:12:\"service_type\";N;}}',58121,'2024-02-13',4,'2024-02-13','','','',0,'35% for sandwich panel ',28,'approved',0,338,0,1,94,0,'2024-02-13 06:41:38'),(52,'a:1:{i:0;a:4:{s:9:\"file_name\";s:58:\"invoice_file65cb23c36074d-Screenshot-2024-02-13-110553.png\";s:9:\"file_size\";s:6:\"209787\";s:7:\"file_id\";N;s:12:\"service_type\";N;}}',9200,'2024-02-13',4,'2024-02-13','','','',0,'safety fence 2.5m Hight',126,'draft',1,0,0,79,94,0,'2024-02-13 08:09:39'),(53,'a:1:{i:0;a:4:{s:9:\"file_name\";s:58:\"invoice_file65cb26025c2be-Screenshot-2024-02-13-110553.png\";s:9:\"file_size\";s:6:\"209787\";s:7:\"file_id\";N;s:12:\"service_type\";N;}}',9200,'2024-02-12',4,'2024-02-13','','','',0,'SA8680000365608016074378\nALRAJHI BANK',126,'approved',0,346,0,79,94,0,'2024-02-13 08:19:14'),(54,'a:0:{}',5000,'2024-02-17',4,'2024-02-17','','','',0,'',180,'draft',0,0,0,1,77,0,'2024-02-17 11:09:27'),(55,'a:1:{i:0;a:4:{s:9:\"file_name\";s:34:\"invoice_file65d0deeebe775-5555.pdf\";s:9:\"file_size\";s:5:\"68378\";s:7:\"file_id\";N;s:12:\"service_type\";N;}}',2852,'2024-02-17',4,'2024-02-17','','','',0,'<p>putty + crack filler&nbsp;</p><p>ALJAZIRA ACC : 0302152300001</p>',185,'approved',0,403,0,79,94,0,'2024-02-17 16:29:34'),(56,'a:1:{i:0;a:4:{s:9:\"file_name\";s:33:\"invoice_file65d0e13e8a308-666.pdf\";s:9:\"file_size\";s:5:\"68378\";s:7:\"file_id\";N;s:12:\"service_type\";N;}}',1034.97,'2024-02-17',4,'2024-02-17','','','',0,'<p>RIYADH BANK: SA9620000003373379379940<br></p>',186,'approved',0,418,0,79,94,0,'2024-02-17 16:39:26'),(57,'a:1:{i:0;a:4:{s:9:\"file_name\";s:117:\"invoice_file65d0e2b28554f-فاتورة-شركة-ابرار-انفرا-اعمال-80%-من-اعمال-الخزان.pdf\";s:9:\"file_size\";s:6:\"137762\";s:7:\"file_id\";N;s:12:\"service_type\";N;}}',44000,'2024-02-17',4,'2024-02-17','','','',0,'<p>80% from UG tank works</p><p>SNB</p><p>SA9110000004600000182401<br></p>',34,'draft',1,0,0,79,94,0,'2024-02-17 16:45:38'),(58,'a:1:{i:0;a:4:{s:9:\"file_name\";s:38:\"invoice_file65d0e50b28381-R.C-BILL.pdf\";s:9:\"file_size\";s:7:\"7006375\";s:7:\"file_id\";N;s:12:\"service_type\";N;}}',19464.9,'2024-02-17',4,'2024-02-17','','','',0,'<p>RC READY MIX CONCRETE&nbsp; 4000 psi 1% Micro selika</p><p>SNB</p><p>SA4510000065914985000900</p>',187,'approved',0,537,0,79,94,0,'2024-02-17 16:55:39'),(59,'a:1:{i:0;a:4:{s:9:\"file_name\";s:33:\"invoice_file65d0e6a173e9a-777.pdf\";s:9:\"file_size\";s:6:\"167386\";s:7:\"file_id\";N;s:12:\"service_type\";N;}}',3700,'2024-02-17',4,'2024-02-17','','','',0,'<p>generator rental</p><p><br></p><p>ALJAZIRA ACC: 0016519095001</p>',188,'approved',0,539,0,79,94,0,'2024-02-17 17:02:25'),(60,'a:1:{i:0;a:4:{s:9:\"file_name\";s:31:\"invoice_file65d5d8162b10d-1.pdf\";s:9:\"file_size\";s:6:\"137762\";s:7:\"file_id\";N;s:12:\"service_type\";N;}}',44000,'2024-02-18',4,'2024-02-18','','','',0,'<p style=\"color: rgb(78, 94, 106); font-size: 14px; text-transform: capitalize; background-color: rgb(246, 246, 246);\">80% From UG Tank Works</p><p style=\"color: rgb(78, 94, 106); font-size: 14px; text-transform: capitalize; background-color: rgb(246, 246, 246);\">SNB</p><p style=\"color: rgb(78, 94, 106); font-size: 14px; text-transform: capitalize; background-color: rgb(246, 246, 246);\">SA9110000004600000182401</p>',34,'approved',0,511,0,84,94,0,'2024-02-21 11:01:42'),(61,'a:0:{}',15200,'2023-07-18',5,'2024-02-18','P68 - Advance payment','0319005122120017','76642348',0,'',189,'approved',0,0,0,51,230,0,'2024-02-18 07:54:05'),(62,'a:0:{}',11000,'2023-11-29',4,'2024-02-18','','','',0,'',189,'approved',0,0,0,51,82,0,'2024-02-18 07:55:49'),(63,'a:0:{}',8000,'2023-12-27',4,'2024-02-18','','','',0,'',189,'approved',0,0,0,51,82,0,'2024-02-18 07:56:14'),(64,'a:0:{}',159.6,'2024-01-28',4,'2024-02-18','','','',0,'',134,'approved',0,404,0,86,82,0,'2024-02-18 08:08:26'),(65,'a:0:{}',1834.98,'2024-01-28',4,'2024-02-18','','','',0,'',145,'approved',0,405,0,86,82,0,'2024-02-18 08:15:29'),(66,'a:0:{}',1196.16,'2024-01-28',4,'2024-02-18','','','',0,'',135,'approved',0,406,0,86,82,0,'2024-02-18 08:19:09'),(67,'a:0:{}',1016.82,'2024-01-28',4,'2024-02-18','','','',0,'',136,'approved',0,661,0,86,82,0,'2024-02-29 06:53:54'),(68,'a:0:{}',25000,'2023-08-30',5,'2023-09-10','','','76642349',0,'',183,'approved',0,408,0,86,82,0,'2024-02-18 09:54:59'),(69,'a:0:{}',9000,'2023-12-14',4,'2024-02-18','','','',0,'',183,'approved',0,409,0,86,82,0,'2024-02-18 09:57:19'),(70,'a:0:{}',8000,'2024-01-10',4,'2024-02-18','','','',0,'',183,'approved',0,641,0,86,82,0,'2024-02-18 09:58:44'),(71,'a:0:{}',9000,'2024-01-17',4,'2024-02-18','','','',0,'',183,'approved',0,411,0,86,82,0,'2024-02-18 10:00:35'),(72,'a:0:{}',5000,'2024-01-30',4,'2024-02-18','','','',0,'',183,'approved',0,412,0,86,82,0,'2024-02-18 10:03:04'),(73,'a:0:{}',3744.93,'2023-12-07',4,'2024-02-19','','','',0,'',110,'approved',0,0,0,86,78,0,'2024-02-19 11:13:57'),(74,'a:0:{}',3151.65,'2024-01-20',4,'2024-02-20','','','',0,'',110,'approved',0,426,0,86,229,0,'2024-02-20 04:22:26'),(75,'a:0:{}',1538,'2024-01-30',4,'2024-02-20','','','',0,'',110,'approved',0,427,0,86,229,0,'2024-02-20 04:24:51'),(76,'a:1:{i:0;a:4:{s:9:\"file_name\";s:99:\"invoice_file65d480e740262-ABRAR-INFRA-BUILDING-COMPANY-LTD.-Proforma-Invoice-A19022024-WM-rev#1.pdf\";s:9:\"file_size\";s:6:\"638331\";s:7:\"file_id\";N;s:12:\"service_type\";N;}}',6831,'2024-02-20',4,'2024-02-20','','','',0,'<div style=\"text-align: right;\"><font color=\"#4e5e6a\"><span style=\"font-size: 14px; text-transform: capitalize;\">SABB BANK&nbsp;</span></font></div><div style=\"text-align: right;\"><font color=\"#4e5e6a\"><span style=\"font-size: 14px; text-transform: capitalize;\">SA1345000000044700300010</span><br></font></div>',192,'draft',1,0,0,79,94,0,'2024-02-20 10:37:27'),(77,'a:1:{i:0;a:4:{s:9:\"file_name\";s:39:\"invoice_file65d48f8128cdd-AL-FAISAL.pdf\";s:9:\"file_size\";s:6:\"638331\";s:7:\"file_id\";N;s:12:\"service_type\";N;}}',6831,'2024-02-20',4,'2024-02-20','','','',0,'<p>ADVANCE 100%</p>',192,'approved',0,538,0,1,94,0,'2024-02-20 11:39:45'),(78,'a:1:{i:0;a:4:{s:9:\"file_name\";s:34:\"invoice_file65d727cde5197-SDSD.pdf\";s:9:\"file_size\";s:6:\"670801\";s:7:\"file_id\";N;s:12:\"service_type\";N;}}',3500,'2024-02-22',4,'2024-02-22','','','',0,'<p>ALRAJHI BANK</p><p>SA8680000365608016074378</p>',198,'approved',0,627,0,79,94,0,'2024-02-22 10:54:05'),(79,'a:1:{i:0;a:4:{s:9:\"file_name\";s:36:\"invoice_file65d73469c4e2a-hujara.pdf\";s:9:\"file_size\";s:6:\"737405\";s:7:\"file_id\";N;s:12:\"service_type\";N;}}',4200,'2024-02-22',4,'2024-02-22','','','',0,'<p>BANK ACCOUNT</p><p>ALRAJHI BANK</p><p>SA7080000365608016255183</p>',199,'approved',0,628,0,79,94,0,'2024-02-22 11:47:53'),(80,'a:1:{i:0;a:4:{s:9:\"file_name\";s:64:\"invoice_file65d736818eb29-فاتوره-شركه-ابرارSS.pdf\";s:9:\"file_size\";s:7:\"3504569\";s:7:\"file_id\";N;s:12:\"service_type\";N;}}',10465,'2024-02-22',4,'2024-02-22','','','',0,'<p>NCB</p><p>SA4510000065914985000900</p>',200,'approved',0,629,0,79,94,0,'2024-02-22 11:56:49'),(81,'a:1:{i:0;a:4:{s:9:\"file_name\";s:34:\"invoice_file65db4daf9718b-SSSS.jpg\";s:9:\"file_size\";s:5:\"80995\";s:7:\"file_id\";N;s:12:\"service_type\";N;}}',134576.56,'2024-02-25',4,'2024-02-25','','','',0,'30% down payment\n\nNCB / SA61 1000 0004 6000 0079 8503',205,'approved',0,0,0,79,94,0,'2024-02-25 14:24:47'),(82,'a:2:{i:0;a:4:{s:9:\"file_name\";s:92:\"invoice_file65dc924ff0ea1-فاتورة-شركة-ابرار-انفرا-التيوبات-2.pdf\";s:9:\"file_size\";s:6:\"136956\";s:7:\"file_id\";N;s:12:\"service_type\";N;}i:1;a:4:{s:9:\"file_name\";s:92:\"invoice_file65dc924ff1183-فاتورة-شركة-ابرار-انفرا-التيوبات-2.pdf\";s:9:\"file_size\";s:6:\"148466\";s:7:\"file_id\";N;s:12:\"service_type\";N;}}',10874.4,'2024-02-26',4,'2024-02-26','','','',0,'offices tubes erection\n',59,'approved',0,639,0,79,94,0,'2024-02-26 13:30:59'),(83,'a:0:{}',22.05,'2024-02-24',4,'2024-02-27','','','',0,'paid 552.929 against invoice',140,'approved',0,632,0,86,229,0,'2024-02-27 07:40:46'),(84,'a:0:{}',226.17,'2024-02-24',4,'2024-02-27','','','',0,'',207,'approved',0,633,0,86,229,0,'2024-02-27 07:54:04'),(85,'a:0:{}',865.86,'2024-02-24',4,'2024-02-27','','','',0,'',208,'approved',0,634,0,86,229,0,'2024-02-27 09:27:24'),(86,'a:0:{}',25000,'2024-02-22',4,'2024-02-29','','','',0,'',183,'approved',0,642,0,86,229,0,'2024-02-29 04:36:43'),(87,'a:0:{}',2520,'2024-11-15',4,'2024-02-29','','','',0,'',191,'approved',0,643,0,86,229,0,'2024-02-29 04:41:20'),(88,'a:0:{}',5000,'2024-01-10',4,'2024-02-29','','','',0,'',191,'approved',0,644,0,86,229,0,'2024-02-29 04:41:59'),(89,'a:0:{}',3000,'2024-01-30',4,'2024-02-29','','','',0,'',191,'approved',0,645,0,86,229,0,'2024-02-29 04:42:52'),(90,'a:0:{}',15000,'2024-02-24',4,'2024-02-29','','','',0,'',189,'approved',0,646,0,86,229,0,'2024-02-29 05:06:09'),(91,'a:0:{}',5000,'2024-01-10',4,'2024-02-29','','','',0,'P68 CIVIL LABOUR',78,'approved',0,653,0,1,82,0,'2024-02-29 05:48:05'),(92,'a:0:{}',5000,'2024-01-18',4,'2024-02-29','','','',0,'P68 LABOUR N PC',78,'approved',0,659,0,1,82,0,'2024-02-29 05:51:12'),(93,'a:0:{}',3000,'2024-01-30',4,'2024-02-29','','','',0,'P68 CIVIL LABOUR',78,'approved',0,655,0,1,82,0,'2024-02-29 05:52:30'),(94,'a:0:{}',1583.4,'2024-01-28',4,'2024-02-29','','','',0,'',133,'approved',0,660,0,86,229,0,'2024-02-29 06:51:25'),(95,'a:0:{}',5000,'2023-12-07',4,'2024-02-29','','','',0,'P68 CIVIL LABOUR',78,'approved',0,657,0,1,82,0,'2024-02-29 06:14:34'),(96,'a:0:{}',5000,'2023-12-13',4,'2024-02-29','','','',0,'P68 LABOUR',78,'approved',0,658,0,1,82,0,'2024-02-29 06:16:04'),(97,'a:1:{i:0;a:4:{s:9:\"file_name\";s:52:\"invoice_file65e04dec30968-Adobe-Scan-29-Feb-2024.pdf\";s:9:\"file_size\";s:6:\"919929\";s:7:\"file_id\";N;s:12:\"service_type\";N;}}',2400,'2024-02-27',4,'2024-02-29','','','',0,'Backfilling Basecourse A-1A \n\nBank Acc SA7080000365608016255183  \nRAJHI BANK',209,'approved',0,0,0,79,94,0,'2024-02-29 09:27:08'),(98,'a:2:{i:0;a:4:{s:9:\"file_name\";s:52:\"invoice_file65e05501def5d-Adobe-Scan-27-Feb-2024.pdf\";s:9:\"file_size\";s:6:\"535764\";s:7:\"file_id\";N;s:12:\"service_type\";N;}i:1;a:4:{s:9:\"file_name\";s:52:\"invoice_file65e0538f13371-Adobe-Scan-27-Feb-2024.pdf\";s:9:\"file_size\";s:6:\"535764\";s:7:\"file_id\";N;s:12:\"service_type\";N;}}',1900,'2024-02-28',4,'2024-02-29','','','',0,'Equipments\nSNB\nSA5910000008300000615703',210,'approved',0,0,0,79,94,0,'2024-02-29 09:57:21'),(99,'a:1:{i:0;a:4:{s:9:\"file_name\";s:56:\"invoice_file65e056286dc13-Adobe-Scan-29-Feb-2024--1-.pdf\";s:9:\"file_size\";s:6:\"903904\";s:7:\"file_id\";N;s:12:\"service_type\";N;}}',7000,'2024-02-29',4,'2024-02-29','','','',0,'Excavation for cold store area, freezers and antifreeze pipes \n\nBank Acc /ALRAJHI\nSA8880000301608010247357',211,'approved',0,0,0,79,94,0,'2024-02-29 10:02:16'),(100,'a:1:{i:0;a:4:{s:9:\"file_name\";s:45:\"invoice_file65e058223865f-sssssssssssssss.jpg\";s:9:\"file_size\";s:6:\"156277\";s:7:\"file_id\";N;s:12:\"service_type\";N;}}',12782.25,'2024-02-29',4,'2024-02-29','','','',0,'Ready MIX concrete screed 4000\nBank account SNB\nSA4510000065914985000900',212,'approved',0,0,0,79,94,0,'2024-02-29 10:10:42'),(101,'a:1:{i:0;a:4:{s:9:\"file_name\";s:46:\"invoice_file65e05d26dfe0a-ssssssssssssssss.jpg\";s:9:\"file_size\";s:5:\"53572\";s:7:\"file_id\";N;s:12:\"service_type\";N;}}',2500,'2024-02-29',4,'2024-02-29','','','',0,'SAB Bank\n\n IBAN :SA35 - 4500 - 0000 - 2421 - 7305 - 2001\n',213,'approved',0,0,0,79,94,0,'2024-02-29 10:32:06'),(102,'a:0:{}',9000,'2023-12-14',4,'2024-03-05','','','',0,'',94,'approved',0,747,0,86,82,0,'2024-03-05 08:48:03'),(103,'a:0:{}',11097.5,'2024-03-07',4,'2024-03-07','','','',0,'',220,'draft',1,0,0,79,94,0,'2024-03-07 07:14:47'),(104,'a:1:{i:0;a:4:{s:9:\"file_name\";s:90:\"invoice_file65e969b590964-ABRAR-INFRA-BUILDING-COMPANY-LTD.-Proforma-Invoice-A07032024.pdf\";s:9:\"file_size\";s:6:\"711615\";s:7:\"file_id\";N;s:12:\"service_type\";N;}}',11097.5,'2024-03-07',4,'2024-03-07','','','',0,'SAB Bank /  SA 1345000000044700300010',220,'approved',0,0,0,79,94,0,'2024-03-07 07:18:54'),(105,'a:1:{i:0;a:4:{s:9:\"file_name\";s:32:\"invoice_file65e9724796138-06.pdf\";s:9:\"file_size\";s:6:\"594608\";s:7:\"file_id\";N;s:12:\"service_type\";N;}}',2852,'2024-03-07',4,'2024-03-07','','','',0,'Putty 20 Kg and crack filler 25 Kg.  ALJAZIRA A/C :0302152300001',221,'approved',0,0,0,79,94,0,'2024-03-07 07:55:49'),(106,'a:1:{i:0;a:4:{s:9:\"file_name\";s:35:\"invoice_file65e9fec019360-20000.jpg\";s:9:\"file_size\";s:5:\"90407\";s:7:\"file_id\";N;s:12:\"service_type\";N;}}',20000,'2024-03-07',4,'2024-03-07','','','',0,'Safety fence\nSNB\nSA1010000011100017993510\n',222,'approved',0,791,0,79,94,0,'2024-03-07 17:52:00'),(107,'a:1:{i:0;a:4:{s:9:\"file_name\";s:40:\"invoice_file65ec775dc368a-INV-001859.pdf\";s:9:\"file_size\";s:6:\"378046\";s:7:\"file_id\";N;s:12:\"service_type\";N;}}',15000,'2024-03-09',4,'2024-03-09','','','',0,'bank acc attached on the bill',223,'approved',0,827,0,79,94,0,'2024-03-09 14:51:09'),(108,'a:1:{i:0;a:4:{s:9:\"file_name\";s:103:\"invoice_file65ec8606cf4e6-فاتورة-شركة-ابرار-انفرا-اعمال-التيوبات-3.pdf\";s:9:\"file_size\";s:6:\"137411\";s:7:\"file_id\";N;s:12:\"service_type\";N;}}',11040,'2024-03-07',4,'2024-03-09','','','',0,'SA9110000004600000182401\nsnb',59,'approved',0,826,0,79,94,0,'2024-03-09 15:53:42'),(109,'a:1:{i:0;a:4:{s:9:\"file_name\";s:44:\"invoice_file65ec87fda20b2-Invoice-000143.pdf\";s:9:\"file_size\";s:6:\"103472\";s:7:\"file_id\";N;s:12:\"service_type\";N;}}',5750,'2024-02-29',4,'2024-03-09','','','',0,'',224,'approved',0,981,0,79,94,0,'2024-03-09 16:02:05'),(110,'a:1:{i:0;a:4:{s:9:\"file_name\";s:68:\"invoice_file65eda61128341-WhatsApp-Image-2024-03-10-at-16.22.14.jpeg\";s:9:\"file_size\";s:5:\"59649\";s:7:\"file_id\";N;s:12:\"service_type\";N;}}',5000,'2024-03-10',5,'2024-03-10','CDC CHEQUE','0319-00512212-001-7','01873723',0,'CDC CHEQUE FOR MITSUBISHI CAR DOWNPAYMENT OF 5000 /-',225,'approved',0,954,0,86,230,0,'2024-03-10 12:22:41'),(111,'a:1:{i:0;a:4:{s:9:\"file_name\";s:68:\"invoice_file65eda7314512b-WhatsApp-Image-2024-03-10-at-16.27.09.jpeg\";s:9:\"file_size\";s:5:\"56364\";s:7:\"file_id\";N;s:12:\"service_type\";N;}}',4500,'2024-04-15',5,'0000-00-00','PDC','0319-00512212-001-7','01873724',0,'MITSUBISHI CAR 1PDC CHEQUE 4500/-',225,'draft',0,0,0,86,230,0,'2024-03-10 12:27:29'),(112,'a:1:{i:0;a:4:{s:9:\"file_name\";s:68:\"invoice_file65eda80ec8b83-WhatsApp-Image-2024-03-10-at-16.30.51.jpeg\";s:9:\"file_size\";s:5:\"65016\";s:7:\"file_id\";N;s:12:\"service_type\";N;}}',4500,'2024-05-15',5,'0000-00-00','PDC','0319-00512212-001-7','01873725',0,'2ND PDC CHEQUE FOR CAR 4500/-',225,'draft',0,0,0,86,230,0,'2024-03-10 12:31:10'),(113,'a:1:{i:0;a:4:{s:9:\"file_name\";s:68:\"invoice_file65eda92a5682a-WhatsApp-Image-2024-03-10-at-16.34.14.jpeg\";s:9:\"file_size\";s:5:\"90224\";s:7:\"file_id\";N;s:12:\"service_type\";N;}}',4998.7,'2024-06-17',5,'0000-00-00','PDC','0319-00512212-001-7','01873726',0,'3RD PDC CHEQUE',225,'draft',0,0,0,86,230,0,'2024-03-10 12:36:44'),(114,'a:1:{i:0;a:4:{s:9:\"file_name\";s:56:\"invoice_file65eee679a1008-Adobe-Scan-11-Mar-2024--1-.pdf\";s:9:\"file_size\";s:6:\"682231\";s:7:\"file_id\";N;s:12:\"service_type\";N;}}',1750,'2024-03-10',4,'2024-03-10','','','',0,'earth works machinery rental\nSNB\nSA5910000008300000615703\n',226,'approved',0,888,0,81,94,0,'2024-03-11 11:09:45'),(115,'a:1:{i:0;a:4:{s:9:\"file_name\";s:34:\"invoice_file65ef7ffde10b4-5545.jpg\";s:9:\"file_size\";s:6:\"123255\";s:7:\"file_id\";N;s:12:\"service_type\";N;}}',7900,'2024-03-12',4,'2024-03-12','','','',0,'safety fence final payment',222,'approved',0,0,0,79,94,0,'2024-03-11 22:04:45'),(116,'a:1:{i:0;a:4:{s:9:\"file_name\";s:35:\"invoice_file65f0812d2f1e6-bills.pdf\";s:9:\"file_size\";s:8:\"17716830\";s:7:\"file_id\";N;s:12:\"service_type\";N;}}',14300.25,'2024-03-11',4,'2024-03-12','','','',0,'ready mix concrete + blocks',227,'approved',0,0,0,79,94,0,'2024-03-12 16:22:05'),(117,'a:2:{i:0;a:4:{s:9:\"file_name\";s:102:\"invoice_file65f25b6a75085-فاتورة-ابرار-انفرا-اعمال-السور-50-بالمية.pdf\";s:9:\"file_size\";s:6:\"137091\";s:7:\"file_id\";N;s:12:\"service_type\";N;}i:1;a:4:{s:9:\"file_name\";s:34:\"invoice_file65f25b6a75671-dddd.jpg\";s:9:\"file_size\";s:6:\"120740\";s:7:\"file_id\";N;s:12:\"service_type\";N;}}',17250,'2024-03-13',4,'2024-03-14','','','',0,'50% compound wall\nSA9110000004600000182401  snb',34,'approved',0,945,0,79,94,0,'2024-03-14 02:05:30'),(118,'a:1:{i:0;a:4:{s:9:\"file_name\";s:48:\"invoice_file65f96b2a019b6-ready-mix-concrete.pdf\";s:9:\"file_size\";s:7:\"3521741\";s:7:\"file_id\";N;s:12:\"service_type\";N;}}',6256,'2024-03-14',4,'2024-03-19','','','',0,'SA4510000065914985000900\nSNB',235,'approved',0,951,0,79,94,0,'2024-03-19 10:38:34'),(119,'a:1:{i:0;a:4:{s:9:\"file_name\";s:33:\"invoice_file65f96cfd9837a-gen.pdf\";s:9:\"file_size\";s:6:\"201088\";s:7:\"file_id\";N;s:12:\"service_type\";N;}}',3700,'2024-03-19',4,'2024-03-19','','','',0,'ACC ALJAZIRA /0016519095001  ',236,'approved',0,952,0,79,94,0,'2024-03-19 10:46:21'),(120,'a:1:{i:0;a:4:{s:9:\"file_name\";s:40:\"invoice_file65f96fa8e1783-INV-001859.pdf\";s:9:\"file_size\";s:6:\"378046\";s:7:\"file_id\";N;s:12:\"service_type\";N;}}',8000,'2024-03-17',4,'2024-03-19','','','',0,'snb / SA3610000014700000621908',223,'approved',0,950,0,79,94,0,'2024-03-19 10:58:02'),(121,'a:0:{}',2100,'2024-01-10',4,'2024-03-21','','','',0,'date of payment unknown',35,'approved',0,974,0,86,229,0,'2024-03-21 08:37:00'),(122,'a:0:{}',1146.6,'2024-03-12',4,'2024-03-21','','','',0,'',143,'approved',0,975,0,86,229,0,'2024-03-21 08:38:54'),(123,'a:0:{}',400,'2024-03-07',4,'2024-03-21','','','',0,'',218,'approved',0,976,0,86,229,0,'2024-03-21 08:41:20'),(124,'a:0:{}',90,'2024-03-22',4,'2024-03-22','','','',0,'',239,'approved',0,983,0,1,229,0,'2024-03-22 16:38:59'),(125,'a:1:{i:0;a:4:{s:9:\"file_name\";s:104:\"invoice_file65fff8fdaf798-شركة-ابرار-إنفرا-بناء-المحدودة-شخص-واحد.pdf\";s:9:\"file_size\";s:6:\"229414\";s:7:\"file_id\";N;s:12:\"service_type\";N;}}',5750,'2024-03-24',4,'2024-03-24','','','',0,'survey works for trapia project\nALJAZIRA BANK\nIBAN SA3660000000202594126001\nAccount no. 000202594126001',240,'approved',0,0,0,79,94,0,'2024-03-24 09:57:17'),(126,'a:2:{i:0;a:4:{s:9:\"file_name\";s:49:\"invoice_file65fffea17d002-Abrar-Co-Invoice-23.pdf\";s:9:\"file_size\";s:6:\"415445\";s:7:\"file_id\";N;s:12:\"service_type\";N;}i:1;a:4:{s:9:\"file_name\";s:93:\"invoice_file65fffea17db43-Contract-#1197-Signed-by-both-parties-+-Chamber-of-commerce--1-.pdf\";s:9:\"file_size\";s:7:\"4785274\";s:7:\"file_id\";N;s:12:\"service_type\";N;}}',122360,'2024-03-24',4,'2024-03-24','','','',0,'Fourth payment of 35% after receipt and approval\nof the delivered materials at the jobsite.\n\nARAB NATIONAL BANK\nSA8830400108095572010015',28,'approved',0,0,0,79,94,0,'2024-03-24 10:21:21'),(127,'a:1:{i:0;a:4:{s:9:\"file_name\";s:109:\"invoice_file6604fe0f8aff8-فاتورة-ابرار-انفرا-اعمال-سور-الجار-80-بالميه.pdf\";s:9:\"file_size\";s:6:\"193047\";s:7:\"file_id\";N;s:12:\"service_type\";N;}}',18400,'2024-03-27',4,'2024-03-28','','','',0,'neighbours walls  works 80%\nSNB / SA9110000004600000182401',34,'approved',0,0,0,79,94,0,'2024-03-28 05:20:15'),(128,'a:1:{i:0;a:4:{s:9:\"file_name\";s:44:\"invoice_file660d207d0ea18-Invoice-000149.pdf\";s:9:\"file_size\";s:6:\"104925\";s:7:\"file_id\";N;s:12:\"service_type\";N;}}',5750,'2024-04-02',4,'2024-04-03','','','',0,'SA3280000157608016022700\nRAJHI BANK',258,'approved',0,1068,0,79,94,0,'2024-04-03 09:25:17'),(129,'a:1:{i:0;a:4:{s:9:\"file_name\";s:47:\"invoice_file660d23f9f3906-ddddddddddddddddd.pdf\";s:9:\"file_size\";s:7:\"1123248\";s:7:\"file_id\";N;s:12:\"service_type\";N;}}',1800,'2024-04-01',4,'2024-04-03','','','',0,'BANK ACCOUNT\n\nALRAJHI BANK\n\nSA7080000365608016255183',260,'approved',0,1069,0,79,94,0,'2024-04-03 09:40:09'),(130,'a:4:{i:0;a:4:{s:9:\"file_name\";s:38:\"invoice_file661bf61a83299-رقم-3.pdf\";s:9:\"file_size\";s:7:\"3661047\";s:7:\"file_id\";N;s:12:\"service_type\";N;}i:1;a:4:{s:9:\"file_name\";s:64:\"invoice_file661bf61a8522a-فاتورة-ضريبية-رقم-2.pdf\";s:9:\"file_size\";s:7:\"3661359\";s:7:\"file_id\";N;s:12:\"service_type\";N;}i:2;a:4:{s:9:\"file_name\";s:64:\"invoice_file661bf61a873dc-فاتورة-ضريبية-رقم-1.pdf\";s:9:\"file_size\";s:7:\"3678847\";s:7:\"file_id\";N;s:12:\"service_type\";N;}i:3;a:4:{s:9:\"file_name\";s:38:\"invoice_file661bf61a893c2-رقم-4.pdf\";s:9:\"file_size\";s:7:\"3670073\";s:7:\"file_id\";N;s:12:\"service_type\";N;}}',7728,'2024-04-14',4,'2024-04-14','','','',0,'SA4510000065914985000900 SNB\n',264,'approved',0,1125,0,79,94,0,'2024-04-14 15:28:26'),(131,'a:1:{i:0;a:4:{s:9:\"file_name\";s:77:\"invoice_file6624cea406305-ABRAR-INFRA-BUILDING-Proforma-Invoice-A21042024.pdf\";s:9:\"file_size\";s:6:\"644668\";s:7:\"file_id\";N;s:12:\"service_type\";N;}}',17940,'2024-04-20',4,'2024-04-21','','','',0,'steel rebar',269,'approved',0,0,0,79,94,0,'2024-04-21 08:30:28'),(132,'a:1:{i:0;a:4:{s:9:\"file_name\";s:57:\"invoice_file6628b6f9a94d4-tax-invoice-87---abrar_0001.pdf\";s:9:\"file_size\";s:6:\"842510\";s:7:\"file_id\";N;s:12:\"service_type\";N;}}',86931.43,'2024-04-23',4,'2024-04-24','','','',0,'extension erection- delivery of wall panels',28,'approved',0,1232,0,79,78,0,'2024-04-24 07:38:33'),(133,'a:1:{i:0;a:4:{s:9:\"file_name\";s:45:\"invoice_file6628ca582fadb-genarotor-APRIL.pdf\";s:9:\"file_size\";s:6:\"175142\";s:7:\"file_id\";N;s:12:\"service_type\";N;}}',3700,'2024-04-24',4,'2024-04-24','','','',0,'rental',270,'approved',0,1233,0,79,94,0,'2024-04-24 09:01:12'),(134,'a:3:{i:0;a:4:{s:9:\"file_name\";s:48:\"invoice_file662a041dcb3fa-final-payment-bill.pdf\";s:9:\"file_size\";s:6:\"137312\";s:7:\"file_id\";N;s:12:\"service_type\";N;}i:1;a:4:{s:9:\"file_name\";s:43:\"invoice_file662a041dcb64a-final-payment.pdf\";s:9:\"file_size\";s:6:\"652681\";s:7:\"file_id\";N;s:12:\"service_type\";N;}i:2;a:4:{s:9:\"file_name\";s:45:\"invoice_file662a041dcbae4-payment-balance.pdf\";s:9:\"file_size\";s:6:\"152647\";s:7:\"file_id\";N;s:12:\"service_type\";N;}}',70000,'2024-04-25',4,'2024-04-25','','','',0,'Final payment',272,'approved',0,0,0,79,94,0,'2024-04-25 07:19:57'),(135,'a:1:{i:0;a:4:{s:9:\"file_name\";s:31:\"invoice_file662cde2bb0d4d-c.pdf\";s:9:\"file_size\";s:7:\"1201736\";s:7:\"file_id\";N;s:12:\"service_type\";N;}}',8900,'2024-04-25',4,'2024-04-27','','','',0,'BANK ACCOUNT ALRAJHI BANK SA7080000365608016255183',273,'approved',0,1282,0,79,94,0,'2024-04-27 11:15:51'),(136,'a:8:{i:0;a:4:{s:9:\"file_name\";s:49:\"invoice_file6636391e621d4-IMG-20240504-WA0206.jpg\";s:9:\"file_size\";s:6:\"109416\";s:7:\"file_id\";N;s:12:\"service_type\";N;}i:1;a:4:{s:9:\"file_name\";s:49:\"invoice_file6636391e62408-IMG-20240504-WA0216.jpg\";s:9:\"file_size\";s:6:\"115205\";s:7:\"file_id\";N;s:12:\"service_type\";N;}i:2;a:4:{s:9:\"file_name\";s:49:\"invoice_file6636391e6255b-IMG-20240504-WA0217.jpg\";s:9:\"file_size\";s:6:\"118424\";s:7:\"file_id\";N;s:12:\"service_type\";N;}i:3;a:4:{s:9:\"file_name\";s:49:\"invoice_file6636391e626e4-IMG-20240504-WA0218.jpg\";s:9:\"file_size\";s:6:\"121773\";s:7:\"file_id\";N;s:12:\"service_type\";N;}i:4;a:4:{s:9:\"file_name\";s:76:\"invoice_file6636391e62861-WhatsApp-Image-2024-05-04-at-13.18.25_f903c194.jpg\";s:9:\"file_size\";s:6:\"108922\";s:7:\"file_id\";N;s:12:\"service_type\";N;}i:5;a:4:{s:9:\"file_name\";s:76:\"invoice_file6636391e629b0-WhatsApp-Image-2024-05-04-at-13.19.35_09279e22.jpg\";s:9:\"file_size\";s:6:\"110329\";s:7:\"file_id\";N;s:12:\"service_type\";N;}i:6;a:4:{s:9:\"file_name\";s:76:\"invoice_file6636391e62af2-WhatsApp-Image-2024-05-04-at-16.16.59_6d024538.jpg\";s:9:\"file_size\";s:6:\"116215\";s:7:\"file_id\";N;s:12:\"service_type\";N;}i:7;a:4:{s:9:\"file_name\";s:76:\"invoice_file6636391e62c48-WhatsApp-Image-2024-05-04-at-16.20.45_8cbd44ab.jpg\";s:9:\"file_size\";s:6:\"105455\";s:7:\"file_id\";N;s:12:\"service_type\";N;}}',16309.87,'2024-05-01',4,'2024-05-04','','','',0,'SA4510000065914985000900 SNB',285,'approved',0,1319,0,79,94,0,'2024-05-04 13:33:18'),(137,'a:3:{i:0;a:4:{s:9:\"file_name\";s:31:\"invoice_file6636401e0fb06-s.jpg\";s:9:\"file_size\";s:6:\"111784\";s:7:\"file_id\";N;s:12:\"service_type\";N;}i:1;a:4:{s:9:\"file_name\";s:32:\"invoice_file6636401e0fd9f-ss.jpg\";s:9:\"file_size\";s:6:\"111609\";s:7:\"file_id\";N;s:12:\"service_type\";N;}i:2;a:4:{s:9:\"file_name\";s:33:\"invoice_file6636401e0ff54-sss.jpg\";s:9:\"file_size\";s:6:\"107822\";s:7:\"file_id\";N;s:12:\"service_type\";N;}}',11155,'2024-05-02',4,'2024-05-04','','','',0,'SA9645000000032273435001 SAB BANK',286,'approved',0,1320,0,79,94,0,'2024-05-04 14:03:10'),(138,'a:2:{i:0;a:4:{s:9:\"file_name\";s:32:\"invoice_file6636427041a38-b1.jpg\";s:9:\"file_size\";s:5:\"87628\";s:7:\"file_id\";N;s:12:\"service_type\";N;}i:1;a:4:{s:9:\"file_name\";s:32:\"invoice_file6636427041c16-b2.jpg\";s:9:\"file_size\";s:5:\"84665\";s:7:\"file_id\";N;s:12:\"service_type\";N;}}',6555,'2024-05-04',4,'2024-05-04','','','',0,'BANK ALJAZIRA ACC/011895027679001',287,'approved',0,1318,0,79,94,0,'2024-05-04 14:13:04'),(139,'a:0:{}',2000,'2024-05-07',4,'2024-05-07','','','',0,'CDC PAID AS ON LPO TERMS',288,'approved',0,1325,0,86,82,0,'2024-05-07 10:32:45'),(140,'a:0:{}',500,'2024-04-16',4,'2024-05-07','','','',0,'',218,'approved',0,1330,0,86,229,0,'2024-05-07 11:39:17'),(141,'a:2:{i:0;a:4:{s:9:\"file_name\";s:34:\"invoice_file663c5f3f0a49f-omar.pdf\";s:9:\"file_size\";s:7:\"1033749\";s:7:\"file_id\";N;s:12:\"service_type\";N;}i:1;a:4:{s:9:\"file_name\";s:41:\"invoice_file663b3dcf6cb6b-omar-hujera.pdf\";s:9:\"file_size\";s:6:\"994931\";s:7:\"file_id\";N;s:12:\"service_type\";N;}}',10450,'2024-05-08',4,'2024-05-08','','','',0,'Machinery rental ',292,'approved',0,1375,0,79,94,0,'2024-05-09 05:29:35'),(142,'a:3:{i:0;a:4:{s:9:\"file_name\";s:101:\"invoice_file663bd86bee548-فاتورة-الحسابات-مستحقة-القبض_20231218_111014AM.pdf\";s:9:\"file_size\";s:5:\"97000\";s:7:\"file_id\";N;s:12:\"service_type\";N;}i:1;a:4:{s:9:\"file_name\";s:53:\"invoice_file663bd5c371272-invoice-97---abrar_0001.pdf\";s:9:\"file_size\";s:6:\"888493\";s:7:\"file_id\";N;s:12:\"service_type\";N;}i:2;a:4:{s:9:\"file_name\";s:101:\"invoice_file663bd5c371922-فاتورة-الحسابات-مستحقة-القبض_20231218_111014AM.pdf\";s:9:\"file_size\";s:5:\"97000\";s:7:\"file_id\";N;s:12:\"service_type\";N;}}',79956.76,'2024-05-08',4,'2024-05-08','','','',0,'18.55% against  roof erection\ndeduction 13,724 SAR',28,'approved',0,1373,0,79,94,0,'2024-05-08 19:54:19'),(143,'a:1:{i:0;a:4:{s:9:\"file_name\";s:76:\"invoice_file663bd77287062-WhatsApp-Image-2024-05-08-at-22.25.32_b1699e1b.jpg\";s:9:\"file_size\";s:5:\"51815\";s:7:\"file_id\";N;s:12:\"service_type\";N;}}',86250,'2024-05-08',4,'2024-05-08','','','',0,'60% down payment',293,'approved',0,1374,0,79,94,0,'2024-05-08 19:50:10'),(144,'a:3:{i:0;a:4:{s:9:\"file_name\";s:68:\"invoice_file664a075102ee6-فاتورة-ضريبية-ابرار-2.pdf\";s:9:\"file_size\";s:7:\"3653714\";s:7:\"file_id\";N;s:12:\"service_type\";N;}i:1;a:4:{s:9:\"file_name\";s:69:\"invoice_file664a075104226-فاتورة-ضريبية-ابرار-ط.pdf\";s:9:\"file_size\";s:7:\"3652066\";s:7:\"file_id\";N;s:12:\"service_type\";N;}i:2;a:4:{s:9:\"file_name\";s:77:\"invoice_file664a07510547e-فاتورة-ضريبية-شركه-ابرار-1.pdf\";s:9:\"file_size\";s:7:\"3724794\";s:7:\"file_id\";N;s:12:\"service_type\";N;}}',6750,'2024-05-19',4,'2024-05-19','','','',0,'SA4510000065914985000900 SNB',298,'approved',0,1557,0,79,94,0,'2024-05-19 14:06:09'),(145,'a:1:{i:0;a:4:{s:9:\"file_name\";s:32:\"invoice_file664a0d3c671f6-ge.pdf\";s:9:\"file_size\";s:6:\"192294\";s:7:\"file_id\";N;s:12:\"service_type\";N;}}',3700,'2024-05-19',4,'2024-05-19','','','',0,'generator rental',299,'approved',0,1555,0,79,94,0,'2024-05-19 14:31:24'),(146,'a:1:{i:0;a:4:{s:9:\"file_name\";s:49:\"invoice_file664f3b536110f-SalesInvoice.Report.pdf\";s:9:\"file_size\";s:6:\"225473\";s:7:\"file_id\";N;s:12:\"service_type\";N;}}',75018.04,'2024-05-23',4,'2024-05-23','','','',0,'National Arab Bank SA7130400108057105920017',307,'approved',0,1587,0,79,94,0,'2024-05-23 12:49:23'),(147,'a:1:{i:0;a:4:{s:9:\"file_name\";s:51:\"invoice_file664f561b3df68-بورسلان-فكس.jpg\";s:9:\"file_size\";s:6:\"123245\";s:7:\"file_id\";N;s:12:\"service_type\";N;}}',1811.25,'2024-05-23',4,'2024-05-23','','','',0,'ALJAZIRA ACC:0302152300001',308,'approved',0,1586,0,79,94,0,'2024-05-23 14:43:39'),(148,'a:1:{i:0;a:4:{s:9:\"file_name\";s:33:\"invoice_file66531eb063141-073.pdf\";s:9:\"file_size\";s:6:\"398198\";s:7:\"file_id\";N;s:12:\"service_type\";N;}}',11672.5,'2024-05-23',4,'2024-05-23','','','',0,'BANK ALJAZIRA ACC/011895027679001\nNon Toxic epoxy waterproofing 300 micron for under ground water tank  FOSAM DCB',309,'approved',0,1588,0,79,94,0,'2024-05-26 11:36:16'),(149,'a:1:{i:0;a:4:{s:9:\"file_name\";s:37:\"invoice_file6651a76828f56-QTN-270.pdf\";s:9:\"file_size\";s:6:\"248125\";s:7:\"file_id\";N;s:12:\"service_type\";N;}}',3519,'2024-05-25',4,'2024-05-25','','','',0,'SA6920000003321229809940 RIYADH BANK\nPu foam fire rated (B2)',310,'approved',0,1585,0,79,94,0,'2024-05-25 08:55:27'),(150,'a:1:{i:0;a:4:{s:9:\"file_name\";s:41:\"invoice_file6656000f9e276-omar-hujera.pdf\";s:9:\"file_size\";s:7:\"4980919\";s:7:\"file_id\";N;s:12:\"service_type\";N;}}',8330,'2024-05-28',4,'2024-05-28','','','',0,'backfilling +compacting + backfilling martial +labours\n-deduction of scrap cost',311,'approved',0,1626,0,79,94,0,'2024-05-28 16:02:23'),(151,'a:1:{i:0;a:4:{s:9:\"file_name\";s:32:\"invoice_file665b544ce10d2-02.pdf\";s:9:\"file_size\";s:6:\"609054\";s:7:\"file_id\";N;s:12:\"service_type\";N;}}',5433.75,'2024-06-01',4,'2024-06-01','','','',0,'ALJAZIRA ACC:0302152300001',318,'approved',0,1676,0,79,94,0,'2024-06-01 17:03:08'),(152,'a:1:{i:0;a:4:{s:9:\"file_name\";s:36:\"invoice_file6660181c684d1-hujera.pdf\";s:9:\"file_size\";s:7:\"1663118\";s:7:\"file_id\";N;s:12:\"service_type\";N;}}',1550,'2024-06-04',4,'2024-06-05','','','',0,'machinery  rental+labour',320,'approved',0,1680,0,79,94,0,'2024-06-05 07:47:40'),(153,'a:1:{i:0;a:4:{s:9:\"file_name\";s:48:\"invoice_file6660311301bb3-554448888888888888.pdf\";s:9:\"file_size\";s:7:\"3664918\";s:7:\"file_id\";N;s:12:\"service_type\";N;}}',1955,'2024-06-05',4,'2024-06-05','','','',0,'ready mix concrete',321,'approved',0,1726,0,79,94,0,'2024-06-05 09:34:11'),(154,'a:1:{i:0;a:4:{s:9:\"file_name\";s:116:\"invoice_file6666de2b16fe5-شركة-أبرار-إنفرا-بناء-المحدودة---PROFORMA-INVOICE---9-6-2024.pdf\";s:9:\"file_size\";s:6:\"572888\";s:7:\"file_id\";N;s:12:\"service_type\";N;}}',72220,'2024-06-09',4,'2024-06-10','','','',0,'20 % fire fighting system',205,'approved',0,1782,0,79,94,0,'2024-06-10 11:06:19'),(155,'a:1:{i:0;a:4:{s:9:\"file_name\";s:33:\"invoice_file666823e5464d6-074.pdf\";s:9:\"file_size\";s:6:\"342487\";s:7:\"file_id\";N;s:12:\"service_type\";N;}}',5071.5,'2024-06-11',4,'2024-06-11','','','',0,'Non Toxic Epoxy Waterproofing 300 Micron For Under Ground Water Tank\nNon Toxic Epoxy Waterproofing 300 Micron For Under Ground Water Tank FOSAM DCB',325,'approved',0,1811,0,79,94,0,'2024-06-11 10:16:05'),(156,'a:1:{i:0;a:4:{s:9:\"file_name\";s:41:\"invoice_file666ad4a207579-CUST-103183.pdf\";s:9:\"file_size\";s:6:\"224791\";s:7:\"file_id\";N;s:12:\"service_type\";N;}}',5616.32,'2024-06-13',4,'2024-06-13','','','',0,'porclean',326,'approved',0,1913,0,79,94,0,'2024-06-13 11:36:17'),(157,'a:1:{i:0;a:4:{s:9:\"file_name\";s:32:\"invoice_file666ae05c1f3e3-dd.pdf\";s:9:\"file_size\";s:7:\"3097946\";s:7:\"file_id\";N;s:12:\"service_type\";N;}}',24857.6,'2024-06-13',4,'2024-06-13','','','',0,'false ceiling ',327,'approved',0,1911,0,79,94,0,'2024-06-15 06:58:58'),(158,'a:1:{i:0;a:4:{s:9:\"file_name\";s:40:\"invoice_file667692aaac04a-madar-1122.png\";s:9:\"file_size\";s:6:\"298185\";s:7:\"file_id\";N;s:12:\"service_type\";N;}}',3622.5,'2024-06-22',4,'2024-06-22','','','',0,'tiles fix',329,'approved',0,1915,0,79,94,0,'2024-06-22 09:00:26'),(159,'a:1:{i:0;a:4:{s:9:\"file_name\";s:33:\"invoice_file66769f2c181ec-gen.pdf\";s:9:\"file_size\";s:6:\"174768\";s:7:\"file_id\";N;s:12:\"service_type\";N;}}',3700,'2024-06-22',4,'2024-06-22','','','',0,'',330,'approved',0,2044,0,79,94,0,'2024-06-22 09:53:48'),(160,'a:1:{i:0;a:4:{s:9:\"file_name\";s:42:\"invoice_file6676d5e6451ff-arabian-arch.pdf\";s:9:\"file_size\";s:7:\"1743268\";s:7:\"file_id\";N;s:12:\"service_type\";N;}}',5175,'2024-06-22',4,'2024-06-22','','','',0,' roof water proofing guard horse electrical /compressor and pump room+ epoxy fixing material',331,'approved',0,2046,0,79,94,0,'2024-06-22 13:47:18');

--
-- Table structure for table `purchase_orders`
--

CREATE TABLE `purchase_orders` (
  `id` int(11) NOT NULL AUTO_INCREMENT,
  `supplier_id` int(11) NOT NULL,
  `purchase_order_date` date NOT NULL,
  `project_id` int(11) NOT NULL DEFAULT '0',
  `labels` text COLLATE utf8_unicode_ci NOT NULL,
  `note` mediumtext COLLATE utf8_unicode_ci,
  `status` enum('draft','not_paid') COLLATE utf8_unicode_ci NOT NULL DEFAULT 'draft',
  `approval_status` enum('not_approved','request_approval','approved') COLLATE utf8_unicode_ci NOT NULL DEFAULT 'not_approved',
  `cost_center_id` int(11) NOT NULL DEFAULT '1',
  `currency_rate_at_creation` double(8,6) unsigned DEFAULT NULL,
  `deleted` tinyint(1) NOT NULL DEFAULT '0',
  PRIMARY KEY (`id`)
) ENGINE=InnoDB AUTO_INCREMENT=333 DEFAULT CHARSET=utf8 COLLATE=utf8_unicode_ci;

--
-- Dumping data for table `purchase_orders`
--

INSERT INTO `purchase_orders` VALUES (1,1,'2023-03-05',1,'','sddsf','not_paid','approved',1,NULL,0),(2,1,'2023-03-05',1,'','','not_paid','approved',1,NULL,0),(3,1,'2023-04-11',2,'','','draft','approved',1,NULL,0),(4,2,'2023-04-16',5,'','zdfds','not_paid','approved',1,NULL,0),(5,1,'2023-04-19',0,'','','not_paid','approved',1,NULL,0),(6,3,'2023-05-01',1,'','','draft','not_approved',1,NULL,1),(7,2,'2023-05-11',0,'','','not_paid','not_approved',1,NULL,1),(8,1,'2023-05-11',2,'','','draft','not_approved',1,NULL,1),(9,1,'2023-05-15',2,'','T&c','draft','approved',1,NULL,0),(10,1,'2023-05-28',2,'','','not_paid','approved',1,NULL,0),(11,4,'2023-08-31',5,'','','not_paid','approved',1,NULL,0),(12,4,'2023-11-14',9,'','dfdfdffd','not_paid','not_approved',1,NULL,0),(13,4,'2023-11-14',9,'','asfsfsdfs','draft','not_approved',1,NULL,1),(14,4,'2023-11-14',8,'','sddsdsdfsdf','draft','not_approved',1,NULL,1),(15,2,'2023-11-14',8,'','DWDWDWDWDE','draft','not_approved',1,NULL,1),(16,2,'2023-11-14',8,'','GFGGG','draft','not_approved',1,NULL,1),(17,4,'2023-11-14',5,'','DSDSDS','draft','not_approved',1,NULL,1),(18,1,'2023-11-14',9,'','sasasa','not_paid','not_approved',3,0.500000,0),(19,4,'2023-11-21',5,'34t3','t45t45t','draft','not_approved',1,NULL,1),(20,2,'2023-12-03',6,'34t3','.CDGUIEW','draft','not_approved',1,NULL,1),(21,4,'2023-12-05',2,'','hg','draft','approved',1,NULL,0),(22,4,'2023-12-30',11,'','2','not_paid','approved',1,NULL,0),(23,5,'2024-01-03',0,'','','not_paid','approved',1,NULL,0),(24,4,'2024-01-03',12,'','','not_paid','approved',1,NULL,0),(25,7,'2024-01-09',12,'34t3','soil shoring ','not_paid','approved',4,NULL,0),(26,7,'2024-01-08',12,'','','not_paid','approved',4,NULL,0),(27,8,'2023-12-02',12,'','STEEL CONTRACTOR','draft','approved',4,NULL,0),(28,8,'2024-01-09',12,'','steel contractor','not_paid','approved',4,NULL,0),(29,8,'2024-01-09',12,'','steel tubes','not_paid','approved',4,NULL,0),(30,7,'2024-01-10',12,'','1','draft','approved',1,NULL,0),(31,9,'2023-11-05',12,'','There is rate for additional works','draft','approved',4,NULL,0),(32,9,'2023-11-06',12,'','','draft','approved',4,NULL,0),(33,9,'2023-11-05',12,'','','draft','approved',4,NULL,0),(34,9,'2024-01-10',12,'','','not_paid','approved',4,NULL,0),(35,10,'2024-01-13',11,'','','not_paid','approved',1,NULL,0),(36,5,'2024-01-13',11,'','2','not_paid','approved',1,NULL,0),(37,5,'2024-01-13',11,'','5','not_paid','approved',1,NULL,0),(38,9,'2024-01-13',12,'','h','not_paid','approved',4,NULL,0),(39,9,'2024-01-13',12,'','d','draft','not_approved',4,NULL,1),(40,11,'2024-01-13',12,'','concrete & block supplier','not_paid','approved',4,NULL,0),(41,12,'2024-01-14',12,'','Water proofing','not_paid','approved',4,NULL,0),(42,13,'2024-01-17',12,'','SADAD NO 208 الهيئة السعودية للمقاول\nbill no 50099089804039','not_paid','approved',4,NULL,0),(43,15,'2024-01-20',12,'','cement supplier','not_paid','approved',4,NULL,0),(44,16,'2024-01-16',12,'','Generator Rental ','not_paid','approved',4,NULL,0),(45,9,'2024-01-21',12,'','','draft','not_approved',1,NULL,0),(46,9,'2024-01-21',12,'','2','draft','approved',1,NULL,0),(47,17,'2024-01-22',14,'','items required','draft','approved',5,NULL,0),(48,25,'2024-01-22',25,'Hollow Block','For mobilization: \n1- 200mm Hollow block - quantity = 1350 Nos (workers rest room & Site Lab) \n2- 100 mm Hollow block - Quantity = 900 Nos (for Workers Toilets) ','draft','approved',5,NULL,0),(49,57,'2024-01-22',12,'','steel','not_paid','approved',4,NULL,0),(50,17,'2024-01-26',25,'galvanized zinc corrugated sheet','Galvanized zinc corrugated sheet = 90 Sq.m \n','draft','approved',5,NULL,0),(51,8,'2024-01-27',12,'','EXTRA Works','not_paid','approved',4,NULL,0),(52,49,'2024-01-30',25,'','For P74 mobilization works','draft','approved',5,NULL,0),(53,49,'2024-01-30',20,'','','draft','approved',5,NULL,0),(54,58,'2024-01-30',20,'','','draft','approved',5,NULL,0),(55,49,'2024-01-30',22,'','','draft','approved',5,NULL,0),(56,58,'2024-01-30',22,'','','draft','approved',5,NULL,0),(57,17,'2024-01-31',11,'','tiles\n','draft','not_approved',1,NULL,1),(58,49,'2024-02-03',22,'','','draft','approved',5,NULL,0),(59,9,'2024-02-03',12,'','steel frames for offices area','not_paid','approved',4,NULL,0),(60,57,'2024-02-04',12,'','Steel Rebars','not_paid','approved',4,NULL,0),(61,52,'2024-02-05',25,'','','draft','approved',5,NULL,0),(62,52,'2024-02-05',25,'','','draft','not_approved',5,NULL,1),(63,22,'2024-02-05',24,'34t3','pile cap steel for work shop & Admin building & utility building including starter bars','draft','approved',5,NULL,0),(64,52,'2024-02-05',25,'','','draft','approved',5,NULL,0),(65,17,'2024-02-06',22,'','','draft','approved',5,NULL,0),(66,59,'2024-02-06',24,'34t3','6 meter scaffolding pipes QTY 80 \n2 meter scaffolding pipes QTY 80\n3 meter ladder 4 ladder ','draft','not_approved',5,NULL,0),(67,57,'2024-02-06',12,'','steel rebars','not_paid','approved',4,NULL,0),(68,12,'2024-02-06',12,'','SIKA SOIL 10M WATER STOP','not_paid','approved',4,NULL,0),(69,23,'2024-02-07',25,'','goggles -5 box\naluminum ladder 4meter-4pcs\naluminum scaffolding 5 meter height - 2pcs\nsafety belt with harness - 10pcs\nwelding apron - 2pcs\nmask - 10 box \nfire blanket roll - 1roll\ncotton rope - 1roll\nflag - red and green color\ndry powder 3kg - 2pcs and 6kg - pcs\nco2 -5kg -2pcs\nfirst aid box -1pcs','draft','not_approved',5,NULL,0),(70,52,'2024-02-08',25,'','','draft','approved',5,NULL,0),(71,25,'2024-02-08',25,'','','draft','approved',5,NULL,0),(72,58,'2024-02-08',25,'','','draft','approved',5,NULL,0),(73,52,'2024-02-09',25,'','','draft','not_approved',5,NULL,1),(74,52,'2024-02-09',22,'','','draft','approved',5,NULL,0),(75,52,'2024-02-09',25,'','','draft','approved',5,NULL,0),(76,52,'2024-02-09',25,'','','draft','approved',5,NULL,0),(77,52,'2024-02-09',22,'','','draft','not_approved',5,NULL,1),(78,60,'2023-07-12',11,'CIVIL SUB CONTRACTOR','AGREEMENT ','not_paid','approved',1,NULL,0),(79,36,'2024-02-10',20,'','','draft','approved',5,NULL,0),(80,58,'2024-02-10',20,'','','draft','approved',5,NULL,0),(81,61,'1923-09-12',11,'','','draft','approved',1,NULL,0),(82,62,'2023-08-15',11,'','','draft','approved',1,NULL,0),(83,63,'2023-08-31',11,'','','draft','approved',1,NULL,0),(84,64,'2023-08-31',11,'','','draft','approved',1,NULL,0),(85,65,'2023-09-06',11,'','','draft','approved',1,NULL,0),(86,67,'2023-09-07',11,'','','draft','not_approved',1,NULL,1),(87,66,'2023-09-10',11,'','','draft','approved',1,NULL,0),(88,72,'2023-09-24',11,'','','draft','approved',1,NULL,0),(89,66,'2023-09-21',11,'','','draft','approved',1,NULL,0),(90,71,'2023-09-18',11,'','','draft','approved',1,NULL,0),(91,70,'2023-09-17',11,'','','draft','approved',1,NULL,0),(92,69,'2023-08-12',11,'','','draft','approved',1,NULL,0),(93,69,'2023-08-12',11,'','','draft','approved',1,NULL,0),(94,68,'2023-09-11',11,'','AME/P68/038/R2 NEW DATE OF LPO 28-2-2024','not_paid','approved',1,NULL,0),(95,66,'2023-10-11',11,'','','draft','approved',1,NULL,0),(96,66,'2023-10-09',11,'','','draft','approved',1,NULL,0),(97,75,'2023-10-07',11,'','','draft','approved',1,NULL,0),(98,67,'2023-10-01',11,'','','draft','approved',1,NULL,0),(99,66,'2023-10-01',11,'','','draft','approved',1,NULL,0),(100,69,'2023-09-27',11,'','','draft','not_approved',1,NULL,0),(101,74,'2023-10-01',11,'','','draft','not_approved',1,NULL,0),(102,73,'2023-09-30',11,'','','draft','not_approved',1,NULL,0),(103,70,'2023-09-17',11,'','','draft','not_approved',1,NULL,0),(104,37,'2024-02-12',20,'concrete','5m3','draft','not_approved',5,NULL,0),(105,68,'2024-02-12',11,'','','draft','not_approved',1,NULL,1),(106,37,'2024-02-12',25,'','5 m3 of SRC M40 Concrete','draft','not_approved',5,NULL,1),(107,74,'2023-10-01',11,'','','draft','not_approved',1,NULL,0),(108,77,'2023-10-22',0,'','','draft','not_approved',1,NULL,0),(109,75,'2023-10-24',11,'','','draft','not_approved',1,NULL,0),(110,14,'2023-10-25',11,'','','not_paid','not_approved',1,NULL,0),(111,75,'2024-10-28',11,'','','draft','not_approved',1,NULL,0),(112,66,'2023-10-29',11,'','','draft','not_approved',1,NULL,0),(113,70,'2023-10-29',11,'','','draft','not_approved',1,NULL,0),(114,67,'2023-10-30',11,'','','draft','not_approved',1,NULL,0),(115,69,'2024-11-02',11,'','','draft','not_approved',1,NULL,0),(116,67,'2023-11-05',11,'','','draft','not_approved',1,NULL,0),(117,75,'2023-11-04',11,'','','draft','not_approved',1,NULL,0),(118,69,'2023-12-11',11,'','','draft','not_approved',1,NULL,0),(119,78,'2023-11-19',11,'','','draft','not_approved',1,NULL,0),(120,75,'2023-12-11',11,'','','draft','not_approved',1,NULL,0),(121,79,'2023-12-21',11,'','','draft','approved',1,NULL,0),(122,69,'2023-08-12',11,'','','draft','not_approved',1,NULL,0),(123,61,'2023-12-14',11,'','','draft','not_approved',1,NULL,0),(124,75,'2023-12-19',11,'','','draft','not_approved',1,NULL,0),(125,68,'2023-12-16',11,'','','draft','not_approved',1,NULL,1),(126,80,'2024-02-13',12,'','SAFTY FENCE','not_paid','approved',4,NULL,0),(127,81,'2023-12-27',11,'','','draft','not_approved',1,NULL,1),(128,81,'2023-12-27',11,'','','draft','not_approved',1,NULL,0),(129,67,'2023-12-27',11,'','','draft','not_approved',1,NULL,0),(130,66,'2024-01-01',11,'','','draft','not_approved',1,NULL,0),(131,70,'2024-01-02',11,'','','draft','not_approved',1,NULL,0),(132,70,'2024-01-04',11,'','','draft','not_approved',1,NULL,1),(133,82,'2024-01-07',11,'','','not_paid','approved',1,NULL,0),(134,82,'2024-01-07',11,'','','not_paid','approved',1,NULL,0),(135,82,'2024-01-07',11,'','','not_paid','approved',1,NULL,0),(136,82,'2024-01-07',11,'','','not_paid','approved',1,NULL,0),(137,83,'2024-01-07',11,'','','draft','approved',1,NULL,0),(138,84,'2024-01-09',11,'','','draft','not_approved',1,NULL,0),(139,75,'2024-02-11',11,'','','draft','approved',1,NULL,0),(140,67,'2024-01-24',11,'','','not_paid','approved',1,NULL,0),(141,17,'2024-02-13',25,'','','draft','approved',5,NULL,0),(142,36,'2024-02-13',25,'','','draft','approved',5,NULL,0),(143,85,'2024-02-13',11,'','','not_paid','approved',1,NULL,0),(144,67,'2024-01-09',11,'','','draft','not_approved',1,NULL,0),(145,82,'2024-01-07',11,'','','not_paid','approved',1,NULL,0),(146,75,'2024-01-06',11,'','','draft','not_approved',1,NULL,0),(147,75,'2023-12-04',11,'','','draft','not_approved',1,NULL,0),(148,52,'2024-02-14',25,'','','draft','approved',5,NULL,0),(149,86,'2022-11-10',11,'','','draft','not_approved',1,NULL,1),(150,87,'2023-06-15',11,'','','draft','not_approved',1,NULL,0),(151,86,'2023-05-21',11,'','','draft','not_approved',1,NULL,0),(152,88,'2023-05-24',11,'','','draft','not_approved',1,NULL,0),(153,89,'2023-04-30',11,'','','draft','approved',1,NULL,0),(154,90,'2023-06-14',11,'','','draft','not_approved',1,NULL,0),(155,91,'2023-06-17',11,'','','draft','not_approved',1,NULL,0),(156,69,'2023-06-18',11,'','','draft','not_approved',1,NULL,0),(157,67,'2023-06-22',11,'','','draft','not_approved',1,NULL,0),(158,92,'2023-07-10',11,'','','draft','not_approved',1,NULL,0),(159,66,'2023-07-11',11,'','','draft','not_approved',1,NULL,0),(160,70,'2023-07-13',11,'','','draft','not_approved',1,NULL,0),(161,66,'2023-07-15',11,'','','draft','not_approved',1,NULL,0),(162,64,'2023-07-16',11,'','','draft','not_approved',1,NULL,0),(163,66,'2023-07-11',11,'','','draft','not_approved',1,NULL,0),(164,66,'2023-07-22',11,'','','draft','not_approved',1,NULL,0),(165,92,'2023-07-18',11,'','','draft','not_approved',1,NULL,0),(166,66,'2023-07-23',11,'','','draft','not_approved',1,NULL,0),(167,64,'2023-07-24',11,'','','draft','not_approved',1,NULL,0),(168,67,'2023-07-31',11,'','','draft','not_approved',1,NULL,0),(169,67,'2023-07-31',11,'','','draft','not_approved',1,NULL,0),(170,73,'2023-08-01',11,'','','draft','not_approved',1,NULL,0),(171,66,'2023-08-27',11,'','','draft','not_approved',1,NULL,0),(172,75,'2023-08-17',11,'','','draft','not_approved',1,NULL,0),(173,66,'2023-08-14',11,'','','draft','not_approved',1,NULL,0),(174,75,'2023-08-09',11,'','','draft','not_approved',1,NULL,0),(175,75,'2023-08-15',11,'','','draft','not_approved',1,NULL,0),(176,75,'2023-08-02',11,'','','draft','not_approved',1,NULL,0),(177,63,'2023-08-23',11,'','','draft','not_approved',1,NULL,0),(178,72,'2023-06-24',11,'','','draft','not_approved',1,NULL,0),(179,25,'2024-02-16',22,'','','draft','approved',5,NULL,0),(180,93,'2024-02-16',24,'Fire & Safety SubContractors','Payment terms:\n	◦	Advance 10% against security cheque.\n	◦	30% upon material delivery\n	◦	20% in 50% installation completion\n	◦	20% in 100% installation completion\n	◦	10% on after testing and commissioning\n	◦	10% on completion of DCD inspection and certificate insurance\n\nContact Person: Mohamed Mostafa\nContact Number: 0563422789\n\n——————————— ——————————— ——————————— ———————————\n\nThis is an electronically generated PO, hence does not require physical signature.\n\n\n\n\n','not_paid','approved',5,NULL,0),(181,52,'2024-02-17',20,'','','draft','not_approved',5,NULL,0),(182,69,'2023-06-17',11,'','','draft','approved',1,NULL,0),(183,83,'2023-07-13',11,'','','not_paid','approved',1,NULL,0),(184,17,'2024-02-17',20,'','','draft','not_approved',5,NULL,0),(185,94,'2024-02-17',12,'','<p>Putty+crack filler</p>','not_paid','approved',4,NULL,0),(186,95,'2024-02-17',12,'','<p>PRIMER PAIN+ACC</p>','not_paid','approved',4,NULL,0),(187,11,'2024-02-17',12,'','<p>R.C&nbsp; Ready mix Concrete</p>','not_paid','approved',4,NULL,0),(188,16,'2024-02-17',12,'','<p>Site Generator rental</p>','not_paid','approved',4,NULL,0),(189,82,'2023-04-26',11,'','','not_paid','approved',1,NULL,0),(190,80,'2024-02-18',0,'','','draft','not_approved',1,NULL,0),(191,96,'2023-11-07',11,'','','not_paid','approved',1,NULL,0),(192,57,'2024-02-20',12,'','<p>steel wire mesh rebars</p>','not_paid','approved',4,NULL,0),(193,52,'2024-02-21',25,'','','draft','approved',5,NULL,0),(194,36,'2024-02-22',25,'','','draft','approved',5,NULL,0),(195,17,'2024-02-22',25,'','','draft','approved',5,NULL,0),(196,33,'2024-02-22',24,'','','draft','not_approved',5,NULL,1),(197,58,'2024-02-22',20,'','','draft','not_approved',5,NULL,0),(198,80,'2024-02-22',12,'','<p>Safety fence&nbsp;</p>','not_paid','approved',4,NULL,0),(199,98,'2024-02-22',12,'','<p>Demolition of compound wall 3000</p><p>demolition of neighbor wall 1000</p><p>steel transportation 200</p>','not_paid','approved',4,NULL,0),(200,11,'2024-02-22',12,'','<p>Ready mix concrete</p>','not_paid','approved',4,NULL,0),(201,17,'2024-02-23',20,'','','draft','not_approved',5,NULL,0),(202,17,'2024-02-23',20,'','','draft','not_approved',5,NULL,0),(203,68,'2024-02-23',11,'','','draft','not_approved',1,NULL,1),(204,17,'2024-02-24',20,'','','draft','not_approved',5,NULL,0),(205,100,'2024-02-25',12,'','fire fighting and alarm systems','not_paid','approved',4,NULL,0),(206,97,'2024-02-22',0,'','GSG UNIT P-75 MISFA','draft','not_approved',1,NULL,0),(207,67,'2024-01-24',11,'','','not_paid','approved',1,NULL,0),(208,67,'2024-01-15',11,'','','not_paid','not_approved',1,NULL,0),(209,98,'2024-02-27',12,'','Backfilling Basecourse A-1A ','not_paid','approved',4,NULL,0),(210,103,'2024-02-29',12,'','equipments rental ','not_paid','approved',4,NULL,0),(211,104,'2024-02-29',12,'','Excavation for cold store area, freezers and antifreeze pipes ','not_paid','approved',4,NULL,0),(212,11,'2024-02-28',12,'','Ready MIX concrete','not_paid','approved',4,NULL,0),(213,105,'2024-02-29',0,'','Survey works Gulf west project','not_paid','approved',4,NULL,0),(214,66,'2024-02-27',11,'','','draft','approved',1,NULL,0),(215,75,'2024-02-26',26,'','','draft','approved',1,NULL,0),(216,79,'2024-02-27',11,'','','draft','approved',1,NULL,0),(217,83,'2024-03-04',26,'','','draft','approved',1,NULL,0),(218,106,'2024-02-27',11,'','AME/P68/088','not_paid','approved',1,NULL,0),(219,82,'2024-03-04',26,'','AME/P76/03','draft','approved',1,NULL,0),(220,57,'2024-03-07',12,'','SAB Bank /  SA1345000000044700300010','not_paid','approved',4,NULL,0),(221,94,'2024-03-07',12,'','Putty 20 Kg and Crack filler 25 Kg.','not_paid','approved',4,NULL,0),(222,107,'2024-03-07',12,'Fire & Safety SubContractors','Safety fence 310 m -Tripod project','not_paid','approved',4,NULL,0),(223,108,'2024-03-09',0,'','Supply design and\ninstallation of ceremony\nstage -Supply design and\ninstallation of project\nsignboard','not_paid','approved',4,NULL,0),(224,109,'2024-02-29',12,'','CONCRETING FLOOR SLAB .1 1\nMEZZANINE FLOOR','not_paid','approved',4,NULL,0),(225,110,'2024-03-05',0,'','MITSUBISHI VEHICLES','not_paid','not_approved',1,NULL,0),(226,103,'2024-03-10',12,'','earth reequipments\' rental ','not_paid','approved',4,NULL,0),(227,11,'2024-03-11',12,'','Ready Mix concrete','not_paid','approved',4,NULL,0),(228,75,'2024-03-12',11,'','','draft','approved',1,NULL,0),(229,70,'2024-03-12',11,'','','draft','approved',1,NULL,0),(230,111,'2023-12-06',11,'','','draft','approved',1,NULL,0),(231,96,'2024-03-16',11,'','','draft','not_approved',1,NULL,0),(232,68,'2024-03-16',11,'','','draft','not_approved',1,NULL,0),(233,83,'2024-03-16',11,'','','draft','approved',1,NULL,0),(234,85,'2024-03-17',11,'','paints purchase for p-68','draft','approved',1,NULL,0),(235,11,'2024-03-12',12,'','Ready mix concrete','not_paid','approved',4,NULL,0),(236,16,'2024-03-19',12,'','Generator rental','not_paid','approved',4,NULL,0),(237,112,'2024-03-21',11,'','','draft','approved',1,NULL,0),(238,66,'2024-03-20',11,'','','draft','approved',1,NULL,0),(239,96,'2024-03-22',0,'Hollow Block','','not_paid','approved',1,NULL,0),(240,113,'2024-03-24',12,'','survey works for trapia project','not_paid','approved',4,NULL,0),(241,49,'2024-03-25',22,'','','draft','approved',5,NULL,0),(242,85,'2024-03-25',11,'','paints','draft','approved',1,NULL,0),(243,72,'2024-03-25',26,'','','draft','approved',1,NULL,0),(244,114,'2024-03-23',11,'','','draft','approved',1,NULL,0),(245,49,'2024-03-26',22,'','','draft','approved',5,NULL,0),(246,25,'2024-03-26',22,'','','draft','approved',5,NULL,0),(247,72,'2024-03-26',11,'','','draft','approved',1,NULL,0),(248,25,'2024-03-27',20,'Hollow Block','','draft','not_approved',5,NULL,1),(249,25,'2024-03-27',21,'Hollow Block','','draft','not_approved',5,NULL,1),(250,25,'2024-03-27',21,'Hollow Block','','draft','not_approved',5,NULL,1),(251,67,'2024-03-27',0,'','','draft','approved',1,NULL,0),(252,59,'2024-03-28',24,'Fence sheet','1-fence panels with concrete blocks (corrugate sheet 2 m width).  5 pcs please note that i put scope bec supplier not available.','draft','not_approved',5,NULL,0),(253,17,'2024-03-30',22,'','','draft','approved',5,NULL,0),(254,75,'2024-03-26',11,'','','draft','approved',1,NULL,0),(255,36,'2024-04-01',25,'','','draft','approved',5,NULL,0),(256,58,'2024-04-02',20,'','','draft','not_approved',5,NULL,0),(257,33,'2024-04-02',24,'34t3','Concrete cover blocks 75 mm 1000 pcs','draft','not_approved',5,NULL,0),(258,109,'2024-04-03',12,'','painting works','not_paid','approved',4,NULL,0),(259,49,'2024-04-03',20,'','','draft','approved',5,NULL,0),(260,98,'2024-04-03',12,'','Backfilling sand+JCP rental','not_paid','approved',4,NULL,0),(261,115,'2024-04-05',20,'','','draft','approved',5,NULL,0),(262,52,'2024-04-06',25,'','','draft','approved',5,NULL,0),(263,52,'2024-04-13',22,'','','draft','approved',5,NULL,0),(264,11,'2024-04-14',12,'concrete','Rc concrete + blocks','not_paid','approved',4,NULL,0),(265,52,'2024-04-16',25,'','','draft','approved',5,NULL,0),(266,58,'2024-04-20',20,'','','draft','approved',5,NULL,0),(267,52,'2024-04-20',20,'','','draft','approved',5,NULL,0),(268,52,'2024-04-20',20,'','','draft','not_approved',5,NULL,0),(269,57,'2024-04-21',12,'','steel reinforcement','not_paid','approved',4,NULL,0),(270,16,'2024-04-24',12,'','Generator rental','not_paid','approved',4,NULL,0),(271,23,'2024-04-24',25,'','','draft','approved',5,NULL,0),(272,9,'2024-04-25',12,'CIVIL SUB CONTRACTOR','Final payment','not_paid','approved',4,NULL,0),(273,98,'2024-04-27',12,'','excavation+removal of debries+front compound wall demolition','not_paid','approved',4,NULL,0),(274,23,'2024-04-29',22,'','','draft','approved',5,NULL,0),(275,58,'2024-04-30',20,'','','draft','approved',5,NULL,0),(276,17,'2024-05-01',20,'','','draft','approved',5,NULL,0),(277,36,'2024-05-01',20,'','','draft','approved',5,NULL,0),(278,17,'2024-05-01',20,'','','draft','approved',5,NULL,0),(279,25,'2024-05-01',20,'','','draft','approved',5,NULL,0),(280,49,'2024-05-01',22,'','','draft','approved',5,NULL,0),(281,58,'2024-05-01',22,'','','draft','approved',5,NULL,0),(282,37,'2024-05-03',20,'','','draft','approved',5,NULL,0),(283,49,'2024-05-03',20,'','','draft','approved',5,NULL,0),(284,17,'2024-05-04',20,'','','draft','not_approved',5,NULL,0),(285,11,'2024-05-04',12,'','ready mix concrete+block','not_paid','approved',4,NULL,0),(286,116,'2024-05-04',12,'CIVIL SUB CONTRACTOR','SOIL TESTS','not_paid','approved',4,NULL,0),(287,12,'2024-05-04',12,'','water proofing - toilets + betu guard paint ','not_paid','approved',4,NULL,0),(288,117,'2024-04-01',26,'','BACKFILLING MATERIALS','not_paid','approved',1,NULL,0),(289,67,'2024-05-07',11,'','WC','draft','approved',1,NULL,0),(290,36,'2024-05-08',22,'','','draft','not_approved',5,NULL,0),(291,55,'2024-05-08',22,'','','draft','not_approved',5,NULL,0),(292,98,'2024-05-08',12,'machaniary rental','','not_paid','approved',4,NULL,0),(293,12,'2024-05-08',12,'','100mm thick Synthetic Polypropylene Macro Fibers concrete','not_paid','approved',4,NULL,0),(294,49,'2024-05-14',20,'','','draft','not_approved',5,NULL,0),(295,56,'2024-05-16',20,'','','draft','not_approved',5,NULL,0),(296,25,'2024-05-15',20,'','','draft','approved',5,NULL,0),(297,49,'2024-05-16',20,'','','draft','not_approved',5,NULL,0),(298,11,'2024-05-19',12,'','Ready mix concrete','not_paid','approved',4,NULL,0),(299,16,'2024-05-19',12,'','generator rental','not_paid','approved',4,NULL,0),(300,58,'2024-05-20',20,'','','draft','approved',5,NULL,0),(301,36,'2024-05-21',20,'','','draft','approved',5,NULL,0),(302,59,'2024-05-22',20,'','','draft','approved',5,NULL,0),(303,59,'2024-05-22',20,'','','draft','not_approved',5,NULL,0),(304,25,'2024-05-22',20,'','','draft','approved',5,NULL,0),(305,59,'2024-05-23',20,'','','draft','approved',5,NULL,0),(306,49,'2024-05-23',20,'','','draft','approved',5,NULL,0),(307,119,'2024-05-23',12,'','porcelain tiles ','not_paid','approved',4,NULL,0),(308,94,'2024-05-23',12,'','Vetonite porcelain tiles fix','not_paid','approved',4,NULL,0),(309,12,'2024-05-23',12,'','Non Toxic epoxy waterproofing 300 micron for under ground water tank','not_paid','approved',4,NULL,0),(310,120,'2024-05-25',12,'','PU foam  ( fire rated )','not_paid','approved',4,NULL,0),(311,98,'2024-05-27',12,'','excavation -backfilling- labours-machinery rental ','not_paid','approved',4,NULL,0),(312,25,'2024-05-28',25,'','','draft','not_approved',5,NULL,0),(313,56,'2024-05-28',20,'','','draft','approved',5,NULL,0),(314,55,'2024-05-29',25,'','','draft','not_approved',5,NULL,0),(315,55,'2024-05-29',20,'','','draft','approved',5,NULL,0),(316,25,'2024-05-30',20,'','','draft','approved',5,NULL,0),(317,58,'2024-06-01',20,'','','draft','approved',5,NULL,0),(318,94,'2024-06-01',12,'','tiles fix','not_paid','approved',4,NULL,0),(319,49,'2024-06-04',20,'','','draft','approved',5,NULL,0),(320,98,'2024-06-01',12,'','Machinery rental+labours','not_paid','approved',4,NULL,0),(321,11,'2024-06-05',12,'','ready mix concrete','not_paid','approved',4,NULL,0),(322,25,'2024-06-07',20,'','','draft','not_approved',5,NULL,0),(323,36,'2024-06-07',25,'','','draft','not_approved',5,NULL,0),(324,58,'2024-06-08',25,'','','draft','not_approved',5,NULL,0),(325,12,'2024-06-11',12,'','Non Toxic Epoxy Waterproofing 300 Micron For Under Ground Water Tank\nNon Toxic Epoxy Waterproofing 300 Micron For Under Ground Water Tank FOSAM DCB','not_paid','approved',4,NULL,0),(326,119,'2024-06-13',12,'','porcelain','not_paid','approved',4,NULL,0),(327,121,'2024-06-13',12,'','false ceiling matirial ','not_paid','approved',4,NULL,0),(328,25,'2024-06-19',20,'','','draft','not_approved',5,NULL,0),(329,94,'2024-06-22',12,'','porcelain tile fix','not_paid','approved',4,NULL,0),(330,16,'2024-06-22',12,'','','not_paid','approved',4,NULL,0),(331,12,'2024-06-22',12,'','water proofing + epoxy fixing matirial','not_paid','approved',4,NULL,0),(332,122,'2024-08-10',28,'1ST CHIT JANAB ALTAB TABKE OMR. 160/-','OMR. 160','draft','not_approved',1,NULL,0);

--
-- Table structure for table `purchase_return_items`
--

CREATE TABLE `purchase_return_items` (
  `id` int(11) NOT NULL AUTO_INCREMENT,
  `item_id` int(11) NOT NULL,
  `po_item_id` int(11) NOT NULL,
  `quantity` double NOT NULL DEFAULT '0',
  `deleted` int(1) NOT NULL DEFAULT '0',
  `purchase_return_id` int(11) NOT NULL,
  `sort` int(11) NOT NULL DEFAULT '0',
  PRIMARY KEY (`id`)
) ENGINE=InnoDB AUTO_INCREMENT=3 DEFAULT CHARSET=utf8 COLLATE=utf8_unicode_ci;

--
-- Dumping data for table `purchase_return_items`
--

INSERT INTO `purchase_return_items` VALUES (1,1,5,2,0,4,0),(2,27,57,1,0,5,0);

--
-- Table structure for table `purchase_returns`
--

CREATE TABLE `purchase_returns` (
  `id` int(11) NOT NULL AUTO_INCREMENT,
  `purchase_order_id` int(11) NOT NULL,
  `shipment_id` int(11) DEFAULT NULL,
  `supplier_id` int(11) NOT NULL DEFAULT '0',
  `payment_method_id` int(11) DEFAULT '0',
  `transaction_id` int(11) DEFAULT '0',
  `date` date NOT NULL,
  `status` enum('draft','approved') COLLATE utf8_unicode_ci DEFAULT 'draft',
  `note` text COLLATE utf8_unicode_ci,
  `deleted` int(1) NOT NULL DEFAULT '0',
  PRIMARY KEY (`id`)
) ENGINE=InnoDB AUTO_INCREMENT=6 DEFAULT CHARSET=utf8 COLLATE=utf8_unicode_ci;

--
-- Dumping data for table `purchase_returns`
--

INSERT INTO `purchase_returns` VALUES (1,5,NULL,4,1,0,'2022-12-29','approved','hgng',0),(2,2,NULL,2,1,0,'2023-01-18','approved','',0),(3,9,NULL,4,4,0,'2023-01-30','approved','',0),(4,5,NULL,1,1,0,'2023-04-19','approved','',0),(5,38,NULL,9,4,0,'2024-01-13','draft','',0);

--
-- Table structure for table `roles`
--

CREATE TABLE `roles` (
  `id` int(11) NOT NULL AUTO_INCREMENT,
  `title` varchar(100) COLLATE utf8_unicode_ci NOT NULL,
  `permissions` mediumtext COLLATE utf8_unicode_ci,
  `deleted` tinyint(1) NOT NULL DEFAULT '0',
  PRIMARY KEY (`id`)
) ENGINE=InnoDB AUTO_INCREMENT=44 DEFAULT CHARSET=utf8 COLLATE=utf8_unicode_ci;

--
-- Dumping data for table `roles`
--

INSERT INTO `roles` VALUES (1,'Sales Rep','a:127:{s:5:\"leave\";N;s:14:\"leave_specific\";s:0:\"\";s:10:\"attendance\";N;s:19:\"attendance_specific\";s:0:\"\";s:7:\"invoice\";N;s:8:\"job_info\";N;s:15:\"account_setting\";s:3:\"all\";s:16:\"final_settelment\";N;s:8:\"estimate\";N;s:7:\"expense\";N;s:8:\"expiries\";N;s:6:\"client\";N;s:4:\"lead\";N;s:6:\"ticket\";N;s:15:\"ticket_specific\";s:0:\"\";s:12:\"announcement\";N;s:17:\"approve_budgeting\";N;s:23:\"help_and_knowledge_base\";N;s:23:\"can_manage_all_projects\";N;s:19:\"can_create_projects\";N;s:17:\"can_edit_projects\";N;s:19:\"can_delete_projects\";N;s:30:\"can_add_remove_project_members\";N;s:16:\"can_create_tasks\";N;s:14:\"can_edit_tasks\";N;s:16:\"can_delete_tasks\";N;s:20:\"can_comment_on_tasks\";N;s:24:\"show_assigned_tasks_only\";N;s:21:\"can_create_milestones\";N;s:19:\"can_edit_milestones\";N;s:21:\"can_delete_milestones\";N;s:16:\"can_delete_files\";N;s:34:\"can_view_team_members_contact_info\";N;s:34:\"can_view_team_members_social_links\";N;s:29:\"team_member_update_permission\";N;s:38:\"team_member_update_permission_specific\";s:0:\"\";s:27:\"timesheet_manage_permission\";N;s:36:\"timesheet_manage_permission_specific\";s:0:\"\";s:21:\"disable_event_sharing\";N;s:22:\"hide_team_members_list\";N;s:28:\"can_delete_leave_application\";N;s:10:\"accounting\";s:3:\"all\";s:7:\"payroll\";N;s:5:\"eroom\";N;s:4:\"logs\";N;s:7:\"reports\";N;s:25:\"can_access_delivery_notes\";N;s:25:\"can_create_delivery_notes\";N;s:23:\"can_edit_delivery_notes\";N;s:25:\"can_delete_delivery_notes\";N;s:31:\"delivery_note_manage_permission\";N;s:40:\"delivery_note_manage_permission_specific\";s:0:\"\";s:20:\"can_access_suppliers\";N;s:20:\"can_create_suppliers\";N;s:18:\"can_edit_suppliers\";N;s:20:\"can_delete_suppliers\";N;s:26:\"supplier_manage_permission\";N;s:35:\"supplier_manage_permission_specific\";s:0:\"\";s:26:\"can_access_purchase_orders\";s:1:\"1\";s:26:\"can_create_purchase_orders\";s:1:\"1\";s:24:\"can_edit_purchase_orders\";s:1:\"1\";s:26:\"can_delete_purchase_orders\";s:1:\"1\";s:32:\"purchase_order_manage_permission\";N;s:41:\"purchase_order_manage_permission_specific\";s:0:\"\";s:16:\"can_access_items\";N;s:16:\"can_create_items\";N;s:14:\"can_edit_items\";N;s:16:\"can_delete_items\";N;s:22:\"item_manage_permission\";N;s:31:\"item_manage_permission_specific\";s:0:\"\";s:25:\"can_access_items_category\";N;s:25:\"can_create_items_category\";N;s:23:\"can_edit_items_category\";N;s:25:\"can_delete_items_category\";N;s:31:\"item_category_manage_permission\";N;s:40:\"item_category_manage_permission_specific\";s:0:\"\";s:19:\"can_access_expiries\";N;s:19:\"can_access_expenses\";N;s:19:\"can_create_expenses\";N;s:17:\"can_edit_expenses\";N;s:19:\"can_delete_expenses\";N;s:25:\"expense_manage_permission\";N;s:34:\"expense_manage_permission_specific\";s:0:\"\";s:20:\"internal_transaction\";N;s:27:\"can_access_invoice_payments\";s:1:\"1\";s:27:\"can_create_invoice_payments\";s:1:\"1\";s:25:\"can_edit_invoice_payments\";s:1:\"1\";s:27:\"can_delete_invoice_payments\";N;s:34:\"can_access_purchase_order_payments\";s:1:\"1\";s:34:\"can_create_purchase_order_payments\";s:1:\"1\";s:32:\"can_edit_purchase_order_payments\";s:1:\"1\";s:34:\"can_delete_purchase_order_payments\";N;s:19:\"can_access_contacts\";N;s:19:\"can_create_contacts\";N;s:17:\"can_edit_contacts\";N;s:19:\"can_delete_contacts\";N;s:25:\"contact_manage_permission\";N;s:34:\"contact_manage_permission_specific\";s:0:\"\";s:18:\"can_access_clients\";N;s:18:\"can_create_clients\";N;s:16:\"can_edit_clients\";N;s:18:\"can_delete_clients\";N;s:24:\"client_manage_permission\";N;s:33:\"client_manage_permission_specific\";s:0:\"\";s:19:\"can_access_invoices\";N;s:19:\"can_create_invoices\";N;s:17:\"can_edit_invoices\";N;s:19:\"can_delete_invoices\";N;s:25:\"invoice_manage_permission\";N;s:34:\"invoice_manage_permission_specific\";s:0:\"\";s:20:\"can_access_estimates\";N;s:20:\"can_create_estimates\";N;s:18:\"can_edit_estimates\";N;s:20:\"can_delete_estimates\";N;s:26:\"estimate_manage_permission\";N;s:35:\"estimate_manage_permission_specific\";s:0:\"\";s:16:\"estimate_request\";N;s:8:\"discount\";i:0;s:8:\"expenses\";N;s:9:\"estimates\";N;s:8:\"invoices\";N;s:16:\"invoice_payments\";N;s:14:\"delivery_notes\";N;s:15:\"purchase_orders\";N;s:23:\"purchase_order_payments\";N;s:8:\"payrolls\";N;s:21:\"internal_transactions\";N;}',1),(2,'Accountant',NULL,1),(3,'Project management Role','a:143:{s:5:\"leave\";s:0:\"\";s:14:\"leave_specific\";s:0:\"\";s:10:\"attendance\";N;s:19:\"attendance_specific\";s:0:\"\";s:7:\"invoice\";N;s:8:\"job_info\";s:0:\"\";s:15:\"account_setting\";N;s:16:\"final_settelment\";N;s:8:\"estimate\";N;s:7:\"expense\";N;s:8:\"expiries\";N;s:10:\"petty_cash\";N;s:6:\"client\";N;s:4:\"lead\";N;s:6:\"ticket\";N;s:15:\"ticket_specific\";s:0:\"\";s:12:\"announcement\";N;s:17:\"approve_budgeting\";N;s:23:\"help_and_knowledge_base\";N;s:23:\"can_manage_all_projects\";s:1:\"1\";s:19:\"can_create_projects\";s:1:\"1\";s:17:\"can_edit_projects\";s:1:\"1\";s:19:\"can_delete_projects\";s:1:\"1\";s:30:\"can_add_remove_project_members\";s:1:\"1\";s:16:\"can_create_tasks\";s:1:\"1\";s:14:\"can_edit_tasks\";s:1:\"1\";s:16:\"can_delete_tasks\";s:1:\"1\";s:20:\"can_comment_on_tasks\";s:1:\"1\";s:24:\"show_assigned_tasks_only\";N;s:21:\"can_create_milestones\";s:1:\"1\";s:19:\"can_edit_milestones\";s:1:\"1\";s:21:\"can_delete_milestones\";s:1:\"1\";s:16:\"can_delete_files\";s:1:\"1\";s:34:\"can_view_team_members_contact_info\";N;s:34:\"can_view_team_members_social_links\";N;s:29:\"team_member_update_permission\";N;s:38:\"team_member_update_permission_specific\";s:0:\"\";s:27:\"timesheet_manage_permission\";N;s:36:\"timesheet_manage_permission_specific\";N;s:21:\"disable_event_sharing\";N;s:22:\"hide_team_members_list\";s:1:\"1\";s:28:\"can_delete_leave_application\";N;s:19:\"can_add_team_member\";N;s:21:\"can_view_salary_chart\";s:1:\"0\";s:10:\"accounting\";N;s:7:\"payroll\";N;s:5:\"eroom\";N;s:4:\"logs\";N;s:7:\"reports\";N;s:25:\"can_access_delivery_notes\";N;s:25:\"can_create_delivery_notes\";N;s:23:\"can_edit_delivery_notes\";N;s:25:\"can_delete_delivery_notes\";N;s:31:\"delivery_note_manage_permission\";N;s:40:\"delivery_note_manage_permission_specific\";s:0:\"\";s:20:\"can_access_suppliers\";N;s:20:\"can_create_suppliers\";N;s:18:\"can_edit_suppliers\";N;s:20:\"can_delete_suppliers\";N;s:26:\"supplier_manage_permission\";N;s:35:\"supplier_manage_permission_specific\";s:0:\"\";s:26:\"can_access_purchase_orders\";N;s:26:\"can_create_purchase_orders\";N;s:24:\"can_edit_purchase_orders\";N;s:26:\"can_delete_purchase_orders\";N;s:32:\"purchase_order_manage_permission\";N;s:41:\"purchase_order_manage_permission_specific\";s:0:\"\";s:16:\"can_access_items\";N;s:16:\"can_create_items\";N;s:14:\"can_edit_items\";N;s:16:\"can_delete_items\";N;s:22:\"item_manage_permission\";N;s:31:\"item_manage_permission_specific\";s:0:\"\";s:25:\"can_access_items_category\";N;s:25:\"can_create_items_category\";N;s:23:\"can_edit_items_category\";N;s:25:\"can_delete_items_category\";N;s:31:\"item_category_manage_permission\";N;s:40:\"item_category_manage_permission_specific\";s:0:\"\";s:19:\"can_access_expiries\";N;s:21:\"can_access_petty_cash\";N;s:19:\"can_access_expenses\";N;s:19:\"can_create_expenses\";N;s:17:\"can_edit_expenses\";N;s:19:\"can_delete_expenses\";N;s:25:\"expense_manage_permission\";N;s:34:\"expense_manage_permission_specific\";s:0:\"\";s:20:\"internal_transaction\";N;s:27:\"can_access_invoice_payments\";N;s:27:\"can_create_invoice_payments\";N;s:25:\"can_edit_invoice_payments\";N;s:27:\"can_delete_invoice_payments\";N;s:34:\"can_access_purchase_order_payments\";N;s:34:\"can_create_purchase_order_payments\";N;s:32:\"can_edit_purchase_order_payments\";N;s:34:\"can_delete_purchase_order_payments\";N;s:19:\"can_access_contacts\";N;s:19:\"can_create_contacts\";N;s:17:\"can_edit_contacts\";N;s:19:\"can_delete_contacts\";N;s:25:\"contact_manage_permission\";N;s:34:\"contact_manage_permission_specific\";N;s:18:\"can_access_clients\";N;s:18:\"can_create_clients\";N;s:16:\"can_edit_clients\";N;s:18:\"can_delete_clients\";N;s:24:\"client_manage_permission\";N;s:33:\"client_manage_permission_specific\";s:0:\"\";s:16:\"can_access_leads\";N;s:16:\"can_create_leads\";N;s:14:\"can_edit_leads\";N;s:16:\"can_delete_leads\";N;s:23:\"leads_manage_permission\";N;s:32:\"leads_manage_permission_specific\";s:0:\"\";s:19:\"can_access_invoices\";N;s:19:\"can_create_invoices\";N;s:17:\"can_edit_invoices\";N;s:19:\"can_delete_invoices\";N;s:25:\"invoice_manage_permission\";N;s:34:\"invoice_manage_permission_specific\";s:0:\"\";s:26:\"can_access_invoices_return\";N;s:26:\"can_create_invoices_return\";N;s:24:\"can_edit_invoices_return\";N;s:26:\"can_delete_invoices_return\";N;s:32:\"invoice_return_manage_permission\";N;s:41:\"invoice_return_manage_permission_specific\";s:0:\"\";s:20:\"can_access_estimates\";N;s:20:\"can_create_estimates\";N;s:18:\"can_edit_estimates\";N;s:20:\"can_delete_estimates\";N;s:26:\"estimate_manage_permission\";N;s:35:\"estimate_manage_permission_specific\";s:0:\"\";s:16:\"estimate_request\";N;s:8:\"discount\";i:0;s:8:\"expenses\";N;s:9:\"estimates\";N;s:8:\"invoices\";N;s:16:\"invoice_payments\";N;s:14:\"delivery_notes\";N;s:15:\"purchase_orders\";N;s:23:\"purchase_order_payments\";N;s:8:\"payrolls\";N;s:21:\"internal_transactions\";N;}',1),(4,'Sales Role','a:141:{s:5:\"leave\";N;s:14:\"leave_specific\";s:0:\"\";s:10:\"attendance\";N;s:19:\"attendance_specific\";s:0:\"\";s:7:\"invoice\";N;s:8:\"job_info\";N;s:15:\"account_setting\";s:3:\"all\";s:16:\"final_settelment\";N;s:8:\"estimate\";N;s:7:\"expense\";N;s:8:\"expiries\";s:3:\"all\";s:10:\"petty_cash\";N;s:6:\"client\";N;s:4:\"lead\";s:3:\"all\";s:6:\"ticket\";N;s:15:\"ticket_specific\";s:0:\"\";s:12:\"announcement\";N;s:17:\"approve_budgeting\";N;s:23:\"help_and_knowledge_base\";N;s:23:\"can_manage_all_projects\";N;s:19:\"can_create_projects\";N;s:17:\"can_edit_projects\";N;s:19:\"can_delete_projects\";N;s:30:\"can_add_remove_project_members\";N;s:16:\"can_create_tasks\";N;s:14:\"can_edit_tasks\";N;s:16:\"can_delete_tasks\";N;s:20:\"can_comment_on_tasks\";N;s:24:\"show_assigned_tasks_only\";N;s:21:\"can_create_milestones\";N;s:19:\"can_edit_milestones\";N;s:21:\"can_delete_milestones\";N;s:16:\"can_delete_files\";N;s:34:\"can_view_team_members_contact_info\";N;s:34:\"can_view_team_members_social_links\";N;s:29:\"team_member_update_permission\";N;s:38:\"team_member_update_permission_specific\";s:0:\"\";s:27:\"timesheet_manage_permission\";N;s:36:\"timesheet_manage_permission_specific\";N;s:21:\"disable_event_sharing\";N;s:22:\"hide_team_members_list\";N;s:28:\"can_delete_leave_application\";N;s:10:\"accounting\";s:3:\"all\";s:7:\"payroll\";s:3:\"all\";s:5:\"eroom\";N;s:4:\"logs\";N;s:7:\"reports\";s:3:\"all\";s:25:\"can_access_delivery_notes\";s:1:\"1\";s:25:\"can_create_delivery_notes\";s:1:\"1\";s:23:\"can_edit_delivery_notes\";s:1:\"1\";s:25:\"can_delete_delivery_notes\";s:1:\"1\";s:31:\"delivery_note_manage_permission\";s:3:\"all\";s:40:\"delivery_note_manage_permission_specific\";s:0:\"\";s:20:\"can_access_suppliers\";s:1:\"1\";s:20:\"can_create_suppliers\";s:1:\"1\";s:18:\"can_edit_suppliers\";s:1:\"1\";s:20:\"can_delete_suppliers\";s:1:\"1\";s:26:\"supplier_manage_permission\";s:3:\"all\";s:35:\"supplier_manage_permission_specific\";s:0:\"\";s:26:\"can_access_purchase_orders\";s:1:\"1\";s:26:\"can_create_purchase_orders\";s:1:\"1\";s:24:\"can_edit_purchase_orders\";s:1:\"1\";s:26:\"can_delete_purchase_orders\";s:1:\"1\";s:32:\"purchase_order_manage_permission\";s:3:\"all\";s:41:\"purchase_order_manage_permission_specific\";s:0:\"\";s:16:\"can_access_items\";s:1:\"1\";s:16:\"can_create_items\";s:1:\"1\";s:14:\"can_edit_items\";s:1:\"1\";s:16:\"can_delete_items\";s:1:\"1\";s:22:\"item_manage_permission\";s:3:\"all\";s:31:\"item_manage_permission_specific\";s:0:\"\";s:25:\"can_access_items_category\";s:1:\"1\";s:25:\"can_create_items_category\";s:1:\"1\";s:23:\"can_edit_items_category\";s:1:\"1\";s:25:\"can_delete_items_category\";s:1:\"1\";s:31:\"item_category_manage_permission\";s:3:\"all\";s:40:\"item_category_manage_permission_specific\";s:0:\"\";s:19:\"can_access_expiries\";N;s:21:\"can_access_petty_cash\";N;s:19:\"can_access_expenses\";s:1:\"1\";s:19:\"can_create_expenses\";s:1:\"1\";s:17:\"can_edit_expenses\";s:1:\"1\";s:19:\"can_delete_expenses\";s:1:\"1\";s:25:\"expense_manage_permission\";s:8:\"specific\";s:34:\"expense_manage_permission_specific\";s:0:\"\";s:20:\"internal_transaction\";N;s:27:\"can_access_invoice_payments\";s:1:\"1\";s:27:\"can_create_invoice_payments\";s:1:\"1\";s:25:\"can_edit_invoice_payments\";s:1:\"1\";s:27:\"can_delete_invoice_payments\";s:1:\"1\";s:34:\"can_access_purchase_order_payments\";s:1:\"1\";s:34:\"can_create_purchase_order_payments\";s:1:\"1\";s:32:\"can_edit_purchase_order_payments\";s:1:\"1\";s:34:\"can_delete_purchase_order_payments\";s:1:\"1\";s:19:\"can_access_contacts\";N;s:19:\"can_create_contacts\";N;s:17:\"can_edit_contacts\";N;s:19:\"can_delete_contacts\";N;s:25:\"contact_manage_permission\";N;s:34:\"contact_manage_permission_specific\";N;s:18:\"can_access_clients\";s:1:\"1\";s:18:\"can_create_clients\";s:1:\"1\";s:16:\"can_edit_clients\";s:1:\"1\";s:18:\"can_delete_clients\";s:1:\"1\";s:24:\"client_manage_permission\";s:3:\"all\";s:33:\"client_manage_permission_specific\";s:0:\"\";s:16:\"can_access_leads\";s:1:\"1\";s:16:\"can_create_leads\";s:1:\"1\";s:14:\"can_edit_leads\";s:1:\"1\";s:16:\"can_delete_leads\";s:1:\"1\";s:23:\"leads_manage_permission\";s:3:\"all\";s:32:\"leads_manage_permission_specific\";s:0:\"\";s:19:\"can_access_invoices\";s:1:\"1\";s:19:\"can_create_invoices\";s:1:\"1\";s:17:\"can_edit_invoices\";s:1:\"1\";s:19:\"can_delete_invoices\";s:1:\"1\";s:25:\"invoice_manage_permission\";s:3:\"all\";s:34:\"invoice_manage_permission_specific\";s:0:\"\";s:26:\"can_access_invoices_return\";s:1:\"1\";s:26:\"can_create_invoices_return\";N;s:24:\"can_edit_invoices_return\";N;s:26:\"can_delete_invoices_return\";N;s:32:\"invoice_return_manage_permission\";s:3:\"all\";s:41:\"invoice_return_manage_permission_specific\";s:0:\"\";s:20:\"can_access_estimates\";s:1:\"1\";s:20:\"can_create_estimates\";s:1:\"1\";s:18:\"can_edit_estimates\";s:1:\"1\";s:20:\"can_delete_estimates\";s:1:\"1\";s:26:\"estimate_manage_permission\";s:3:\"all\";s:35:\"estimate_manage_permission_specific\";s:0:\"\";s:16:\"estimate_request\";N;s:8:\"discount\";i:0;s:8:\"expenses\";s:3:\"all\";s:9:\"estimates\";s:3:\"all\";s:8:\"invoices\";s:3:\"all\";s:16:\"invoice_payments\";s:3:\"all\";s:14:\"delivery_notes\";s:3:\"all\";s:15:\"purchase_orders\";s:3:\"all\";s:23:\"purchase_order_payments\";s:3:\"all\";s:8:\"payrolls\";N;s:21:\"internal_transactions\";N;}',1),(5,'Finance Role','a:143:{s:5:\"leave\";s:0:\"\";s:14:\"leave_specific\";s:0:\"\";s:10:\"attendance\";N;s:19:\"attendance_specific\";s:0:\"\";s:7:\"invoice\";N;s:8:\"job_info\";s:0:\"\";s:15:\"account_setting\";s:3:\"all\";s:16:\"final_settelment\";s:0:\"\";s:8:\"estimate\";N;s:7:\"expense\";N;s:8:\"expiries\";s:0:\"\";s:10:\"petty_cash\";N;s:6:\"client\";N;s:4:\"lead\";s:3:\"all\";s:6:\"ticket\";N;s:15:\"ticket_specific\";s:0:\"\";s:12:\"announcement\";s:0:\"\";s:17:\"approve_budgeting\";N;s:23:\"help_and_knowledge_base\";s:0:\"\";s:23:\"can_manage_all_projects\";s:1:\"1\";s:19:\"can_create_projects\";s:1:\"1\";s:17:\"can_edit_projects\";s:1:\"1\";s:19:\"can_delete_projects\";s:1:\"1\";s:30:\"can_add_remove_project_members\";N;s:16:\"can_create_tasks\";s:1:\"1\";s:14:\"can_edit_tasks\";s:1:\"1\";s:16:\"can_delete_tasks\";s:1:\"1\";s:20:\"can_comment_on_tasks\";N;s:24:\"show_assigned_tasks_only\";N;s:21:\"can_create_milestones\";N;s:19:\"can_edit_milestones\";N;s:21:\"can_delete_milestones\";N;s:16:\"can_delete_files\";N;s:34:\"can_view_team_members_contact_info\";N;s:34:\"can_view_team_members_social_links\";N;s:29:\"team_member_update_permission\";s:0:\"\";s:38:\"team_member_update_permission_specific\";s:0:\"\";s:27:\"timesheet_manage_permission\";N;s:36:\"timesheet_manage_permission_specific\";N;s:21:\"disable_event_sharing\";s:1:\"0\";s:22:\"hide_team_members_list\";s:1:\"1\";s:28:\"can_delete_leave_application\";N;s:19:\"can_add_team_member\";N;s:21:\"can_view_salary_chart\";s:1:\"1\";s:10:\"accounting\";s:3:\"all\";s:7:\"payroll\";s:3:\"all\";s:5:\"eroom\";N;s:4:\"logs\";N;s:7:\"reports\";s:3:\"all\";s:25:\"can_access_delivery_notes\";s:1:\"1\";s:25:\"can_create_delivery_notes\";s:1:\"1\";s:23:\"can_edit_delivery_notes\";s:1:\"1\";s:25:\"can_delete_delivery_notes\";s:1:\"1\";s:31:\"delivery_note_manage_permission\";s:3:\"all\";s:40:\"delivery_note_manage_permission_specific\";s:0:\"\";s:20:\"can_access_suppliers\";s:1:\"1\";s:20:\"can_create_suppliers\";s:1:\"1\";s:18:\"can_edit_suppliers\";s:1:\"1\";s:20:\"can_delete_suppliers\";s:1:\"1\";s:26:\"supplier_manage_permission\";s:3:\"all\";s:35:\"supplier_manage_permission_specific\";s:0:\"\";s:26:\"can_access_purchase_orders\";s:1:\"1\";s:26:\"can_create_purchase_orders\";s:1:\"1\";s:24:\"can_edit_purchase_orders\";s:1:\"1\";s:26:\"can_delete_purchase_orders\";s:1:\"1\";s:32:\"purchase_order_manage_permission\";s:3:\"all\";s:41:\"purchase_order_manage_permission_specific\";s:0:\"\";s:16:\"can_access_items\";s:1:\"1\";s:16:\"can_create_items\";s:1:\"1\";s:14:\"can_edit_items\";s:1:\"1\";s:16:\"can_delete_items\";s:1:\"1\";s:22:\"item_manage_permission\";s:3:\"all\";s:31:\"item_manage_permission_specific\";s:0:\"\";s:25:\"can_access_items_category\";s:1:\"1\";s:25:\"can_create_items_category\";s:1:\"1\";s:23:\"can_edit_items_category\";s:1:\"1\";s:25:\"can_delete_items_category\";s:1:\"1\";s:31:\"item_category_manage_permission\";s:3:\"all\";s:40:\"item_category_manage_permission_specific\";s:0:\"\";s:19:\"can_access_expiries\";N;s:21:\"can_access_petty_cash\";N;s:19:\"can_access_expenses\";s:1:\"1\";s:19:\"can_create_expenses\";s:1:\"1\";s:17:\"can_edit_expenses\";s:1:\"1\";s:19:\"can_delete_expenses\";s:1:\"1\";s:25:\"expense_manage_permission\";s:3:\"all\";s:34:\"expense_manage_permission_specific\";s:0:\"\";s:20:\"internal_transaction\";N;s:27:\"can_access_invoice_payments\";s:1:\"1\";s:27:\"can_create_invoice_payments\";s:1:\"1\";s:25:\"can_edit_invoice_payments\";s:1:\"1\";s:27:\"can_delete_invoice_payments\";s:1:\"1\";s:34:\"can_access_purchase_order_payments\";s:1:\"1\";s:34:\"can_create_purchase_order_payments\";s:1:\"1\";s:32:\"can_edit_purchase_order_payments\";s:1:\"1\";s:34:\"can_delete_purchase_order_payments\";s:1:\"1\";s:19:\"can_access_contacts\";N;s:19:\"can_create_contacts\";N;s:17:\"can_edit_contacts\";N;s:19:\"can_delete_contacts\";N;s:25:\"contact_manage_permission\";N;s:34:\"contact_manage_permission_specific\";N;s:18:\"can_access_clients\";s:1:\"1\";s:18:\"can_create_clients\";s:1:\"1\";s:16:\"can_edit_clients\";s:1:\"1\";s:18:\"can_delete_clients\";N;s:24:\"client_manage_permission\";s:3:\"all\";s:33:\"client_manage_permission_specific\";s:0:\"\";s:16:\"can_access_leads\";s:1:\"1\";s:16:\"can_create_leads\";s:1:\"1\";s:14:\"can_edit_leads\";s:1:\"1\";s:16:\"can_delete_leads\";s:1:\"1\";s:23:\"leads_manage_permission\";N;s:32:\"leads_manage_permission_specific\";s:0:\"\";s:19:\"can_access_invoices\";s:1:\"1\";s:19:\"can_create_invoices\";s:1:\"1\";s:17:\"can_edit_invoices\";s:1:\"1\";s:19:\"can_delete_invoices\";s:1:\"1\";s:25:\"invoice_manage_permission\";s:3:\"all\";s:34:\"invoice_manage_permission_specific\";s:0:\"\";s:26:\"can_access_invoices_return\";s:1:\"1\";s:26:\"can_create_invoices_return\";s:1:\"1\";s:24:\"can_edit_invoices_return\";s:1:\"1\";s:26:\"can_delete_invoices_return\";s:1:\"1\";s:32:\"invoice_return_manage_permission\";N;s:41:\"invoice_return_manage_permission_specific\";s:0:\"\";s:20:\"can_access_estimates\";s:1:\"1\";s:20:\"can_create_estimates\";s:1:\"1\";s:18:\"can_edit_estimates\";s:1:\"1\";s:20:\"can_delete_estimates\";s:1:\"1\";s:26:\"estimate_manage_permission\";s:3:\"all\";s:35:\"estimate_manage_permission_specific\";s:0:\"\";s:16:\"estimate_request\";N;s:8:\"discount\";i:0;s:8:\"expenses\";s:0:\"\";s:9:\"estimates\";s:0:\"\";s:8:\"invoices\";s:3:\"all\";s:16:\"invoice_payments\";s:3:\"all\";s:14:\"delivery_notes\";s:3:\"all\";s:15:\"purchase_orders\";s:3:\"all\";s:23:\"purchase_order_payments\";s:3:\"all\";s:8:\"payrolls\";N;s:21:\"internal_transactions\";N;}',1),(6,'Finance Manager Role  ','a:129:{s:5:\"leave\";N;s:14:\"leave_specific\";s:0:\"\";s:10:\"attendance\";N;s:19:\"attendance_specific\";s:0:\"\";s:7:\"invoice\";N;s:8:\"job_info\";N;s:15:\"account_setting\";N;s:16:\"final_settelment\";N;s:8:\"estimate\";N;s:7:\"expense\";N;s:8:\"expiries\";N;s:10:\"petty_cash\";s:3:\"all\";s:6:\"client\";N;s:4:\"lead\";N;s:6:\"ticket\";N;s:15:\"ticket_specific\";s:0:\"\";s:12:\"announcement\";N;s:17:\"approve_budgeting\";N;s:23:\"help_and_knowledge_base\";N;s:23:\"can_manage_all_projects\";N;s:19:\"can_create_projects\";N;s:17:\"can_edit_projects\";N;s:19:\"can_delete_projects\";N;s:30:\"can_add_remove_project_members\";N;s:16:\"can_create_tasks\";N;s:14:\"can_edit_tasks\";N;s:16:\"can_delete_tasks\";N;s:20:\"can_comment_on_tasks\";N;s:24:\"show_assigned_tasks_only\";N;s:21:\"can_create_milestones\";N;s:19:\"can_edit_milestones\";N;s:21:\"can_delete_milestones\";N;s:16:\"can_delete_files\";N;s:34:\"can_view_team_members_contact_info\";N;s:34:\"can_view_team_members_social_links\";N;s:29:\"team_member_update_permission\";N;s:38:\"team_member_update_permission_specific\";s:0:\"\";s:27:\"timesheet_manage_permission\";N;s:36:\"timesheet_manage_permission_specific\";s:0:\"\";s:21:\"disable_event_sharing\";N;s:22:\"hide_team_members_list\";N;s:28:\"can_delete_leave_application\";N;s:10:\"accounting\";N;s:7:\"payroll\";N;s:5:\"eroom\";N;s:4:\"logs\";N;s:7:\"reports\";N;s:25:\"can_access_delivery_notes\";N;s:25:\"can_create_delivery_notes\";N;s:23:\"can_edit_delivery_notes\";N;s:25:\"can_delete_delivery_notes\";N;s:31:\"delivery_note_manage_permission\";N;s:40:\"delivery_note_manage_permission_specific\";s:0:\"\";s:20:\"can_access_suppliers\";N;s:20:\"can_create_suppliers\";N;s:18:\"can_edit_suppliers\";N;s:20:\"can_delete_suppliers\";N;s:26:\"supplier_manage_permission\";N;s:35:\"supplier_manage_permission_specific\";s:0:\"\";s:26:\"can_access_purchase_orders\";N;s:26:\"can_create_purchase_orders\";N;s:24:\"can_edit_purchase_orders\";N;s:26:\"can_delete_purchase_orders\";N;s:32:\"purchase_order_manage_permission\";N;s:41:\"purchase_order_manage_permission_specific\";s:0:\"\";s:16:\"can_access_items\";N;s:16:\"can_create_items\";N;s:14:\"can_edit_items\";N;s:16:\"can_delete_items\";N;s:22:\"item_manage_permission\";N;s:31:\"item_manage_permission_specific\";s:0:\"\";s:25:\"can_access_items_category\";N;s:25:\"can_create_items_category\";N;s:23:\"can_edit_items_category\";N;s:25:\"can_delete_items_category\";N;s:31:\"item_category_manage_permission\";N;s:40:\"item_category_manage_permission_specific\";s:0:\"\";s:19:\"can_access_expiries\";N;s:21:\"can_access_petty_cash\";N;s:19:\"can_access_expenses\";s:1:\"1\";s:19:\"can_create_expenses\";s:1:\"1\";s:17:\"can_edit_expenses\";s:1:\"1\";s:19:\"can_delete_expenses\";s:1:\"1\";s:25:\"expense_manage_permission\";s:3:\"all\";s:34:\"expense_manage_permission_specific\";s:0:\"\";s:20:\"internal_transaction\";N;s:27:\"can_access_invoice_payments\";s:1:\"1\";s:27:\"can_create_invoice_payments\";s:1:\"1\";s:25:\"can_edit_invoice_payments\";s:1:\"1\";s:27:\"can_delete_invoice_payments\";s:1:\"1\";s:34:\"can_access_purchase_order_payments\";s:1:\"1\";s:34:\"can_create_purchase_order_payments\";s:1:\"1\";s:32:\"can_edit_purchase_order_payments\";s:1:\"1\";s:34:\"can_delete_purchase_order_payments\";s:1:\"1\";s:19:\"can_access_contacts\";N;s:19:\"can_create_contacts\";N;s:17:\"can_edit_contacts\";N;s:19:\"can_delete_contacts\";N;s:25:\"contact_manage_permission\";N;s:34:\"contact_manage_permission_specific\";s:0:\"\";s:18:\"can_access_clients\";N;s:18:\"can_create_clients\";N;s:16:\"can_edit_clients\";N;s:18:\"can_delete_clients\";N;s:24:\"client_manage_permission\";N;s:33:\"client_manage_permission_specific\";s:0:\"\";s:19:\"can_access_invoices\";N;s:19:\"can_create_invoices\";N;s:17:\"can_edit_invoices\";N;s:19:\"can_delete_invoices\";N;s:25:\"invoice_manage_permission\";N;s:34:\"invoice_manage_permission_specific\";s:0:\"\";s:20:\"can_access_estimates\";N;s:20:\"can_create_estimates\";N;s:18:\"can_edit_estimates\";N;s:20:\"can_delete_estimates\";N;s:26:\"estimate_manage_permission\";N;s:35:\"estimate_manage_permission_specific\";s:0:\"\";s:16:\"estimate_request\";N;s:8:\"discount\";i:0;s:8:\"expenses\";N;s:9:\"estimates\";N;s:8:\"invoices\";N;s:16:\"invoice_payments\";N;s:14:\"delivery_notes\";N;s:15:\"purchase_orders\";N;s:23:\"purchase_order_payments\";N;s:8:\"payrolls\";N;s:21:\"internal_transactions\";N;}',1),(7,'HR Department Role','a:143:{s:5:\"leave\";s:3:\"all\";s:14:\"leave_specific\";s:0:\"\";s:10:\"attendance\";N;s:19:\"attendance_specific\";s:0:\"\";s:7:\"invoice\";N;s:8:\"job_info\";s:3:\"all\";s:15:\"account_setting\";s:3:\"all\";s:16:\"final_settelment\";s:0:\"\";s:8:\"estimate\";N;s:7:\"expense\";N;s:8:\"expiries\";N;s:10:\"petty_cash\";N;s:6:\"client\";N;s:4:\"lead\";N;s:6:\"ticket\";N;s:15:\"ticket_specific\";s:0:\"\";s:12:\"announcement\";s:3:\"all\";s:17:\"approve_budgeting\";N;s:23:\"help_and_knowledge_base\";s:3:\"all\";s:23:\"can_manage_all_projects\";N;s:19:\"can_create_projects\";N;s:17:\"can_edit_projects\";N;s:19:\"can_delete_projects\";N;s:30:\"can_add_remove_project_members\";N;s:16:\"can_create_tasks\";N;s:14:\"can_edit_tasks\";N;s:16:\"can_delete_tasks\";N;s:20:\"can_comment_on_tasks\";N;s:24:\"show_assigned_tasks_only\";N;s:21:\"can_create_milestones\";N;s:19:\"can_edit_milestones\";N;s:21:\"can_delete_milestones\";N;s:16:\"can_delete_files\";N;s:34:\"can_view_team_members_contact_info\";s:1:\"1\";s:34:\"can_view_team_members_social_links\";N;s:29:\"team_member_update_permission\";s:3:\"all\";s:38:\"team_member_update_permission_specific\";s:0:\"\";s:27:\"timesheet_manage_permission\";N;s:36:\"timesheet_manage_permission_specific\";N;s:21:\"disable_event_sharing\";s:1:\"1\";s:22:\"hide_team_members_list\";N;s:28:\"can_delete_leave_application\";s:1:\"1\";s:19:\"can_add_team_member\";s:1:\"1\";s:21:\"can_view_salary_chart\";s:1:\"1\";s:10:\"accounting\";s:0:\"\";s:7:\"payroll\";s:3:\"all\";s:5:\"eroom\";N;s:4:\"logs\";s:3:\"all\";s:7:\"reports\";s:3:\"all\";s:25:\"can_access_delivery_notes\";N;s:25:\"can_create_delivery_notes\";N;s:23:\"can_edit_delivery_notes\";N;s:25:\"can_delete_delivery_notes\";N;s:31:\"delivery_note_manage_permission\";N;s:40:\"delivery_note_manage_permission_specific\";s:0:\"\";s:20:\"can_access_suppliers\";N;s:20:\"can_create_suppliers\";N;s:18:\"can_edit_suppliers\";N;s:20:\"can_delete_suppliers\";N;s:26:\"supplier_manage_permission\";N;s:35:\"supplier_manage_permission_specific\";s:0:\"\";s:26:\"can_access_purchase_orders\";N;s:26:\"can_create_purchase_orders\";N;s:24:\"can_edit_purchase_orders\";N;s:26:\"can_delete_purchase_orders\";N;s:32:\"purchase_order_manage_permission\";N;s:41:\"purchase_order_manage_permission_specific\";s:0:\"\";s:16:\"can_access_items\";N;s:16:\"can_create_items\";N;s:14:\"can_edit_items\";N;s:16:\"can_delete_items\";N;s:22:\"item_manage_permission\";N;s:31:\"item_manage_permission_specific\";s:0:\"\";s:25:\"can_access_items_category\";N;s:25:\"can_create_items_category\";N;s:23:\"can_edit_items_category\";N;s:25:\"can_delete_items_category\";N;s:31:\"item_category_manage_permission\";N;s:40:\"item_category_manage_permission_specific\";s:0:\"\";s:19:\"can_access_expiries\";N;s:21:\"can_access_petty_cash\";N;s:19:\"can_access_expenses\";N;s:19:\"can_create_expenses\";N;s:17:\"can_edit_expenses\";N;s:19:\"can_delete_expenses\";N;s:25:\"expense_manage_permission\";N;s:34:\"expense_manage_permission_specific\";s:0:\"\";s:20:\"internal_transaction\";N;s:27:\"can_access_invoice_payments\";N;s:27:\"can_create_invoice_payments\";N;s:25:\"can_edit_invoice_payments\";N;s:27:\"can_delete_invoice_payments\";N;s:34:\"can_access_purchase_order_payments\";N;s:34:\"can_create_purchase_order_payments\";N;s:32:\"can_edit_purchase_order_payments\";N;s:34:\"can_delete_purchase_order_payments\";N;s:19:\"can_access_contacts\";N;s:19:\"can_create_contacts\";N;s:17:\"can_edit_contacts\";N;s:19:\"can_delete_contacts\";N;s:25:\"contact_manage_permission\";N;s:34:\"contact_manage_permission_specific\";N;s:18:\"can_access_clients\";N;s:18:\"can_create_clients\";N;s:16:\"can_edit_clients\";N;s:18:\"can_delete_clients\";N;s:24:\"client_manage_permission\";N;s:33:\"client_manage_permission_specific\";s:0:\"\";s:16:\"can_access_leads\";N;s:16:\"can_create_leads\";N;s:14:\"can_edit_leads\";N;s:16:\"can_delete_leads\";N;s:23:\"leads_manage_permission\";N;s:32:\"leads_manage_permission_specific\";s:0:\"\";s:19:\"can_access_invoices\";N;s:19:\"can_create_invoices\";N;s:17:\"can_edit_invoices\";N;s:19:\"can_delete_invoices\";N;s:25:\"invoice_manage_permission\";N;s:34:\"invoice_manage_permission_specific\";s:0:\"\";s:26:\"can_access_invoices_return\";N;s:26:\"can_create_invoices_return\";N;s:24:\"can_edit_invoices_return\";N;s:26:\"can_delete_invoices_return\";N;s:32:\"invoice_return_manage_permission\";N;s:41:\"invoice_return_manage_permission_specific\";s:0:\"\";s:20:\"can_access_estimates\";N;s:20:\"can_create_estimates\";N;s:18:\"can_edit_estimates\";N;s:20:\"can_delete_estimates\";N;s:26:\"estimate_manage_permission\";N;s:35:\"estimate_manage_permission_specific\";s:0:\"\";s:16:\"estimate_request\";N;s:8:\"discount\";i:0;s:8:\"expenses\";s:0:\"\";s:9:\"estimates\";s:0:\"\";s:8:\"invoices\";N;s:16:\"invoice_payments\";s:0:\"\";s:14:\"delivery_notes\";s:0:\"\";s:15:\"purchase_orders\";s:0:\"\";s:23:\"purchase_order_payments\";s:0:\"\";s:8:\"payrolls\";N;s:21:\"internal_transactions\";N;}',1),(8,'Project management Role 2 ','a:127:{s:5:\"leave\";N;s:14:\"leave_specific\";s:0:\"\";s:10:\"attendance\";N;s:19:\"attendance_specific\";s:0:\"\";s:7:\"invoice\";N;s:8:\"job_info\";N;s:15:\"account_setting\";N;s:16:\"final_settelment\";N;s:8:\"estimate\";N;s:7:\"expense\";N;s:8:\"expiries\";N;s:6:\"client\";N;s:4:\"lead\";N;s:6:\"ticket\";N;s:15:\"ticket_specific\";s:0:\"\";s:12:\"announcement\";N;s:17:\"approve_budgeting\";N;s:23:\"help_and_knowledge_base\";N;s:23:\"can_manage_all_projects\";N;s:19:\"can_create_projects\";N;s:17:\"can_edit_projects\";N;s:19:\"can_delete_projects\";N;s:30:\"can_add_remove_project_members\";N;s:16:\"can_create_tasks\";N;s:14:\"can_edit_tasks\";N;s:16:\"can_delete_tasks\";N;s:20:\"can_comment_on_tasks\";N;s:24:\"show_assigned_tasks_only\";N;s:21:\"can_create_milestones\";N;s:19:\"can_edit_milestones\";N;s:21:\"can_delete_milestones\";N;s:16:\"can_delete_files\";N;s:34:\"can_view_team_members_contact_info\";N;s:34:\"can_view_team_members_social_links\";N;s:29:\"team_member_update_permission\";N;s:38:\"team_member_update_permission_specific\";s:0:\"\";s:27:\"timesheet_manage_permission\";N;s:36:\"timesheet_manage_permission_specific\";s:0:\"\";s:21:\"disable_event_sharing\";N;s:22:\"hide_team_members_list\";N;s:28:\"can_delete_leave_application\";N;s:10:\"accounting\";s:3:\"all\";s:7:\"payroll\";s:3:\"all\";s:5:\"eroom\";s:3:\"all\";s:4:\"logs\";s:3:\"all\";s:7:\"reports\";s:3:\"all\";s:25:\"can_access_delivery_notes\";N;s:25:\"can_create_delivery_notes\";N;s:23:\"can_edit_delivery_notes\";N;s:25:\"can_delete_delivery_notes\";N;s:31:\"delivery_note_manage_permission\";N;s:40:\"delivery_note_manage_permission_specific\";s:0:\"\";s:20:\"can_access_suppliers\";N;s:20:\"can_create_suppliers\";N;s:18:\"can_edit_suppliers\";N;s:20:\"can_delete_suppliers\";N;s:26:\"supplier_manage_permission\";N;s:35:\"supplier_manage_permission_specific\";s:0:\"\";s:26:\"can_access_purchase_orders\";N;s:26:\"can_create_purchase_orders\";N;s:24:\"can_edit_purchase_orders\";N;s:26:\"can_delete_purchase_orders\";N;s:32:\"purchase_order_manage_permission\";N;s:41:\"purchase_order_manage_permission_specific\";s:0:\"\";s:16:\"can_access_items\";N;s:16:\"can_create_items\";N;s:14:\"can_edit_items\";N;s:16:\"can_delete_items\";N;s:22:\"item_manage_permission\";N;s:31:\"item_manage_permission_specific\";s:0:\"\";s:25:\"can_access_items_category\";N;s:25:\"can_create_items_category\";N;s:23:\"can_edit_items_category\";N;s:25:\"can_delete_items_category\";N;s:31:\"item_category_manage_permission\";N;s:40:\"item_category_manage_permission_specific\";s:0:\"\";s:19:\"can_access_expiries\";N;s:19:\"can_access_expenses\";N;s:19:\"can_create_expenses\";N;s:17:\"can_edit_expenses\";N;s:19:\"can_delete_expenses\";N;s:25:\"expense_manage_permission\";N;s:34:\"expense_manage_permission_specific\";s:0:\"\";s:20:\"internal_transaction\";N;s:27:\"can_access_invoice_payments\";N;s:27:\"can_create_invoice_payments\";N;s:25:\"can_edit_invoice_payments\";N;s:27:\"can_delete_invoice_payments\";N;s:34:\"can_access_purchase_order_payments\";N;s:34:\"can_create_purchase_order_payments\";N;s:32:\"can_edit_purchase_order_payments\";N;s:34:\"can_delete_purchase_order_payments\";N;s:19:\"can_access_contacts\";N;s:19:\"can_create_contacts\";N;s:17:\"can_edit_contacts\";N;s:19:\"can_delete_contacts\";N;s:25:\"contact_manage_permission\";N;s:34:\"contact_manage_permission_specific\";s:0:\"\";s:18:\"can_access_clients\";N;s:18:\"can_create_clients\";N;s:16:\"can_edit_clients\";N;s:18:\"can_delete_clients\";N;s:24:\"client_manage_permission\";N;s:33:\"client_manage_permission_specific\";s:0:\"\";s:19:\"can_access_invoices\";N;s:19:\"can_create_invoices\";N;s:17:\"can_edit_invoices\";N;s:19:\"can_delete_invoices\";N;s:25:\"invoice_manage_permission\";N;s:34:\"invoice_manage_permission_specific\";s:0:\"\";s:20:\"can_access_estimates\";N;s:20:\"can_create_estimates\";N;s:18:\"can_edit_estimates\";N;s:20:\"can_delete_estimates\";N;s:26:\"estimate_manage_permission\";N;s:35:\"estimate_manage_permission_specific\";s:0:\"\";s:16:\"estimate_request\";N;s:8:\"discount\";i:0;s:8:\"expenses\";N;s:9:\"estimates\";N;s:8:\"invoices\";N;s:16:\"invoice_payments\";N;s:14:\"delivery_notes\";N;s:15:\"purchase_orders\";N;s:23:\"purchase_order_payments\";N;s:8:\"payrolls\";N;s:21:\"internal_transactions\";N;}',1),(9,'team memberww','a:127:{s:5:\"leave\";N;s:14:\"leave_specific\";s:0:\"\";s:10:\"attendance\";N;s:19:\"attendance_specific\";s:0:\"\";s:7:\"invoice\";N;s:8:\"job_info\";N;s:15:\"account_setting\";N;s:16:\"final_settelment\";N;s:8:\"estimate\";N;s:7:\"expense\";s:3:\"all\";s:8:\"expiries\";N;s:6:\"client\";N;s:4:\"lead\";N;s:6:\"ticket\";N;s:15:\"ticket_specific\";s:0:\"\";s:12:\"announcement\";N;s:17:\"approve_budgeting\";N;s:23:\"help_and_knowledge_base\";N;s:23:\"can_manage_all_projects\";N;s:19:\"can_create_projects\";N;s:17:\"can_edit_projects\";N;s:19:\"can_delete_projects\";N;s:30:\"can_add_remove_project_members\";N;s:16:\"can_create_tasks\";N;s:14:\"can_edit_tasks\";N;s:16:\"can_delete_tasks\";N;s:20:\"can_comment_on_tasks\";N;s:24:\"show_assigned_tasks_only\";N;s:21:\"can_create_milestones\";N;s:19:\"can_edit_milestones\";N;s:21:\"can_delete_milestones\";N;s:16:\"can_delete_files\";N;s:34:\"can_view_team_members_contact_info\";N;s:34:\"can_view_team_members_social_links\";N;s:29:\"team_member_update_permission\";N;s:38:\"team_member_update_permission_specific\";s:0:\"\";s:27:\"timesheet_manage_permission\";N;s:36:\"timesheet_manage_permission_specific\";s:0:\"\";s:21:\"disable_event_sharing\";N;s:22:\"hide_team_members_list\";N;s:28:\"can_delete_leave_application\";N;s:10:\"accounting\";N;s:7:\"payroll\";N;s:5:\"eroom\";N;s:4:\"logs\";N;s:7:\"reports\";N;s:25:\"can_access_delivery_notes\";N;s:25:\"can_create_delivery_notes\";N;s:23:\"can_edit_delivery_notes\";N;s:25:\"can_delete_delivery_notes\";N;s:31:\"delivery_note_manage_permission\";N;s:40:\"delivery_note_manage_permission_specific\";s:0:\"\";s:20:\"can_access_suppliers\";N;s:20:\"can_create_suppliers\";N;s:18:\"can_edit_suppliers\";N;s:20:\"can_delete_suppliers\";N;s:26:\"supplier_manage_permission\";N;s:35:\"supplier_manage_permission_specific\";s:0:\"\";s:26:\"can_access_purchase_orders\";N;s:26:\"can_create_purchase_orders\";N;s:24:\"can_edit_purchase_orders\";N;s:26:\"can_delete_purchase_orders\";N;s:32:\"purchase_order_manage_permission\";N;s:41:\"purchase_order_manage_permission_specific\";s:0:\"\";s:16:\"can_access_items\";N;s:16:\"can_create_items\";N;s:14:\"can_edit_items\";N;s:16:\"can_delete_items\";N;s:22:\"item_manage_permission\";N;s:31:\"item_manage_permission_specific\";s:0:\"\";s:25:\"can_access_items_category\";N;s:25:\"can_create_items_category\";N;s:23:\"can_edit_items_category\";N;s:25:\"can_delete_items_category\";N;s:31:\"item_category_manage_permission\";N;s:40:\"item_category_manage_permission_specific\";s:0:\"\";s:19:\"can_access_expiries\";N;s:19:\"can_access_expenses\";s:1:\"1\";s:19:\"can_create_expenses\";s:1:\"1\";s:17:\"can_edit_expenses\";s:1:\"1\";s:19:\"can_delete_expenses\";s:1:\"1\";s:25:\"expense_manage_permission\";s:3:\"all\";s:34:\"expense_manage_permission_specific\";s:0:\"\";s:20:\"internal_transaction\";N;s:27:\"can_access_invoice_payments\";s:1:\"1\";s:27:\"can_create_invoice_payments\";N;s:25:\"can_edit_invoice_payments\";N;s:27:\"can_delete_invoice_payments\";N;s:34:\"can_access_purchase_order_payments\";s:1:\"1\";s:34:\"can_create_purchase_order_payments\";N;s:32:\"can_edit_purchase_order_payments\";N;s:34:\"can_delete_purchase_order_payments\";N;s:19:\"can_access_contacts\";N;s:19:\"can_create_contacts\";N;s:17:\"can_edit_contacts\";N;s:19:\"can_delete_contacts\";N;s:25:\"contact_manage_permission\";N;s:34:\"contact_manage_permission_specific\";s:0:\"\";s:18:\"can_access_clients\";N;s:18:\"can_create_clients\";N;s:16:\"can_edit_clients\";N;s:18:\"can_delete_clients\";N;s:24:\"client_manage_permission\";N;s:33:\"client_manage_permission_specific\";s:0:\"\";s:19:\"can_access_invoices\";N;s:19:\"can_create_invoices\";N;s:17:\"can_edit_invoices\";N;s:19:\"can_delete_invoices\";N;s:25:\"invoice_manage_permission\";N;s:34:\"invoice_manage_permission_specific\";s:0:\"\";s:20:\"can_access_estimates\";N;s:20:\"can_create_estimates\";N;s:18:\"can_edit_estimates\";N;s:20:\"can_delete_estimates\";N;s:26:\"estimate_manage_permission\";N;s:35:\"estimate_manage_permission_specific\";s:0:\"\";s:16:\"estimate_request\";N;s:8:\"discount\";i:0;s:8:\"expenses\";s:3:\"all\";s:9:\"estimates\";s:3:\"all\";s:8:\"invoices\";s:3:\"all\";s:16:\"invoice_payments\";s:3:\"all\";s:14:\"delivery_notes\";s:3:\"all\";s:15:\"purchase_orders\";s:3:\"all\";s:23:\"purchase_order_payments\";s:3:\"all\";s:8:\"payrolls\";N;s:21:\"internal_transactions\";N;}',1),(10,'sales Person ','a:127:{s:5:\"leave\";N;s:14:\"leave_specific\";s:0:\"\";s:10:\"attendance\";N;s:19:\"attendance_specific\";s:0:\"\";s:7:\"invoice\";N;s:8:\"job_info\";N;s:15:\"account_setting\";N;s:16:\"final_settelment\";N;s:8:\"estimate\";N;s:7:\"expense\";N;s:8:\"expiries\";N;s:6:\"client\";N;s:4:\"lead\";s:3:\"all\";s:6:\"ticket\";N;s:15:\"ticket_specific\";s:0:\"\";s:12:\"announcement\";N;s:17:\"approve_budgeting\";N;s:23:\"help_and_knowledge_base\";N;s:23:\"can_manage_all_projects\";N;s:19:\"can_create_projects\";N;s:17:\"can_edit_projects\";N;s:19:\"can_delete_projects\";N;s:30:\"can_add_remove_project_members\";N;s:16:\"can_create_tasks\";N;s:14:\"can_edit_tasks\";N;s:16:\"can_delete_tasks\";N;s:20:\"can_comment_on_tasks\";N;s:24:\"show_assigned_tasks_only\";N;s:21:\"can_create_milestones\";N;s:19:\"can_edit_milestones\";N;s:21:\"can_delete_milestones\";N;s:16:\"can_delete_files\";N;s:34:\"can_view_team_members_contact_info\";N;s:34:\"can_view_team_members_social_links\";N;s:29:\"team_member_update_permission\";N;s:38:\"team_member_update_permission_specific\";s:0:\"\";s:27:\"timesheet_manage_permission\";N;s:36:\"timesheet_manage_permission_specific\";s:0:\"\";s:21:\"disable_event_sharing\";N;s:22:\"hide_team_members_list\";N;s:28:\"can_delete_leave_application\";N;s:10:\"accounting\";N;s:7:\"payroll\";N;s:5:\"eroom\";N;s:4:\"logs\";N;s:7:\"reports\";N;s:25:\"can_access_delivery_notes\";N;s:25:\"can_create_delivery_notes\";N;s:23:\"can_edit_delivery_notes\";N;s:25:\"can_delete_delivery_notes\";N;s:31:\"delivery_note_manage_permission\";N;s:40:\"delivery_note_manage_permission_specific\";s:0:\"\";s:20:\"can_access_suppliers\";N;s:20:\"can_create_suppliers\";N;s:18:\"can_edit_suppliers\";N;s:20:\"can_delete_suppliers\";N;s:26:\"supplier_manage_permission\";N;s:35:\"supplier_manage_permission_specific\";s:0:\"\";s:26:\"can_access_purchase_orders\";N;s:26:\"can_create_purchase_orders\";N;s:24:\"can_edit_purchase_orders\";N;s:26:\"can_delete_purchase_orders\";N;s:32:\"purchase_order_manage_permission\";N;s:41:\"purchase_order_manage_permission_specific\";s:0:\"\";s:16:\"can_access_items\";N;s:16:\"can_create_items\";N;s:14:\"can_edit_items\";N;s:16:\"can_delete_items\";N;s:22:\"item_manage_permission\";N;s:31:\"item_manage_permission_specific\";s:0:\"\";s:25:\"can_access_items_category\";N;s:25:\"can_create_items_category\";N;s:23:\"can_edit_items_category\";N;s:25:\"can_delete_items_category\";N;s:31:\"item_category_manage_permission\";N;s:40:\"item_category_manage_permission_specific\";s:0:\"\";s:19:\"can_access_expiries\";N;s:19:\"can_access_expenses\";N;s:19:\"can_create_expenses\";N;s:17:\"can_edit_expenses\";N;s:19:\"can_delete_expenses\";N;s:25:\"expense_manage_permission\";N;s:34:\"expense_manage_permission_specific\";s:0:\"\";s:20:\"internal_transaction\";N;s:27:\"can_access_invoice_payments\";N;s:27:\"can_create_invoice_payments\";N;s:25:\"can_edit_invoice_payments\";N;s:27:\"can_delete_invoice_payments\";N;s:34:\"can_access_purchase_order_payments\";N;s:34:\"can_create_purchase_order_payments\";N;s:32:\"can_edit_purchase_order_payments\";N;s:34:\"can_delete_purchase_order_payments\";N;s:19:\"can_access_contacts\";s:1:\"1\";s:19:\"can_create_contacts\";N;s:17:\"can_edit_contacts\";N;s:19:\"can_delete_contacts\";N;s:25:\"contact_manage_permission\";N;s:34:\"contact_manage_permission_specific\";s:0:\"\";s:18:\"can_access_clients\";s:1:\"1\";s:18:\"can_create_clients\";N;s:16:\"can_edit_clients\";N;s:18:\"can_delete_clients\";N;s:24:\"client_manage_permission\";N;s:33:\"client_manage_permission_specific\";s:0:\"\";s:19:\"can_access_invoices\";s:1:\"1\";s:19:\"can_create_invoices\";N;s:17:\"can_edit_invoices\";N;s:19:\"can_delete_invoices\";N;s:25:\"invoice_manage_permission\";N;s:34:\"invoice_manage_permission_specific\";s:0:\"\";s:20:\"can_access_estimates\";s:1:\"1\";s:20:\"can_create_estimates\";N;s:18:\"can_edit_estimates\";N;s:20:\"can_delete_estimates\";N;s:26:\"estimate_manage_permission\";N;s:35:\"estimate_manage_permission_specific\";s:0:\"\";s:16:\"estimate_request\";s:3:\"all\";s:8:\"discount\";i:0;s:8:\"expenses\";N;s:9:\"estimates\";N;s:8:\"invoices\";N;s:16:\"invoice_payments\";N;s:14:\"delivery_notes\";N;s:15:\"purchase_orders\";N;s:23:\"purchase_order_payments\";N;s:8:\"payrolls\";N;s:21:\"internal_transactions\";N;}',1),(11,'sales 12','a:129:{s:5:\"leave\";N;s:14:\"leave_specific\";s:0:\"\";s:10:\"attendance\";N;s:19:\"attendance_specific\";s:0:\"\";s:7:\"invoice\";N;s:8:\"job_info\";N;s:15:\"account_setting\";N;s:16:\"final_settelment\";N;s:8:\"estimate\";N;s:7:\"expense\";N;s:8:\"expiries\";N;s:10:\"petty_cash\";N;s:6:\"client\";N;s:4:\"lead\";N;s:6:\"ticket\";N;s:15:\"ticket_specific\";s:0:\"\";s:12:\"announcement\";s:3:\"all\";s:17:\"approve_budgeting\";N;s:23:\"help_and_knowledge_base\";N;s:23:\"can_manage_all_projects\";N;s:19:\"can_create_projects\";s:1:\"1\";s:17:\"can_edit_projects\";s:1:\"1\";s:19:\"can_delete_projects\";s:1:\"1\";s:30:\"can_add_remove_project_members\";N;s:16:\"can_create_tasks\";N;s:14:\"can_edit_tasks\";N;s:16:\"can_delete_tasks\";N;s:20:\"can_comment_on_tasks\";N;s:24:\"show_assigned_tasks_only\";N;s:21:\"can_create_milestones\";N;s:19:\"can_edit_milestones\";N;s:21:\"can_delete_milestones\";N;s:16:\"can_delete_files\";N;s:34:\"can_view_team_members_contact_info\";s:1:\"1\";s:34:\"can_view_team_members_social_links\";N;s:29:\"team_member_update_permission\";N;s:38:\"team_member_update_permission_specific\";s:0:\"\";s:27:\"timesheet_manage_permission\";N;s:36:\"timesheet_manage_permission_specific\";N;s:21:\"disable_event_sharing\";N;s:22:\"hide_team_members_list\";s:1:\"1\";s:28:\"can_delete_leave_application\";N;s:10:\"accounting\";N;s:7:\"payroll\";N;s:5:\"eroom\";N;s:4:\"logs\";N;s:7:\"reports\";N;s:25:\"can_access_delivery_notes\";N;s:25:\"can_create_delivery_notes\";N;s:23:\"can_edit_delivery_notes\";N;s:25:\"can_delete_delivery_notes\";N;s:31:\"delivery_note_manage_permission\";N;s:40:\"delivery_note_manage_permission_specific\";s:0:\"\";s:20:\"can_access_suppliers\";N;s:20:\"can_create_suppliers\";N;s:18:\"can_edit_suppliers\";N;s:20:\"can_delete_suppliers\";N;s:26:\"supplier_manage_permission\";N;s:35:\"supplier_manage_permission_specific\";s:0:\"\";s:26:\"can_access_purchase_orders\";N;s:26:\"can_create_purchase_orders\";N;s:24:\"can_edit_purchase_orders\";N;s:26:\"can_delete_purchase_orders\";N;s:32:\"purchase_order_manage_permission\";N;s:41:\"purchase_order_manage_permission_specific\";s:0:\"\";s:16:\"can_access_items\";N;s:16:\"can_create_items\";N;s:14:\"can_edit_items\";N;s:16:\"can_delete_items\";N;s:22:\"item_manage_permission\";N;s:31:\"item_manage_permission_specific\";s:0:\"\";s:25:\"can_access_items_category\";N;s:25:\"can_create_items_category\";N;s:23:\"can_edit_items_category\";N;s:25:\"can_delete_items_category\";N;s:31:\"item_category_manage_permission\";N;s:40:\"item_category_manage_permission_specific\";s:0:\"\";s:19:\"can_access_expiries\";N;s:21:\"can_access_petty_cash\";N;s:19:\"can_access_expenses\";N;s:19:\"can_create_expenses\";N;s:17:\"can_edit_expenses\";N;s:19:\"can_delete_expenses\";N;s:25:\"expense_manage_permission\";N;s:34:\"expense_manage_permission_specific\";s:0:\"\";s:20:\"internal_transaction\";N;s:27:\"can_access_invoice_payments\";N;s:27:\"can_create_invoice_payments\";N;s:25:\"can_edit_invoice_payments\";N;s:27:\"can_delete_invoice_payments\";N;s:34:\"can_access_purchase_order_payments\";N;s:34:\"can_create_purchase_order_payments\";N;s:32:\"can_edit_purchase_order_payments\";N;s:34:\"can_delete_purchase_order_payments\";N;s:19:\"can_access_contacts\";s:1:\"1\";s:19:\"can_create_contacts\";N;s:17:\"can_edit_contacts\";N;s:19:\"can_delete_contacts\";N;s:25:\"contact_manage_permission\";N;s:34:\"contact_manage_permission_specific\";s:0:\"\";s:18:\"can_access_clients\";s:1:\"1\";s:18:\"can_create_clients\";N;s:16:\"can_edit_clients\";N;s:18:\"can_delete_clients\";N;s:24:\"client_manage_permission\";N;s:33:\"client_manage_permission_specific\";s:0:\"\";s:19:\"can_access_invoices\";s:1:\"1\";s:19:\"can_create_invoices\";N;s:17:\"can_edit_invoices\";N;s:19:\"can_delete_invoices\";N;s:25:\"invoice_manage_permission\";N;s:34:\"invoice_manage_permission_specific\";s:0:\"\";s:20:\"can_access_estimates\";s:1:\"1\";s:20:\"can_create_estimates\";N;s:18:\"can_edit_estimates\";N;s:20:\"can_delete_estimates\";N;s:26:\"estimate_manage_permission\";N;s:35:\"estimate_manage_permission_specific\";s:0:\"\";s:16:\"estimate_request\";N;s:8:\"discount\";i:0;s:8:\"expenses\";N;s:9:\"estimates\";N;s:8:\"invoices\";N;s:16:\"invoice_payments\";N;s:14:\"delivery_notes\";N;s:15:\"purchase_orders\";N;s:23:\"purchase_order_payments\";N;s:8:\"payrolls\";N;s:21:\"internal_transactions\";N;}',1),(12,'test m.ali','a:141:{s:5:\"leave\";N;s:14:\"leave_specific\";s:0:\"\";s:10:\"attendance\";N;s:19:\"attendance_specific\";s:0:\"\";s:7:\"invoice\";N;s:8:\"job_info\";s:3:\"all\";s:15:\"account_setting\";s:3:\"all\";s:16:\"final_settelment\";s:0:\"\";s:8:\"estimate\";N;s:7:\"expense\";N;s:8:\"expiries\";s:0:\"\";s:10:\"petty_cash\";N;s:6:\"client\";N;s:4:\"lead\";s:0:\"\";s:6:\"ticket\";N;s:15:\"ticket_specific\";s:0:\"\";s:12:\"announcement\";s:3:\"all\";s:17:\"approve_budgeting\";N;s:23:\"help_and_knowledge_base\";s:3:\"all\";s:23:\"can_manage_all_projects\";s:1:\"0\";s:19:\"can_create_projects\";s:1:\"1\";s:17:\"can_edit_projects\";s:1:\"1\";s:19:\"can_delete_projects\";s:1:\"1\";s:30:\"can_add_remove_project_members\";N;s:16:\"can_create_tasks\";s:1:\"1\";s:14:\"can_edit_tasks\";s:1:\"1\";s:16:\"can_delete_tasks\";N;s:20:\"can_comment_on_tasks\";N;s:24:\"show_assigned_tasks_only\";N;s:21:\"can_create_milestones\";N;s:19:\"can_edit_milestones\";N;s:21:\"can_delete_milestones\";N;s:16:\"can_delete_files\";N;s:34:\"can_view_team_members_contact_info\";s:1:\"1\";s:34:\"can_view_team_members_social_links\";N;s:29:\"team_member_update_permission\";N;s:38:\"team_member_update_permission_specific\";s:0:\"\";s:27:\"timesheet_manage_permission\";N;s:36:\"timesheet_manage_permission_specific\";N;s:21:\"disable_event_sharing\";s:1:\"0\";s:22:\"hide_team_members_list\";s:1:\"1\";s:28:\"can_delete_leave_application\";N;s:10:\"accounting\";s:0:\"\";s:7:\"payroll\";s:3:\"all\";s:5:\"eroom\";N;s:4:\"logs\";s:0:\"\";s:7:\"reports\";s:0:\"\";s:25:\"can_access_delivery_notes\";N;s:25:\"can_create_delivery_notes\";N;s:23:\"can_edit_delivery_notes\";N;s:25:\"can_delete_delivery_notes\";N;s:31:\"delivery_note_manage_permission\";s:3:\"all\";s:40:\"delivery_note_manage_permission_specific\";s:0:\"\";s:20:\"can_access_suppliers\";N;s:20:\"can_create_suppliers\";N;s:18:\"can_edit_suppliers\";N;s:20:\"can_delete_suppliers\";N;s:26:\"supplier_manage_permission\";s:3:\"all\";s:35:\"supplier_manage_permission_specific\";s:0:\"\";s:26:\"can_access_purchase_orders\";N;s:26:\"can_create_purchase_orders\";N;s:24:\"can_edit_purchase_orders\";N;s:26:\"can_delete_purchase_orders\";N;s:32:\"purchase_order_manage_permission\";N;s:41:\"purchase_order_manage_permission_specific\";s:0:\"\";s:16:\"can_access_items\";N;s:16:\"can_create_items\";N;s:14:\"can_edit_items\";N;s:16:\"can_delete_items\";N;s:22:\"item_manage_permission\";N;s:31:\"item_manage_permission_specific\";s:0:\"\";s:25:\"can_access_items_category\";N;s:25:\"can_create_items_category\";N;s:23:\"can_edit_items_category\";N;s:25:\"can_delete_items_category\";N;s:31:\"item_category_manage_permission\";N;s:40:\"item_category_manage_permission_specific\";s:0:\"\";s:19:\"can_access_expiries\";N;s:21:\"can_access_petty_cash\";N;s:19:\"can_access_expenses\";s:1:\"1\";s:19:\"can_create_expenses\";s:1:\"1\";s:17:\"can_edit_expenses\";s:1:\"1\";s:19:\"can_delete_expenses\";s:1:\"1\";s:25:\"expense_manage_permission\";s:8:\"specific\";s:34:\"expense_manage_permission_specific\";s:0:\"\";s:20:\"internal_transaction\";N;s:27:\"can_access_invoice_payments\";N;s:27:\"can_create_invoice_payments\";N;s:25:\"can_edit_invoice_payments\";N;s:27:\"can_delete_invoice_payments\";N;s:34:\"can_access_purchase_order_payments\";s:1:\"1\";s:34:\"can_create_purchase_order_payments\";s:1:\"1\";s:32:\"can_edit_purchase_order_payments\";s:1:\"1\";s:34:\"can_delete_purchase_order_payments\";s:1:\"1\";s:19:\"can_access_contacts\";N;s:19:\"can_create_contacts\";N;s:17:\"can_edit_contacts\";N;s:19:\"can_delete_contacts\";N;s:25:\"contact_manage_permission\";N;s:34:\"contact_manage_permission_specific\";N;s:18:\"can_access_clients\";N;s:18:\"can_create_clients\";N;s:16:\"can_edit_clients\";N;s:18:\"can_delete_clients\";N;s:24:\"client_manage_permission\";s:3:\"all\";s:33:\"client_manage_permission_specific\";s:0:\"\";s:16:\"can_access_leads\";N;s:16:\"can_create_leads\";N;s:14:\"can_edit_leads\";N;s:16:\"can_delete_leads\";N;s:23:\"leads_manage_permission\";N;s:32:\"leads_manage_permission_specific\";s:0:\"\";s:19:\"can_access_invoices\";s:1:\"1\";s:19:\"can_create_invoices\";s:1:\"1\";s:17:\"can_edit_invoices\";s:1:\"1\";s:19:\"can_delete_invoices\";s:1:\"1\";s:25:\"invoice_manage_permission\";s:3:\"all\";s:34:\"invoice_manage_permission_specific\";s:0:\"\";s:26:\"can_access_invoices_return\";N;s:26:\"can_create_invoices_return\";N;s:24:\"can_edit_invoices_return\";N;s:26:\"can_delete_invoices_return\";N;s:32:\"invoice_return_manage_permission\";N;s:41:\"invoice_return_manage_permission_specific\";s:0:\"\";s:20:\"can_access_estimates\";N;s:20:\"can_create_estimates\";N;s:18:\"can_edit_estimates\";N;s:20:\"can_delete_estimates\";N;s:26:\"estimate_manage_permission\";N;s:35:\"estimate_manage_permission_specific\";s:0:\"\";s:16:\"estimate_request\";N;s:8:\"discount\";s:2:\"60\";s:8:\"expenses\";s:3:\"all\";s:9:\"estimates\";s:3:\"all\";s:8:\"invoices\";s:0:\"\";s:16:\"invoice_payments\";s:0:\"\";s:14:\"delivery_notes\";s:3:\"all\";s:15:\"purchase_orders\";s:3:\"all\";s:23:\"purchase_order_payments\";s:0:\"\";s:8:\"payrolls\";N;s:21:\"internal_transactions\";N;}',1),(13,'R33',NULL,1),(14,'test ',NULL,1),(15,'HR test tech','a:141:{s:5:\"leave\";s:3:\"all\";s:14:\"leave_specific\";s:0:\"\";s:10:\"attendance\";N;s:19:\"attendance_specific\";s:0:\"\";s:7:\"invoice\";N;s:8:\"job_info\";s:3:\"all\";s:15:\"account_setting\";N;s:16:\"final_settelment\";s:3:\"all\";s:8:\"estimate\";N;s:7:\"expense\";N;s:8:\"expiries\";N;s:10:\"petty_cash\";N;s:6:\"client\";N;s:4:\"lead\";N;s:6:\"ticket\";N;s:15:\"ticket_specific\";s:0:\"\";s:12:\"announcement\";s:3:\"all\";s:17:\"approve_budgeting\";N;s:23:\"help_and_knowledge_base\";s:3:\"all\";s:23:\"can_manage_all_projects\";s:1:\"1\";s:19:\"can_create_projects\";N;s:17:\"can_edit_projects\";N;s:19:\"can_delete_projects\";N;s:30:\"can_add_remove_project_members\";N;s:16:\"can_create_tasks\";N;s:14:\"can_edit_tasks\";N;s:16:\"can_delete_tasks\";N;s:20:\"can_comment_on_tasks\";N;s:24:\"show_assigned_tasks_only\";N;s:21:\"can_create_milestones\";N;s:19:\"can_edit_milestones\";N;s:21:\"can_delete_milestones\";N;s:16:\"can_delete_files\";N;s:34:\"can_view_team_members_contact_info\";s:1:\"1\";s:34:\"can_view_team_members_social_links\";N;s:29:\"team_member_update_permission\";s:3:\"all\";s:38:\"team_member_update_permission_specific\";s:0:\"\";s:27:\"timesheet_manage_permission\";N;s:36:\"timesheet_manage_permission_specific\";N;s:21:\"disable_event_sharing\";s:1:\"1\";s:22:\"hide_team_members_list\";s:1:\"1\";s:28:\"can_delete_leave_application\";s:1:\"1\";s:10:\"accounting\";N;s:7:\"payroll\";N;s:5:\"eroom\";N;s:4:\"logs\";N;s:7:\"reports\";N;s:25:\"can_access_delivery_notes\";N;s:25:\"can_create_delivery_notes\";N;s:23:\"can_edit_delivery_notes\";N;s:25:\"can_delete_delivery_notes\";N;s:31:\"delivery_note_manage_permission\";N;s:40:\"delivery_note_manage_permission_specific\";s:0:\"\";s:20:\"can_access_suppliers\";N;s:20:\"can_create_suppliers\";N;s:18:\"can_edit_suppliers\";N;s:20:\"can_delete_suppliers\";N;s:26:\"supplier_manage_permission\";N;s:35:\"supplier_manage_permission_specific\";s:0:\"\";s:26:\"can_access_purchase_orders\";N;s:26:\"can_create_purchase_orders\";N;s:24:\"can_edit_purchase_orders\";N;s:26:\"can_delete_purchase_orders\";N;s:32:\"purchase_order_manage_permission\";N;s:41:\"purchase_order_manage_permission_specific\";s:0:\"\";s:16:\"can_access_items\";N;s:16:\"can_create_items\";N;s:14:\"can_edit_items\";N;s:16:\"can_delete_items\";N;s:22:\"item_manage_permission\";N;s:31:\"item_manage_permission_specific\";s:0:\"\";s:25:\"can_access_items_category\";N;s:25:\"can_create_items_category\";N;s:23:\"can_edit_items_category\";N;s:25:\"can_delete_items_category\";N;s:31:\"item_category_manage_permission\";N;s:40:\"item_category_manage_permission_specific\";s:0:\"\";s:19:\"can_access_expiries\";N;s:21:\"can_access_petty_cash\";N;s:19:\"can_access_expenses\";N;s:19:\"can_create_expenses\";N;s:17:\"can_edit_expenses\";N;s:19:\"can_delete_expenses\";N;s:25:\"expense_manage_permission\";N;s:34:\"expense_manage_permission_specific\";s:0:\"\";s:20:\"internal_transaction\";N;s:27:\"can_access_invoice_payments\";N;s:27:\"can_create_invoice_payments\";N;s:25:\"can_edit_invoice_payments\";N;s:27:\"can_delete_invoice_payments\";N;s:34:\"can_access_purchase_order_payments\";N;s:34:\"can_create_purchase_order_payments\";N;s:32:\"can_edit_purchase_order_payments\";N;s:34:\"can_delete_purchase_order_payments\";N;s:19:\"can_access_contacts\";N;s:19:\"can_create_contacts\";N;s:17:\"can_edit_contacts\";N;s:19:\"can_delete_contacts\";N;s:25:\"contact_manage_permission\";N;s:34:\"contact_manage_permission_specific\";N;s:18:\"can_access_clients\";N;s:18:\"can_create_clients\";N;s:16:\"can_edit_clients\";N;s:18:\"can_delete_clients\";N;s:24:\"client_manage_permission\";N;s:33:\"client_manage_permission_specific\";s:0:\"\";s:16:\"can_access_leads\";N;s:16:\"can_create_leads\";N;s:14:\"can_edit_leads\";N;s:16:\"can_delete_leads\";N;s:23:\"leads_manage_permission\";N;s:32:\"leads_manage_permission_specific\";s:0:\"\";s:19:\"can_access_invoices\";N;s:19:\"can_create_invoices\";N;s:17:\"can_edit_invoices\";N;s:19:\"can_delete_invoices\";N;s:25:\"invoice_manage_permission\";N;s:34:\"invoice_manage_permission_specific\";s:0:\"\";s:26:\"can_access_invoices_return\";N;s:26:\"can_create_invoices_return\";N;s:24:\"can_edit_invoices_return\";N;s:26:\"can_delete_invoices_return\";N;s:32:\"invoice_return_manage_permission\";N;s:41:\"invoice_return_manage_permission_specific\";s:0:\"\";s:20:\"can_access_estimates\";N;s:20:\"can_create_estimates\";N;s:18:\"can_edit_estimates\";N;s:20:\"can_delete_estimates\";N;s:26:\"estimate_manage_permission\";N;s:35:\"estimate_manage_permission_specific\";s:0:\"\";s:16:\"estimate_request\";N;s:8:\"discount\";i:0;s:8:\"expenses\";N;s:9:\"estimates\";N;s:8:\"invoices\";N;s:16:\"invoice_payments\";N;s:14:\"delivery_notes\";N;s:15:\"purchase_orders\";N;s:23:\"purchase_order_payments\";N;s:8:\"payrolls\";N;s:21:\"internal_transactions\";N;}',1),(16,'test','a:143:{s:5:\"leave\";s:3:\"all\";s:14:\"leave_specific\";s:0:\"\";s:10:\"attendance\";N;s:19:\"attendance_specific\";s:0:\"\";s:7:\"invoice\";N;s:8:\"job_info\";s:3:\"all\";s:15:\"account_setting\";s:3:\"all\";s:16:\"final_settelment\";s:3:\"all\";s:8:\"estimate\";N;s:7:\"expense\";N;s:8:\"expiries\";s:3:\"all\";s:10:\"petty_cash\";N;s:6:\"client\";N;s:4:\"lead\";s:3:\"all\";s:6:\"ticket\";N;s:15:\"ticket_specific\";s:0:\"\";s:12:\"announcement\";s:3:\"all\";s:17:\"approve_budgeting\";N;s:23:\"help_and_knowledge_base\";s:3:\"all\";s:23:\"can_manage_all_projects\";s:1:\"1\";s:19:\"can_create_projects\";s:1:\"1\";s:17:\"can_edit_projects\";s:1:\"1\";s:19:\"can_delete_projects\";s:1:\"1\";s:30:\"can_add_remove_project_members\";s:1:\"1\";s:16:\"can_create_tasks\";s:1:\"1\";s:14:\"can_edit_tasks\";s:1:\"1\";s:16:\"can_delete_tasks\";s:1:\"1\";s:20:\"can_comment_on_tasks\";s:1:\"1\";s:24:\"show_assigned_tasks_only\";N;s:21:\"can_create_milestones\";s:1:\"1\";s:19:\"can_edit_milestones\";s:1:\"1\";s:21:\"can_delete_milestones\";s:1:\"1\";s:16:\"can_delete_files\";s:1:\"1\";s:34:\"can_view_team_members_contact_info\";s:1:\"1\";s:34:\"can_view_team_members_social_links\";N;s:29:\"team_member_update_permission\";s:3:\"all\";s:38:\"team_member_update_permission_specific\";s:0:\"\";s:27:\"timesheet_manage_permission\";N;s:36:\"timesheet_manage_permission_specific\";N;s:21:\"disable_event_sharing\";s:1:\"1\";s:22:\"hide_team_members_list\";N;s:28:\"can_delete_leave_application\";s:1:\"1\";s:19:\"can_add_team_member\";s:1:\"1\";s:21:\"can_view_salary_chart\";s:1:\"1\";s:10:\"accounting\";s:3:\"all\";s:7:\"payroll\";s:3:\"all\";s:5:\"eroom\";N;s:4:\"logs\";s:3:\"all\";s:7:\"reports\";s:3:\"all\";s:25:\"can_access_delivery_notes\";s:1:\"1\";s:25:\"can_create_delivery_notes\";s:1:\"1\";s:23:\"can_edit_delivery_notes\";s:1:\"1\";s:25:\"can_delete_delivery_notes\";s:1:\"1\";s:31:\"delivery_note_manage_permission\";s:3:\"all\";s:40:\"delivery_note_manage_permission_specific\";s:0:\"\";s:20:\"can_access_suppliers\";s:1:\"1\";s:20:\"can_create_suppliers\";s:1:\"1\";s:18:\"can_edit_suppliers\";s:1:\"1\";s:20:\"can_delete_suppliers\";s:1:\"1\";s:26:\"supplier_manage_permission\";s:3:\"all\";s:35:\"supplier_manage_permission_specific\";s:0:\"\";s:26:\"can_access_purchase_orders\";s:1:\"1\";s:26:\"can_create_purchase_orders\";s:1:\"1\";s:24:\"can_edit_purchase_orders\";s:1:\"1\";s:26:\"can_delete_purchase_orders\";s:1:\"1\";s:32:\"purchase_order_manage_permission\";s:3:\"all\";s:41:\"purchase_order_manage_permission_specific\";s:0:\"\";s:16:\"can_access_items\";s:1:\"1\";s:16:\"can_create_items\";s:1:\"1\";s:14:\"can_edit_items\";s:1:\"1\";s:16:\"can_delete_items\";s:1:\"1\";s:22:\"item_manage_permission\";s:3:\"all\";s:31:\"item_manage_permission_specific\";s:0:\"\";s:25:\"can_access_items_category\";s:1:\"1\";s:25:\"can_create_items_category\";s:1:\"1\";s:23:\"can_edit_items_category\";s:1:\"1\";s:25:\"can_delete_items_category\";s:1:\"1\";s:31:\"item_category_manage_permission\";s:3:\"all\";s:40:\"item_category_manage_permission_specific\";s:0:\"\";s:19:\"can_access_expiries\";N;s:21:\"can_access_petty_cash\";N;s:19:\"can_access_expenses\";s:1:\"1\";s:19:\"can_create_expenses\";s:1:\"1\";s:17:\"can_edit_expenses\";s:1:\"1\";s:19:\"can_delete_expenses\";s:1:\"1\";s:25:\"expense_manage_permission\";s:3:\"all\";s:34:\"expense_manage_permission_specific\";s:0:\"\";s:20:\"internal_transaction\";N;s:27:\"can_access_invoice_payments\";s:1:\"1\";s:27:\"can_create_invoice_payments\";s:1:\"1\";s:25:\"can_edit_invoice_payments\";s:1:\"1\";s:27:\"can_delete_invoice_payments\";s:1:\"1\";s:34:\"can_access_purchase_order_payments\";s:1:\"1\";s:34:\"can_create_purchase_order_payments\";s:1:\"1\";s:32:\"can_edit_purchase_order_payments\";s:1:\"1\";s:34:\"can_delete_purchase_order_payments\";s:1:\"1\";s:19:\"can_access_contacts\";N;s:19:\"can_create_contacts\";N;s:17:\"can_edit_contacts\";N;s:19:\"can_delete_contacts\";N;s:25:\"contact_manage_permission\";N;s:34:\"contact_manage_permission_specific\";N;s:18:\"can_access_clients\";s:1:\"1\";s:18:\"can_create_clients\";s:1:\"1\";s:16:\"can_edit_clients\";s:1:\"1\";s:18:\"can_delete_clients\";s:1:\"1\";s:24:\"client_manage_permission\";s:3:\"all\";s:33:\"client_manage_permission_specific\";s:0:\"\";s:16:\"can_access_leads\";s:1:\"1\";s:16:\"can_create_leads\";s:1:\"1\";s:14:\"can_edit_leads\";s:1:\"1\";s:16:\"can_delete_leads\";s:1:\"1\";s:23:\"leads_manage_permission\";s:3:\"all\";s:32:\"leads_manage_permission_specific\";s:0:\"\";s:19:\"can_access_invoices\";s:1:\"1\";s:19:\"can_create_invoices\";s:1:\"1\";s:17:\"can_edit_invoices\";s:1:\"1\";s:19:\"can_delete_invoices\";s:1:\"1\";s:25:\"invoice_manage_permission\";s:3:\"all\";s:34:\"invoice_manage_permission_specific\";s:0:\"\";s:26:\"can_access_invoices_return\";s:1:\"1\";s:26:\"can_create_invoices_return\";s:1:\"1\";s:24:\"can_edit_invoices_return\";s:1:\"1\";s:26:\"can_delete_invoices_return\";s:1:\"1\";s:32:\"invoice_return_manage_permission\";s:3:\"all\";s:41:\"invoice_return_manage_permission_specific\";s:0:\"\";s:20:\"can_access_estimates\";s:1:\"1\";s:20:\"can_create_estimates\";s:1:\"1\";s:18:\"can_edit_estimates\";s:1:\"1\";s:20:\"can_delete_estimates\";s:1:\"1\";s:26:\"estimate_manage_permission\";s:3:\"all\";s:35:\"estimate_manage_permission_specific\";s:0:\"\";s:16:\"estimate_request\";N;s:8:\"discount\";i:0;s:8:\"expenses\";s:3:\"all\";s:9:\"estimates\";s:3:\"all\";s:8:\"invoices\";s:3:\"all\";s:16:\"invoice_payments\";s:3:\"all\";s:14:\"delivery_notes\";s:3:\"all\";s:15:\"purchase_orders\";s:3:\"all\";s:23:\"purchase_order_payments\";s:3:\"all\";s:8:\"payrolls\";N;s:21:\"internal_transactions\";N;}',1),(17,'Sales','a:143:{s:5:\"leave\";s:3:\"all\";s:14:\"leave_specific\";s:0:\"\";s:10:\"attendance\";N;s:19:\"attendance_specific\";s:0:\"\";s:7:\"invoice\";N;s:8:\"job_info\";s:3:\"all\";s:15:\"account_setting\";s:3:\"all\";s:16:\"final_settelment\";s:3:\"all\";s:8:\"estimate\";N;s:7:\"expense\";N;s:8:\"expiries\";N;s:10:\"petty_cash\";N;s:6:\"client\";N;s:4:\"lead\";N;s:6:\"ticket\";N;s:15:\"ticket_specific\";s:0:\"\";s:12:\"announcement\";s:3:\"all\";s:17:\"approve_budgeting\";N;s:23:\"help_and_knowledge_base\";s:3:\"all\";s:23:\"can_manage_all_projects\";s:1:\"1\";s:19:\"can_create_projects\";N;s:17:\"can_edit_projects\";N;s:19:\"can_delete_projects\";N;s:30:\"can_add_remove_project_members\";N;s:16:\"can_create_tasks\";N;s:14:\"can_edit_tasks\";N;s:16:\"can_delete_tasks\";N;s:20:\"can_comment_on_tasks\";N;s:24:\"show_assigned_tasks_only\";N;s:21:\"can_create_milestones\";N;s:19:\"can_edit_milestones\";N;s:21:\"can_delete_milestones\";N;s:16:\"can_delete_files\";N;s:34:\"can_view_team_members_contact_info\";N;s:34:\"can_view_team_members_social_links\";N;s:29:\"team_member_update_permission\";s:3:\"all\";s:38:\"team_member_update_permission_specific\";s:0:\"\";s:27:\"timesheet_manage_permission\";N;s:36:\"timesheet_manage_permission_specific\";N;s:21:\"disable_event_sharing\";s:1:\"1\";s:22:\"hide_team_members_list\";N;s:28:\"can_delete_leave_application\";N;s:19:\"can_add_team_member\";N;s:21:\"can_view_salary_chart\";s:1:\"1\";s:10:\"accounting\";s:3:\"all\";s:7:\"payroll\";s:3:\"all\";s:5:\"eroom\";N;s:4:\"logs\";s:3:\"all\";s:7:\"reports\";s:3:\"all\";s:25:\"can_access_delivery_notes\";N;s:25:\"can_create_delivery_notes\";N;s:23:\"can_edit_delivery_notes\";N;s:25:\"can_delete_delivery_notes\";N;s:31:\"delivery_note_manage_permission\";N;s:40:\"delivery_note_manage_permission_specific\";s:0:\"\";s:20:\"can_access_suppliers\";N;s:20:\"can_create_suppliers\";N;s:18:\"can_edit_suppliers\";N;s:20:\"can_delete_suppliers\";N;s:26:\"supplier_manage_permission\";N;s:35:\"supplier_manage_permission_specific\";s:0:\"\";s:26:\"can_access_purchase_orders\";N;s:26:\"can_create_purchase_orders\";N;s:24:\"can_edit_purchase_orders\";N;s:26:\"can_delete_purchase_orders\";N;s:32:\"purchase_order_manage_permission\";N;s:41:\"purchase_order_manage_permission_specific\";s:0:\"\";s:16:\"can_access_items\";N;s:16:\"can_create_items\";N;s:14:\"can_edit_items\";N;s:16:\"can_delete_items\";N;s:22:\"item_manage_permission\";N;s:31:\"item_manage_permission_specific\";s:0:\"\";s:25:\"can_access_items_category\";N;s:25:\"can_create_items_category\";N;s:23:\"can_edit_items_category\";N;s:25:\"can_delete_items_category\";N;s:31:\"item_category_manage_permission\";N;s:40:\"item_category_manage_permission_specific\";s:0:\"\";s:19:\"can_access_expiries\";N;s:21:\"can_access_petty_cash\";N;s:19:\"can_access_expenses\";N;s:19:\"can_create_expenses\";N;s:17:\"can_edit_expenses\";N;s:19:\"can_delete_expenses\";N;s:25:\"expense_manage_permission\";s:3:\"all\";s:34:\"expense_manage_permission_specific\";s:0:\"\";s:20:\"internal_transaction\";N;s:27:\"can_access_invoice_payments\";N;s:27:\"can_create_invoice_payments\";N;s:25:\"can_edit_invoice_payments\";N;s:27:\"can_delete_invoice_payments\";N;s:34:\"can_access_purchase_order_payments\";N;s:34:\"can_create_purchase_order_payments\";N;s:32:\"can_edit_purchase_order_payments\";N;s:34:\"can_delete_purchase_order_payments\";N;s:19:\"can_access_contacts\";N;s:19:\"can_create_contacts\";N;s:17:\"can_edit_contacts\";N;s:19:\"can_delete_contacts\";N;s:25:\"contact_manage_permission\";N;s:34:\"contact_manage_permission_specific\";N;s:18:\"can_access_clients\";N;s:18:\"can_create_clients\";N;s:16:\"can_edit_clients\";N;s:18:\"can_delete_clients\";N;s:24:\"client_manage_permission\";s:3:\"all\";s:33:\"client_manage_permission_specific\";s:0:\"\";s:16:\"can_access_leads\";N;s:16:\"can_create_leads\";s:1:\"1\";s:14:\"can_edit_leads\";s:1:\"1\";s:16:\"can_delete_leads\";s:1:\"1\";s:23:\"leads_manage_permission\";s:3:\"all\";s:32:\"leads_manage_permission_specific\";s:0:\"\";s:19:\"can_access_invoices\";N;s:19:\"can_create_invoices\";N;s:17:\"can_edit_invoices\";N;s:19:\"can_delete_invoices\";N;s:25:\"invoice_manage_permission\";s:3:\"all\";s:34:\"invoice_manage_permission_specific\";s:0:\"\";s:26:\"can_access_invoices_return\";N;s:26:\"can_create_invoices_return\";s:1:\"1\";s:24:\"can_edit_invoices_return\";s:1:\"1\";s:26:\"can_delete_invoices_return\";s:1:\"1\";s:32:\"invoice_return_manage_permission\";s:3:\"all\";s:41:\"invoice_return_manage_permission_specific\";s:0:\"\";s:20:\"can_access_estimates\";N;s:20:\"can_create_estimates\";N;s:18:\"can_edit_estimates\";N;s:20:\"can_delete_estimates\";N;s:26:\"estimate_manage_permission\";s:3:\"all\";s:35:\"estimate_manage_permission_specific\";s:0:\"\";s:16:\"estimate_request\";N;s:8:\"discount\";i:0;s:8:\"expenses\";s:3:\"all\";s:9:\"estimates\";N;s:8:\"invoices\";N;s:16:\"invoice_payments\";N;s:14:\"delivery_notes\";N;s:15:\"purchase_orders\";N;s:23:\"purchase_order_payments\";N;s:8:\"payrolls\";N;s:21:\"internal_transactions\";N;}',1),(18,'Finance Head','a:143:{s:5:\"leave\";s:3:\"all\";s:14:\"leave_specific\";s:0:\"\";s:10:\"attendance\";N;s:19:\"attendance_specific\";s:0:\"\";s:7:\"invoice\";N;s:8:\"job_info\";s:3:\"all\";s:15:\"account_setting\";s:3:\"all\";s:16:\"final_settelment\";s:3:\"all\";s:8:\"estimate\";N;s:7:\"expense\";N;s:8:\"expiries\";s:3:\"all\";s:10:\"petty_cash\";N;s:6:\"client\";N;s:4:\"lead\";s:3:\"all\";s:6:\"ticket\";N;s:15:\"ticket_specific\";s:0:\"\";s:12:\"announcement\";s:3:\"all\";s:17:\"approve_budgeting\";N;s:23:\"help_and_knowledge_base\";s:3:\"all\";s:23:\"can_manage_all_projects\";s:1:\"1\";s:19:\"can_create_projects\";s:1:\"1\";s:17:\"can_edit_projects\";s:1:\"1\";s:19:\"can_delete_projects\";s:1:\"1\";s:30:\"can_add_remove_project_members\";s:1:\"1\";s:16:\"can_create_tasks\";s:1:\"1\";s:14:\"can_edit_tasks\";s:1:\"1\";s:16:\"can_delete_tasks\";s:1:\"1\";s:20:\"can_comment_on_tasks\";s:1:\"1\";s:24:\"show_assigned_tasks_only\";N;s:21:\"can_create_milestones\";s:1:\"1\";s:19:\"can_edit_milestones\";s:1:\"1\";s:21:\"can_delete_milestones\";s:1:\"1\";s:16:\"can_delete_files\";s:1:\"1\";s:34:\"can_view_team_members_contact_info\";s:1:\"1\";s:34:\"can_view_team_members_social_links\";N;s:29:\"team_member_update_permission\";s:3:\"all\";s:38:\"team_member_update_permission_specific\";s:0:\"\";s:27:\"timesheet_manage_permission\";N;s:36:\"timesheet_manage_permission_specific\";N;s:21:\"disable_event_sharing\";s:1:\"0\";s:22:\"hide_team_members_list\";N;s:28:\"can_delete_leave_application\";s:1:\"1\";s:19:\"can_add_team_member\";s:1:\"1\";s:21:\"can_view_salary_chart\";s:1:\"1\";s:10:\"accounting\";s:3:\"all\";s:7:\"payroll\";s:3:\"all\";s:5:\"eroom\";s:3:\"all\";s:4:\"logs\";s:3:\"all\";s:7:\"reports\";s:3:\"all\";s:25:\"can_access_delivery_notes\";s:1:\"1\";s:25:\"can_create_delivery_notes\";s:1:\"1\";s:23:\"can_edit_delivery_notes\";s:1:\"1\";s:25:\"can_delete_delivery_notes\";s:1:\"1\";s:31:\"delivery_note_manage_permission\";s:3:\"all\";s:40:\"delivery_note_manage_permission_specific\";s:0:\"\";s:20:\"can_access_suppliers\";s:1:\"1\";s:20:\"can_create_suppliers\";s:1:\"1\";s:18:\"can_edit_suppliers\";s:1:\"1\";s:20:\"can_delete_suppliers\";s:1:\"1\";s:26:\"supplier_manage_permission\";s:3:\"all\";s:35:\"supplier_manage_permission_specific\";s:0:\"\";s:26:\"can_access_purchase_orders\";s:1:\"1\";s:26:\"can_create_purchase_orders\";s:1:\"1\";s:24:\"can_edit_purchase_orders\";s:1:\"1\";s:26:\"can_delete_purchase_orders\";s:1:\"1\";s:32:\"purchase_order_manage_permission\";s:3:\"all\";s:41:\"purchase_order_manage_permission_specific\";s:0:\"\";s:16:\"can_access_items\";s:1:\"1\";s:16:\"can_create_items\";s:1:\"1\";s:14:\"can_edit_items\";s:1:\"1\";s:16:\"can_delete_items\";s:1:\"1\";s:22:\"item_manage_permission\";s:3:\"all\";s:31:\"item_manage_permission_specific\";s:0:\"\";s:25:\"can_access_items_category\";s:1:\"1\";s:25:\"can_create_items_category\";s:1:\"1\";s:23:\"can_edit_items_category\";s:1:\"1\";s:25:\"can_delete_items_category\";s:1:\"1\";s:31:\"item_category_manage_permission\";s:3:\"all\";s:40:\"item_category_manage_permission_specific\";s:0:\"\";s:19:\"can_access_expiries\";N;s:21:\"can_access_petty_cash\";N;s:19:\"can_access_expenses\";s:1:\"1\";s:19:\"can_create_expenses\";s:1:\"1\";s:17:\"can_edit_expenses\";s:1:\"1\";s:19:\"can_delete_expenses\";s:1:\"1\";s:25:\"expense_manage_permission\";s:3:\"all\";s:34:\"expense_manage_permission_specific\";s:0:\"\";s:20:\"internal_transaction\";N;s:27:\"can_access_invoice_payments\";s:1:\"1\";s:27:\"can_create_invoice_payments\";s:1:\"1\";s:25:\"can_edit_invoice_payments\";s:1:\"1\";s:27:\"can_delete_invoice_payments\";s:1:\"1\";s:34:\"can_access_purchase_order_payments\";s:1:\"1\";s:34:\"can_create_purchase_order_payments\";s:1:\"1\";s:32:\"can_edit_purchase_order_payments\";s:1:\"1\";s:34:\"can_delete_purchase_order_payments\";s:1:\"1\";s:19:\"can_access_contacts\";N;s:19:\"can_create_contacts\";N;s:17:\"can_edit_contacts\";N;s:19:\"can_delete_contacts\";N;s:25:\"contact_manage_permission\";N;s:34:\"contact_manage_permission_specific\";N;s:18:\"can_access_clients\";s:1:\"1\";s:18:\"can_create_clients\";s:1:\"1\";s:16:\"can_edit_clients\";s:1:\"1\";s:18:\"can_delete_clients\";s:1:\"1\";s:24:\"client_manage_permission\";s:3:\"all\";s:33:\"client_manage_permission_specific\";s:0:\"\";s:16:\"can_access_leads\";s:1:\"1\";s:16:\"can_create_leads\";s:1:\"1\";s:14:\"can_edit_leads\";s:1:\"1\";s:16:\"can_delete_leads\";s:1:\"1\";s:23:\"leads_manage_permission\";s:3:\"all\";s:32:\"leads_manage_permission_specific\";s:0:\"\";s:19:\"can_access_invoices\";s:1:\"1\";s:19:\"can_create_invoices\";s:1:\"1\";s:17:\"can_edit_invoices\";s:1:\"1\";s:19:\"can_delete_invoices\";s:1:\"1\";s:25:\"invoice_manage_permission\";s:3:\"all\";s:34:\"invoice_manage_permission_specific\";s:0:\"\";s:26:\"can_access_invoices_return\";s:1:\"1\";s:26:\"can_create_invoices_return\";s:1:\"1\";s:24:\"can_edit_invoices_return\";s:1:\"1\";s:26:\"can_delete_invoices_return\";s:1:\"1\";s:32:\"invoice_return_manage_permission\";s:3:\"all\";s:41:\"invoice_return_manage_permission_specific\";s:0:\"\";s:20:\"can_access_estimates\";s:1:\"1\";s:20:\"can_create_estimates\";s:1:\"1\";s:18:\"can_edit_estimates\";s:1:\"1\";s:20:\"can_delete_estimates\";s:1:\"1\";s:26:\"estimate_manage_permission\";s:3:\"all\";s:35:\"estimate_manage_permission_specific\";s:0:\"\";s:16:\"estimate_request\";N;s:8:\"discount\";i:0;s:8:\"expenses\";s:3:\"all\";s:9:\"estimates\";s:3:\"all\";s:8:\"invoices\";s:3:\"all\";s:16:\"invoice_payments\";s:3:\"all\";s:14:\"delivery_notes\";s:3:\"all\";s:15:\"purchase_orders\";s:3:\"all\";s:23:\"purchase_order_payments\";s:3:\"all\";s:8:\"payrolls\";N;s:21:\"internal_transactions\";N;}',0),(19,'role t',NULL,1),(20,'acc 2','a:143:{s:5:\"leave\";N;s:14:\"leave_specific\";s:0:\"\";s:10:\"attendance\";N;s:19:\"attendance_specific\";s:0:\"\";s:7:\"invoice\";N;s:8:\"job_info\";N;s:15:\"account_setting\";N;s:16:\"final_settelment\";N;s:8:\"estimate\";N;s:7:\"expense\";N;s:8:\"expiries\";N;s:10:\"petty_cash\";N;s:6:\"client\";N;s:4:\"lead\";N;s:6:\"ticket\";N;s:15:\"ticket_specific\";s:0:\"\";s:12:\"announcement\";N;s:17:\"approve_budgeting\";N;s:23:\"help_and_knowledge_base\";N;s:23:\"can_manage_all_projects\";s:1:\"0\";s:19:\"can_create_projects\";s:1:\"1\";s:17:\"can_edit_projects\";s:1:\"1\";s:19:\"can_delete_projects\";s:1:\"1\";s:30:\"can_add_remove_project_members\";N;s:16:\"can_create_tasks\";s:1:\"1\";s:14:\"can_edit_tasks\";s:1:\"1\";s:16:\"can_delete_tasks\";s:1:\"1\";s:20:\"can_comment_on_tasks\";N;s:24:\"show_assigned_tasks_only\";N;s:21:\"can_create_milestones\";s:1:\"1\";s:19:\"can_edit_milestones\";N;s:21:\"can_delete_milestones\";N;s:16:\"can_delete_files\";N;s:34:\"can_view_team_members_contact_info\";N;s:34:\"can_view_team_members_social_links\";N;s:29:\"team_member_update_permission\";N;s:38:\"team_member_update_permission_specific\";s:0:\"\";s:27:\"timesheet_manage_permission\";N;s:36:\"timesheet_manage_permission_specific\";N;s:21:\"disable_event_sharing\";N;s:22:\"hide_team_members_list\";N;s:28:\"can_delete_leave_application\";N;s:19:\"can_add_team_member\";N;s:21:\"can_view_salary_chart\";N;s:10:\"accounting\";N;s:7:\"payroll\";N;s:5:\"eroom\";N;s:4:\"logs\";N;s:7:\"reports\";N;s:25:\"can_access_delivery_notes\";N;s:25:\"can_create_delivery_notes\";N;s:23:\"can_edit_delivery_notes\";N;s:25:\"can_delete_delivery_notes\";N;s:31:\"delivery_note_manage_permission\";N;s:40:\"delivery_note_manage_permission_specific\";s:0:\"\";s:20:\"can_access_suppliers\";N;s:20:\"can_create_suppliers\";N;s:18:\"can_edit_suppliers\";N;s:20:\"can_delete_suppliers\";N;s:26:\"supplier_manage_permission\";N;s:35:\"supplier_manage_permission_specific\";s:0:\"\";s:26:\"can_access_purchase_orders\";N;s:26:\"can_create_purchase_orders\";N;s:24:\"can_edit_purchase_orders\";N;s:26:\"can_delete_purchase_orders\";N;s:32:\"purchase_order_manage_permission\";N;s:41:\"purchase_order_manage_permission_specific\";s:0:\"\";s:16:\"can_access_items\";N;s:16:\"can_create_items\";N;s:14:\"can_edit_items\";N;s:16:\"can_delete_items\";N;s:22:\"item_manage_permission\";N;s:31:\"item_manage_permission_specific\";s:0:\"\";s:25:\"can_access_items_category\";N;s:25:\"can_create_items_category\";N;s:23:\"can_edit_items_category\";N;s:25:\"can_delete_items_category\";N;s:31:\"item_category_manage_permission\";N;s:40:\"item_category_manage_permission_specific\";s:0:\"\";s:19:\"can_access_expiries\";N;s:21:\"can_access_petty_cash\";N;s:19:\"can_access_expenses\";s:1:\"1\";s:19:\"can_create_expenses\";s:1:\"1\";s:17:\"can_edit_expenses\";s:1:\"1\";s:19:\"can_delete_expenses\";s:1:\"1\";s:25:\"expense_manage_permission\";N;s:34:\"expense_manage_permission_specific\";s:0:\"\";s:20:\"internal_transaction\";N;s:27:\"can_access_invoice_payments\";N;s:27:\"can_create_invoice_payments\";N;s:25:\"can_edit_invoice_payments\";N;s:27:\"can_delete_invoice_payments\";N;s:34:\"can_access_purchase_order_payments\";N;s:34:\"can_create_purchase_order_payments\";N;s:32:\"can_edit_purchase_order_payments\";N;s:34:\"can_delete_purchase_order_payments\";N;s:19:\"can_access_contacts\";N;s:19:\"can_create_contacts\";N;s:17:\"can_edit_contacts\";N;s:19:\"can_delete_contacts\";N;s:25:\"contact_manage_permission\";N;s:34:\"contact_manage_permission_specific\";N;s:18:\"can_access_clients\";s:1:\"1\";s:18:\"can_create_clients\";s:1:\"1\";s:16:\"can_edit_clients\";s:1:\"1\";s:18:\"can_delete_clients\";s:1:\"1\";s:24:\"client_manage_permission\";s:8:\"specific\";s:33:\"client_manage_permission_specific\";s:0:\"\";s:16:\"can_access_leads\";s:1:\"1\";s:16:\"can_create_leads\";s:1:\"1\";s:14:\"can_edit_leads\";s:1:\"1\";s:16:\"can_delete_leads\";s:1:\"1\";s:23:\"leads_manage_permission\";N;s:32:\"leads_manage_permission_specific\";s:0:\"\";s:19:\"can_access_invoices\";s:1:\"1\";s:19:\"can_create_invoices\";s:1:\"1\";s:17:\"can_edit_invoices\";N;s:19:\"can_delete_invoices\";N;s:25:\"invoice_manage_permission\";N;s:34:\"invoice_manage_permission_specific\";s:0:\"\";s:26:\"can_access_invoices_return\";s:1:\"1\";s:26:\"can_create_invoices_return\";s:1:\"1\";s:24:\"can_edit_invoices_return\";s:1:\"1\";s:26:\"can_delete_invoices_return\";s:1:\"1\";s:32:\"invoice_return_manage_permission\";N;s:41:\"invoice_return_manage_permission_specific\";s:0:\"\";s:20:\"can_access_estimates\";s:1:\"1\";s:20:\"can_create_estimates\";s:1:\"1\";s:18:\"can_edit_estimates\";N;s:20:\"can_delete_estimates\";N;s:26:\"estimate_manage_permission\";N;s:35:\"estimate_manage_permission_specific\";s:0:\"\";s:16:\"estimate_request\";N;s:8:\"discount\";i:0;s:8:\"expenses\";s:3:\"all\";s:9:\"estimates\";s:0:\"\";s:8:\"invoices\";N;s:16:\"invoice_payments\";N;s:14:\"delivery_notes\";N;s:15:\"purchase_orders\";N;s:23:\"purchase_order_payments\";N;s:8:\"payrolls\";N;s:21:\"internal_transactions\";N;}',1),(21,'Management',NULL,1),(22,'Senior accountant ','a:143:{s:5:\"leave\";N;s:14:\"leave_specific\";s:0:\"\";s:10:\"attendance\";N;s:19:\"attendance_specific\";s:0:\"\";s:7:\"invoice\";N;s:8:\"job_info\";N;s:15:\"account_setting\";N;s:16:\"final_settelment\";N;s:8:\"estimate\";N;s:7:\"expense\";N;s:8:\"expiries\";N;s:10:\"petty_cash\";N;s:6:\"client\";N;s:4:\"lead\";N;s:6:\"ticket\";N;s:15:\"ticket_specific\";s:0:\"\";s:12:\"announcement\";N;s:17:\"approve_budgeting\";N;s:23:\"help_and_knowledge_base\";N;s:23:\"can_manage_all_projects\";s:1:\"0\";s:19:\"can_create_projects\";s:1:\"1\";s:17:\"can_edit_projects\";s:1:\"1\";s:19:\"can_delete_projects\";s:1:\"1\";s:30:\"can_add_remove_project_members\";N;s:16:\"can_create_tasks\";s:1:\"1\";s:14:\"can_edit_tasks\";N;s:16:\"can_delete_tasks\";N;s:20:\"can_comment_on_tasks\";N;s:24:\"show_assigned_tasks_only\";N;s:21:\"can_create_milestones\";N;s:19:\"can_edit_milestones\";N;s:21:\"can_delete_milestones\";N;s:16:\"can_delete_files\";N;s:34:\"can_view_team_members_contact_info\";N;s:34:\"can_view_team_members_social_links\";N;s:29:\"team_member_update_permission\";N;s:38:\"team_member_update_permission_specific\";s:0:\"\";s:27:\"timesheet_manage_permission\";N;s:36:\"timesheet_manage_permission_specific\";N;s:21:\"disable_event_sharing\";N;s:22:\"hide_team_members_list\";N;s:28:\"can_delete_leave_application\";N;s:19:\"can_add_team_member\";N;s:21:\"can_view_salary_chart\";N;s:10:\"accounting\";N;s:7:\"payroll\";N;s:5:\"eroom\";N;s:4:\"logs\";N;s:7:\"reports\";N;s:25:\"can_access_delivery_notes\";N;s:25:\"can_create_delivery_notes\";N;s:23:\"can_edit_delivery_notes\";N;s:25:\"can_delete_delivery_notes\";N;s:31:\"delivery_note_manage_permission\";N;s:40:\"delivery_note_manage_permission_specific\";s:0:\"\";s:20:\"can_access_suppliers\";N;s:20:\"can_create_suppliers\";N;s:18:\"can_edit_suppliers\";N;s:20:\"can_delete_suppliers\";N;s:26:\"supplier_manage_permission\";N;s:35:\"supplier_manage_permission_specific\";s:0:\"\";s:26:\"can_access_purchase_orders\";N;s:26:\"can_create_purchase_orders\";N;s:24:\"can_edit_purchase_orders\";N;s:26:\"can_delete_purchase_orders\";N;s:32:\"purchase_order_manage_permission\";N;s:41:\"purchase_order_manage_permission_specific\";s:0:\"\";s:16:\"can_access_items\";N;s:16:\"can_create_items\";N;s:14:\"can_edit_items\";N;s:16:\"can_delete_items\";N;s:22:\"item_manage_permission\";N;s:31:\"item_manage_permission_specific\";s:0:\"\";s:25:\"can_access_items_category\";N;s:25:\"can_create_items_category\";N;s:23:\"can_edit_items_category\";N;s:25:\"can_delete_items_category\";N;s:31:\"item_category_manage_permission\";N;s:40:\"item_category_manage_permission_specific\";s:0:\"\";s:19:\"can_access_expiries\";N;s:21:\"can_access_petty_cash\";N;s:19:\"can_access_expenses\";N;s:19:\"can_create_expenses\";N;s:17:\"can_edit_expenses\";N;s:19:\"can_delete_expenses\";N;s:25:\"expense_manage_permission\";N;s:34:\"expense_manage_permission_specific\";s:0:\"\";s:20:\"internal_transaction\";N;s:27:\"can_access_invoice_payments\";N;s:27:\"can_create_invoice_payments\";N;s:25:\"can_edit_invoice_payments\";N;s:27:\"can_delete_invoice_payments\";N;s:34:\"can_access_purchase_order_payments\";N;s:34:\"can_create_purchase_order_payments\";N;s:32:\"can_edit_purchase_order_payments\";N;s:34:\"can_delete_purchase_order_payments\";N;s:19:\"can_access_contacts\";N;s:19:\"can_create_contacts\";N;s:17:\"can_edit_contacts\";N;s:19:\"can_delete_contacts\";N;s:25:\"contact_manage_permission\";N;s:34:\"contact_manage_permission_specific\";N;s:18:\"can_access_clients\";N;s:18:\"can_create_clients\";N;s:16:\"can_edit_clients\";N;s:18:\"can_delete_clients\";N;s:24:\"client_manage_permission\";N;s:33:\"client_manage_permission_specific\";s:0:\"\";s:16:\"can_access_leads\";N;s:16:\"can_create_leads\";N;s:14:\"can_edit_leads\";N;s:16:\"can_delete_leads\";N;s:23:\"leads_manage_permission\";N;s:32:\"leads_manage_permission_specific\";s:0:\"\";s:19:\"can_access_invoices\";N;s:19:\"can_create_invoices\";N;s:17:\"can_edit_invoices\";N;s:19:\"can_delete_invoices\";N;s:25:\"invoice_manage_permission\";N;s:34:\"invoice_manage_permission_specific\";s:0:\"\";s:26:\"can_access_invoices_return\";N;s:26:\"can_create_invoices_return\";N;s:24:\"can_edit_invoices_return\";N;s:26:\"can_delete_invoices_return\";N;s:32:\"invoice_return_manage_permission\";N;s:41:\"invoice_return_manage_permission_specific\";s:0:\"\";s:20:\"can_access_estimates\";N;s:20:\"can_create_estimates\";N;s:18:\"can_edit_estimates\";N;s:20:\"can_delete_estimates\";N;s:26:\"estimate_manage_permission\";N;s:35:\"estimate_manage_permission_specific\";s:0:\"\";s:16:\"estimate_request\";N;s:8:\"discount\";i:0;s:8:\"expenses\";N;s:9:\"estimates\";N;s:8:\"invoices\";N;s:16:\"invoice_payments\";N;s:14:\"delivery_notes\";N;s:15:\"purchase_orders\";N;s:23:\"purchase_order_payments\";N;s:8:\"payrolls\";N;s:21:\"internal_transactions\";N;}',1),(23,'Head Business & Projects','a:143:{s:5:\"leave\";s:3:\"all\";s:14:\"leave_specific\";s:0:\"\";s:10:\"attendance\";N;s:19:\"attendance_specific\";s:0:\"\";s:7:\"invoice\";N;s:8:\"job_info\";s:0:\"\";s:15:\"account_setting\";s:0:\"\";s:16:\"final_settelment\";s:0:\"\";s:8:\"estimate\";N;s:7:\"expense\";N;s:8:\"expiries\";s:0:\"\";s:10:\"petty_cash\";N;s:6:\"client\";N;s:4:\"lead\";s:3:\"all\";s:6:\"ticket\";N;s:15:\"ticket_specific\";s:0:\"\";s:12:\"announcement\";s:3:\"all\";s:17:\"approve_budgeting\";N;s:23:\"help_and_knowledge_base\";s:3:\"all\";s:23:\"can_manage_all_projects\";s:1:\"1\";s:19:\"can_create_projects\";s:1:\"1\";s:17:\"can_edit_projects\";s:1:\"1\";s:19:\"can_delete_projects\";s:1:\"1\";s:30:\"can_add_remove_project_members\";s:1:\"1\";s:16:\"can_create_tasks\";s:1:\"1\";s:14:\"can_edit_tasks\";s:1:\"1\";s:16:\"can_delete_tasks\";s:1:\"1\";s:20:\"can_comment_on_tasks\";s:1:\"1\";s:24:\"show_assigned_tasks_only\";N;s:21:\"can_create_milestones\";s:1:\"1\";s:19:\"can_edit_milestones\";s:1:\"1\";s:21:\"can_delete_milestones\";s:1:\"1\";s:16:\"can_delete_files\";s:1:\"1\";s:34:\"can_view_team_members_contact_info\";s:1:\"1\";s:34:\"can_view_team_members_social_links\";N;s:29:\"team_member_update_permission\";s:3:\"all\";s:38:\"team_member_update_permission_specific\";s:0:\"\";s:27:\"timesheet_manage_permission\";N;s:36:\"timesheet_manage_permission_specific\";N;s:21:\"disable_event_sharing\";s:1:\"0\";s:22:\"hide_team_members_list\";N;s:28:\"can_delete_leave_application\";s:1:\"1\";s:19:\"can_add_team_member\";N;s:21:\"can_view_salary_chart\";s:1:\"0\";s:10:\"accounting\";s:0:\"\";s:7:\"payroll\";s:0:\"\";s:5:\"eroom\";s:3:\"all\";s:4:\"logs\";s:3:\"all\";s:7:\"reports\";s:3:\"all\";s:25:\"can_access_delivery_notes\";s:1:\"1\";s:25:\"can_create_delivery_notes\";s:1:\"1\";s:23:\"can_edit_delivery_notes\";s:1:\"1\";s:25:\"can_delete_delivery_notes\";N;s:31:\"delivery_note_manage_permission\";s:3:\"all\";s:40:\"delivery_note_manage_permission_specific\";s:0:\"\";s:20:\"can_access_suppliers\";s:1:\"1\";s:20:\"can_create_suppliers\";s:1:\"1\";s:18:\"can_edit_suppliers\";s:1:\"1\";s:20:\"can_delete_suppliers\";N;s:26:\"supplier_manage_permission\";s:3:\"all\";s:35:\"supplier_manage_permission_specific\";s:0:\"\";s:26:\"can_access_purchase_orders\";s:1:\"1\";s:26:\"can_create_purchase_orders\";s:1:\"1\";s:24:\"can_edit_purchase_orders\";s:1:\"1\";s:26:\"can_delete_purchase_orders\";N;s:32:\"purchase_order_manage_permission\";s:3:\"all\";s:41:\"purchase_order_manage_permission_specific\";s:0:\"\";s:16:\"can_access_items\";s:1:\"1\";s:16:\"can_create_items\";s:1:\"1\";s:14:\"can_edit_items\";s:1:\"1\";s:16:\"can_delete_items\";N;s:22:\"item_manage_permission\";s:3:\"all\";s:31:\"item_manage_permission_specific\";s:0:\"\";s:25:\"can_access_items_category\";s:1:\"1\";s:25:\"can_create_items_category\";s:1:\"1\";s:23:\"can_edit_items_category\";s:1:\"1\";s:25:\"can_delete_items_category\";N;s:31:\"item_category_manage_permission\";s:3:\"all\";s:40:\"item_category_manage_permission_specific\";s:0:\"\";s:19:\"can_access_expiries\";N;s:21:\"can_access_petty_cash\";N;s:19:\"can_access_expenses\";s:1:\"1\";s:19:\"can_create_expenses\";s:1:\"1\";s:17:\"can_edit_expenses\";s:1:\"1\";s:19:\"can_delete_expenses\";s:1:\"1\";s:25:\"expense_manage_permission\";s:3:\"all\";s:34:\"expense_manage_permission_specific\";s:0:\"\";s:20:\"internal_transaction\";N;s:27:\"can_access_invoice_payments\";s:1:\"1\";s:27:\"can_create_invoice_payments\";s:1:\"1\";s:25:\"can_edit_invoice_payments\";s:1:\"1\";s:27:\"can_delete_invoice_payments\";N;s:34:\"can_access_purchase_order_payments\";s:1:\"1\";s:34:\"can_create_purchase_order_payments\";s:1:\"1\";s:32:\"can_edit_purchase_order_payments\";s:1:\"1\";s:34:\"can_delete_purchase_order_payments\";N;s:19:\"can_access_contacts\";N;s:19:\"can_create_contacts\";N;s:17:\"can_edit_contacts\";N;s:19:\"can_delete_contacts\";N;s:25:\"contact_manage_permission\";N;s:34:\"contact_manage_permission_specific\";N;s:18:\"can_access_clients\";s:1:\"1\";s:18:\"can_create_clients\";s:1:\"1\";s:16:\"can_edit_clients\";s:1:\"1\";s:18:\"can_delete_clients\";N;s:24:\"client_manage_permission\";s:3:\"all\";s:33:\"client_manage_permission_specific\";s:0:\"\";s:16:\"can_access_leads\";s:1:\"1\";s:16:\"can_create_leads\";s:1:\"1\";s:14:\"can_edit_leads\";s:1:\"1\";s:16:\"can_delete_leads\";N;s:23:\"leads_manage_permission\";s:3:\"all\";s:32:\"leads_manage_permission_specific\";s:0:\"\";s:19:\"can_access_invoices\";s:1:\"1\";s:19:\"can_create_invoices\";s:1:\"1\";s:17:\"can_edit_invoices\";s:1:\"1\";s:19:\"can_delete_invoices\";N;s:25:\"invoice_manage_permission\";s:3:\"all\";s:34:\"invoice_manage_permission_specific\";s:0:\"\";s:26:\"can_access_invoices_return\";s:1:\"1\";s:26:\"can_create_invoices_return\";s:1:\"1\";s:24:\"can_edit_invoices_return\";s:1:\"1\";s:26:\"can_delete_invoices_return\";N;s:32:\"invoice_return_manage_permission\";s:3:\"all\";s:41:\"invoice_return_manage_permission_specific\";s:0:\"\";s:20:\"can_access_estimates\";s:1:\"1\";s:20:\"can_create_estimates\";s:1:\"1\";s:18:\"can_edit_estimates\";s:1:\"1\";s:20:\"can_delete_estimates\";N;s:26:\"estimate_manage_permission\";s:3:\"all\";s:35:\"estimate_manage_permission_specific\";s:0:\"\";s:16:\"estimate_request\";N;s:8:\"discount\";i:0;s:8:\"expenses\";s:3:\"all\";s:9:\"estimates\";s:3:\"all\";s:8:\"invoices\";s:3:\"all\";s:16:\"invoice_payments\";s:3:\"all\";s:14:\"delivery_notes\";s:3:\"all\";s:15:\"purchase_orders\";s:3:\"all\";s:23:\"purchase_order_payments\";s:3:\"all\";s:8:\"payrolls\";N;s:21:\"internal_transactions\";N;}',0),(24,'Purchase Manager','a:143:{s:5:\"leave\";N;s:14:\"leave_specific\";s:0:\"\";s:10:\"attendance\";N;s:19:\"attendance_specific\";s:0:\"\";s:7:\"invoice\";N;s:8:\"job_info\";N;s:15:\"account_setting\";N;s:16:\"final_settelment\";N;s:8:\"estimate\";N;s:7:\"expense\";N;s:8:\"expiries\";N;s:10:\"petty_cash\";N;s:6:\"client\";N;s:4:\"lead\";N;s:6:\"ticket\";N;s:15:\"ticket_specific\";s:0:\"\";s:12:\"announcement\";N;s:17:\"approve_budgeting\";N;s:23:\"help_and_knowledge_base\";N;s:23:\"can_manage_all_projects\";N;s:19:\"can_create_projects\";N;s:17:\"can_edit_projects\";N;s:19:\"can_delete_projects\";N;s:30:\"can_add_remove_project_members\";N;s:16:\"can_create_tasks\";N;s:14:\"can_edit_tasks\";N;s:16:\"can_delete_tasks\";N;s:20:\"can_comment_on_tasks\";N;s:24:\"show_assigned_tasks_only\";N;s:21:\"can_create_milestones\";N;s:19:\"can_edit_milestones\";N;s:21:\"can_delete_milestones\";N;s:16:\"can_delete_files\";N;s:34:\"can_view_team_members_contact_info\";N;s:34:\"can_view_team_members_social_links\";N;s:29:\"team_member_update_permission\";N;s:38:\"team_member_update_permission_specific\";s:0:\"\";s:27:\"timesheet_manage_permission\";N;s:36:\"timesheet_manage_permission_specific\";N;s:21:\"disable_event_sharing\";N;s:22:\"hide_team_members_list\";N;s:28:\"can_delete_leave_application\";N;s:19:\"can_add_team_member\";N;s:21:\"can_view_salary_chart\";N;s:10:\"accounting\";N;s:7:\"payroll\";N;s:5:\"eroom\";N;s:4:\"logs\";N;s:7:\"reports\";N;s:25:\"can_access_delivery_notes\";N;s:25:\"can_create_delivery_notes\";N;s:23:\"can_edit_delivery_notes\";N;s:25:\"can_delete_delivery_notes\";N;s:31:\"delivery_note_manage_permission\";N;s:40:\"delivery_note_manage_permission_specific\";s:0:\"\";s:20:\"can_access_suppliers\";N;s:20:\"can_create_suppliers\";N;s:18:\"can_edit_suppliers\";N;s:20:\"can_delete_suppliers\";N;s:26:\"supplier_manage_permission\";N;s:35:\"supplier_manage_permission_specific\";s:0:\"\";s:26:\"can_access_purchase_orders\";N;s:26:\"can_create_purchase_orders\";N;s:24:\"can_edit_purchase_orders\";N;s:26:\"can_delete_purchase_orders\";N;s:32:\"purchase_order_manage_permission\";N;s:41:\"purchase_order_manage_permission_specific\";s:0:\"\";s:16:\"can_access_items\";N;s:16:\"can_create_items\";N;s:14:\"can_edit_items\";N;s:16:\"can_delete_items\";N;s:22:\"item_manage_permission\";N;s:31:\"item_manage_permission_specific\";s:0:\"\";s:25:\"can_access_items_category\";N;s:25:\"can_create_items_category\";N;s:23:\"can_edit_items_category\";N;s:25:\"can_delete_items_category\";N;s:31:\"item_category_manage_permission\";N;s:40:\"item_category_manage_permission_specific\";s:0:\"\";s:19:\"can_access_expiries\";N;s:21:\"can_access_petty_cash\";N;s:19:\"can_access_expenses\";s:1:\"1\";s:19:\"can_create_expenses\";s:1:\"1\";s:17:\"can_edit_expenses\";s:1:\"1\";s:19:\"can_delete_expenses\";s:1:\"1\";s:25:\"expense_manage_permission\";s:0:\"\";s:34:\"expense_manage_permission_specific\";s:0:\"\";s:20:\"internal_transaction\";N;s:27:\"can_access_invoice_payments\";N;s:27:\"can_create_invoice_payments\";N;s:25:\"can_edit_invoice_payments\";N;s:27:\"can_delete_invoice_payments\";N;s:34:\"can_access_purchase_order_payments\";N;s:34:\"can_create_purchase_order_payments\";N;s:32:\"can_edit_purchase_order_payments\";N;s:34:\"can_delete_purchase_order_payments\";N;s:19:\"can_access_contacts\";N;s:19:\"can_create_contacts\";N;s:17:\"can_edit_contacts\";N;s:19:\"can_delete_contacts\";N;s:25:\"contact_manage_permission\";N;s:34:\"contact_manage_permission_specific\";N;s:18:\"can_access_clients\";N;s:18:\"can_create_clients\";N;s:16:\"can_edit_clients\";N;s:18:\"can_delete_clients\";N;s:24:\"client_manage_permission\";N;s:33:\"client_manage_permission_specific\";s:0:\"\";s:16:\"can_access_leads\";N;s:16:\"can_create_leads\";N;s:14:\"can_edit_leads\";N;s:16:\"can_delete_leads\";N;s:23:\"leads_manage_permission\";N;s:32:\"leads_manage_permission_specific\";s:0:\"\";s:19:\"can_access_invoices\";N;s:19:\"can_create_invoices\";N;s:17:\"can_edit_invoices\";N;s:19:\"can_delete_invoices\";N;s:25:\"invoice_manage_permission\";N;s:34:\"invoice_manage_permission_specific\";s:0:\"\";s:26:\"can_access_invoices_return\";N;s:26:\"can_create_invoices_return\";N;s:24:\"can_edit_invoices_return\";N;s:26:\"can_delete_invoices_return\";N;s:32:\"invoice_return_manage_permission\";N;s:41:\"invoice_return_manage_permission_specific\";s:0:\"\";s:20:\"can_access_estimates\";N;s:20:\"can_create_estimates\";N;s:18:\"can_edit_estimates\";N;s:20:\"can_delete_estimates\";N;s:26:\"estimate_manage_permission\";N;s:35:\"estimate_manage_permission_specific\";s:0:\"\";s:16:\"estimate_request\";N;s:8:\"discount\";i:0;s:8:\"expenses\";N;s:9:\"estimates\";N;s:8:\"invoices\";N;s:16:\"invoice_payments\";N;s:14:\"delivery_notes\";N;s:15:\"purchase_orders\";N;s:23:\"purchase_order_payments\";N;s:8:\"payrolls\";N;s:21:\"internal_transactions\";N;}',0),(25,'Assistant  Accountant','a:143:{s:5:\"leave\";s:3:\"all\";s:14:\"leave_specific\";s:0:\"\";s:10:\"attendance\";N;s:19:\"attendance_specific\";s:0:\"\";s:7:\"invoice\";N;s:8:\"job_info\";s:3:\"all\";s:15:\"account_setting\";s:3:\"all\";s:16:\"final_settelment\";s:3:\"all\";s:8:\"estimate\";N;s:7:\"expense\";N;s:8:\"expiries\";s:3:\"all\";s:10:\"petty_cash\";N;s:6:\"client\";N;s:4:\"lead\";s:3:\"all\";s:6:\"ticket\";N;s:15:\"ticket_specific\";s:0:\"\";s:12:\"announcement\";s:3:\"all\";s:17:\"approve_budgeting\";N;s:23:\"help_and_knowledge_base\";s:3:\"all\";s:23:\"can_manage_all_projects\";s:1:\"1\";s:19:\"can_create_projects\";s:1:\"1\";s:17:\"can_edit_projects\";s:1:\"1\";s:19:\"can_delete_projects\";s:1:\"1\";s:30:\"can_add_remove_project_members\";s:1:\"1\";s:16:\"can_create_tasks\";s:1:\"1\";s:14:\"can_edit_tasks\";s:1:\"1\";s:16:\"can_delete_tasks\";s:1:\"1\";s:20:\"can_comment_on_tasks\";s:1:\"1\";s:24:\"show_assigned_tasks_only\";N;s:21:\"can_create_milestones\";s:1:\"1\";s:19:\"can_edit_milestones\";s:1:\"1\";s:21:\"can_delete_milestones\";s:1:\"1\";s:16:\"can_delete_files\";s:1:\"1\";s:34:\"can_view_team_members_contact_info\";s:1:\"1\";s:34:\"can_view_team_members_social_links\";N;s:29:\"team_member_update_permission\";s:3:\"all\";s:38:\"team_member_update_permission_specific\";s:0:\"\";s:27:\"timesheet_manage_permission\";N;s:36:\"timesheet_manage_permission_specific\";N;s:21:\"disable_event_sharing\";s:1:\"1\";s:22:\"hide_team_members_list\";s:1:\"1\";s:28:\"can_delete_leave_application\";s:1:\"1\";s:19:\"can_add_team_member\";s:1:\"1\";s:21:\"can_view_salary_chart\";s:1:\"1\";s:10:\"accounting\";s:3:\"all\";s:7:\"payroll\";s:3:\"all\";s:5:\"eroom\";s:3:\"all\";s:4:\"logs\";s:3:\"all\";s:7:\"reports\";s:3:\"all\";s:25:\"can_access_delivery_notes\";s:1:\"1\";s:25:\"can_create_delivery_notes\";s:1:\"1\";s:23:\"can_edit_delivery_notes\";s:1:\"1\";s:25:\"can_delete_delivery_notes\";s:1:\"1\";s:31:\"delivery_note_manage_permission\";s:3:\"all\";s:40:\"delivery_note_manage_permission_specific\";s:0:\"\";s:20:\"can_access_suppliers\";s:1:\"1\";s:20:\"can_create_suppliers\";s:1:\"1\";s:18:\"can_edit_suppliers\";s:1:\"1\";s:20:\"can_delete_suppliers\";s:1:\"1\";s:26:\"supplier_manage_permission\";s:3:\"all\";s:35:\"supplier_manage_permission_specific\";s:0:\"\";s:26:\"can_access_purchase_orders\";s:1:\"1\";s:26:\"can_create_purchase_orders\";s:1:\"1\";s:24:\"can_edit_purchase_orders\";s:1:\"1\";s:26:\"can_delete_purchase_orders\";s:1:\"1\";s:32:\"purchase_order_manage_permission\";s:3:\"all\";s:41:\"purchase_order_manage_permission_specific\";s:0:\"\";s:16:\"can_access_items\";s:1:\"1\";s:16:\"can_create_items\";s:1:\"1\";s:14:\"can_edit_items\";s:1:\"1\";s:16:\"can_delete_items\";s:1:\"1\";s:22:\"item_manage_permission\";s:3:\"all\";s:31:\"item_manage_permission_specific\";s:0:\"\";s:25:\"can_access_items_category\";s:1:\"1\";s:25:\"can_create_items_category\";s:1:\"1\";s:23:\"can_edit_items_category\";s:1:\"1\";s:25:\"can_delete_items_category\";s:1:\"1\";s:31:\"item_category_manage_permission\";s:3:\"all\";s:40:\"item_category_manage_permission_specific\";s:0:\"\";s:19:\"can_access_expiries\";N;s:21:\"can_access_petty_cash\";N;s:19:\"can_access_expenses\";s:1:\"1\";s:19:\"can_create_expenses\";s:1:\"1\";s:17:\"can_edit_expenses\";s:1:\"1\";s:19:\"can_delete_expenses\";s:1:\"1\";s:25:\"expense_manage_permission\";s:3:\"all\";s:34:\"expense_manage_permission_specific\";s:0:\"\";s:20:\"internal_transaction\";N;s:27:\"can_access_invoice_payments\";s:1:\"1\";s:27:\"can_create_invoice_payments\";s:1:\"1\";s:25:\"can_edit_invoice_payments\";s:1:\"1\";s:27:\"can_delete_invoice_payments\";s:1:\"1\";s:34:\"can_access_purchase_order_payments\";s:1:\"1\";s:34:\"can_create_purchase_order_payments\";s:1:\"1\";s:32:\"can_edit_purchase_order_payments\";s:1:\"1\";s:34:\"can_delete_purchase_order_payments\";s:1:\"1\";s:19:\"can_access_contacts\";N;s:19:\"can_create_contacts\";N;s:17:\"can_edit_contacts\";N;s:19:\"can_delete_contacts\";N;s:25:\"contact_manage_permission\";N;s:34:\"contact_manage_permission_specific\";N;s:18:\"can_access_clients\";s:1:\"1\";s:18:\"can_create_clients\";s:1:\"1\";s:16:\"can_edit_clients\";s:1:\"1\";s:18:\"can_delete_clients\";s:1:\"1\";s:24:\"client_manage_permission\";s:3:\"all\";s:33:\"client_manage_permission_specific\";s:0:\"\";s:16:\"can_access_leads\";s:1:\"1\";s:16:\"can_create_leads\";s:1:\"1\";s:14:\"can_edit_leads\";s:1:\"1\";s:16:\"can_delete_leads\";s:1:\"1\";s:23:\"leads_manage_permission\";s:3:\"all\";s:32:\"leads_manage_permission_specific\";s:0:\"\";s:19:\"can_access_invoices\";s:1:\"1\";s:19:\"can_create_invoices\";s:1:\"1\";s:17:\"can_edit_invoices\";s:1:\"1\";s:19:\"can_delete_invoices\";s:1:\"1\";s:25:\"invoice_manage_permission\";s:3:\"all\";s:34:\"invoice_manage_permission_specific\";s:0:\"\";s:26:\"can_access_invoices_return\";s:1:\"1\";s:26:\"can_create_invoices_return\";s:1:\"1\";s:24:\"can_edit_invoices_return\";s:1:\"1\";s:26:\"can_delete_invoices_return\";s:1:\"1\";s:32:\"invoice_return_manage_permission\";s:3:\"all\";s:41:\"invoice_return_manage_permission_specific\";s:0:\"\";s:20:\"can_access_estimates\";s:1:\"1\";s:20:\"can_create_estimates\";s:1:\"1\";s:18:\"can_edit_estimates\";s:1:\"1\";s:20:\"can_delete_estimates\";s:1:\"1\";s:26:\"estimate_manage_permission\";s:3:\"all\";s:35:\"estimate_manage_permission_specific\";s:0:\"\";s:16:\"estimate_request\";N;s:8:\"discount\";i:0;s:8:\"expenses\";s:3:\"all\";s:9:\"estimates\";s:3:\"all\";s:8:\"invoices\";s:3:\"all\";s:16:\"invoice_payments\";s:3:\"all\";s:14:\"delivery_notes\";s:3:\"all\";s:15:\"purchase_orders\";s:3:\"all\";s:23:\"purchase_order_payments\";s:3:\"all\";s:8:\"payrolls\";N;s:21:\"internal_transactions\";N;}',0),(26,'Projects Manager','a:143:{s:5:\"leave\";s:0:\"\";s:14:\"leave_specific\";s:0:\"\";s:10:\"attendance\";N;s:19:\"attendance_specific\";s:0:\"\";s:7:\"invoice\";N;s:8:\"job_info\";s:0:\"\";s:15:\"account_setting\";s:0:\"\";s:16:\"final_settelment\";N;s:8:\"estimate\";N;s:7:\"expense\";N;s:8:\"expiries\";s:0:\"\";s:10:\"petty_cash\";N;s:6:\"client\";N;s:4:\"lead\";N;s:6:\"ticket\";N;s:15:\"ticket_specific\";s:0:\"\";s:12:\"announcement\";s:3:\"all\";s:17:\"approve_budgeting\";N;s:23:\"help_and_knowledge_base\";s:3:\"all\";s:23:\"can_manage_all_projects\";s:1:\"1\";s:19:\"can_create_projects\";s:1:\"1\";s:17:\"can_edit_projects\";s:1:\"1\";s:19:\"can_delete_projects\";s:1:\"1\";s:30:\"can_add_remove_project_members\";s:1:\"1\";s:16:\"can_create_tasks\";s:1:\"1\";s:14:\"can_edit_tasks\";s:1:\"1\";s:16:\"can_delete_tasks\";s:1:\"1\";s:20:\"can_comment_on_tasks\";s:1:\"1\";s:24:\"show_assigned_tasks_only\";N;s:21:\"can_create_milestones\";s:1:\"1\";s:19:\"can_edit_milestones\";s:1:\"1\";s:21:\"can_delete_milestones\";s:1:\"1\";s:16:\"can_delete_files\";s:1:\"1\";s:34:\"can_view_team_members_contact_info\";s:1:\"1\";s:34:\"can_view_team_members_social_links\";N;s:29:\"team_member_update_permission\";s:3:\"all\";s:38:\"team_member_update_permission_specific\";s:0:\"\";s:27:\"timesheet_manage_permission\";N;s:36:\"timesheet_manage_permission_specific\";N;s:21:\"disable_event_sharing\";s:1:\"1\";s:22:\"hide_team_members_list\";N;s:28:\"can_delete_leave_application\";s:1:\"1\";s:19:\"can_add_team_member\";s:1:\"1\";s:21:\"can_view_salary_chart\";N;s:10:\"accounting\";s:0:\"\";s:7:\"payroll\";s:0:\"\";s:5:\"eroom\";s:3:\"all\";s:4:\"logs\";s:3:\"all\";s:7:\"reports\";s:0:\"\";s:25:\"can_access_delivery_notes\";s:1:\"1\";s:25:\"can_create_delivery_notes\";s:1:\"1\";s:23:\"can_edit_delivery_notes\";s:1:\"1\";s:25:\"can_delete_delivery_notes\";s:1:\"1\";s:31:\"delivery_note_manage_permission\";s:0:\"\";s:40:\"delivery_note_manage_permission_specific\";s:0:\"\";s:20:\"can_access_suppliers\";s:1:\"1\";s:20:\"can_create_suppliers\";s:1:\"1\";s:18:\"can_edit_suppliers\";s:1:\"1\";s:20:\"can_delete_suppliers\";s:1:\"1\";s:26:\"supplier_manage_permission\";s:0:\"\";s:35:\"supplier_manage_permission_specific\";s:0:\"\";s:26:\"can_access_purchase_orders\";s:1:\"1\";s:26:\"can_create_purchase_orders\";s:1:\"1\";s:24:\"can_edit_purchase_orders\";s:1:\"1\";s:26:\"can_delete_purchase_orders\";s:1:\"1\";s:32:\"purchase_order_manage_permission\";s:0:\"\";s:41:\"purchase_order_manage_permission_specific\";s:0:\"\";s:16:\"can_access_items\";s:1:\"1\";s:16:\"can_create_items\";s:1:\"1\";s:14:\"can_edit_items\";s:1:\"1\";s:16:\"can_delete_items\";s:1:\"1\";s:22:\"item_manage_permission\";s:0:\"\";s:31:\"item_manage_permission_specific\";s:0:\"\";s:25:\"can_access_items_category\";s:1:\"1\";s:25:\"can_create_items_category\";s:1:\"1\";s:23:\"can_edit_items_category\";s:1:\"1\";s:25:\"can_delete_items_category\";s:1:\"1\";s:31:\"item_category_manage_permission\";s:0:\"\";s:40:\"item_category_manage_permission_specific\";s:0:\"\";s:19:\"can_access_expiries\";N;s:21:\"can_access_petty_cash\";N;s:19:\"can_access_expenses\";s:1:\"1\";s:19:\"can_create_expenses\";s:1:\"1\";s:17:\"can_edit_expenses\";s:1:\"1\";s:19:\"can_delete_expenses\";s:1:\"1\";s:25:\"expense_manage_permission\";s:0:\"\";s:34:\"expense_manage_permission_specific\";s:0:\"\";s:20:\"internal_transaction\";N;s:27:\"can_access_invoice_payments\";s:1:\"1\";s:27:\"can_create_invoice_payments\";s:1:\"1\";s:25:\"can_edit_invoice_payments\";s:1:\"1\";s:27:\"can_delete_invoice_payments\";N;s:34:\"can_access_purchase_order_payments\";s:1:\"1\";s:34:\"can_create_purchase_order_payments\";s:1:\"1\";s:32:\"can_edit_purchase_order_payments\";s:1:\"1\";s:34:\"can_delete_purchase_order_payments\";N;s:19:\"can_access_contacts\";N;s:19:\"can_create_contacts\";N;s:17:\"can_edit_contacts\";N;s:19:\"can_delete_contacts\";N;s:25:\"contact_manage_permission\";N;s:34:\"contact_manage_permission_specific\";N;s:18:\"can_access_clients\";s:1:\"1\";s:18:\"can_create_clients\";s:1:\"1\";s:16:\"can_edit_clients\";s:1:\"1\";s:18:\"can_delete_clients\";s:1:\"1\";s:24:\"client_manage_permission\";s:0:\"\";s:33:\"client_manage_permission_specific\";s:0:\"\";s:16:\"can_access_leads\";s:1:\"1\";s:16:\"can_create_leads\";s:1:\"1\";s:14:\"can_edit_leads\";s:1:\"1\";s:16:\"can_delete_leads\";s:1:\"1\";s:23:\"leads_manage_permission\";s:0:\"\";s:32:\"leads_manage_permission_specific\";s:0:\"\";s:19:\"can_access_invoices\";s:1:\"1\";s:19:\"can_create_invoices\";s:1:\"1\";s:17:\"can_edit_invoices\";s:1:\"1\";s:19:\"can_delete_invoices\";s:1:\"1\";s:25:\"invoice_manage_permission\";s:0:\"\";s:34:\"invoice_manage_permission_specific\";s:0:\"\";s:26:\"can_access_invoices_return\";s:1:\"1\";s:26:\"can_create_invoices_return\";s:1:\"1\";s:24:\"can_edit_invoices_return\";s:1:\"1\";s:26:\"can_delete_invoices_return\";s:1:\"1\";s:32:\"invoice_return_manage_permission\";s:0:\"\";s:41:\"invoice_return_manage_permission_specific\";s:0:\"\";s:20:\"can_access_estimates\";s:1:\"1\";s:20:\"can_create_estimates\";s:1:\"1\";s:18:\"can_edit_estimates\";s:1:\"1\";s:20:\"can_delete_estimates\";s:1:\"1\";s:26:\"estimate_manage_permission\";N;s:35:\"estimate_manage_permission_specific\";s:0:\"\";s:16:\"estimate_request\";N;s:8:\"discount\";i:0;s:8:\"expenses\";s:3:\"all\";s:9:\"estimates\";s:3:\"all\";s:8:\"invoices\";s:3:\"all\";s:16:\"invoice_payments\";s:3:\"all\";s:14:\"delivery_notes\";s:3:\"all\";s:15:\"purchase_orders\";s:3:\"all\";s:23:\"purchase_order_payments\";s:3:\"all\";s:8:\"payrolls\";N;s:21:\"internal_transactions\";N;}',0),(27,'Construction Manager',NULL,1),(28,'Project Engineer','a:143:{s:5:\"leave\";N;s:14:\"leave_specific\";s:0:\"\";s:10:\"attendance\";N;s:19:\"attendance_specific\";s:0:\"\";s:7:\"invoice\";N;s:8:\"job_info\";N;s:15:\"account_setting\";N;s:16:\"final_settelment\";N;s:8:\"estimate\";N;s:7:\"expense\";N;s:8:\"expiries\";N;s:10:\"petty_cash\";N;s:6:\"client\";N;s:4:\"lead\";N;s:6:\"ticket\";N;s:15:\"ticket_specific\";s:0:\"\";s:12:\"announcement\";N;s:17:\"approve_budgeting\";N;s:23:\"help_and_knowledge_base\";N;s:23:\"can_manage_all_projects\";N;s:19:\"can_create_projects\";N;s:17:\"can_edit_projects\";N;s:19:\"can_delete_projects\";N;s:30:\"can_add_remove_project_members\";N;s:16:\"can_create_tasks\";N;s:14:\"can_edit_tasks\";N;s:16:\"can_delete_tasks\";N;s:20:\"can_comment_on_tasks\";N;s:24:\"show_assigned_tasks_only\";N;s:21:\"can_create_milestones\";N;s:19:\"can_edit_milestones\";N;s:21:\"can_delete_milestones\";N;s:16:\"can_delete_files\";N;s:34:\"can_view_team_members_contact_info\";N;s:34:\"can_view_team_members_social_links\";N;s:29:\"team_member_update_permission\";N;s:38:\"team_member_update_permission_specific\";s:0:\"\";s:27:\"timesheet_manage_permission\";N;s:36:\"timesheet_manage_permission_specific\";N;s:21:\"disable_event_sharing\";N;s:22:\"hide_team_members_list\";N;s:28:\"can_delete_leave_application\";N;s:19:\"can_add_team_member\";N;s:21:\"can_view_salary_chart\";N;s:10:\"accounting\";N;s:7:\"payroll\";N;s:5:\"eroom\";N;s:4:\"logs\";N;s:7:\"reports\";N;s:25:\"can_access_delivery_notes\";N;s:25:\"can_create_delivery_notes\";N;s:23:\"can_edit_delivery_notes\";N;s:25:\"can_delete_delivery_notes\";N;s:31:\"delivery_note_manage_permission\";N;s:40:\"delivery_note_manage_permission_specific\";s:0:\"\";s:20:\"can_access_suppliers\";N;s:20:\"can_create_suppliers\";N;s:18:\"can_edit_suppliers\";N;s:20:\"can_delete_suppliers\";N;s:26:\"supplier_manage_permission\";N;s:35:\"supplier_manage_permission_specific\";s:0:\"\";s:26:\"can_access_purchase_orders\";N;s:26:\"can_create_purchase_orders\";N;s:24:\"can_edit_purchase_orders\";N;s:26:\"can_delete_purchase_orders\";N;s:32:\"purchase_order_manage_permission\";N;s:41:\"purchase_order_manage_permission_specific\";s:0:\"\";s:16:\"can_access_items\";N;s:16:\"can_create_items\";N;s:14:\"can_edit_items\";N;s:16:\"can_delete_items\";N;s:22:\"item_manage_permission\";N;s:31:\"item_manage_permission_specific\";s:0:\"\";s:25:\"can_access_items_category\";N;s:25:\"can_create_items_category\";N;s:23:\"can_edit_items_category\";N;s:25:\"can_delete_items_category\";N;s:31:\"item_category_manage_permission\";N;s:40:\"item_category_manage_permission_specific\";s:0:\"\";s:19:\"can_access_expiries\";N;s:21:\"can_access_petty_cash\";N;s:19:\"can_access_expenses\";s:1:\"1\";s:19:\"can_create_expenses\";s:1:\"1\";s:17:\"can_edit_expenses\";s:1:\"1\";s:19:\"can_delete_expenses\";s:1:\"1\";s:25:\"expense_manage_permission\";s:0:\"\";s:34:\"expense_manage_permission_specific\";s:0:\"\";s:20:\"internal_transaction\";N;s:27:\"can_access_invoice_payments\";N;s:27:\"can_create_invoice_payments\";N;s:25:\"can_edit_invoice_payments\";N;s:27:\"can_delete_invoice_payments\";N;s:34:\"can_access_purchase_order_payments\";N;s:34:\"can_create_purchase_order_payments\";N;s:32:\"can_edit_purchase_order_payments\";N;s:34:\"can_delete_purchase_order_payments\";N;s:19:\"can_access_contacts\";N;s:19:\"can_create_contacts\";N;s:17:\"can_edit_contacts\";N;s:19:\"can_delete_contacts\";N;s:25:\"contact_manage_permission\";N;s:34:\"contact_manage_permission_specific\";N;s:18:\"can_access_clients\";N;s:18:\"can_create_clients\";N;s:16:\"can_edit_clients\";N;s:18:\"can_delete_clients\";N;s:24:\"client_manage_permission\";N;s:33:\"client_manage_permission_specific\";s:0:\"\";s:16:\"can_access_leads\";N;s:16:\"can_create_leads\";N;s:14:\"can_edit_leads\";N;s:16:\"can_delete_leads\";N;s:23:\"leads_manage_permission\";N;s:32:\"leads_manage_permission_specific\";s:0:\"\";s:19:\"can_access_invoices\";N;s:19:\"can_create_invoices\";N;s:17:\"can_edit_invoices\";N;s:19:\"can_delete_invoices\";N;s:25:\"invoice_manage_permission\";N;s:34:\"invoice_manage_permission_specific\";s:0:\"\";s:26:\"can_access_invoices_return\";N;s:26:\"can_create_invoices_return\";N;s:24:\"can_edit_invoices_return\";N;s:26:\"can_delete_invoices_return\";N;s:32:\"invoice_return_manage_permission\";N;s:41:\"invoice_return_manage_permission_specific\";s:0:\"\";s:20:\"can_access_estimates\";N;s:20:\"can_create_estimates\";N;s:18:\"can_edit_estimates\";N;s:20:\"can_delete_estimates\";N;s:26:\"estimate_manage_permission\";N;s:35:\"estimate_manage_permission_specific\";s:0:\"\";s:16:\"estimate_request\";N;s:8:\"discount\";i:0;s:8:\"expenses\";N;s:9:\"estimates\";N;s:8:\"invoices\";N;s:16:\"invoice_payments\";N;s:14:\"delivery_notes\";N;s:15:\"purchase_orders\";N;s:23:\"purchase_order_payments\";N;s:8:\"payrolls\";N;s:21:\"internal_transactions\";N;}',0),(29,'Senior Quantity Surveyor','a:143:{s:5:\"leave\";N;s:14:\"leave_specific\";s:0:\"\";s:10:\"attendance\";N;s:19:\"attendance_specific\";s:0:\"\";s:7:\"invoice\";N;s:8:\"job_info\";N;s:15:\"account_setting\";N;s:16:\"final_settelment\";N;s:8:\"estimate\";N;s:7:\"expense\";N;s:8:\"expiries\";N;s:10:\"petty_cash\";N;s:6:\"client\";N;s:4:\"lead\";N;s:6:\"ticket\";N;s:15:\"ticket_specific\";s:0:\"\";s:12:\"announcement\";N;s:17:\"approve_budgeting\";N;s:23:\"help_and_knowledge_base\";N;s:23:\"can_manage_all_projects\";N;s:19:\"can_create_projects\";N;s:17:\"can_edit_projects\";N;s:19:\"can_delete_projects\";N;s:30:\"can_add_remove_project_members\";N;s:16:\"can_create_tasks\";N;s:14:\"can_edit_tasks\";N;s:16:\"can_delete_tasks\";N;s:20:\"can_comment_on_tasks\";N;s:24:\"show_assigned_tasks_only\";N;s:21:\"can_create_milestones\";N;s:19:\"can_edit_milestones\";N;s:21:\"can_delete_milestones\";N;s:16:\"can_delete_files\";N;s:34:\"can_view_team_members_contact_info\";N;s:34:\"can_view_team_members_social_links\";N;s:29:\"team_member_update_permission\";N;s:38:\"team_member_update_permission_specific\";s:0:\"\";s:27:\"timesheet_manage_permission\";N;s:36:\"timesheet_manage_permission_specific\";N;s:21:\"disable_event_sharing\";N;s:22:\"hide_team_members_list\";N;s:28:\"can_delete_leave_application\";N;s:19:\"can_add_team_member\";N;s:21:\"can_view_salary_chart\";N;s:10:\"accounting\";N;s:7:\"payroll\";N;s:5:\"eroom\";N;s:4:\"logs\";N;s:7:\"reports\";N;s:25:\"can_access_delivery_notes\";N;s:25:\"can_create_delivery_notes\";N;s:23:\"can_edit_delivery_notes\";N;s:25:\"can_delete_delivery_notes\";N;s:31:\"delivery_note_manage_permission\";N;s:40:\"delivery_note_manage_permission_specific\";s:0:\"\";s:20:\"can_access_suppliers\";N;s:20:\"can_create_suppliers\";N;s:18:\"can_edit_suppliers\";N;s:20:\"can_delete_suppliers\";N;s:26:\"supplier_manage_permission\";N;s:35:\"supplier_manage_permission_specific\";s:0:\"\";s:26:\"can_access_purchase_orders\";N;s:26:\"can_create_purchase_orders\";N;s:24:\"can_edit_purchase_orders\";N;s:26:\"can_delete_purchase_orders\";N;s:32:\"purchase_order_manage_permission\";N;s:41:\"purchase_order_manage_permission_specific\";s:0:\"\";s:16:\"can_access_items\";N;s:16:\"can_create_items\";N;s:14:\"can_edit_items\";N;s:16:\"can_delete_items\";N;s:22:\"item_manage_permission\";N;s:31:\"item_manage_permission_specific\";s:0:\"\";s:25:\"can_access_items_category\";N;s:25:\"can_create_items_category\";N;s:23:\"can_edit_items_category\";N;s:25:\"can_delete_items_category\";N;s:31:\"item_category_manage_permission\";N;s:40:\"item_category_manage_permission_specific\";s:0:\"\";s:19:\"can_access_expiries\";N;s:21:\"can_access_petty_cash\";N;s:19:\"can_access_expenses\";s:1:\"1\";s:19:\"can_create_expenses\";s:1:\"1\";s:17:\"can_edit_expenses\";s:1:\"1\";s:19:\"can_delete_expenses\";s:1:\"1\";s:25:\"expense_manage_permission\";s:0:\"\";s:34:\"expense_manage_permission_specific\";s:0:\"\";s:20:\"internal_transaction\";N;s:27:\"can_access_invoice_payments\";N;s:27:\"can_create_invoice_payments\";N;s:25:\"can_edit_invoice_payments\";N;s:27:\"can_delete_invoice_payments\";N;s:34:\"can_access_purchase_order_payments\";N;s:34:\"can_create_purchase_order_payments\";N;s:32:\"can_edit_purchase_order_payments\";N;s:34:\"can_delete_purchase_order_payments\";N;s:19:\"can_access_contacts\";N;s:19:\"can_create_contacts\";N;s:17:\"can_edit_contacts\";N;s:19:\"can_delete_contacts\";N;s:25:\"contact_manage_permission\";N;s:34:\"contact_manage_permission_specific\";N;s:18:\"can_access_clients\";N;s:18:\"can_create_clients\";N;s:16:\"can_edit_clients\";N;s:18:\"can_delete_clients\";N;s:24:\"client_manage_permission\";N;s:33:\"client_manage_permission_specific\";s:0:\"\";s:16:\"can_access_leads\";N;s:16:\"can_create_leads\";N;s:14:\"can_edit_leads\";N;s:16:\"can_delete_leads\";N;s:23:\"leads_manage_permission\";N;s:32:\"leads_manage_permission_specific\";s:0:\"\";s:19:\"can_access_invoices\";N;s:19:\"can_create_invoices\";N;s:17:\"can_edit_invoices\";N;s:19:\"can_delete_invoices\";N;s:25:\"invoice_manage_permission\";N;s:34:\"invoice_manage_permission_specific\";s:0:\"\";s:26:\"can_access_invoices_return\";N;s:26:\"can_create_invoices_return\";N;s:24:\"can_edit_invoices_return\";N;s:26:\"can_delete_invoices_return\";N;s:32:\"invoice_return_manage_permission\";N;s:41:\"invoice_return_manage_permission_specific\";s:0:\"\";s:20:\"can_access_estimates\";N;s:20:\"can_create_estimates\";N;s:18:\"can_edit_estimates\";N;s:20:\"can_delete_estimates\";N;s:26:\"estimate_manage_permission\";N;s:35:\"estimate_manage_permission_specific\";s:0:\"\";s:16:\"estimate_request\";N;s:8:\"discount\";i:0;s:8:\"expenses\";N;s:9:\"estimates\";N;s:8:\"invoices\";N;s:16:\"invoice_payments\";N;s:14:\"delivery_notes\";N;s:15:\"purchase_orders\";N;s:23:\"purchase_order_payments\";N;s:8:\"payrolls\";N;s:21:\"internal_transactions\";N;}',0),(30,'Front Office Assistant','a:143:{s:5:\"leave\";N;s:14:\"leave_specific\";s:0:\"\";s:10:\"attendance\";N;s:19:\"attendance_specific\";s:0:\"\";s:7:\"invoice\";N;s:8:\"job_info\";N;s:15:\"account_setting\";N;s:16:\"final_settelment\";N;s:8:\"estimate\";N;s:7:\"expense\";N;s:8:\"expiries\";N;s:10:\"petty_cash\";N;s:6:\"client\";N;s:4:\"lead\";N;s:6:\"ticket\";N;s:15:\"ticket_specific\";s:0:\"\";s:12:\"announcement\";N;s:17:\"approve_budgeting\";N;s:23:\"help_and_knowledge_base\";N;s:23:\"can_manage_all_projects\";N;s:19:\"can_create_projects\";N;s:17:\"can_edit_projects\";N;s:19:\"can_delete_projects\";N;s:30:\"can_add_remove_project_members\";N;s:16:\"can_create_tasks\";N;s:14:\"can_edit_tasks\";N;s:16:\"can_delete_tasks\";N;s:20:\"can_comment_on_tasks\";N;s:24:\"show_assigned_tasks_only\";N;s:21:\"can_create_milestones\";N;s:19:\"can_edit_milestones\";N;s:21:\"can_delete_milestones\";N;s:16:\"can_delete_files\";N;s:34:\"can_view_team_members_contact_info\";N;s:34:\"can_view_team_members_social_links\";N;s:29:\"team_member_update_permission\";N;s:38:\"team_member_update_permission_specific\";s:0:\"\";s:27:\"timesheet_manage_permission\";N;s:36:\"timesheet_manage_permission_specific\";N;s:21:\"disable_event_sharing\";N;s:22:\"hide_team_members_list\";N;s:28:\"can_delete_leave_application\";N;s:19:\"can_add_team_member\";N;s:21:\"can_view_salary_chart\";N;s:10:\"accounting\";N;s:7:\"payroll\";N;s:5:\"eroom\";N;s:4:\"logs\";N;s:7:\"reports\";N;s:25:\"can_access_delivery_notes\";N;s:25:\"can_create_delivery_notes\";N;s:23:\"can_edit_delivery_notes\";N;s:25:\"can_delete_delivery_notes\";N;s:31:\"delivery_note_manage_permission\";N;s:40:\"delivery_note_manage_permission_specific\";s:0:\"\";s:20:\"can_access_suppliers\";N;s:20:\"can_create_suppliers\";N;s:18:\"can_edit_suppliers\";N;s:20:\"can_delete_suppliers\";N;s:26:\"supplier_manage_permission\";N;s:35:\"supplier_manage_permission_specific\";s:0:\"\";s:26:\"can_access_purchase_orders\";N;s:26:\"can_create_purchase_orders\";N;s:24:\"can_edit_purchase_orders\";N;s:26:\"can_delete_purchase_orders\";N;s:32:\"purchase_order_manage_permission\";N;s:41:\"purchase_order_manage_permission_specific\";s:0:\"\";s:16:\"can_access_items\";N;s:16:\"can_create_items\";N;s:14:\"can_edit_items\";N;s:16:\"can_delete_items\";N;s:22:\"item_manage_permission\";N;s:31:\"item_manage_permission_specific\";s:0:\"\";s:25:\"can_access_items_category\";N;s:25:\"can_create_items_category\";N;s:23:\"can_edit_items_category\";N;s:25:\"can_delete_items_category\";N;s:31:\"item_category_manage_permission\";N;s:40:\"item_category_manage_permission_specific\";s:0:\"\";s:19:\"can_access_expiries\";N;s:21:\"can_access_petty_cash\";N;s:19:\"can_access_expenses\";s:1:\"1\";s:19:\"can_create_expenses\";s:1:\"1\";s:17:\"can_edit_expenses\";s:1:\"1\";s:19:\"can_delete_expenses\";s:1:\"1\";s:25:\"expense_manage_permission\";s:0:\"\";s:34:\"expense_manage_permission_specific\";s:0:\"\";s:20:\"internal_transaction\";N;s:27:\"can_access_invoice_payments\";N;s:27:\"can_create_invoice_payments\";N;s:25:\"can_edit_invoice_payments\";N;s:27:\"can_delete_invoice_payments\";N;s:34:\"can_access_purchase_order_payments\";N;s:34:\"can_create_purchase_order_payments\";N;s:32:\"can_edit_purchase_order_payments\";N;s:34:\"can_delete_purchase_order_payments\";N;s:19:\"can_access_contacts\";N;s:19:\"can_create_contacts\";N;s:17:\"can_edit_contacts\";N;s:19:\"can_delete_contacts\";N;s:25:\"contact_manage_permission\";N;s:34:\"contact_manage_permission_specific\";N;s:18:\"can_access_clients\";N;s:18:\"can_create_clients\";N;s:16:\"can_edit_clients\";N;s:18:\"can_delete_clients\";N;s:24:\"client_manage_permission\";N;s:33:\"client_manage_permission_specific\";s:0:\"\";s:16:\"can_access_leads\";N;s:16:\"can_create_leads\";N;s:14:\"can_edit_leads\";N;s:16:\"can_delete_leads\";N;s:23:\"leads_manage_permission\";N;s:32:\"leads_manage_permission_specific\";s:0:\"\";s:19:\"can_access_invoices\";N;s:19:\"can_create_invoices\";N;s:17:\"can_edit_invoices\";N;s:19:\"can_delete_invoices\";N;s:25:\"invoice_manage_permission\";N;s:34:\"invoice_manage_permission_specific\";s:0:\"\";s:26:\"can_access_invoices_return\";N;s:26:\"can_create_invoices_return\";N;s:24:\"can_edit_invoices_return\";N;s:26:\"can_delete_invoices_return\";N;s:32:\"invoice_return_manage_permission\";N;s:41:\"invoice_return_manage_permission_specific\";s:0:\"\";s:20:\"can_access_estimates\";N;s:20:\"can_create_estimates\";N;s:18:\"can_edit_estimates\";N;s:20:\"can_delete_estimates\";N;s:26:\"estimate_manage_permission\";N;s:35:\"estimate_manage_permission_specific\";s:0:\"\";s:16:\"estimate_request\";N;s:8:\"discount\";i:0;s:8:\"expenses\";N;s:9:\"estimates\";N;s:8:\"invoices\";N;s:16:\"invoice_payments\";N;s:14:\"delivery_notes\";N;s:15:\"purchase_orders\";N;s:23:\"purchase_order_payments\";N;s:8:\"payrolls\";N;s:21:\"internal_transactions\";N;}',0),(31,'Construction Safety Officer','a:143:{s:5:\"leave\";N;s:14:\"leave_specific\";s:0:\"\";s:10:\"attendance\";N;s:19:\"attendance_specific\";s:0:\"\";s:7:\"invoice\";N;s:8:\"job_info\";s:0:\"\";s:15:\"account_setting\";s:0:\"\";s:16:\"final_settelment\";s:0:\"\";s:8:\"estimate\";N;s:7:\"expense\";N;s:8:\"expiries\";s:0:\"\";s:10:\"petty_cash\";N;s:6:\"client\";N;s:4:\"lead\";N;s:6:\"ticket\";N;s:15:\"ticket_specific\";s:0:\"\";s:12:\"announcement\";N;s:17:\"approve_budgeting\";N;s:23:\"help_and_knowledge_base\";N;s:23:\"can_manage_all_projects\";N;s:19:\"can_create_projects\";s:1:\"1\";s:17:\"can_edit_projects\";s:1:\"1\";s:19:\"can_delete_projects\";s:1:\"1\";s:30:\"can_add_remove_project_members\";s:1:\"1\";s:16:\"can_create_tasks\";s:1:\"1\";s:14:\"can_edit_tasks\";s:1:\"1\";s:16:\"can_delete_tasks\";s:1:\"1\";s:20:\"can_comment_on_tasks\";s:1:\"1\";s:24:\"show_assigned_tasks_only\";N;s:21:\"can_create_milestones\";s:1:\"1\";s:19:\"can_edit_milestones\";s:1:\"1\";s:21:\"can_delete_milestones\";s:1:\"1\";s:16:\"can_delete_files\";s:1:\"1\";s:34:\"can_view_team_members_contact_info\";N;s:34:\"can_view_team_members_social_links\";N;s:29:\"team_member_update_permission\";N;s:38:\"team_member_update_permission_specific\";s:0:\"\";s:27:\"timesheet_manage_permission\";N;s:36:\"timesheet_manage_permission_specific\";N;s:21:\"disable_event_sharing\";N;s:22:\"hide_team_members_list\";N;s:28:\"can_delete_leave_application\";N;s:19:\"can_add_team_member\";N;s:21:\"can_view_salary_chart\";N;s:10:\"accounting\";N;s:7:\"payroll\";N;s:5:\"eroom\";N;s:4:\"logs\";N;s:7:\"reports\";N;s:25:\"can_access_delivery_notes\";s:1:\"1\";s:25:\"can_create_delivery_notes\";N;s:23:\"can_edit_delivery_notes\";N;s:25:\"can_delete_delivery_notes\";N;s:31:\"delivery_note_manage_permission\";N;s:40:\"delivery_note_manage_permission_specific\";s:0:\"\";s:20:\"can_access_suppliers\";s:1:\"1\";s:20:\"can_create_suppliers\";N;s:18:\"can_edit_suppliers\";N;s:20:\"can_delete_suppliers\";N;s:26:\"supplier_manage_permission\";N;s:35:\"supplier_manage_permission_specific\";s:0:\"\";s:26:\"can_access_purchase_orders\";s:1:\"1\";s:26:\"can_create_purchase_orders\";N;s:24:\"can_edit_purchase_orders\";N;s:26:\"can_delete_purchase_orders\";N;s:32:\"purchase_order_manage_permission\";N;s:41:\"purchase_order_manage_permission_specific\";s:0:\"\";s:16:\"can_access_items\";s:1:\"1\";s:16:\"can_create_items\";N;s:14:\"can_edit_items\";N;s:16:\"can_delete_items\";N;s:22:\"item_manage_permission\";N;s:31:\"item_manage_permission_specific\";s:0:\"\";s:25:\"can_access_items_category\";s:1:\"1\";s:25:\"can_create_items_category\";N;s:23:\"can_edit_items_category\";N;s:25:\"can_delete_items_category\";N;s:31:\"item_category_manage_permission\";N;s:40:\"item_category_manage_permission_specific\";s:0:\"\";s:19:\"can_access_expiries\";N;s:21:\"can_access_petty_cash\";N;s:19:\"can_access_expenses\";s:1:\"1\";s:19:\"can_create_expenses\";s:1:\"1\";s:17:\"can_edit_expenses\";s:1:\"1\";s:19:\"can_delete_expenses\";s:1:\"1\";s:25:\"expense_manage_permission\";s:0:\"\";s:34:\"expense_manage_permission_specific\";s:0:\"\";s:20:\"internal_transaction\";N;s:27:\"can_access_invoice_payments\";N;s:27:\"can_create_invoice_payments\";N;s:25:\"can_edit_invoice_payments\";N;s:27:\"can_delete_invoice_payments\";N;s:34:\"can_access_purchase_order_payments\";N;s:34:\"can_create_purchase_order_payments\";N;s:32:\"can_edit_purchase_order_payments\";N;s:34:\"can_delete_purchase_order_payments\";N;s:19:\"can_access_contacts\";N;s:19:\"can_create_contacts\";N;s:17:\"can_edit_contacts\";N;s:19:\"can_delete_contacts\";N;s:25:\"contact_manage_permission\";N;s:34:\"contact_manage_permission_specific\";N;s:18:\"can_access_clients\";N;s:18:\"can_create_clients\";N;s:16:\"can_edit_clients\";N;s:18:\"can_delete_clients\";N;s:24:\"client_manage_permission\";N;s:33:\"client_manage_permission_specific\";s:0:\"\";s:16:\"can_access_leads\";N;s:16:\"can_create_leads\";N;s:14:\"can_edit_leads\";N;s:16:\"can_delete_leads\";N;s:23:\"leads_manage_permission\";N;s:32:\"leads_manage_permission_specific\";s:0:\"\";s:19:\"can_access_invoices\";N;s:19:\"can_create_invoices\";N;s:17:\"can_edit_invoices\";N;s:19:\"can_delete_invoices\";N;s:25:\"invoice_manage_permission\";N;s:34:\"invoice_manage_permission_specific\";s:0:\"\";s:26:\"can_access_invoices_return\";N;s:26:\"can_create_invoices_return\";N;s:24:\"can_edit_invoices_return\";N;s:26:\"can_delete_invoices_return\";N;s:32:\"invoice_return_manage_permission\";N;s:41:\"invoice_return_manage_permission_specific\";s:0:\"\";s:20:\"can_access_estimates\";N;s:20:\"can_create_estimates\";N;s:18:\"can_edit_estimates\";N;s:20:\"can_delete_estimates\";N;s:26:\"estimate_manage_permission\";N;s:35:\"estimate_manage_permission_specific\";s:0:\"\";s:16:\"estimate_request\";N;s:8:\"discount\";i:0;s:8:\"expenses\";s:0:\"\";s:9:\"estimates\";s:0:\"\";s:8:\"invoices\";s:0:\"\";s:16:\"invoice_payments\";s:0:\"\";s:14:\"delivery_notes\";s:0:\"\";s:15:\"purchase_orders\";s:0:\"\";s:23:\"purchase_order_payments\";s:0:\"\";s:8:\"payrolls\";N;s:21:\"internal_transactions\";N;}',0),(32,'Driver ','a:143:{s:5:\"leave\";N;s:14:\"leave_specific\";s:0:\"\";s:10:\"attendance\";N;s:19:\"attendance_specific\";s:0:\"\";s:7:\"invoice\";N;s:8:\"job_info\";N;s:15:\"account_setting\";N;s:16:\"final_settelment\";N;s:8:\"estimate\";N;s:7:\"expense\";N;s:8:\"expiries\";N;s:10:\"petty_cash\";N;s:6:\"client\";N;s:4:\"lead\";N;s:6:\"ticket\";N;s:15:\"ticket_specific\";s:0:\"\";s:12:\"announcement\";N;s:17:\"approve_budgeting\";N;s:23:\"help_and_knowledge_base\";N;s:23:\"can_manage_all_projects\";N;s:19:\"can_create_projects\";N;s:17:\"can_edit_projects\";N;s:19:\"can_delete_projects\";N;s:30:\"can_add_remove_project_members\";N;s:16:\"can_create_tasks\";N;s:14:\"can_edit_tasks\";N;s:16:\"can_delete_tasks\";N;s:20:\"can_comment_on_tasks\";N;s:24:\"show_assigned_tasks_only\";N;s:21:\"can_create_milestones\";N;s:19:\"can_edit_milestones\";N;s:21:\"can_delete_milestones\";N;s:16:\"can_delete_files\";N;s:34:\"can_view_team_members_contact_info\";N;s:34:\"can_view_team_members_social_links\";N;s:29:\"team_member_update_permission\";N;s:38:\"team_member_update_permission_specific\";s:0:\"\";s:27:\"timesheet_manage_permission\";N;s:36:\"timesheet_manage_permission_specific\";N;s:21:\"disable_event_sharing\";N;s:22:\"hide_team_members_list\";N;s:28:\"can_delete_leave_application\";N;s:19:\"can_add_team_member\";N;s:21:\"can_view_salary_chart\";N;s:10:\"accounting\";N;s:7:\"payroll\";N;s:5:\"eroom\";N;s:4:\"logs\";N;s:7:\"reports\";N;s:25:\"can_access_delivery_notes\";N;s:25:\"can_create_delivery_notes\";N;s:23:\"can_edit_delivery_notes\";N;s:25:\"can_delete_delivery_notes\";N;s:31:\"delivery_note_manage_permission\";N;s:40:\"delivery_note_manage_permission_specific\";s:0:\"\";s:20:\"can_access_suppliers\";N;s:20:\"can_create_suppliers\";N;s:18:\"can_edit_suppliers\";N;s:20:\"can_delete_suppliers\";N;s:26:\"supplier_manage_permission\";N;s:35:\"supplier_manage_permission_specific\";s:0:\"\";s:26:\"can_access_purchase_orders\";N;s:26:\"can_create_purchase_orders\";N;s:24:\"can_edit_purchase_orders\";N;s:26:\"can_delete_purchase_orders\";N;s:32:\"purchase_order_manage_permission\";N;s:41:\"purchase_order_manage_permission_specific\";s:0:\"\";s:16:\"can_access_items\";N;s:16:\"can_create_items\";N;s:14:\"can_edit_items\";N;s:16:\"can_delete_items\";N;s:22:\"item_manage_permission\";N;s:31:\"item_manage_permission_specific\";s:0:\"\";s:25:\"can_access_items_category\";N;s:25:\"can_create_items_category\";N;s:23:\"can_edit_items_category\";N;s:25:\"can_delete_items_category\";N;s:31:\"item_category_manage_permission\";N;s:40:\"item_category_manage_permission_specific\";s:0:\"\";s:19:\"can_access_expiries\";N;s:21:\"can_access_petty_cash\";N;s:19:\"can_access_expenses\";s:1:\"1\";s:19:\"can_create_expenses\";s:1:\"1\";s:17:\"can_edit_expenses\";s:1:\"1\";s:19:\"can_delete_expenses\";s:1:\"1\";s:25:\"expense_manage_permission\";s:0:\"\";s:34:\"expense_manage_permission_specific\";s:0:\"\";s:20:\"internal_transaction\";N;s:27:\"can_access_invoice_payments\";N;s:27:\"can_create_invoice_payments\";N;s:25:\"can_edit_invoice_payments\";N;s:27:\"can_delete_invoice_payments\";N;s:34:\"can_access_purchase_order_payments\";N;s:34:\"can_create_purchase_order_payments\";N;s:32:\"can_edit_purchase_order_payments\";N;s:34:\"can_delete_purchase_order_payments\";N;s:19:\"can_access_contacts\";N;s:19:\"can_create_contacts\";N;s:17:\"can_edit_contacts\";N;s:19:\"can_delete_contacts\";N;s:25:\"contact_manage_permission\";N;s:34:\"contact_manage_permission_specific\";N;s:18:\"can_access_clients\";N;s:18:\"can_create_clients\";N;s:16:\"can_edit_clients\";N;s:18:\"can_delete_clients\";N;s:24:\"client_manage_permission\";N;s:33:\"client_manage_permission_specific\";s:0:\"\";s:16:\"can_access_leads\";N;s:16:\"can_create_leads\";N;s:14:\"can_edit_leads\";N;s:16:\"can_delete_leads\";N;s:23:\"leads_manage_permission\";N;s:32:\"leads_manage_permission_specific\";s:0:\"\";s:19:\"can_access_invoices\";N;s:19:\"can_create_invoices\";N;s:17:\"can_edit_invoices\";N;s:19:\"can_delete_invoices\";N;s:25:\"invoice_manage_permission\";N;s:34:\"invoice_manage_permission_specific\";s:0:\"\";s:26:\"can_access_invoices_return\";N;s:26:\"can_create_invoices_return\";N;s:24:\"can_edit_invoices_return\";N;s:26:\"can_delete_invoices_return\";N;s:32:\"invoice_return_manage_permission\";N;s:41:\"invoice_return_manage_permission_specific\";s:0:\"\";s:20:\"can_access_estimates\";N;s:20:\"can_create_estimates\";N;s:18:\"can_edit_estimates\";N;s:20:\"can_delete_estimates\";N;s:26:\"estimate_manage_permission\";N;s:35:\"estimate_manage_permission_specific\";s:0:\"\";s:16:\"estimate_request\";N;s:8:\"discount\";i:0;s:8:\"expenses\";N;s:9:\"estimates\";N;s:8:\"invoices\";N;s:16:\"invoice_payments\";N;s:14:\"delivery_notes\";N;s:15:\"purchase_orders\";N;s:23:\"purchase_order_payments\";N;s:8:\"payrolls\";N;s:21:\"internal_transactions\";N;}',0),(33,'Site Foreman','a:143:{s:5:\"leave\";N;s:14:\"leave_specific\";s:0:\"\";s:10:\"attendance\";N;s:19:\"attendance_specific\";s:0:\"\";s:7:\"invoice\";N;s:8:\"job_info\";N;s:15:\"account_setting\";N;s:16:\"final_settelment\";N;s:8:\"estimate\";N;s:7:\"expense\";N;s:8:\"expiries\";N;s:10:\"petty_cash\";N;s:6:\"client\";N;s:4:\"lead\";N;s:6:\"ticket\";N;s:15:\"ticket_specific\";s:0:\"\";s:12:\"announcement\";N;s:17:\"approve_budgeting\";N;s:23:\"help_and_knowledge_base\";N;s:23:\"can_manage_all_projects\";N;s:19:\"can_create_projects\";N;s:17:\"can_edit_projects\";N;s:19:\"can_delete_projects\";N;s:30:\"can_add_remove_project_members\";N;s:16:\"can_create_tasks\";N;s:14:\"can_edit_tasks\";N;s:16:\"can_delete_tasks\";N;s:20:\"can_comment_on_tasks\";N;s:24:\"show_assigned_tasks_only\";N;s:21:\"can_create_milestones\";N;s:19:\"can_edit_milestones\";N;s:21:\"can_delete_milestones\";N;s:16:\"can_delete_files\";N;s:34:\"can_view_team_members_contact_info\";N;s:34:\"can_view_team_members_social_links\";N;s:29:\"team_member_update_permission\";N;s:38:\"team_member_update_permission_specific\";s:0:\"\";s:27:\"timesheet_manage_permission\";N;s:36:\"timesheet_manage_permission_specific\";N;s:21:\"disable_event_sharing\";N;s:22:\"hide_team_members_list\";N;s:28:\"can_delete_leave_application\";N;s:19:\"can_add_team_member\";N;s:21:\"can_view_salary_chart\";N;s:10:\"accounting\";N;s:7:\"payroll\";N;s:5:\"eroom\";N;s:4:\"logs\";N;s:7:\"reports\";N;s:25:\"can_access_delivery_notes\";N;s:25:\"can_create_delivery_notes\";N;s:23:\"can_edit_delivery_notes\";N;s:25:\"can_delete_delivery_notes\";N;s:31:\"delivery_note_manage_permission\";N;s:40:\"delivery_note_manage_permission_specific\";s:0:\"\";s:20:\"can_access_suppliers\";N;s:20:\"can_create_suppliers\";N;s:18:\"can_edit_suppliers\";N;s:20:\"can_delete_suppliers\";N;s:26:\"supplier_manage_permission\";N;s:35:\"supplier_manage_permission_specific\";s:0:\"\";s:26:\"can_access_purchase_orders\";N;s:26:\"can_create_purchase_orders\";N;s:24:\"can_edit_purchase_orders\";N;s:26:\"can_delete_purchase_orders\";N;s:32:\"purchase_order_manage_permission\";N;s:41:\"purchase_order_manage_permission_specific\";s:0:\"\";s:16:\"can_access_items\";N;s:16:\"can_create_items\";N;s:14:\"can_edit_items\";N;s:16:\"can_delete_items\";N;s:22:\"item_manage_permission\";N;s:31:\"item_manage_permission_specific\";s:0:\"\";s:25:\"can_access_items_category\";N;s:25:\"can_create_items_category\";N;s:23:\"can_edit_items_category\";N;s:25:\"can_delete_items_category\";N;s:31:\"item_category_manage_permission\";N;s:40:\"item_category_manage_permission_specific\";s:0:\"\";s:19:\"can_access_expiries\";N;s:21:\"can_access_petty_cash\";N;s:19:\"can_access_expenses\";s:1:\"1\";s:19:\"can_create_expenses\";s:1:\"1\";s:17:\"can_edit_expenses\";s:1:\"1\";s:19:\"can_delete_expenses\";N;s:25:\"expense_manage_permission\";s:0:\"\";s:34:\"expense_manage_permission_specific\";s:0:\"\";s:20:\"internal_transaction\";N;s:27:\"can_access_invoice_payments\";N;s:27:\"can_create_invoice_payments\";N;s:25:\"can_edit_invoice_payments\";N;s:27:\"can_delete_invoice_payments\";N;s:34:\"can_access_purchase_order_payments\";N;s:34:\"can_create_purchase_order_payments\";N;s:32:\"can_edit_purchase_order_payments\";N;s:34:\"can_delete_purchase_order_payments\";N;s:19:\"can_access_contacts\";N;s:19:\"can_create_contacts\";N;s:17:\"can_edit_contacts\";N;s:19:\"can_delete_contacts\";N;s:25:\"contact_manage_permission\";N;s:34:\"contact_manage_permission_specific\";N;s:18:\"can_access_clients\";N;s:18:\"can_create_clients\";N;s:16:\"can_edit_clients\";N;s:18:\"can_delete_clients\";N;s:24:\"client_manage_permission\";N;s:33:\"client_manage_permission_specific\";s:0:\"\";s:16:\"can_access_leads\";N;s:16:\"can_create_leads\";N;s:14:\"can_edit_leads\";N;s:16:\"can_delete_leads\";N;s:23:\"leads_manage_permission\";N;s:32:\"leads_manage_permission_specific\";s:0:\"\";s:19:\"can_access_invoices\";N;s:19:\"can_create_invoices\";N;s:17:\"can_edit_invoices\";N;s:19:\"can_delete_invoices\";N;s:25:\"invoice_manage_permission\";N;s:34:\"invoice_manage_permission_specific\";s:0:\"\";s:26:\"can_access_invoices_return\";N;s:26:\"can_create_invoices_return\";N;s:24:\"can_edit_invoices_return\";N;s:26:\"can_delete_invoices_return\";N;s:32:\"invoice_return_manage_permission\";N;s:41:\"invoice_return_manage_permission_specific\";s:0:\"\";s:20:\"can_access_estimates\";N;s:20:\"can_create_estimates\";N;s:18:\"can_edit_estimates\";N;s:20:\"can_delete_estimates\";N;s:26:\"estimate_manage_permission\";N;s:35:\"estimate_manage_permission_specific\";s:0:\"\";s:16:\"estimate_request\";N;s:8:\"discount\";i:0;s:8:\"expenses\";N;s:9:\"estimates\";N;s:8:\"invoices\";N;s:16:\"invoice_payments\";N;s:14:\"delivery_notes\";N;s:15:\"purchase_orders\";N;s:23:\"purchase_order_payments\";N;s:8:\"payrolls\";N;s:21:\"internal_transactions\";N;}',0),(34,'Site Engineer','a:143:{s:5:\"leave\";N;s:14:\"leave_specific\";s:0:\"\";s:10:\"attendance\";N;s:19:\"attendance_specific\";s:0:\"\";s:7:\"invoice\";N;s:8:\"job_info\";N;s:15:\"account_setting\";N;s:16:\"final_settelment\";N;s:8:\"estimate\";N;s:7:\"expense\";N;s:8:\"expiries\";N;s:10:\"petty_cash\";N;s:6:\"client\";N;s:4:\"lead\";N;s:6:\"ticket\";N;s:15:\"ticket_specific\";s:0:\"\";s:12:\"announcement\";N;s:17:\"approve_budgeting\";N;s:23:\"help_and_knowledge_base\";N;s:23:\"can_manage_all_projects\";N;s:19:\"can_create_projects\";N;s:17:\"can_edit_projects\";N;s:19:\"can_delete_projects\";N;s:30:\"can_add_remove_project_members\";N;s:16:\"can_create_tasks\";N;s:14:\"can_edit_tasks\";N;s:16:\"can_delete_tasks\";N;s:20:\"can_comment_on_tasks\";N;s:24:\"show_assigned_tasks_only\";N;s:21:\"can_create_milestones\";N;s:19:\"can_edit_milestones\";N;s:21:\"can_delete_milestones\";N;s:16:\"can_delete_files\";N;s:34:\"can_view_team_members_contact_info\";N;s:34:\"can_view_team_members_social_links\";N;s:29:\"team_member_update_permission\";N;s:38:\"team_member_update_permission_specific\";s:0:\"\";s:27:\"timesheet_manage_permission\";N;s:36:\"timesheet_manage_permission_specific\";N;s:21:\"disable_event_sharing\";N;s:22:\"hide_team_members_list\";N;s:28:\"can_delete_leave_application\";N;s:19:\"can_add_team_member\";N;s:21:\"can_view_salary_chart\";N;s:10:\"accounting\";N;s:7:\"payroll\";N;s:5:\"eroom\";N;s:4:\"logs\";N;s:7:\"reports\";N;s:25:\"can_access_delivery_notes\";N;s:25:\"can_create_delivery_notes\";N;s:23:\"can_edit_delivery_notes\";N;s:25:\"can_delete_delivery_notes\";N;s:31:\"delivery_note_manage_permission\";N;s:40:\"delivery_note_manage_permission_specific\";s:0:\"\";s:20:\"can_access_suppliers\";N;s:20:\"can_create_suppliers\";N;s:18:\"can_edit_suppliers\";N;s:20:\"can_delete_suppliers\";N;s:26:\"supplier_manage_permission\";N;s:35:\"supplier_manage_permission_specific\";s:0:\"\";s:26:\"can_access_purchase_orders\";N;s:26:\"can_create_purchase_orders\";N;s:24:\"can_edit_purchase_orders\";N;s:26:\"can_delete_purchase_orders\";N;s:32:\"purchase_order_manage_permission\";N;s:41:\"purchase_order_manage_permission_specific\";s:0:\"\";s:16:\"can_access_items\";N;s:16:\"can_create_items\";N;s:14:\"can_edit_items\";N;s:16:\"can_delete_items\";N;s:22:\"item_manage_permission\";N;s:31:\"item_manage_permission_specific\";s:0:\"\";s:25:\"can_access_items_category\";N;s:25:\"can_create_items_category\";N;s:23:\"can_edit_items_category\";N;s:25:\"can_delete_items_category\";N;s:31:\"item_category_manage_permission\";N;s:40:\"item_category_manage_permission_specific\";s:0:\"\";s:19:\"can_access_expiries\";N;s:21:\"can_access_petty_cash\";N;s:19:\"can_access_expenses\";s:1:\"1\";s:19:\"can_create_expenses\";s:1:\"1\";s:17:\"can_edit_expenses\";s:1:\"1\";s:19:\"can_delete_expenses\";s:1:\"1\";s:25:\"expense_manage_permission\";N;s:34:\"expense_manage_permission_specific\";s:0:\"\";s:20:\"internal_transaction\";N;s:27:\"can_access_invoice_payments\";N;s:27:\"can_create_invoice_payments\";N;s:25:\"can_edit_invoice_payments\";N;s:27:\"can_delete_invoice_payments\";N;s:34:\"can_access_purchase_order_payments\";N;s:34:\"can_create_purchase_order_payments\";N;s:32:\"can_edit_purchase_order_payments\";N;s:34:\"can_delete_purchase_order_payments\";N;s:19:\"can_access_contacts\";N;s:19:\"can_create_contacts\";N;s:17:\"can_edit_contacts\";N;s:19:\"can_delete_contacts\";N;s:25:\"contact_manage_permission\";N;s:34:\"contact_manage_permission_specific\";N;s:18:\"can_access_clients\";N;s:18:\"can_create_clients\";N;s:16:\"can_edit_clients\";N;s:18:\"can_delete_clients\";N;s:24:\"client_manage_permission\";N;s:33:\"client_manage_permission_specific\";s:0:\"\";s:16:\"can_access_leads\";N;s:16:\"can_create_leads\";N;s:14:\"can_edit_leads\";N;s:16:\"can_delete_leads\";N;s:23:\"leads_manage_permission\";N;s:32:\"leads_manage_permission_specific\";s:0:\"\";s:19:\"can_access_invoices\";N;s:19:\"can_create_invoices\";N;s:17:\"can_edit_invoices\";N;s:19:\"can_delete_invoices\";N;s:25:\"invoice_manage_permission\";N;s:34:\"invoice_manage_permission_specific\";s:0:\"\";s:26:\"can_access_invoices_return\";N;s:26:\"can_create_invoices_return\";N;s:24:\"can_edit_invoices_return\";N;s:26:\"can_delete_invoices_return\";N;s:32:\"invoice_return_manage_permission\";N;s:41:\"invoice_return_manage_permission_specific\";s:0:\"\";s:20:\"can_access_estimates\";N;s:20:\"can_create_estimates\";N;s:18:\"can_edit_estimates\";N;s:20:\"can_delete_estimates\";N;s:26:\"estimate_manage_permission\";N;s:35:\"estimate_manage_permission_specific\";s:0:\"\";s:16:\"estimate_request\";N;s:8:\"discount\";i:0;s:8:\"expenses\";N;s:9:\"estimates\";N;s:8:\"invoices\";N;s:16:\"invoice_payments\";N;s:14:\"delivery_notes\";N;s:15:\"purchase_orders\";N;s:23:\"purchase_order_payments\";N;s:8:\"payrolls\";N;s:21:\"internal_transactions\";N;}',0),(35,'Business Development Manager','a:143:{s:5:\"leave\";N;s:14:\"leave_specific\";s:0:\"\";s:10:\"attendance\";N;s:19:\"attendance_specific\";s:0:\"\";s:7:\"invoice\";N;s:8:\"job_info\";N;s:15:\"account_setting\";s:0:\"\";s:16:\"final_settelment\";N;s:8:\"estimate\";N;s:7:\"expense\";N;s:8:\"expiries\";s:0:\"\";s:10:\"petty_cash\";N;s:6:\"client\";N;s:4:\"lead\";s:3:\"all\";s:6:\"ticket\";N;s:15:\"ticket_specific\";s:0:\"\";s:12:\"announcement\";N;s:17:\"approve_budgeting\";N;s:23:\"help_and_knowledge_base\";N;s:23:\"can_manage_all_projects\";N;s:19:\"can_create_projects\";N;s:17:\"can_edit_projects\";N;s:19:\"can_delete_projects\";N;s:30:\"can_add_remove_project_members\";N;s:16:\"can_create_tasks\";N;s:14:\"can_edit_tasks\";N;s:16:\"can_delete_tasks\";N;s:20:\"can_comment_on_tasks\";N;s:24:\"show_assigned_tasks_only\";N;s:21:\"can_create_milestones\";N;s:19:\"can_edit_milestones\";N;s:21:\"can_delete_milestones\";N;s:16:\"can_delete_files\";N;s:34:\"can_view_team_members_contact_info\";s:1:\"1\";s:34:\"can_view_team_members_social_links\";N;s:29:\"team_member_update_permission\";s:3:\"all\";s:38:\"team_member_update_permission_specific\";s:0:\"\";s:27:\"timesheet_manage_permission\";N;s:36:\"timesheet_manage_permission_specific\";N;s:21:\"disable_event_sharing\";N;s:22:\"hide_team_members_list\";N;s:28:\"can_delete_leave_application\";N;s:19:\"can_add_team_member\";N;s:21:\"can_view_salary_chart\";N;s:10:\"accounting\";N;s:7:\"payroll\";N;s:5:\"eroom\";s:3:\"all\";s:4:\"logs\";s:3:\"all\";s:7:\"reports\";N;s:25:\"can_access_delivery_notes\";N;s:25:\"can_create_delivery_notes\";N;s:23:\"can_edit_delivery_notes\";N;s:25:\"can_delete_delivery_notes\";N;s:31:\"delivery_note_manage_permission\";N;s:40:\"delivery_note_manage_permission_specific\";s:0:\"\";s:20:\"can_access_suppliers\";N;s:20:\"can_create_suppliers\";N;s:18:\"can_edit_suppliers\";N;s:20:\"can_delete_suppliers\";N;s:26:\"supplier_manage_permission\";N;s:35:\"supplier_manage_permission_specific\";s:0:\"\";s:26:\"can_access_purchase_orders\";N;s:26:\"can_create_purchase_orders\";N;s:24:\"can_edit_purchase_orders\";N;s:26:\"can_delete_purchase_orders\";N;s:32:\"purchase_order_manage_permission\";N;s:41:\"purchase_order_manage_permission_specific\";s:0:\"\";s:16:\"can_access_items\";N;s:16:\"can_create_items\";N;s:14:\"can_edit_items\";N;s:16:\"can_delete_items\";N;s:22:\"item_manage_permission\";N;s:31:\"item_manage_permission_specific\";s:0:\"\";s:25:\"can_access_items_category\";N;s:25:\"can_create_items_category\";N;s:23:\"can_edit_items_category\";N;s:25:\"can_delete_items_category\";N;s:31:\"item_category_manage_permission\";N;s:40:\"item_category_manage_permission_specific\";s:0:\"\";s:19:\"can_access_expiries\";N;s:21:\"can_access_petty_cash\";N;s:19:\"can_access_expenses\";s:1:\"1\";s:19:\"can_create_expenses\";s:1:\"1\";s:17:\"can_edit_expenses\";s:1:\"1\";s:19:\"can_delete_expenses\";N;s:25:\"expense_manage_permission\";s:0:\"\";s:34:\"expense_manage_permission_specific\";s:0:\"\";s:20:\"internal_transaction\";N;s:27:\"can_access_invoice_payments\";s:1:\"1\";s:27:\"can_create_invoice_payments\";s:1:\"1\";s:25:\"can_edit_invoice_payments\";s:1:\"1\";s:27:\"can_delete_invoice_payments\";N;s:34:\"can_access_purchase_order_payments\";s:1:\"1\";s:34:\"can_create_purchase_order_payments\";s:1:\"1\";s:32:\"can_edit_purchase_order_payments\";s:1:\"1\";s:34:\"can_delete_purchase_order_payments\";N;s:19:\"can_access_contacts\";N;s:19:\"can_create_contacts\";N;s:17:\"can_edit_contacts\";N;s:19:\"can_delete_contacts\";N;s:25:\"contact_manage_permission\";N;s:34:\"contact_manage_permission_specific\";N;s:18:\"can_access_clients\";s:1:\"1\";s:18:\"can_create_clients\";s:1:\"1\";s:16:\"can_edit_clients\";s:1:\"1\";s:18:\"can_delete_clients\";s:1:\"1\";s:24:\"client_manage_permission\";s:3:\"all\";s:33:\"client_manage_permission_specific\";s:0:\"\";s:16:\"can_access_leads\";s:1:\"1\";s:16:\"can_create_leads\";s:1:\"1\";s:14:\"can_edit_leads\";s:1:\"1\";s:16:\"can_delete_leads\";s:1:\"1\";s:23:\"leads_manage_permission\";s:3:\"all\";s:32:\"leads_manage_permission_specific\";s:0:\"\";s:19:\"can_access_invoices\";s:1:\"1\";s:19:\"can_create_invoices\";s:1:\"1\";s:17:\"can_edit_invoices\";s:1:\"1\";s:19:\"can_delete_invoices\";s:1:\"1\";s:25:\"invoice_manage_permission\";s:3:\"all\";s:34:\"invoice_manage_permission_specific\";s:0:\"\";s:26:\"can_access_invoices_return\";s:1:\"1\";s:26:\"can_create_invoices_return\";s:1:\"1\";s:24:\"can_edit_invoices_return\";s:1:\"1\";s:26:\"can_delete_invoices_return\";s:1:\"1\";s:32:\"invoice_return_manage_permission\";s:3:\"all\";s:41:\"invoice_return_manage_permission_specific\";s:0:\"\";s:20:\"can_access_estimates\";s:1:\"1\";s:20:\"can_create_estimates\";s:1:\"1\";s:18:\"can_edit_estimates\";s:1:\"1\";s:20:\"can_delete_estimates\";s:1:\"1\";s:26:\"estimate_manage_permission\";s:3:\"all\";s:35:\"estimate_manage_permission_specific\";s:0:\"\";s:16:\"estimate_request\";N;s:8:\"discount\";i:0;s:8:\"expenses\";N;s:9:\"estimates\";N;s:8:\"invoices\";N;s:16:\"invoice_payments\";N;s:14:\"delivery_notes\";N;s:15:\"purchase_orders\";N;s:23:\"purchase_order_payments\";N;s:8:\"payrolls\";N;s:21:\"internal_transactions\";N;}',0),(36,'Director - Purchase & Contract','a:143:{s:5:\"leave\";s:3:\"all\";s:14:\"leave_specific\";s:0:\"\";s:10:\"attendance\";N;s:19:\"attendance_specific\";s:0:\"\";s:7:\"invoice\";N;s:8:\"job_info\";s:0:\"\";s:15:\"account_setting\";s:0:\"\";s:16:\"final_settelment\";s:0:\"\";s:8:\"estimate\";N;s:7:\"expense\";N;s:8:\"expiries\";s:3:\"all\";s:10:\"petty_cash\";N;s:6:\"client\";N;s:4:\"lead\";s:3:\"all\";s:6:\"ticket\";N;s:15:\"ticket_specific\";s:0:\"\";s:12:\"announcement\";s:3:\"all\";s:17:\"approve_budgeting\";N;s:23:\"help_and_knowledge_base\";s:3:\"all\";s:23:\"can_manage_all_projects\";s:1:\"1\";s:19:\"can_create_projects\";N;s:17:\"can_edit_projects\";N;s:19:\"can_delete_projects\";N;s:30:\"can_add_remove_project_members\";s:1:\"1\";s:16:\"can_create_tasks\";s:1:\"1\";s:14:\"can_edit_tasks\";s:1:\"1\";s:16:\"can_delete_tasks\";s:1:\"1\";s:20:\"can_comment_on_tasks\";s:1:\"1\";s:24:\"show_assigned_tasks_only\";N;s:21:\"can_create_milestones\";N;s:19:\"can_edit_milestones\";N;s:21:\"can_delete_milestones\";N;s:16:\"can_delete_files\";s:1:\"1\";s:34:\"can_view_team_members_contact_info\";s:1:\"1\";s:34:\"can_view_team_members_social_links\";N;s:29:\"team_member_update_permission\";s:3:\"all\";s:38:\"team_member_update_permission_specific\";s:0:\"\";s:27:\"timesheet_manage_permission\";N;s:36:\"timesheet_manage_permission_specific\";N;s:21:\"disable_event_sharing\";N;s:22:\"hide_team_members_list\";N;s:28:\"can_delete_leave_application\";N;s:19:\"can_add_team_member\";s:1:\"1\";s:21:\"can_view_salary_chart\";s:1:\"0\";s:10:\"accounting\";s:0:\"\";s:7:\"payroll\";s:0:\"\";s:5:\"eroom\";N;s:4:\"logs\";s:3:\"all\";s:7:\"reports\";s:3:\"all\";s:25:\"can_access_delivery_notes\";s:1:\"1\";s:25:\"can_create_delivery_notes\";s:1:\"1\";s:23:\"can_edit_delivery_notes\";s:1:\"1\";s:25:\"can_delete_delivery_notes\";N;s:31:\"delivery_note_manage_permission\";s:3:\"all\";s:40:\"delivery_note_manage_permission_specific\";s:0:\"\";s:20:\"can_access_suppliers\";s:1:\"1\";s:20:\"can_create_suppliers\";s:1:\"1\";s:18:\"can_edit_suppliers\";s:1:\"1\";s:20:\"can_delete_suppliers\";N;s:26:\"supplier_manage_permission\";s:3:\"all\";s:35:\"supplier_manage_permission_specific\";s:0:\"\";s:26:\"can_access_purchase_orders\";s:1:\"1\";s:26:\"can_create_purchase_orders\";s:1:\"1\";s:24:\"can_edit_purchase_orders\";s:1:\"1\";s:26:\"can_delete_purchase_orders\";N;s:32:\"purchase_order_manage_permission\";s:3:\"all\";s:41:\"purchase_order_manage_permission_specific\";s:0:\"\";s:16:\"can_access_items\";s:1:\"1\";s:16:\"can_create_items\";s:1:\"1\";s:14:\"can_edit_items\";s:1:\"1\";s:16:\"can_delete_items\";N;s:22:\"item_manage_permission\";s:3:\"all\";s:31:\"item_manage_permission_specific\";s:0:\"\";s:25:\"can_access_items_category\";s:1:\"1\";s:25:\"can_create_items_category\";s:1:\"1\";s:23:\"can_edit_items_category\";s:1:\"1\";s:25:\"can_delete_items_category\";N;s:31:\"item_category_manage_permission\";s:3:\"all\";s:40:\"item_category_manage_permission_specific\";s:0:\"\";s:19:\"can_access_expiries\";N;s:21:\"can_access_petty_cash\";N;s:19:\"can_access_expenses\";s:1:\"1\";s:19:\"can_create_expenses\";s:1:\"1\";s:17:\"can_edit_expenses\";s:1:\"1\";s:19:\"can_delete_expenses\";N;s:25:\"expense_manage_permission\";s:8:\"specific\";s:34:\"expense_manage_permission_specific\";s:219:\"member:55,member:56,member:57,member:58,member:59,member:60,member:61,member:65,member:66,member:67,member:68,member:69,member:70,member:71,member:72,member:73,member:74,member:75,member:76,member:78,member:79,member:86\";s:20:\"internal_transaction\";N;s:27:\"can_access_invoice_payments\";s:1:\"1\";s:27:\"can_create_invoice_payments\";s:1:\"1\";s:25:\"can_edit_invoice_payments\";s:1:\"1\";s:27:\"can_delete_invoice_payments\";N;s:34:\"can_access_purchase_order_payments\";s:1:\"1\";s:34:\"can_create_purchase_order_payments\";s:1:\"1\";s:32:\"can_edit_purchase_order_payments\";s:1:\"1\";s:34:\"can_delete_purchase_order_payments\";N;s:19:\"can_access_contacts\";N;s:19:\"can_create_contacts\";N;s:17:\"can_edit_contacts\";N;s:19:\"can_delete_contacts\";N;s:25:\"contact_manage_permission\";N;s:34:\"contact_manage_permission_specific\";N;s:18:\"can_access_clients\";s:1:\"1\";s:18:\"can_create_clients\";s:1:\"1\";s:16:\"can_edit_clients\";s:1:\"1\";s:18:\"can_delete_clients\";s:1:\"1\";s:24:\"client_manage_permission\";s:3:\"all\";s:33:\"client_manage_permission_specific\";s:0:\"\";s:16:\"can_access_leads\";s:1:\"1\";s:16:\"can_create_leads\";s:1:\"1\";s:14:\"can_edit_leads\";s:1:\"1\";s:16:\"can_delete_leads\";s:1:\"1\";s:23:\"leads_manage_permission\";s:3:\"all\";s:32:\"leads_manage_permission_specific\";s:0:\"\";s:19:\"can_access_invoices\";s:1:\"1\";s:19:\"can_create_invoices\";s:1:\"1\";s:17:\"can_edit_invoices\";s:1:\"1\";s:19:\"can_delete_invoices\";s:1:\"1\";s:25:\"invoice_manage_permission\";s:3:\"all\";s:34:\"invoice_manage_permission_specific\";s:0:\"\";s:26:\"can_access_invoices_return\";s:1:\"1\";s:26:\"can_create_invoices_return\";s:1:\"1\";s:24:\"can_edit_invoices_return\";s:1:\"1\";s:26:\"can_delete_invoices_return\";s:1:\"1\";s:32:\"invoice_return_manage_permission\";s:3:\"all\";s:41:\"invoice_return_manage_permission_specific\";s:0:\"\";s:20:\"can_access_estimates\";s:1:\"1\";s:20:\"can_create_estimates\";s:1:\"1\";s:18:\"can_edit_estimates\";s:1:\"1\";s:20:\"can_delete_estimates\";s:1:\"1\";s:26:\"estimate_manage_permission\";N;s:35:\"estimate_manage_permission_specific\";s:0:\"\";s:16:\"estimate_request\";N;s:8:\"discount\";i:0;s:8:\"expenses\";s:3:\"all\";s:9:\"estimates\";s:3:\"all\";s:8:\"invoices\";s:3:\"all\";s:16:\"invoice_payments\";s:3:\"all\";s:14:\"delivery_notes\";s:3:\"all\";s:15:\"purchase_orders\";s:3:\"all\";s:23:\"purchase_order_payments\";s:3:\"all\";s:8:\"payrolls\";N;s:21:\"internal_transactions\";N;}',0),(37,'HR & Admin Head','a:143:{s:5:\"leave\";s:8:\"specific\";s:14:\"leave_specific\";s:6:\"team:8\";s:10:\"attendance\";N;s:19:\"attendance_specific\";s:0:\"\";s:7:\"invoice\";N;s:8:\"job_info\";s:3:\"all\";s:15:\"account_setting\";s:0:\"\";s:16:\"final_settelment\";s:3:\"all\";s:8:\"estimate\";N;s:7:\"expense\";N;s:8:\"expiries\";s:0:\"\";s:10:\"petty_cash\";N;s:6:\"client\";N;s:4:\"lead\";N;s:6:\"ticket\";N;s:15:\"ticket_specific\";s:0:\"\";s:12:\"announcement\";s:3:\"all\";s:17:\"approve_budgeting\";N;s:23:\"help_and_knowledge_base\";s:3:\"all\";s:23:\"can_manage_all_projects\";N;s:19:\"can_create_projects\";N;s:17:\"can_edit_projects\";N;s:19:\"can_delete_projects\";N;s:30:\"can_add_remove_project_members\";N;s:16:\"can_create_tasks\";N;s:14:\"can_edit_tasks\";N;s:16:\"can_delete_tasks\";N;s:20:\"can_comment_on_tasks\";N;s:24:\"show_assigned_tasks_only\";N;s:21:\"can_create_milestones\";N;s:19:\"can_edit_milestones\";N;s:21:\"can_delete_milestones\";N;s:16:\"can_delete_files\";N;s:34:\"can_view_team_members_contact_info\";s:1:\"1\";s:34:\"can_view_team_members_social_links\";N;s:29:\"team_member_update_permission\";s:3:\"all\";s:38:\"team_member_update_permission_specific\";s:0:\"\";s:27:\"timesheet_manage_permission\";N;s:36:\"timesheet_manage_permission_specific\";N;s:21:\"disable_event_sharing\";s:1:\"0\";s:22:\"hide_team_members_list\";N;s:28:\"can_delete_leave_application\";s:1:\"1\";s:19:\"can_add_team_member\";N;s:21:\"can_view_salary_chart\";s:1:\"0\";s:10:\"accounting\";s:0:\"\";s:7:\"payroll\";s:0:\"\";s:5:\"eroom\";s:3:\"all\";s:4:\"logs\";s:0:\"\";s:7:\"reports\";s:0:\"\";s:25:\"can_access_delivery_notes\";N;s:25:\"can_create_delivery_notes\";N;s:23:\"can_edit_delivery_notes\";N;s:25:\"can_delete_delivery_notes\";N;s:31:\"delivery_note_manage_permission\";N;s:40:\"delivery_note_manage_permission_specific\";s:0:\"\";s:20:\"can_access_suppliers\";N;s:20:\"can_create_suppliers\";N;s:18:\"can_edit_suppliers\";N;s:20:\"can_delete_suppliers\";N;s:26:\"supplier_manage_permission\";N;s:35:\"supplier_manage_permission_specific\";s:0:\"\";s:26:\"can_access_purchase_orders\";N;s:26:\"can_create_purchase_orders\";N;s:24:\"can_edit_purchase_orders\";N;s:26:\"can_delete_purchase_orders\";N;s:32:\"purchase_order_manage_permission\";N;s:41:\"purchase_order_manage_permission_specific\";s:0:\"\";s:16:\"can_access_items\";N;s:16:\"can_create_items\";N;s:14:\"can_edit_items\";N;s:16:\"can_delete_items\";N;s:22:\"item_manage_permission\";N;s:31:\"item_manage_permission_specific\";s:0:\"\";s:25:\"can_access_items_category\";N;s:25:\"can_create_items_category\";N;s:23:\"can_edit_items_category\";N;s:25:\"can_delete_items_category\";N;s:31:\"item_category_manage_permission\";N;s:40:\"item_category_manage_permission_specific\";s:0:\"\";s:19:\"can_access_expiries\";N;s:21:\"can_access_petty_cash\";N;s:19:\"can_access_expenses\";s:1:\"1\";s:19:\"can_create_expenses\";s:1:\"1\";s:17:\"can_edit_expenses\";s:1:\"1\";s:19:\"can_delete_expenses\";s:1:\"1\";s:25:\"expense_manage_permission\";s:0:\"\";s:34:\"expense_manage_permission_specific\";s:6:\"team:8\";s:20:\"internal_transaction\";N;s:27:\"can_access_invoice_payments\";N;s:27:\"can_create_invoice_payments\";N;s:25:\"can_edit_invoice_payments\";N;s:27:\"can_delete_invoice_payments\";N;s:34:\"can_access_purchase_order_payments\";N;s:34:\"can_create_purchase_order_payments\";N;s:32:\"can_edit_purchase_order_payments\";N;s:34:\"can_delete_purchase_order_payments\";N;s:19:\"can_access_contacts\";N;s:19:\"can_create_contacts\";N;s:17:\"can_edit_contacts\";N;s:19:\"can_delete_contacts\";N;s:25:\"contact_manage_permission\";N;s:34:\"contact_manage_permission_specific\";N;s:18:\"can_access_clients\";N;s:18:\"can_create_clients\";N;s:16:\"can_edit_clients\";N;s:18:\"can_delete_clients\";N;s:24:\"client_manage_permission\";N;s:33:\"client_manage_permission_specific\";s:0:\"\";s:16:\"can_access_leads\";N;s:16:\"can_create_leads\";N;s:14:\"can_edit_leads\";N;s:16:\"can_delete_leads\";N;s:23:\"leads_manage_permission\";N;s:32:\"leads_manage_permission_specific\";s:0:\"\";s:19:\"can_access_invoices\";N;s:19:\"can_create_invoices\";N;s:17:\"can_edit_invoices\";N;s:19:\"can_delete_invoices\";N;s:25:\"invoice_manage_permission\";N;s:34:\"invoice_manage_permission_specific\";s:0:\"\";s:26:\"can_access_invoices_return\";N;s:26:\"can_create_invoices_return\";N;s:24:\"can_edit_invoices_return\";N;s:26:\"can_delete_invoices_return\";N;s:32:\"invoice_return_manage_permission\";N;s:41:\"invoice_return_manage_permission_specific\";s:0:\"\";s:20:\"can_access_estimates\";N;s:20:\"can_create_estimates\";N;s:18:\"can_edit_estimates\";N;s:20:\"can_delete_estimates\";N;s:26:\"estimate_manage_permission\";N;s:35:\"estimate_manage_permission_specific\";s:0:\"\";s:16:\"estimate_request\";N;s:8:\"discount\";i:0;s:8:\"expenses\";N;s:9:\"estimates\";N;s:8:\"invoices\";N;s:16:\"invoice_payments\";N;s:14:\"delivery_notes\";N;s:15:\"purchase_orders\";N;s:23:\"purchase_order_payments\";N;s:8:\"payrolls\";N;s:21:\"internal_transactions\";N;}',0),(38,'CHAIRMAN / CEO',NULL,0),(39,'Finance Manager','a:143:{s:5:\"leave\";s:3:\"all\";s:14:\"leave_specific\";s:0:\"\";s:10:\"attendance\";N;s:19:\"attendance_specific\";s:0:\"\";s:7:\"invoice\";N;s:8:\"job_info\";s:3:\"all\";s:15:\"account_setting\";s:3:\"all\";s:16:\"final_settelment\";s:3:\"all\";s:8:\"estimate\";N;s:7:\"expense\";N;s:8:\"expiries\";s:3:\"all\";s:10:\"petty_cash\";N;s:6:\"client\";N;s:4:\"lead\";s:3:\"all\";s:6:\"ticket\";N;s:15:\"ticket_specific\";s:0:\"\";s:12:\"announcement\";s:3:\"all\";s:17:\"approve_budgeting\";N;s:23:\"help_and_knowledge_base\";s:3:\"all\";s:23:\"can_manage_all_projects\";s:1:\"1\";s:19:\"can_create_projects\";s:1:\"1\";s:17:\"can_edit_projects\";s:1:\"1\";s:19:\"can_delete_projects\";s:1:\"1\";s:30:\"can_add_remove_project_members\";s:1:\"1\";s:16:\"can_create_tasks\";s:1:\"1\";s:14:\"can_edit_tasks\";s:1:\"1\";s:16:\"can_delete_tasks\";s:1:\"1\";s:20:\"can_comment_on_tasks\";s:1:\"1\";s:24:\"show_assigned_tasks_only\";N;s:21:\"can_create_milestones\";s:1:\"1\";s:19:\"can_edit_milestones\";s:1:\"1\";s:21:\"can_delete_milestones\";s:1:\"1\";s:16:\"can_delete_files\";s:1:\"1\";s:34:\"can_view_team_members_contact_info\";s:1:\"1\";s:34:\"can_view_team_members_social_links\";N;s:29:\"team_member_update_permission\";s:3:\"all\";s:38:\"team_member_update_permission_specific\";s:0:\"\";s:27:\"timesheet_manage_permission\";N;s:36:\"timesheet_manage_permission_specific\";N;s:21:\"disable_event_sharing\";s:1:\"1\";s:22:\"hide_team_members_list\";N;s:28:\"can_delete_leave_application\";s:1:\"1\";s:19:\"can_add_team_member\";s:1:\"1\";s:21:\"can_view_salary_chart\";s:1:\"1\";s:10:\"accounting\";s:3:\"all\";s:7:\"payroll\";s:3:\"all\";s:5:\"eroom\";s:3:\"all\";s:4:\"logs\";s:3:\"all\";s:7:\"reports\";s:3:\"all\";s:25:\"can_access_delivery_notes\";s:1:\"1\";s:25:\"can_create_delivery_notes\";s:1:\"1\";s:23:\"can_edit_delivery_notes\";s:1:\"1\";s:25:\"can_delete_delivery_notes\";s:1:\"1\";s:31:\"delivery_note_manage_permission\";s:3:\"all\";s:40:\"delivery_note_manage_permission_specific\";s:0:\"\";s:20:\"can_access_suppliers\";s:1:\"1\";s:20:\"can_create_suppliers\";s:1:\"1\";s:18:\"can_edit_suppliers\";s:1:\"1\";s:20:\"can_delete_suppliers\";s:1:\"1\";s:26:\"supplier_manage_permission\";s:3:\"all\";s:35:\"supplier_manage_permission_specific\";s:0:\"\";s:26:\"can_access_purchase_orders\";s:1:\"1\";s:26:\"can_create_purchase_orders\";s:1:\"1\";s:24:\"can_edit_purchase_orders\";s:1:\"1\";s:26:\"can_delete_purchase_orders\";s:1:\"1\";s:32:\"purchase_order_manage_permission\";s:3:\"all\";s:41:\"purchase_order_manage_permission_specific\";s:0:\"\";s:16:\"can_access_items\";s:1:\"1\";s:16:\"can_create_items\";s:1:\"1\";s:14:\"can_edit_items\";s:1:\"1\";s:16:\"can_delete_items\";s:1:\"1\";s:22:\"item_manage_permission\";s:3:\"all\";s:31:\"item_manage_permission_specific\";s:0:\"\";s:25:\"can_access_items_category\";s:1:\"1\";s:25:\"can_create_items_category\";s:1:\"1\";s:23:\"can_edit_items_category\";s:1:\"1\";s:25:\"can_delete_items_category\";s:1:\"1\";s:31:\"item_category_manage_permission\";s:3:\"all\";s:40:\"item_category_manage_permission_specific\";s:0:\"\";s:19:\"can_access_expiries\";N;s:21:\"can_access_petty_cash\";N;s:19:\"can_access_expenses\";s:1:\"1\";s:19:\"can_create_expenses\";s:1:\"1\";s:17:\"can_edit_expenses\";s:1:\"1\";s:19:\"can_delete_expenses\";s:1:\"1\";s:25:\"expense_manage_permission\";s:3:\"all\";s:34:\"expense_manage_permission_specific\";s:0:\"\";s:20:\"internal_transaction\";N;s:27:\"can_access_invoice_payments\";s:1:\"1\";s:27:\"can_create_invoice_payments\";s:1:\"1\";s:25:\"can_edit_invoice_payments\";s:1:\"1\";s:27:\"can_delete_invoice_payments\";s:1:\"1\";s:34:\"can_access_purchase_order_payments\";s:1:\"1\";s:34:\"can_create_purchase_order_payments\";s:1:\"1\";s:32:\"can_edit_purchase_order_payments\";s:1:\"1\";s:34:\"can_delete_purchase_order_payments\";s:1:\"1\";s:19:\"can_access_contacts\";N;s:19:\"can_create_contacts\";N;s:17:\"can_edit_contacts\";N;s:19:\"can_delete_contacts\";N;s:25:\"contact_manage_permission\";N;s:34:\"contact_manage_permission_specific\";N;s:18:\"can_access_clients\";s:1:\"1\";s:18:\"can_create_clients\";s:1:\"1\";s:16:\"can_edit_clients\";s:1:\"1\";s:18:\"can_delete_clients\";s:1:\"1\";s:24:\"client_manage_permission\";s:3:\"all\";s:33:\"client_manage_permission_specific\";s:0:\"\";s:16:\"can_access_leads\";s:1:\"1\";s:16:\"can_create_leads\";s:1:\"1\";s:14:\"can_edit_leads\";s:1:\"1\";s:16:\"can_delete_leads\";s:1:\"1\";s:23:\"leads_manage_permission\";s:3:\"all\";s:32:\"leads_manage_permission_specific\";s:0:\"\";s:19:\"can_access_invoices\";s:1:\"1\";s:19:\"can_create_invoices\";s:1:\"1\";s:17:\"can_edit_invoices\";s:1:\"1\";s:19:\"can_delete_invoices\";s:1:\"1\";s:25:\"invoice_manage_permission\";s:3:\"all\";s:34:\"invoice_manage_permission_specific\";s:0:\"\";s:26:\"can_access_invoices_return\";s:1:\"1\";s:26:\"can_create_invoices_return\";s:1:\"1\";s:24:\"can_edit_invoices_return\";s:1:\"1\";s:26:\"can_delete_invoices_return\";s:1:\"1\";s:32:\"invoice_return_manage_permission\";s:3:\"all\";s:41:\"invoice_return_manage_permission_specific\";s:0:\"\";s:20:\"can_access_estimates\";s:1:\"1\";s:20:\"can_create_estimates\";s:1:\"1\";s:18:\"can_edit_estimates\";s:1:\"1\";s:20:\"can_delete_estimates\";s:1:\"1\";s:26:\"estimate_manage_permission\";s:3:\"all\";s:35:\"estimate_manage_permission_specific\";s:0:\"\";s:16:\"estimate_request\";N;s:8:\"discount\";i:0;s:8:\"expenses\";s:3:\"all\";s:9:\"estimates\";s:3:\"all\";s:8:\"invoices\";s:3:\"all\";s:16:\"invoice_payments\";s:3:\"all\";s:14:\"delivery_notes\";s:3:\"all\";s:15:\"purchase_orders\";s:3:\"all\";s:23:\"purchase_order_payments\";s:3:\"all\";s:8:\"payrolls\";N;s:21:\"internal_transactions\";N;}',0),(40,'Auditor',NULL,0),(41,'Purchase Assistant','a:143:{s:5:\"leave\";N;s:14:\"leave_specific\";s:0:\"\";s:10:\"attendance\";N;s:19:\"attendance_specific\";s:0:\"\";s:7:\"invoice\";N;s:8:\"job_info\";N;s:15:\"account_setting\";N;s:16:\"final_settelment\";N;s:8:\"estimate\";N;s:7:\"expense\";N;s:8:\"expiries\";N;s:10:\"petty_cash\";N;s:6:\"client\";N;s:4:\"lead\";N;s:6:\"ticket\";N;s:15:\"ticket_specific\";s:0:\"\";s:12:\"announcement\";N;s:17:\"approve_budgeting\";N;s:23:\"help_and_knowledge_base\";N;s:23:\"can_manage_all_projects\";N;s:19:\"can_create_projects\";N;s:17:\"can_edit_projects\";N;s:19:\"can_delete_projects\";N;s:30:\"can_add_remove_project_members\";N;s:16:\"can_create_tasks\";N;s:14:\"can_edit_tasks\";N;s:16:\"can_delete_tasks\";N;s:20:\"can_comment_on_tasks\";N;s:24:\"show_assigned_tasks_only\";N;s:21:\"can_create_milestones\";N;s:19:\"can_edit_milestones\";N;s:21:\"can_delete_milestones\";N;s:16:\"can_delete_files\";N;s:34:\"can_view_team_members_contact_info\";N;s:34:\"can_view_team_members_social_links\";N;s:29:\"team_member_update_permission\";N;s:38:\"team_member_update_permission_specific\";s:0:\"\";s:27:\"timesheet_manage_permission\";N;s:36:\"timesheet_manage_permission_specific\";N;s:21:\"disable_event_sharing\";N;s:22:\"hide_team_members_list\";N;s:28:\"can_delete_leave_application\";N;s:19:\"can_add_team_member\";N;s:21:\"can_view_salary_chart\";N;s:10:\"accounting\";N;s:7:\"payroll\";N;s:5:\"eroom\";N;s:4:\"logs\";N;s:7:\"reports\";N;s:25:\"can_access_delivery_notes\";N;s:25:\"can_create_delivery_notes\";N;s:23:\"can_edit_delivery_notes\";N;s:25:\"can_delete_delivery_notes\";N;s:31:\"delivery_note_manage_permission\";N;s:40:\"delivery_note_manage_permission_specific\";s:0:\"\";s:20:\"can_access_suppliers\";N;s:20:\"can_create_suppliers\";N;s:18:\"can_edit_suppliers\";N;s:20:\"can_delete_suppliers\";N;s:26:\"supplier_manage_permission\";N;s:35:\"supplier_manage_permission_specific\";s:0:\"\";s:26:\"can_access_purchase_orders\";N;s:26:\"can_create_purchase_orders\";N;s:24:\"can_edit_purchase_orders\";N;s:26:\"can_delete_purchase_orders\";N;s:32:\"purchase_order_manage_permission\";N;s:41:\"purchase_order_manage_permission_specific\";s:0:\"\";s:16:\"can_access_items\";N;s:16:\"can_create_items\";N;s:14:\"can_edit_items\";N;s:16:\"can_delete_items\";N;s:22:\"item_manage_permission\";N;s:31:\"item_manage_permission_specific\";s:0:\"\";s:25:\"can_access_items_category\";N;s:25:\"can_create_items_category\";N;s:23:\"can_edit_items_category\";N;s:25:\"can_delete_items_category\";N;s:31:\"item_category_manage_permission\";N;s:40:\"item_category_manage_permission_specific\";s:0:\"\";s:19:\"can_access_expiries\";N;s:21:\"can_access_petty_cash\";N;s:19:\"can_access_expenses\";s:1:\"1\";s:19:\"can_create_expenses\";s:1:\"1\";s:17:\"can_edit_expenses\";s:1:\"1\";s:19:\"can_delete_expenses\";s:1:\"1\";s:25:\"expense_manage_permission\";s:0:\"\";s:34:\"expense_manage_permission_specific\";s:0:\"\";s:20:\"internal_transaction\";N;s:27:\"can_access_invoice_payments\";N;s:27:\"can_create_invoice_payments\";N;s:25:\"can_edit_invoice_payments\";N;s:27:\"can_delete_invoice_payments\";N;s:34:\"can_access_purchase_order_payments\";N;s:34:\"can_create_purchase_order_payments\";N;s:32:\"can_edit_purchase_order_payments\";N;s:34:\"can_delete_purchase_order_payments\";N;s:19:\"can_access_contacts\";N;s:19:\"can_create_contacts\";N;s:17:\"can_edit_contacts\";N;s:19:\"can_delete_contacts\";N;s:25:\"contact_manage_permission\";N;s:34:\"contact_manage_permission_specific\";N;s:18:\"can_access_clients\";N;s:18:\"can_create_clients\";N;s:16:\"can_edit_clients\";N;s:18:\"can_delete_clients\";N;s:24:\"client_manage_permission\";N;s:33:\"client_manage_permission_specific\";s:0:\"\";s:16:\"can_access_leads\";N;s:16:\"can_create_leads\";N;s:14:\"can_edit_leads\";N;s:16:\"can_delete_leads\";N;s:23:\"leads_manage_permission\";N;s:32:\"leads_manage_permission_specific\";s:0:\"\";s:19:\"can_access_invoices\";N;s:19:\"can_create_invoices\";N;s:17:\"can_edit_invoices\";N;s:19:\"can_delete_invoices\";N;s:25:\"invoice_manage_permission\";N;s:34:\"invoice_manage_permission_specific\";s:0:\"\";s:26:\"can_access_invoices_return\";N;s:26:\"can_create_invoices_return\";N;s:24:\"can_edit_invoices_return\";N;s:26:\"can_delete_invoices_return\";N;s:32:\"invoice_return_manage_permission\";N;s:41:\"invoice_return_manage_permission_specific\";s:0:\"\";s:20:\"can_access_estimates\";N;s:20:\"can_create_estimates\";N;s:18:\"can_edit_estimates\";N;s:20:\"can_delete_estimates\";N;s:26:\"estimate_manage_permission\";N;s:35:\"estimate_manage_permission_specific\";s:0:\"\";s:16:\"estimate_request\";N;s:8:\"discount\";i:0;s:8:\"expenses\";N;s:9:\"estimates\";N;s:8:\"invoices\";N;s:16:\"invoice_payments\";N;s:14:\"delivery_notes\";N;s:15:\"purchase_orders\";N;s:23:\"purchase_order_payments\";N;s:8:\"payrolls\";N;s:21:\"internal_transactions\";N;}',0),(42,'Manager - Operations','a:143:{s:5:\"leave\";s:8:\"specific\";s:14:\"leave_specific\";s:6:\"team:4\";s:10:\"attendance\";N;s:19:\"attendance_specific\";s:0:\"\";s:7:\"invoice\";N;s:8:\"job_info\";s:0:\"\";s:15:\"account_setting\";s:0:\"\";s:16:\"final_settelment\";s:0:\"\";s:8:\"estimate\";N;s:7:\"expense\";N;s:8:\"expiries\";N;s:10:\"petty_cash\";N;s:6:\"client\";N;s:4:\"lead\";s:3:\"all\";s:6:\"ticket\";N;s:15:\"ticket_specific\";s:0:\"\";s:12:\"announcement\";s:3:\"all\";s:17:\"approve_budgeting\";N;s:23:\"help_and_knowledge_base\";s:3:\"all\";s:23:\"can_manage_all_projects\";s:1:\"1\";s:19:\"can_create_projects\";s:1:\"1\";s:17:\"can_edit_projects\";s:1:\"1\";s:19:\"can_delete_projects\";s:1:\"1\";s:30:\"can_add_remove_project_members\";s:1:\"1\";s:16:\"can_create_tasks\";s:1:\"1\";s:14:\"can_edit_tasks\";s:1:\"1\";s:16:\"can_delete_tasks\";s:1:\"1\";s:20:\"can_comment_on_tasks\";s:1:\"1\";s:24:\"show_assigned_tasks_only\";N;s:21:\"can_create_milestones\";s:1:\"1\";s:19:\"can_edit_milestones\";s:1:\"1\";s:21:\"can_delete_milestones\";s:1:\"1\";s:16:\"can_delete_files\";s:1:\"1\";s:34:\"can_view_team_members_contact_info\";s:1:\"1\";s:34:\"can_view_team_members_social_links\";N;s:29:\"team_member_update_permission\";s:3:\"all\";s:38:\"team_member_update_permission_specific\";s:0:\"\";s:27:\"timesheet_manage_permission\";N;s:36:\"timesheet_manage_permission_specific\";N;s:21:\"disable_event_sharing\";s:1:\"0\";s:22:\"hide_team_members_list\";N;s:28:\"can_delete_leave_application\";s:1:\"1\";s:19:\"can_add_team_member\";N;s:21:\"can_view_salary_chart\";s:1:\"0\";s:10:\"accounting\";s:0:\"\";s:7:\"payroll\";s:0:\"\";s:5:\"eroom\";N;s:4:\"logs\";s:0:\"\";s:7:\"reports\";s:0:\"\";s:25:\"can_access_delivery_notes\";s:1:\"1\";s:25:\"can_create_delivery_notes\";s:1:\"1\";s:23:\"can_edit_delivery_notes\";s:1:\"1\";s:25:\"can_delete_delivery_notes\";N;s:31:\"delivery_note_manage_permission\";s:0:\"\";s:40:\"delivery_note_manage_permission_specific\";s:0:\"\";s:20:\"can_access_suppliers\";s:1:\"1\";s:20:\"can_create_suppliers\";s:1:\"1\";s:18:\"can_edit_suppliers\";s:1:\"1\";s:20:\"can_delete_suppliers\";N;s:26:\"supplier_manage_permission\";s:0:\"\";s:35:\"supplier_manage_permission_specific\";s:0:\"\";s:26:\"can_access_purchase_orders\";s:1:\"1\";s:26:\"can_create_purchase_orders\";s:1:\"1\";s:24:\"can_edit_purchase_orders\";s:1:\"1\";s:26:\"can_delete_purchase_orders\";N;s:32:\"purchase_order_manage_permission\";s:0:\"\";s:41:\"purchase_order_manage_permission_specific\";s:0:\"\";s:16:\"can_access_items\";s:1:\"1\";s:16:\"can_create_items\";s:1:\"1\";s:14:\"can_edit_items\";s:1:\"1\";s:16:\"can_delete_items\";N;s:22:\"item_manage_permission\";s:0:\"\";s:31:\"item_manage_permission_specific\";s:0:\"\";s:25:\"can_access_items_category\";s:1:\"1\";s:25:\"can_create_items_category\";s:1:\"1\";s:23:\"can_edit_items_category\";s:1:\"1\";s:25:\"can_delete_items_category\";N;s:31:\"item_category_manage_permission\";s:0:\"\";s:40:\"item_category_manage_permission_specific\";s:0:\"\";s:19:\"can_access_expiries\";N;s:21:\"can_access_petty_cash\";N;s:19:\"can_access_expenses\";s:1:\"1\";s:19:\"can_create_expenses\";s:1:\"1\";s:17:\"can_edit_expenses\";s:1:\"1\";s:19:\"can_delete_expenses\";s:1:\"1\";s:25:\"expense_manage_permission\";s:0:\"\";s:34:\"expense_manage_permission_specific\";s:0:\"\";s:20:\"internal_transaction\";N;s:27:\"can_access_invoice_payments\";s:1:\"1\";s:27:\"can_create_invoice_payments\";N;s:25:\"can_edit_invoice_payments\";N;s:27:\"can_delete_invoice_payments\";N;s:34:\"can_access_purchase_order_payments\";s:1:\"1\";s:34:\"can_create_purchase_order_payments\";N;s:32:\"can_edit_purchase_order_payments\";N;s:34:\"can_delete_purchase_order_payments\";N;s:19:\"can_access_contacts\";N;s:19:\"can_create_contacts\";N;s:17:\"can_edit_contacts\";N;s:19:\"can_delete_contacts\";N;s:25:\"contact_manage_permission\";N;s:34:\"contact_manage_permission_specific\";N;s:18:\"can_access_clients\";s:1:\"1\";s:18:\"can_create_clients\";s:1:\"1\";s:16:\"can_edit_clients\";s:1:\"1\";s:18:\"can_delete_clients\";N;s:24:\"client_manage_permission\";s:0:\"\";s:33:\"client_manage_permission_specific\";s:0:\"\";s:16:\"can_access_leads\";s:1:\"1\";s:16:\"can_create_leads\";s:1:\"1\";s:14:\"can_edit_leads\";s:1:\"1\";s:16:\"can_delete_leads\";N;s:23:\"leads_manage_permission\";s:0:\"\";s:32:\"leads_manage_permission_specific\";s:0:\"\";s:19:\"can_access_invoices\";N;s:19:\"can_create_invoices\";N;s:17:\"can_edit_invoices\";N;s:19:\"can_delete_invoices\";N;s:25:\"invoice_manage_permission\";N;s:34:\"invoice_manage_permission_specific\";s:0:\"\";s:26:\"can_access_invoices_return\";N;s:26:\"can_create_invoices_return\";N;s:24:\"can_edit_invoices_return\";N;s:26:\"can_delete_invoices_return\";N;s:32:\"invoice_return_manage_permission\";N;s:41:\"invoice_return_manage_permission_specific\";s:0:\"\";s:20:\"can_access_estimates\";s:1:\"1\";s:20:\"can_create_estimates\";s:1:\"1\";s:18:\"can_edit_estimates\";s:1:\"1\";s:20:\"can_delete_estimates\";s:1:\"1\";s:26:\"estimate_manage_permission\";s:0:\"\";s:35:\"estimate_manage_permission_specific\";s:0:\"\";s:16:\"estimate_request\";N;s:8:\"discount\";i:0;s:8:\"expenses\";s:3:\"all\";s:9:\"estimates\";s:3:\"all\";s:8:\"invoices\";s:0:\"\";s:16:\"invoice_payments\";s:0:\"\";s:14:\"delivery_notes\";s:3:\"all\";s:15:\"purchase_orders\";s:3:\"all\";s:23:\"purchase_order_payments\";s:0:\"\";s:8:\"payrolls\";N;s:21:\"internal_transactions\";N;}',0),(43,'Construction Manager','a:143:{s:5:\"leave\";s:3:\"all\";s:14:\"leave_specific\";s:0:\"\";s:10:\"attendance\";N;s:19:\"attendance_specific\";s:0:\"\";s:7:\"invoice\";N;s:8:\"job_info\";s:0:\"\";s:15:\"account_setting\";s:0:\"\";s:16:\"final_settelment\";s:0:\"\";s:8:\"estimate\";N;s:7:\"expense\";N;s:8:\"expiries\";s:0:\"\";s:10:\"petty_cash\";N;s:6:\"client\";N;s:4:\"lead\";s:3:\"all\";s:6:\"ticket\";N;s:15:\"ticket_specific\";s:0:\"\";s:12:\"announcement\";s:3:\"all\";s:17:\"approve_budgeting\";N;s:23:\"help_and_knowledge_base\";s:3:\"all\";s:23:\"can_manage_all_projects\";s:1:\"1\";s:19:\"can_create_projects\";s:1:\"1\";s:17:\"can_edit_projects\";s:1:\"1\";s:19:\"can_delete_projects\";s:1:\"1\";s:30:\"can_add_remove_project_members\";s:1:\"1\";s:16:\"can_create_tasks\";s:1:\"1\";s:14:\"can_edit_tasks\";s:1:\"1\";s:16:\"can_delete_tasks\";s:1:\"1\";s:20:\"can_comment_on_tasks\";s:1:\"1\";s:24:\"show_assigned_tasks_only\";N;s:21:\"can_create_milestones\";s:1:\"1\";s:19:\"can_edit_milestones\";s:1:\"1\";s:21:\"can_delete_milestones\";s:1:\"1\";s:16:\"can_delete_files\";s:1:\"1\";s:34:\"can_view_team_members_contact_info\";s:1:\"1\";s:34:\"can_view_team_members_social_links\";N;s:29:\"team_member_update_permission\";s:3:\"all\";s:38:\"team_member_update_permission_specific\";s:0:\"\";s:27:\"timesheet_manage_permission\";N;s:36:\"timesheet_manage_permission_specific\";N;s:21:\"disable_event_sharing\";s:1:\"0\";s:22:\"hide_team_members_list\";N;s:28:\"can_delete_leave_application\";s:1:\"1\";s:19:\"can_add_team_member\";s:1:\"1\";s:21:\"can_view_salary_chart\";s:1:\"0\";s:10:\"accounting\";s:0:\"\";s:7:\"payroll\";s:0:\"\";s:5:\"eroom\";s:3:\"all\";s:4:\"logs\";s:3:\"all\";s:7:\"reports\";s:0:\"\";s:25:\"can_access_delivery_notes\";s:1:\"1\";s:25:\"can_create_delivery_notes\";s:1:\"1\";s:23:\"can_edit_delivery_notes\";s:1:\"1\";s:25:\"can_delete_delivery_notes\";s:1:\"1\";s:31:\"delivery_note_manage_permission\";s:0:\"\";s:40:\"delivery_note_manage_permission_specific\";s:0:\"\";s:20:\"can_access_suppliers\";s:1:\"1\";s:20:\"can_create_suppliers\";s:1:\"1\";s:18:\"can_edit_suppliers\";s:1:\"1\";s:20:\"can_delete_suppliers\";s:1:\"1\";s:26:\"supplier_manage_permission\";s:0:\"\";s:35:\"supplier_manage_permission_specific\";s:0:\"\";s:26:\"can_access_purchase_orders\";s:1:\"1\";s:26:\"can_create_purchase_orders\";s:1:\"1\";s:24:\"can_edit_purchase_orders\";s:1:\"1\";s:26:\"can_delete_purchase_orders\";s:1:\"1\";s:32:\"purchase_order_manage_permission\";s:0:\"\";s:41:\"purchase_order_manage_permission_specific\";s:0:\"\";s:16:\"can_access_items\";s:1:\"1\";s:16:\"can_create_items\";s:1:\"1\";s:14:\"can_edit_items\";s:1:\"1\";s:16:\"can_delete_items\";s:1:\"1\";s:22:\"item_manage_permission\";s:0:\"\";s:31:\"item_manage_permission_specific\";s:0:\"\";s:25:\"can_access_items_category\";s:1:\"1\";s:25:\"can_create_items_category\";s:1:\"1\";s:23:\"can_edit_items_category\";s:1:\"1\";s:25:\"can_delete_items_category\";s:1:\"1\";s:31:\"item_category_manage_permission\";s:0:\"\";s:40:\"item_category_manage_permission_specific\";s:0:\"\";s:19:\"can_access_expiries\";N;s:21:\"can_access_petty_cash\";N;s:19:\"can_access_expenses\";s:1:\"1\";s:19:\"can_create_expenses\";s:1:\"1\";s:17:\"can_edit_expenses\";s:1:\"1\";s:19:\"can_delete_expenses\";s:1:\"1\";s:25:\"expense_manage_permission\";s:0:\"\";s:34:\"expense_manage_permission_specific\";s:0:\"\";s:20:\"internal_transaction\";N;s:27:\"can_access_invoice_payments\";s:1:\"1\";s:27:\"can_create_invoice_payments\";s:1:\"1\";s:25:\"can_edit_invoice_payments\";s:1:\"1\";s:27:\"can_delete_invoice_payments\";s:1:\"1\";s:34:\"can_access_purchase_order_payments\";s:1:\"1\";s:34:\"can_create_purchase_order_payments\";s:1:\"1\";s:32:\"can_edit_purchase_order_payments\";s:1:\"1\";s:34:\"can_delete_purchase_order_payments\";s:1:\"1\";s:19:\"can_access_contacts\";N;s:19:\"can_create_contacts\";N;s:17:\"can_edit_contacts\";N;s:19:\"can_delete_contacts\";N;s:25:\"contact_manage_permission\";N;s:34:\"contact_manage_permission_specific\";N;s:18:\"can_access_clients\";s:1:\"1\";s:18:\"can_create_clients\";s:1:\"1\";s:16:\"can_edit_clients\";s:1:\"1\";s:18:\"can_delete_clients\";s:1:\"1\";s:24:\"client_manage_permission\";s:0:\"\";s:33:\"client_manage_permission_specific\";s:0:\"\";s:16:\"can_access_leads\";s:1:\"1\";s:16:\"can_create_leads\";s:1:\"1\";s:14:\"can_edit_leads\";s:1:\"1\";s:16:\"can_delete_leads\";s:1:\"1\";s:23:\"leads_manage_permission\";s:0:\"\";s:32:\"leads_manage_permission_specific\";s:0:\"\";s:19:\"can_access_invoices\";s:1:\"1\";s:19:\"can_create_invoices\";s:1:\"1\";s:17:\"can_edit_invoices\";s:1:\"1\";s:19:\"can_delete_invoices\";s:1:\"1\";s:25:\"invoice_manage_permission\";s:0:\"\";s:34:\"invoice_manage_permission_specific\";s:0:\"\";s:26:\"can_access_invoices_return\";s:1:\"1\";s:26:\"can_create_invoices_return\";s:1:\"1\";s:24:\"can_edit_invoices_return\";s:1:\"1\";s:26:\"can_delete_invoices_return\";s:1:\"1\";s:32:\"invoice_return_manage_permission\";s:0:\"\";s:41:\"invoice_return_manage_permission_specific\";s:0:\"\";s:20:\"can_access_estimates\";s:1:\"1\";s:20:\"can_create_estimates\";s:1:\"1\";s:18:\"can_edit_estimates\";s:1:\"1\";s:20:\"can_delete_estimates\";s:1:\"1\";s:26:\"estimate_manage_permission\";s:0:\"\";s:35:\"estimate_manage_permission_specific\";s:0:\"\";s:16:\"estimate_request\";N;s:8:\"discount\";i:0;s:8:\"expenses\";s:0:\"\";s:9:\"estimates\";s:3:\"all\";s:8:\"invoices\";s:0:\"\";s:16:\"invoice_payments\";s:0:\"\";s:14:\"delivery_notes\";s:3:\"all\";s:15:\"purchase_orders\";s:0:\"\";s:23:\"purchase_order_payments\";s:3:\"all\";s:8:\"payrolls\";N;s:21:\"internal_transactions\";N;}',0);

--
