-- Table structure for table `ASHAL_EDUCATION_AND__BUSINESS_LLCclient_groups`
--

CREATE TABLE `ASHAL_EDUCATION_AND__BUSINESS_LLCclient_groups` (
  `id` int(11) NOT NULL AUTO_INCREMENT,
  `title` text COLLATE utf8_unicode_ci NOT NULL,
  `deleted` tinyint(1) NOT NULL DEFAULT '0',
  PRIMARY KEY (`id`)
) ENGINE=InnoDB AUTO_INCREMENT=9 DEFAULT CHARSET=utf8 COLLATE=utf8_unicode_ci;

--
-- Dumping data for table `ASHAL_EDUCATION_AND__BUSINESS_LLCclient_groups`
--

INSERT INTO `ASHAL_EDUCATION_AND__BUSINESS_LLCclient_groups` VALUES (1,'TRA',1),(2,'Wsheek',0),(3,'Ashal.edu',0),(4,'Makan Studio',0),(5,'social madia ',0),(6,'مندوبي المبيعات',0),(7,'الموظفين',1),(8,'Ashal.Group',0);

--
-- Table structure for table `ASHAL_EDUCATION_AND__BUSINESS_LLCclients`
--

CREATE TABLE `ASHAL_EDUCATION_AND__BUSINESS_LLCclients` (
  `id` int(11) NOT NULL AUTO_INCREMENT,
  `company_name` varchar(150) COLLATE utf8_unicode_ci NOT NULL,
  `address` text COLLATE utf8_unicode_ci,
  `city` varchar(50) COLLATE utf8_unicode_ci DEFAULT NULL,
  `state` varchar(50) COLLATE utf8_unicode_ci DEFAULT NULL,
  `zip` varchar(50) COLLATE utf8_unicode_ci DEFAULT NULL,
  `country` varchar(50) COLLATE utf8_unicode_ci DEFAULT NULL,
  `created_date` date NOT NULL,
  `website` text COLLATE utf8_unicode_ci,
  `phone` varchar(20) COLLATE utf8_unicode_ci DEFAULT NULL,
  `currency_symbol` varchar(20) COLLATE utf8_unicode_ci DEFAULT NULL,
  `starred_by` mediumtext COLLATE utf8_unicode_ci NOT NULL,
  `group_ids` text COLLATE utf8_unicode_ci NOT NULL,
  `deleted` tinyint(1) NOT NULL DEFAULT '0',
  `is_lead` tinyint(1) NOT NULL DEFAULT '0',
  `lead_status_id` int(11) NOT NULL,
  `owner_id` int(11) NOT NULL,
  `sort` int(11) NOT NULL DEFAULT '0',
  `lead_source_id` int(11) NOT NULL,
  `last_lead_status` text COLLATE utf8_unicode_ci NOT NULL,
  `client_migration_date` date NOT NULL,
  `vat_number` text COLLATE utf8_unicode_ci,
  `currency` varchar(3) COLLATE utf8_unicode_ci DEFAULT NULL,
  `disable_online_payment` tinyint(1) NOT NULL DEFAULT '0',
  `geo_location` varchar(255) COLLATE utf8_unicode_ci DEFAULT NULL,
  `account_id` int(11) NOT NULL DEFAULT '0',
  `advance_account_id` int(11) NOT NULL DEFAULT '0',
  PRIMARY KEY (`id`)
) ENGINE=InnoDB AUTO_INCREMENT=19 DEFAULT CHARSET=utf8 COLLATE=utf8_unicode_ci;

--
-- Dumping data for table `ASHAL_EDUCATION_AND__BUSINESS_LLCclients`
--

INSERT INTO `ASHAL_EDUCATION_AND__BUSINESS_LLCclients` VALUES (1,'مدرسة عزان بن قيس','الوادي الكبير',NULL,NULL,NULL,NULL,'2022-03-04',NULL,'٠٠٠٠٠٠٠٠',NULL,'','',1,1,0,0,0,0,'','0000-00-00',NULL,NULL,0,NULL,0,0),(2,'ثريا البوسعيدي (تجربة)','ولاية السويق','','','','','2022-03-04','','٩٩٩٩٩٩٩٩٩','','','2',1,0,0,0,0,0,'','0000-00-00','','',0,NULL,903,0),(3,'Wsheek Plarform','Muscat','','','','','2022-03-04','www.wsheek.com','91834775','','','2',1,0,0,0,0,0,'','0000-00-00','0','',0,NULL,904,0),(4,'Ashal Platform','Muscat','','','','','2022-03-04','www.ashal.om','79986336','','','3',1,0,0,0,0,0,'','0000-00-00','0','',0,NULL,905,0),(5,'Makan Studio','Muscat','','','','','2022-03-04','www.makanstudio.om','71915774','','','4',1,0,0,0,0,0,'','0000-00-00','0','',0,NULL,906,0),(6,'Ashal.Group','Muscat','','','','','2022-03-04','www.group.ashal.om','111111111','','','8',1,0,0,0,0,0,'','0000-00-00','0','',0,NULL,907,0),(7,'social media','Muscat','','','','','2022-03-04','','22222222','','','5',1,0,0,0,0,0,'','0000-00-00','0','',0,NULL,908,0),(8,'Students    ','Ashal Revenue sent by Thawani \nايرادات أسهل التعليمية المرسلة من قبل ثواني','','','','','2022-03-06','','93345677','','','3',0,0,0,0,0,0,'','0000-00-00','','',0,NULL,910,0),(9,'ALSALAM','','','','','','2022-03-09','','97565686','','','',1,0,0,0,0,0,'','0000-00-00','','',0,NULL,923,0),(10,'هيئة تنظيم الاتصالات','','','','','','2022-03-09','','98765432','','','',0,0,2,38,0,1,'Qualified','2022-03-09','','',0,NULL,1,1),(11,'Ahmed Omer','','','','','','2022-03-10','','97979797','','','',0,0,1,38,0,1,'جديد','2022-03-10','','',0,NULL,1,1),(12,'عام','','','','','','2022-03-10','','.','','','',0,0,0,0,0,0,'','0000-00-00','','',0,NULL,926,0),(13,'واف','مسقط',NULL,NULL,NULL,NULL,'2022-03-13',NULL,'93363493',NULL,'','',0,1,0,0,0,0,'','0000-00-00',NULL,NULL,0,NULL,0,0),(14,'فادي علم الدين','فويس أوفر لتطبيق السيارات',NULL,NULL,NULL,NULL,'2022-03-14',NULL,'71929593',NULL,'','',0,1,0,0,0,0,'','0000-00-00',NULL,NULL,0,NULL,0,0),(15,'الشريكة العمانية للنطاق العريض','السيب، Kom5, مسقط',NULL,NULL,NULL,NULL,'2022-03-14',NULL,'95162626',NULL,'','',0,0,0,0,0,0,'','0000-00-00',NULL,NULL,0,NULL,0,0),(16,'فندق رويال توليب مسقط','مسقط','','','','','2022-03-15','','93296163','','','',0,0,0,0,0,0,'','2022-03-15','','',0,NULL,1,1),(17,'المجموعة العمانية للاتصالات وتقنية المعلومات','السيب، Kom5, مسقط','','','','','2022-03-15','','96895162626','','','',0,0,0,0,0,0,'','0000-00-00','','',0,NULL,950,0),(18,'ASYAD Group','Bawsher Heights Building no. 1\\171, Bowsher, Muscat',NULL,NULL,NULL,NULL,'2022-03-16',NULL,'92787822',NULL,'','',0,1,0,0,0,0,'','0000-00-00',NULL,NULL,0,NULL,0,0);

--
-- Table structure for table `ASHAL_EDUCATION_AND__BUSINESS_LLCcontacts`
--

CREATE TABLE `ASHAL_EDUCATION_AND__BUSINESS_LLCcontacts` (
  `id` int(11) NOT NULL AUTO_INCREMENT,
  `name` varchar(150) COLLATE utf8_unicode_ci NOT NULL,
  `address` text COLLATE utf8_unicode_ci,
  `phone` varchar(20) COLLATE utf8_unicode_ci DEFAULT NULL,
  `alternative_phone` varchar(20) COLLATE utf8_unicode_ci DEFAULT NULL,
  `job_title` varchar(150) COLLATE utf8_unicode_ci DEFAULT NULL,
  `note` text COLLATE utf8_unicode_ci,
  `created_date` date NOT NULL,
  `created_by` int(11) NOT NULL,
  `deleted` tinyint(1) NOT NULL DEFAULT '0',
  PRIMARY KEY (`id`)
) ENGINE=MyISAM DEFAULT CHARSET=utf8 COLLATE=utf8_unicode_ci;

--
-- Dumping data for table `ASHAL_EDUCATION_AND__BUSINESS_LLCcontacts`
--


--
-- Table structure for table `ASHAL_EDUCATION_AND__BUSINESS_LLCcustom_field_values`
--

CREATE TABLE `ASHAL_EDUCATION_AND__BUSINESS_LLCcustom_field_values` (
  `id` int(11) NOT NULL AUTO_INCREMENT,
  `related_to_type` varchar(50) COLLATE utf8_unicode_ci NOT NULL,
  `related_to_id` int(11) NOT NULL,
  `custom_field_id` int(11) NOT NULL,
  `value` longtext COLLATE utf8_unicode_ci NOT NULL,
  `deleted` tinyint(1) NOT NULL DEFAULT '0',
  PRIMARY KEY (`id`)
) ENGINE=InnoDB DEFAULT CHARSET=utf8 COLLATE=utf8_unicode_ci;

--
-- Dumping data for table `ASHAL_EDUCATION_AND__BUSINESS_LLCcustom_field_values`
--


--
-- Table structure for table `ASHAL_EDUCATION_AND__BUSINESS_LLCcustom_fields`
--

CREATE TABLE `ASHAL_EDUCATION_AND__BUSINESS_LLCcustom_fields` (
  `id` int(11) NOT NULL AUTO_INCREMENT,
  `title` text COLLATE utf8_unicode_ci NOT NULL,
  `placeholder` text COLLATE utf8_unicode_ci NOT NULL,
  `example_variable_name` text COLLATE utf8_unicode_ci,
  `options` mediumtext COLLATE utf8_unicode_ci NOT NULL,
  `field_type` varchar(50) COLLATE utf8_unicode_ci NOT NULL,
  `related_to` varchar(50) COLLATE utf8_unicode_ci NOT NULL,
  `sort` int(11) NOT NULL,
  `required` tinyint(1) NOT NULL DEFAULT '0',
  `show_in_table` tinyint(1) NOT NULL DEFAULT '0',
  `show_in_invoice` tinyint(1) NOT NULL DEFAULT '0',
  `show_in_estimate` tinyint(1) NOT NULL DEFAULT '0',
  `visible_to_admins_only` tinyint(1) NOT NULL DEFAULT '0',
  `hide_from_clients` tinyint(1) NOT NULL DEFAULT '0',
  `deleted` tinyint(1) NOT NULL DEFAULT '0',
  PRIMARY KEY (`id`)
) ENGINE=InnoDB DEFAULT CHARSET=utf8 COLLATE=utf8_unicode_ci;

--
-- Dumping data for table `ASHAL_EDUCATION_AND__BUSINESS_LLCcustom_fields`
--


--
-- Table structure for table `ASHAL_EDUCATION_AND__BUSINESS_LLCcustom_widgets`
--

CREATE TABLE `ASHAL_EDUCATION_AND__BUSINESS_LLCcustom_widgets` (
  `id` int(11) NOT NULL AUTO_INCREMENT,
  `user_id` int(11) NOT NULL,
  `title` text COLLATE utf8_unicode_ci,
  `content` text COLLATE utf8_unicode_ci,
  `show_title` tinyint(1) NOT NULL DEFAULT '0',
  `show_border` tinyint(1) NOT NULL DEFAULT '0',
  `deleted` tinyint(1) NOT NULL DEFAULT '0',
  PRIMARY KEY (`id`)
) ENGINE=InnoDB DEFAULT CHARSET=utf8 COLLATE=utf8_unicode_ci;

--
-- Dumping data for table `ASHAL_EDUCATION_AND__BUSINESS_LLCcustom_widgets`
--


--
-- Table structure for table `ASHAL_EDUCATION_AND__BUSINESS_LLCdashboards`
--

CREATE TABLE `ASHAL_EDUCATION_AND__BUSINESS_LLCdashboards` (
  `id` int(11) NOT NULL AUTO_INCREMENT,
  `user_id` int(11) NOT NULL,
  `title` text COLLATE utf8_unicode_ci,
  `data` text COLLATE utf8_unicode_ci,
  `color` varchar(15) COLLATE utf8_unicode_ci NOT NULL,
  `sort` int(11) NOT NULL DEFAULT '0',
  `deleted` tinyint(1) NOT NULL DEFAULT '0',
  PRIMARY KEY (`id`)
) ENGINE=InnoDB DEFAULT CHARSET=utf8 COLLATE=utf8_unicode_ci;

--
-- Dumping data for table `ASHAL_EDUCATION_AND__BUSINESS_LLCdashboards`
--


--
-- Table structure for table `ASHAL_EDUCATION_AND__BUSINESS_LLCdelivery_note_items`
--

CREATE TABLE `ASHAL_EDUCATION_AND__BUSINESS_LLCdelivery_note_items` (
  `id` int(11) NOT NULL AUTO_INCREMENT,
  `item_id` int(11) DEFAULT '0',
  `invoice_item_id` int(11) DEFAULT '0',
  `title` text COLLATE utf8_unicode_ci NOT NULL,
  `description` text COLLATE utf8_unicode_ci NOT NULL,
  `quantity` double NOT NULL DEFAULT '0',
  `unit_type` varchar(20) COLLATE utf8_unicode_ci NOT NULL,
  `rate` double NOT NULL,
  `total` double NOT NULL,
  `sort` int(11) NOT NULL DEFAULT '0',
  `delivery_note_id` int(11) NOT NULL,
  `deleted` tinyint(1) NOT NULL,
  PRIMARY KEY (`id`)
) ENGINE=MyISAM AUTO_INCREMENT=2 DEFAULT CHARSET=utf8 COLLATE=utf8_unicode_ci;

--
-- Dumping data for table `ASHAL_EDUCATION_AND__BUSINESS_LLCdelivery_note_items`
--

INSERT INTO `ASHAL_EDUCATION_AND__BUSINESS_LLCdelivery_note_items` VALUES (1,15,3,'تقديم موقع الكتروني تشمل على دورات محددة','',1,'LS',89,89,0,1,0);

--
-- Table structure for table `ASHAL_EDUCATION_AND__BUSINESS_LLCdelivery_notes`
--

CREATE TABLE `ASHAL_EDUCATION_AND__BUSINESS_LLCdelivery_notes` (
  `id` int(11) NOT NULL AUTO_INCREMENT,
  `invoice_id` int(11) NOT NULL,
  `client_id` int(11) NOT NULL DEFAULT '0',
  `project_id` int(11) NOT NULL DEFAULT '0',
  `delivery_note_date` date NOT NULL,
  `note` text COLLATE utf8_unicode_ci,
  `status` enum('draft','approved','request_approval') COLLATE utf8_unicode_ci NOT NULL DEFAULT 'draft',
  `deleted` tinyint(1) NOT NULL,
  PRIMARY KEY (`id`)
) ENGINE=MyISAM AUTO_INCREMENT=2 DEFAULT CHARSET=utf8 COLLATE=utf8_unicode_ci;

--
-- Dumping data for table `ASHAL_EDUCATION_AND__BUSINESS_LLCdelivery_notes`
--

INSERT INTO `ASHAL_EDUCATION_AND__BUSINESS_LLCdelivery_notes` VALUES (1,7,11,0,'2022-03-10','','approved',0);

--
-- Table structure for table `ASHAL_EDUCATION_AND__BUSINESS_LLCemail_templates`
--

CREATE TABLE `ASHAL_EDUCATION_AND__BUSINESS_LLCemail_templates` (
  `id` int(11) NOT NULL AUTO_INCREMENT,
  `template_name` varchar(50) COLLATE utf8_unicode_ci NOT NULL,
  `email_subject` text COLLATE utf8_unicode_ci NOT NULL,
  `default_message` mediumtext COLLATE utf8_unicode_ci NOT NULL,
  `custom_message` mediumtext COLLATE utf8_unicode_ci,
  `deleted` tinyint(1) NOT NULL DEFAULT '0',
  PRIMARY KEY (`id`)
) ENGINE=InnoDB DEFAULT CHARSET=utf8 COLLATE=utf8_unicode_ci;

--
-- Dumping data for table `ASHAL_EDUCATION_AND__BUSINESS_LLCemail_templates`
--


--
-- Table structure for table `ASHAL_EDUCATION_AND__BUSINESS_LLCenteries`
--

CREATE TABLE `ASHAL_EDUCATION_AND__BUSINESS_LLCenteries` (
  `id` int(11) NOT NULL AUTO_INCREMENT,
  `trans_id` int(11) NOT NULL,
  `account` int(11) NOT NULL,
  `type` enum('dr','cr') NOT NULL,
  `amount` double NOT NULL,
  `narration` text NOT NULL,
  `branch_id` int(11) DEFAULT '0',
  `concerned_person` int(11) DEFAULT '0',
  `unit` text,
  `reference` int(11) DEFAULT '0',
  `deleted` tinyint(1) NOT NULL DEFAULT '0',
  PRIMARY KEY (`id`)
) ENGINE=MyISAM AUTO_INCREMENT=17 DEFAULT CHARSET=utf8;

--
-- Dumping data for table `ASHAL_EDUCATION_AND__BUSINESS_LLCenteries`
--

INSERT INTO `ASHAL_EDUCATION_AND__BUSINESS_LLCenteries` VALUES (1,3,905,'dr',80,'Invoice: INVOICE #3',0,0,'0',0,0),(2,3,26,'cr',0,'Invoice: INVOICE #3',0,0,'0',0,0),(3,3,26,'cr',80,'Invoice: INVOICE #3',0,0,'0',0,0),(4,6,1,'cr',50,'Invoice Payment Received: INVOICE #7 ',0,0,'0',0,0),(5,6,900,'dr',50,'Invoice Payment Received: INVOICE #7 ',0,0,'0',0,0),(6,7,1,'cr',39,'Invoice Payment Received: INVOICE #7 ',0,0,'0',0,0),(7,7,900,'dr',39,'Invoice Payment Received: INVOICE #7 ',0,0,'0',0,0),(8,8,928,'dr',180,'<p>Paid</p>',0,0,'0',0,0),(9,8,26,'dr',0,'<p>Paid</p>',0,0,'0',0,0),(10,8,900,'cr',180,'<p>Paid</p>',0,0,'0',0,0),(11,10,26,'dr',1596,'Invoice: الفاتورة #10',0,0,'0',0,0),(12,10,26,'cr',0,'Invoice: الفاتورة #10',0,0,'0',0,0),(13,10,26,'cr',1596,'Invoice: الفاتورة #10',0,0,'0',0,0),(14,11,950,'dr',1596,'Invoice: الفاتورة #11',0,0,'0',0,0),(15,11,26,'cr',0,'Invoice: الفاتورة #11',0,0,'0',0,0),(16,11,26,'cr',1596,'Invoice: الفاتورة #11',0,0,'0',0,0);

--
-- Table structure for table `ASHAL_EDUCATION_AND__BUSINESS_LLCestimate_forms`
--

CREATE TABLE `ASHAL_EDUCATION_AND__BUSINESS_LLCestimate_forms` (
  `id` int(11) NOT NULL AUTO_INCREMENT,
  `title` text COLLATE utf8_unicode_ci NOT NULL,
  `description` longtext COLLATE utf8_unicode_ci NOT NULL,
  `status` enum('active','inactive') COLLATE utf8_unicode_ci NOT NULL,
  `assigned_to` int(11) NOT NULL,
  `public` tinyint(1) NOT NULL DEFAULT '0',
  `enable_attachment` tinyint(4) NOT NULL DEFAULT '0',
  `deleted` tinyint(1) NOT NULL DEFAULT '0',
  PRIMARY KEY (`id`)
) ENGINE=InnoDB DEFAULT CHARSET=utf8 COLLATE=utf8_unicode_ci;

--
-- Dumping data for table `ASHAL_EDUCATION_AND__BUSINESS_LLCestimate_forms`
--


--
-- Table structure for table `ASHAL_EDUCATION_AND__BUSINESS_LLCestimate_items`
--

CREATE TABLE `ASHAL_EDUCATION_AND__BUSINESS_LLCestimate_items` (
  `id` int(11) NOT NULL AUTO_INCREMENT,
  `item_id` int(11) NOT NULL DEFAULT '0',
  `title` text COLLATE utf8_unicode_ci NOT NULL,
  `description` text COLLATE utf8_unicode_ci,
  `quantity` double NOT NULL,
  `unit_type` varchar(20) COLLATE utf8_unicode_ci NOT NULL DEFAULT '',
  `rate` double NOT NULL,
  `cost` double NOT NULL DEFAULT '0',
  `total` double NOT NULL,
  `estimate_id` int(11) NOT NULL,
  `tax_id` int(11) DEFAULT '0',
  `tax_id2` int(11) DEFAULT '0',
  `deleted` tinyint(1) NOT NULL DEFAULT '0',
  PRIMARY KEY (`id`)
) ENGINE=InnoDB AUTO_INCREMENT=29 DEFAULT CHARSET=utf8 COLLATE=utf8_unicode_ci;

--
-- Dumping data for table `ASHAL_EDUCATION_AND__BUSINESS_LLCestimate_items`
--

INSERT INTO `ASHAL_EDUCATION_AND__BUSINESS_LLCestimate_items` VALUES (1,1,'تسجيل بودكاست صوتي','تسجيل مقاطع بودكاست مرئي',29,'الساعة',40,0,1160,5,0,0,0),(2,1,'تسجيل بودكاست صوتي','تسجيل مقاطع بودكاست مرئي',6,'الساعة',40,0,240,7,0,0,0),(3,1,'تسجيل بودكاست صوتي','تسجيل مقاطع بودكاست مرئي',1,'الساعة',40,0,40,8,0,0,0),(4,12,'تسجيل بودكاست صوتي','',6,'ساعة',50,0,300,9,0,0,0),(5,14,'تصوير محتوى تعليمي','مادة الاحياء\n٥٥ درس',1,'ساعة',100,0,100,11,0,0,0),(6,6,'تسجيل بودكاست صوتي','',1,'ساعة',30,0,30,11,0,0,0),(7,13,'بودكاست صوتي + مرئي','',6,'ساعة',100,0,600,11,0,0,0),(8,13,'بودكاست صوتي + مرئي','0',1,'دقيقة',100,0,100,13,0,0,0),(9,15,'تقديم موقع الكتروني تشمل على دورات محددة','',1,'LS',89,0,89,15,0,0,0),(10,14,'تصوير محتوى تعليمي','',1,'ساعة',100,0,100,16,0,0,1),(11,5,'تحرير فيديوهات + اضافة العناوين حسب المطلوب','الإنتاج الفني',60,'دقيقة',20,0,1200,16,0,0,0),(12,11,'تصوير خارجي','<p>الانتاج الفني</p><p><br></p>',30,'',85,0,2550,16,0,0,0),(13,12,'تصميم مقدمة وخاتمة لشعار المؤسسة (انترو، آوترو)','',1,'',30,0,30,16,0,0,0),(14,16,'حجز الاستوديو ','',1,'ساعة واحدة',10,0,10,17,0,0,0),(15,17,'١٢ دورة تدريبية','',1,'ساعة',0,0,0,18,0,0,0),(16,18,'ُفويس أوفر','',8,'تسجلات صوتية',25,0,200,19,0,0,0),(17,19,' Build  Website','',1,'',800,0,800,21,0,0,1),(18,20,'Produce Cources','',10,'',200,0,2000,21,0,0,1),(19,20,'Produce Cources','',10,'hours',200,0,2000,20,0,0,1),(20,20,'Produce Courses ','',10,'hours',200,0,2000,21,0,0,0),(21,19,' Build  Website (ASYAD STRATEGY)','',1,'',800,0,800,21,0,0,1),(22,21,'ASYAD VALUES (PRODUCE COURSES)','',10,'hours',200,0,2000,20,0,0,0),(23,22,'ASYAD STRATEGY','',10,'video',60,0,600,22,0,0,0),(24,19,' Build  Website (onboarding courses)','',1,'',800,0,800,21,0,0,0),(25,22,'ASYAD STRATEGY','',10,'video',60,0,600,23,0,0,0),(26,22,'ASYAD STRATEGY','',10,'video',60,0,600,24,0,0,0),(27,22,'ASYAD STRATEGY','',10,'video',60,0,600,25,0,0,0),(28,22,'ASYAD STRATEGY','',10,'video',60,0,600,26,0,0,0);

--
-- Table structure for table `ASHAL_EDUCATION_AND__BUSINESS_LLCestimate_requests`
--

CREATE TABLE `ASHAL_EDUCATION_AND__BUSINESS_LLCestimate_requests` (
  `id` int(11) NOT NULL AUTO_INCREMENT,
  `estimate_form_id` int(11) NOT NULL,
  `created_by` int(11) NOT NULL,
  `created_at` datetime NOT NULL,
  `client_id` int(11) NOT NULL,
  `lead_id` int(11) NOT NULL,
  `assigned_to` int(11) NOT NULL,
  `status` enum('new','processing','hold','canceled','estimated') COLLATE utf8_unicode_ci NOT NULL DEFAULT 'new',
  `files` mediumtext COLLATE utf8_unicode_ci NOT NULL,
  `deleted` tinyint(1) NOT NULL DEFAULT '0',
  PRIMARY KEY (`id`)
) ENGINE=InnoDB DEFAULT CHARSET=utf8 COLLATE=utf8_unicode_ci;

--
-- Dumping data for table `ASHAL_EDUCATION_AND__BUSINESS_LLCestimate_requests`
--


--
-- Table structure for table `ASHAL_EDUCATION_AND__BUSINESS_LLCestimates`
--

CREATE TABLE `ASHAL_EDUCATION_AND__BUSINESS_LLCestimates` (
  `id` int(11) NOT NULL AUTO_INCREMENT,
  `client_id` int(11) NOT NULL,
  `estimate_request_id` int(11) NOT NULL DEFAULT '0',
  `estimate_date` date NOT NULL,
  `valid_until` date NOT NULL,
  `note` mediumtext COLLATE utf8_unicode_ci,
  `last_email_sent_date` date DEFAULT NULL,
  `status` enum('draft','sent','accepted','declined','approved','request_approval') COLLATE utf8_unicode_ci NOT NULL DEFAULT 'draft',
  `tax_id` int(11) NOT NULL DEFAULT '0',
  `tax_id2` int(11) NOT NULL DEFAULT '0',
  `discount_type` enum('before_tax','after_tax') COLLATE utf8_unicode_ci NOT NULL,
  `discount_amount` double NOT NULL,
  `discount_amount_type` enum('percentage','fixed_amount') COLLATE utf8_unicode_ci NOT NULL,
  `project_id` int(11) NOT NULL DEFAULT '0',
  `deleted` tinyint(1) NOT NULL DEFAULT '0',
  PRIMARY KEY (`id`)
) ENGINE=InnoDB AUTO_INCREMENT=27 DEFAULT CHARSET=utf8 COLLATE=utf8_unicode_ci;

--
-- Dumping data for table `ASHAL_EDUCATION_AND__BUSINESS_LLCestimates`
--

INSERT INTO `ASHAL_EDUCATION_AND__BUSINESS_LLCestimates` VALUES (1,1,0,'2022-03-04','2022-03-11','',NULL,'approved',0,0,'before_tax',0,'percentage',0,0),(2,2,0,'2022-03-04','2022-03-11','هذه العرض تجربة',NULL,'approved',0,0,'before_tax',0,'percentage',0,0),(3,2,0,'2022-03-04','2022-03-12','الببببب',NULL,'approved',0,0,'before_tax',0,'percentage',0,0),(4,1,0,'2022-03-04','2022-03-11','',NULL,'draft',0,0,'before_tax',0,'percentage',0,0),(5,1,0,'2022-03-05','2022-03-05','',NULL,'approved',0,0,'before_tax',50,'percentage',0,0),(6,1,0,'2022-03-06','2022-03-08','عهغلبعغاعخلب\nهتبلهتل',NULL,'approved',0,0,'before_tax',0,'percentage',0,0),(7,1,0,'2022-03-07','2022-03-08','لنتانتلناتنتلانال',NULL,'draft',0,0,'before_tax',0,'percentage',0,0),(8,3,0,'2022-03-08','2022-03-15','',NULL,'approved',0,0,'before_tax',20,'percentage',0,0),(9,3,0,'2022-03-08','2022-03-08','',NULL,'approved',0,0,'before_tax',50,'percentage',0,0),(10,4,0,'2022-03-08','2022-03-09','',NULL,'approved',0,0,'before_tax',0,'percentage',0,0),(11,4,0,'2022-03-08','2022-03-09','..........\n.......\n......',NULL,'approved',0,0,'before_tax',30,'percentage',0,0),(12,10,0,'2021-12-15','2022-02-28','',NULL,'draft',0,0,'before_tax',0,'percentage',0,0),(13,10,0,'2021-12-15','2022-02-28','تقديم موقع الكتروني تشمل على عشر دورات مختلفة',NULL,'draft',0,0,'before_tax',0,'percentage',0,0),(14,10,0,'2022-03-10','2022-03-10','',NULL,'approved',0,0,'before_tax',0,'percentage',0,0),(15,11,0,'2022-03-10','2022-03-22','Terms & Conditions:\n\n1. This is a quotation\n2. Payment Terms: 50% advance 50 % upon delivery',NULL,'accepted',0,0,'before_tax',0,'percentage',0,0),(16,13,0,'2022-03-13','2022-03-25','',NULL,'approved',0,0,'before_tax',40,'percentage',0,0),(17,14,0,'2022-03-15','2022-03-15','',NULL,'approved',0,0,'before_tax',0,'percentage',0,0),(18,10,0,'2022-03-08','2022-03-10','',NULL,'approved',0,0,'before_tax',0,'percentage',0,0),(19,16,0,'2022-03-15','2022-03-17','',NULL,'approved',0,0,'before_tax',0,'percentage',0,0),(20,18,0,'2022-03-16','2022-05-11','',NULL,'approved',0,0,'before_tax',0,'percentage',0,0),(21,18,0,'2022-03-16','2022-05-11','',NULL,'approved',0,0,'before_tax',0,'percentage',0,0),(22,18,0,'2022-03-16','2022-04-13','',NULL,'approved',0,0,'before_tax',0,'percentage',0,0),(23,18,0,'2022-03-16','2022-04-13','<h4 style=\"color: rgb(0, 0, 0);\"><p><font face=\"Arial Black\">Note:&nbsp;</font></p><p><font face=\"Tahoma\"><span style=\"font-weight: 700;\">Number of videos</span>:</font><font face=\"Arial Black\">&nbsp;</font><font face=\"Comic Sans MS\"><span style=\"font-weight: 700;\">10 videos</span></font><br><font face=\"Tahoma\"><span style=\"font-weight: 700;\">Video duration:</span></font><font face=\"Arial Black\">&nbsp;</font><font face=\"Comic Sans MS\"><span style=\"font-weight: 700;\">6 minuts</span></font><br><font face=\"Tahoma\"><span style=\"font-weight: 700;\">Total of videos hours:</span></font><font face=\"Arial Black\">&nbsp;</font><font face=\"Comic Sans MS\"><span style=\"font-weight: 700;\">60 hours</span></font></p></h4>',NULL,'draft',0,0,'before_tax',0,'percentage',0,0),(24,18,0,'2022-03-16','2022-04-13','<h4 style=\"color: rgb(0, 0, 0);\"><p><font face=\"Arial Black\">Note:&nbsp;</font></p><p><font face=\"Tahoma\"><span style=\"font-weight: 700;\">Number Of Videos</span>:</font><font face=\"Arial Black\">&nbsp;</font><font face=\"Comic Sans MS\"><span style=\"font-weight: 700;\">10 Videos</span></font><br><font face=\"Tahoma\"><span style=\"font-weight: 700;\">Video Duration:</span></font><font face=\"Arial Black\">&nbsp;</font><font face=\"Comic Sans MS\"><span style=\"font-weight: 700;\">6 Minuts</span></font><br><font face=\"Tahoma\"><span style=\"font-weight: 700;\">Total Of Videos Hours:</span></font><font face=\"Arial Black\">&nbsp;</font><font face=\"Comic Sans MS\"><span style=\"font-weight: 700;\">60 Hours</span></font></p></h4>',NULL,'draft',0,0,'before_tax',0,'percentage',0,0),(25,18,0,'2022-03-16','2022-04-13','<h4 style=\"color: rgb(0, 0, 0);\"><p><font face=\"Arial Black\">Note:&nbsp;</font></p><p><font face=\"Tahoma\"><span style=\"font-weight: 700;\">Number Of Videos</span>:</font><font face=\"Arial Black\">&nbsp;</font><font face=\"Comic Sans MS\"><span style=\"font-weight: 700;\">10 Videos</span></font><br><font face=\"Tahoma\"><span style=\"font-weight: 700;\">Video Duration:</span></font><font face=\"Arial Black\">&nbsp;</font><font face=\"Comic Sans MS\"><span style=\"font-weight: 700;\">6 Minuts</span></font><br><font face=\"Tahoma\"><span style=\"font-weight: 700;\">Total Of Videos Hours:</span></font><font face=\"Arial Black\">&nbsp;</font><font face=\"Comic Sans MS\"><span style=\"font-weight: 700;\">60&nbsp;</span></font></p><font face=\"Comic Sans MS\"><b>Minuts</b></font></h4>',NULL,'draft',0,0,'before_tax',0,'percentage',0,0),(26,18,0,'2022-03-16','2022-04-13','<h4 style=\"color: rgb(0, 0, 0);\"><p><font face=\"Arial Black\">Note:&nbsp;</font></p><p><font face=\"Tahoma\"><span style=\"font-weight: 700;\">Number Of Videos</span>:</font><font face=\"Arial Black\">&nbsp;</font><font face=\"Comic Sans MS\"><span style=\"font-weight: 700;\">10 Videos</span></font><br><font face=\"Tahoma\"><span style=\"font-weight: 700;\">Each Video Duration:</span></font><font face=\"Arial Black\">&nbsp;</font><font face=\"Comic Sans MS\"><span style=\"font-weight: 700;\">6 Minutes&nbsp;</span></font><br><font face=\"Tahoma\"><span style=\"font-weight: 700;\">Total Of Videos Hours:</span></font><font face=\"Arial Black\">&nbsp;</font><font face=\"Comic Sans MS\"><span style=\"font-weight: 700;\">60&nbsp;</span></font><b style=\"font-family: &quot;Comic Sans MS&quot;;\">Minutes</b></p></h4>',NULL,'approved',0,0,'before_tax',0,'percentage',0,0);

--
-- Table structure for table `ASHAL_EDUCATION_AND__BUSINESS_LLCevents`
--

CREATE TABLE `ASHAL_EDUCATION_AND__BUSINESS_LLCevents` (
  `id` int(11) NOT NULL AUTO_INCREMENT,
  `title` text COLLATE utf8_unicode_ci NOT NULL,
  `description` mediumtext COLLATE utf8_unicode_ci NOT NULL,
  `start_date` date NOT NULL,
  `end_date` date NOT NULL,
  `start_time` time DEFAULT NULL,
  `end_time` time DEFAULT NULL,
  `created_by` int(11) NOT NULL,
  `location` mediumtext COLLATE utf8_unicode_ci,
  `files` mediumtext COLLATE utf8_unicode_ci,
  `client_id` int(11) NOT NULL DEFAULT '0',
  `labels` text COLLATE utf8_unicode_ci NOT NULL,
  `share_with` mediumtext COLLATE utf8_unicode_ci,
  `editable_google_event` tinyint(1) NOT NULL DEFAULT '0',
  `google_event_id` text COLLATE utf8_unicode_ci NOT NULL,
  `deleted` int(1) NOT NULL DEFAULT '0',
  `color` varchar(15) COLLATE utf8_unicode_ci NOT NULL,
  `recurring` int(1) NOT NULL DEFAULT '0',
  `repeat_every` int(11) NOT NULL DEFAULT '0',
  `repeat_type` enum('days','weeks','months','years') COLLATE utf8_unicode_ci DEFAULT NULL,
  `no_of_cycles` int(11) NOT NULL DEFAULT '0',
  `last_start_date` date DEFAULT NULL,
  `recurring_dates` longtext COLLATE utf8_unicode_ci NOT NULL,
  `confirmed_by` text COLLATE utf8_unicode_ci NOT NULL,
  `rejected_by` text COLLATE utf8_unicode_ci NOT NULL,
  PRIMARY KEY (`id`),
  KEY `created_by` (`created_by`)
) ENGINE=InnoDB AUTO_INCREMENT=11 DEFAULT CHARSET=utf8 COLLATE=utf8_unicode_ci;

--
-- Dumping data for table `ASHAL_EDUCATION_AND__BUSINESS_LLCevents`
--

INSERT INTO `ASHAL_EDUCATION_AND__BUSINESS_LLCevents` VALUES (1,'حجز الاستوديو','هنا سيتم جميع مواعيد الاستوديو\n','2022-03-04','2022-03-04','01:00:00','02:00:00',36,'',NULL,0,'','member:38,member:39,member:1,member:44,member:46',0,'',1,'#f1c40f',0,1,'months',0,'0000-00-00','','0','0'),(2,'أ.صفية امبوسعيدي / دورات وشيك','ستقوم الأستاذة صفية بتصوير الدورة الخاصة بمنصة وشيك من الساعة 5 إلى 6 مساء','2022-03-07','2022-03-07','17:00:00','18:00:00',46,'',NULL,0,'','all',0,'',1,'#dbadff',0,1,'months',0,'0000-00-00','','0','0'),(3,'أ.صفية امبوسعيدي / دورات وشيك','<p>ستقوم الأستاذة صفية امبوسعيدي بتصوير دورة لمنصة وشيك</p>','2022-03-08','2022-03-08','17:00:00','18:00:00',1,'',NULL,0,'','all',0,'',0,'#dbadff',0,1,'months',0,'0000-00-00','','0,44,36,48','0'),(4,'اجتماع ندوبي المبيعات','بسم الله الرحمن الرحيم','2022-03-10','2022-03-10','01:00:00','01:00:00',1,'',NULL,5,'','all',0,'',1,'#e74c3c',0,1,'months',0,'0000-00-00','','0','0'),(5,'اجتماع تيم واي',' اجتماع خاص بالإدارة والموظفين لاعتماد برنامج تيم واي','2022-03-10','2022-03-10','10:00:00','11:00:00',36,'مقر الشركة في سندان',NULL,6,'','all',0,'',0,'#e74c3c',1,1,'months',0,'2032-03-10','2022-04-10,2022-05-10,2022-06-10,2022-07-10,2022-08-10,2022-09-10,2022-10-10,2022-11-10,2022-12-10,2023-01-10,2023-02-10,2023-03-10,2023-04-10,2023-05-10,2023-06-10,2023-07-10,2023-08-10,2023-09-10,2023-10-10,2023-11-10,2023-12-10,2024-01-10,2024-02-10,2024-03-10,2024-04-10,2024-05-10,2024-06-10,2024-07-10,2024-08-10,2024-09-10,2024-10-10,2024-11-10,2024-12-10,2025-01-10,2025-02-10,2025-03-10,2025-04-10,2025-05-10,2025-06-10,2025-07-10,2025-08-10,2025-09-10,2025-10-10,2025-11-10,2025-12-10,2026-01-10,2026-02-10,2026-03-10,2026-04-10,2026-05-10,2026-06-10,2026-07-10,2026-08-10,2026-09-10,2026-10-10,2026-11-10,2026-12-10,2027-01-10,2027-02-10,2027-03-10,2027-04-10,2027-05-10,2027-06-10,2027-07-10,2027-08-10,2027-09-10,2027-10-10,2027-11-10,2027-12-10,2028-01-10,2028-02-10,2028-03-10,2028-04-10,2028-05-10,2028-06-10,2028-07-10,2028-08-10,2028-09-10,2028-10-10,2028-11-10,2028-12-10,2029-01-10,2029-02-10,2029-03-10,2029-04-10,2029-05-10,2029-06-10,2029-07-10,2029-08-10,2029-09-10,2029-10-10,2029-11-10,2029-12-10,2030-01-10,2030-02-10,2030-03-10,2030-04-10,2030-05-10,2030-06-10,2030-07-10,2030-08-10,2030-09-10,2030-10-10,2030-11-10,2030-12-10,2031-01-10,2031-02-10,2031-03-10,2031-04-10,2031-05-10,2031-06-10,2031-07-10,2031-08-10,2031-09-10,2031-10-10,2031-11-10,2031-12-10,2032-01-10,2032-02-10,2032-03-10,','0,48,1','0'),(6,'اجتماع المندوبين','اجتماع خاص بالمندوبين لمراجعة جدول العمل والخطة','2022-03-10','2022-03-10','09:00:00','10:00:00',36,'مقر الشركة في سندان',NULL,0,'','all',0,'',0,'#83c340',0,1,'months',0,'0000-00-00','','0,48,1','0'),(7,'زيارة المدرسة الهندية','<p>تم تنسيق موعد عن طريق الأستاذة مريم البريكي مع ادارة المدرسة </p><p><br></p><p>تمت في هذه الزيارة عرض منصة اسهل لمدير تقنية المعلومات في المدرسة ومن خلالها اوضح المدير بأن المدرسة تملك موقع الكتروني خاص بها مقرون بتطبيق وافاد بأن المحتوى في منصة اسهل مناسب ويحتاج ايميل رسمي من الشركة حتى يتم النقاش مع ادارة المدرسة عن سبل التعاون <br></p>','2022-03-13','2022-03-13','10:00:00','11:00:00',48,'دار سيت',NULL,0,'','member:49',0,'',0,'#aab7b7',0,1,'months',0,'0000-00-00','','0','0'),(8,'اجتماع مع الأستاذ عزان البوسعيدي ','<p>الأستاذ عزان هو المدير التنفيذي لمؤسسة انجاز عمان سوف يتم النقاش حول منصة وشيك وسبل التعاون بين انجاز عمان و المنصة</p><p><br></p><p>تم الغاء الأجتماع</p>','2022-03-13','2022-03-13','19:30:00','20:30:00',48,'الخوض ',NULL,0,'','member:45',0,'',1,'#34495e',0,1,'months',0,'0000-00-00','','0','0'),(9,'اجتماع مع المحامي وليد الحوسني ','<p>وليد الحوسني يملك خبرة في مجال المحاماه 19سنه وهو شخص متمك في مجال التدريب <br>سوف يتم مناقشة سبل التعاون مع منصة وشيك </p><p>كما ان سوف يتم النقاش حول امكانية برمجة منصة الكترونية خاصة بالمكتب</p><p><br></p><p><br></p><div class=\"col-md-12 mb15\" xss=removed>2022/03/13</div><div class=\"col-md-12 mb15 notepad\" xss=removed><p>تم في هذا الأجتماع عرض جميع خدمات مجموعة اسهل من قطاع برمجي ومنصة وشيك وامكان واسهل التعليمية وتم النقاش حول المشاكل التي يواجهها المكتب في الفترة الحالية وما يحتاجه لخدماتنا وافاد المحامي وليد الحوسني بأن المكتب يعمل على  تنشيط التسويق في مواقع التواصل الأجتماعي حيث تم الأتفاق على توقيع عقد يخشمل مقاطع يتم تصويرها في استديو مكان تشمل محتوى قانوني ويمتد العقد طول شهر رمضان المبارك وافاد ايضا بأنه يرغب بالتعامل مع منصة وشيك </p></div>','2022-03-13','2022-03-13','18:00:00','19:00:00',48,'الخوض',NULL,0,'','member:45',0,'',0,'#34495e',0,1,'months',0,'0000-00-00','','0','0'),(10,'اجتماع مع الاستاذة فاطمة العريمية ','<p>اجتماع مع أ فاطمة العريمية في منصة زوم لمناقشة سيناريو العمل الخاص بها</p>','2022-03-13','2022-03-13','13:30:00','14:30:00',44,'منصة زوم',NULL,0,'','all',0,'',0,'#37b4e1',0,1,'months',0,'0000-00-00','','0,1,36','0');

--
-- Table structure for table `ASHAL_EDUCATION_AND__BUSINESS_LLCexpense_categories`
--

CREATE TABLE `ASHAL_EDUCATION_AND__BUSINESS_LLCexpense_categories` (
  `id` int(11) NOT NULL AUTO_INCREMENT,
  `title` text COLLATE utf8_unicode_ci NOT NULL,
  `account_id` int(11) NOT NULL DEFAULT '0',
  `deleted` tinyint(1) NOT NULL DEFAULT '0',
  PRIMARY KEY (`id`)
) ENGINE=InnoDB AUTO_INCREMENT=17 DEFAULT CHARSET=utf8 COLLATE=utf8_unicode_ci;

--
-- Dumping data for table `ASHAL_EDUCATION_AND__BUSINESS_LLCexpense_categories`
--

INSERT INTO `ASHAL_EDUCATION_AND__BUSINESS_LLCexpense_categories` VALUES (1,'Telephones',925,0),(2,'Phones',927,0),(3,'Rent',928,0),(4,'Electricity',929,0),(5,'Salaries and wages',930,0),(6,'Marketing',931,0),(7,'Depreciation',932,0),(8,'Teachers\' wages',933,0),(9,'Trainers\' wages',934,0),(10,'Design',935,0),(11,'Administrative expenses',936,0),(12,'Other expenses',937,0),(13,'Customs',938,0),(14,'Legal Counsel',941,0),(15,'Water expenses',942,0),(16,'Repairs expenses',943,0);

--
-- Table structure for table `ASHAL_EDUCATION_AND__BUSINESS_LLCexpenses`
--

CREATE TABLE `ASHAL_EDUCATION_AND__BUSINESS_LLCexpenses` (
  `id` int(11) NOT NULL AUTO_INCREMENT,
  `expense_date` date NOT NULL,
  `category_id` int(11) NOT NULL,
  `description` mediumtext COLLATE utf8_unicode_ci,
  `amount` double NOT NULL,
  `payment_mode` enum('bank','cash_on_hand','cheque','reimbursement','pt_cash') COLLATE utf8_unicode_ci NOT NULL,
  `cheque_due_date` date DEFAULT NULL,
  `cheque_description` varchar(255) COLLATE utf8_unicode_ci DEFAULT NULL,
  `cheque_account` varchar(150) COLLATE utf8_unicode_ci DEFAULT NULL,
  `cheque_number` int(11) DEFAULT NULL,
  `cheque_transaction_id` int(11) NOT NULL DEFAULT '0',
  `files` mediumtext COLLATE utf8_unicode_ci NOT NULL,
  `title` text COLLATE utf8_unicode_ci NOT NULL,
  `project_id` int(11) NOT NULL DEFAULT '0',
  `user_id` int(11) NOT NULL DEFAULT '0',
  `client_id` int(11) NOT NULL DEFAULT '0',
  `status` enum('draft','request_approval','approved','rejected') COLLATE utf8_unicode_ci NOT NULL DEFAULT 'draft',
  `tax_id` int(11) NOT NULL DEFAULT '0',
  `tax_id2` int(11) NOT NULL DEFAULT '0',
  `transaction_id` int(11) NOT NULL DEFAULT '0',
  `deleted` tinyint(1) NOT NULL DEFAULT '0',
  PRIMARY KEY (`id`)
) ENGINE=InnoDB AUTO_INCREMENT=27 DEFAULT CHARSET=utf8 COLLATE=utf8_unicode_ci;

--
-- Dumping data for table `ASHAL_EDUCATION_AND__BUSINESS_LLCexpenses`
--

INSERT INTO `ASHAL_EDUCATION_AND__BUSINESS_LLCexpenses` VALUES (1,'2022-01-04',3,'ايجار مدينة سندان',180,'bank','2022-03-10',NULL,'',0,0,'a:0:{}','',0,38,0,'draft',0,0,0,1),(2,'2022-01-04',3,'<p>ايجار مدينة سندان</p>',180,'bank','2022-03-10',NULL,'',0,0,'a:0:{}','',0,38,0,'draft',0,0,0,1),(3,'2022-01-04',3,'<p>ايجار مدينة سندان</p>',180,'bank','2022-03-10',NULL,'',0,0,'a:0:{}','',0,38,0,'draft',0,0,0,1),(4,'2022-03-11',3,'<p>Paid</p>',180,'bank','2022-03-11',NULL,'',0,0,'a:0:{}','',9,37,12,'draft',0,0,0,1),(5,'2022-01-12',9,'The trainer recorded 4 courses',200,'bank','2022-03-13',NULL,'',0,0,'a:0:{}','',0,38,0,'draft',0,0,0,1),(6,'2022-01-12',9,'<p>Trainers recorded 4 courses</p><p>المدرب قام بتصوير اربع كورسات</p>',200,'bank','2022-03-13',NULL,'',0,0,'a:0:{}','',0,37,0,'draft',0,0,0,1),(7,'2022-01-12',9,'<p>Trainers recorded 4 courses</p><p>المدرب قام بتصوير ٤ كورسات</p>',200,'bank','2022-03-13',NULL,'',0,0,'a:0:{}','',11,38,12,'draft',0,0,0,1),(8,'2022-01-12',9,'<p><b>Hila Al Alawi&nbsp; recorded 4 corses&nbsp;</b></p><p><b>المدرب هلال العلوي قام بتصوير اربع دورات</b></p>',200,'bank','2022-03-13',NULL,'',0,0,'a:0:{}','',11,38,0,'draft',0,0,0,1),(9,'2022-01-16',5,'<p>راتب شهري</p>',800,'bank','2022-03-13',NULL,'',0,0,'a:0:{}','',11,38,12,'draft',0,0,0,1),(10,'2022-01-25',8,'<p>Group of teachers (Kashkool group)&nbsp; provided live courses on Ashal Platform</p><p>مجموعة من المدرسين (معلمي كشكول) قاموا بتقديم دروس البث المباشر عبر منصة أسهل</p>',540,'bank','2022-03-13',NULL,'',0,0,'a:0:{}','',0,38,0,'draft',0,0,0,1),(11,'2022-01-27',8,'<p>Remaining amount for Kashkool group</p><p>المبلغ المتبقي لمعلمي كشكول</p>',20,'bank','2022-03-13',NULL,'',0,0,'a:0:{}','',0,38,0,'draft',0,0,0,1),(12,'2022-01-25',9,'<p>HUSSAIN MOHAMMED JAWAD NAJWANI RECORDED ONE COURSE&nbsp;</p><p>حسين محمد ناجواني قام بتسجيل دورة واحدة</p>',50,'bank','2022-03-13',NULL,'',0,0,'a:0:{}','',0,38,0,'draft',0,0,0,1),(13,'2022-01-25',10,'<p><b>Intro design for wsheek</b></p><p><b>تصميم مقدمة الفيديوهات لوشيك</b></p>',35,'bank','2022-03-13',NULL,'',0,0,'a:0:{}','',0,38,0,'draft',0,0,0,1),(14,'2022-01-09',14,'<p>Payment for lawyer Hani Sobhi Alruzeki</p><p>دفع للمستشار القانوني هاني صبحي الرزيق</p>',1000,'bank','2022-03-13',NULL,'',0,0,'a:0:{}','',0,38,0,'draft',0,0,0,1),(15,'2022-01-16',13,'<p>رسوم البلدية</p><p>Municipality custom</p>',25,'bank','2022-03-13',NULL,'',0,0,'a:0:{}','',0,38,0,'draft',0,0,0,1),(16,'2022-01-04',15,'<p><b>Water bill ABDULBASAT</b></p><p><b>فاتورة المياه</b></p>',25,'bank','2022-03-13',NULL,'',0,0,'a:0:{}','',0,38,0,'draft',0,0,0,1),(17,'2022-01-10',5,'<p>Salary for employee Khalid&nbsp;</p><p>راتب للعامل خالد</p><p><br></p>',70,'bank','2022-03-13',NULL,'',0,0,'a:0:{}','',0,38,0,'draft',0,0,0,1),(18,'2022-01-31',13,'<p>VAT&nbsp;</p><p>ضريبة القيمة المضافة</p>',0.25,'bank','2022-03-13',NULL,'',0,0,'a:0:{}','',0,38,0,'draft',0,0,0,1),(19,'2022-01-31',13,'<p>Ledger fee</p>',2,'bank','2022-03-13',NULL,'',0,0,'a:0:{}','',0,38,0,'draft',0,0,0,1),(20,'2022-01-11',5,'<p>Salary for Mohammed Jammal</p><p>راتب محمد جمال</p>',250,'bank','2022-03-13',NULL,'',0,0,'a:0:{}','',0,38,0,'draft',0,0,0,1),(21,'2022-01-30',5,'Ali Jamal Salary',150,'bank','2022-03-13',NULL,'',0,0,'a:0:{}','',0,38,0,'draft',0,0,0,1),(22,'2022-01-12',9,'<p>Bakhiet Al Shibli recorded 3 courses</p>',150,'bank','2022-03-13',NULL,'',0,0,'a:0:{}','',0,38,0,'draft',0,0,0,1),(23,'2022-01-18',12,'<p>Medical test for Mohammed Jamal</p>',30,'bank','2022-03-13',NULL,'',0,0,'a:0:{}','',0,38,0,'draft',0,0,0,1),(24,'2022-01-25',12,'<p>Medical test for Mohammed Suliman (PCR)</p><p>الفحص الطبي لمحمد سليمان&nbsp;</p>',79,'bank','2022-03-13',NULL,'',0,0,'a:0:{}','',0,38,0,'draft',0,0,0,1),(25,'2022-01-31',16,'اصلاحات المكيف',15,'bank','2022-03-13',NULL,'',0,0,'a:0:{}','',0,38,0,'draft',0,0,0,1),(26,'2022-01-31',12,'<p>Cheque Issued charge<br></p><p>اصدار دفتر الشيكات</p><p><br></p><p><br></p>',3,'bank','2022-03-13',NULL,'',0,0,'a:0:{}','',0,38,0,'draft',0,0,0,1);

--
-- Table structure for table `ASHAL_EDUCATION_AND__BUSINESS_LLCgeneral_files`
--

CREATE TABLE `ASHAL_EDUCATION_AND__BUSINESS_LLCgeneral_files` (
  `id` int(11) NOT NULL AUTO_INCREMENT,
  `file_name` text COLLATE utf8_unicode_ci NOT NULL,
  `file_id` text COLLATE utf8_unicode_ci,
  `service_type` varchar(20) COLLATE utf8_unicode_ci DEFAULT NULL,
  `description` mediumtext COLLATE utf8_unicode_ci,
  `file_size` double NOT NULL,
  `created_at` datetime NOT NULL,
  `client_id` int(11) NOT NULL DEFAULT '0',
  `user_id` int(11) NOT NULL DEFAULT '0',
  `eroom_id` int(11) NOT NULL DEFAULT '0',
  `uploaded_by` int(11) NOT NULL,
  `deleted` tinyint(1) NOT NULL DEFAULT '0',
  PRIMARY KEY (`id`)
) ENGINE=InnoDB DEFAULT CHARSET=utf8 COLLATE=utf8_unicode_ci;

--
-- Dumping data for table `ASHAL_EDUCATION_AND__BUSINESS_LLCgeneral_files`
--


--
-- Table structure for table `ASHAL_EDUCATION_AND__BUSINESS_LLChelp_articles`
--

CREATE TABLE `ASHAL_EDUCATION_AND__BUSINESS_LLChelp_articles` (
  `id` int(11) NOT NULL AUTO_INCREMENT,
  `title` text COLLATE utf8_unicode_ci NOT NULL,
  `description` longtext COLLATE utf8_unicode_ci NOT NULL,
  `category_id` int(11) NOT NULL,
  `created_by` int(11) NOT NULL,
  `created_at` datetime DEFAULT NULL,
  `status` enum('active','inactive') COLLATE utf8_unicode_ci NOT NULL DEFAULT 'active',
  `files` text COLLATE utf8_unicode_ci NOT NULL,
  `total_views` int(11) NOT NULL DEFAULT '0',
  `deleted` tinyint(1) NOT NULL DEFAULT '0',
  PRIMARY KEY (`id`)
) ENGINE=InnoDB DEFAULT CHARSET=utf8 COLLATE=utf8_unicode_ci;

--
-- Dumping data for table `ASHAL_EDUCATION_AND__BUSINESS_LLChelp_articles`
--


--
-- Table structure for table `ASHAL_EDUCATION_AND__BUSINESS_LLChelp_categories`
--

CREATE TABLE `ASHAL_EDUCATION_AND__BUSINESS_LLChelp_categories` (
  `id` int(11) NOT NULL AUTO_INCREMENT,
  `title` text COLLATE utf8_unicode_ci NOT NULL,
  `description` text COLLATE utf8_unicode_ci NOT NULL,
  `type` enum('help','knowledge_base') COLLATE utf8_unicode_ci NOT NULL,
  `sort` int(11) NOT NULL,
  `status` enum('active','inactive') COLLATE utf8_unicode_ci NOT NULL DEFAULT 'active',
  `deleted` tinyint(1) NOT NULL DEFAULT '0',
  PRIMARY KEY (`id`)
) ENGINE=InnoDB AUTO_INCREMENT=6 DEFAULT CHARSET=utf8 COLLATE=utf8_unicode_ci;

--
-- Dumping data for table `ASHAL_EDUCATION_AND__BUSINESS_LLChelp_categories`
--

INSERT INTO `ASHAL_EDUCATION_AND__BUSINESS_LLChelp_categories` VALUES (1,'قسم الدعم الفني (1) / Makan Studio','مدير القسم : إسحاق الأغبري\nالمونتير : يونس العلوي\nالمصور : نوح الجابري','knowledge_base',0,'active',0),(2,'قسم الدعم الفني (2) / التطوير البرمجي','مدير القسم : محمد سليمان\nدعم فني : فاطمة الريامي','knowledge_base',0,'active',0),(3,'قسم الشؤون المالية','مدير القسم : علي الحجي\nإداري مالي : كاذية السيابي','knowledge_base',0,'active',0),(4,'قسم المحتوى / ashal + wsheek','مدير القسم : ثريا البوسعيدي\nكاذية السيابي : (محرر ووربرس + إدارة الحجوزات)\nفاطمة الريامي : (محرر ووربرس + إدارة الحجوزات)\nكريمة الكلباني :  خدمة عملاء + كاتب محتوى + اخصائي وسائط\nشيماء البريكي : مصمم جرافيكي + إدارة حسابات السوشال ميديا','knowledge_base',0,'active',0),(5,'قسم التسويق','مدير القسم : علوي باعمر\nمندوب مبيعات : أحمد الجابري\nمندوب مبيعات : اسماعيل المقيمي\nمندوب مبيعات : هلال امبوسعيدي\nمندوبة مبيعات : مريم البريكي\nمندوب مبيعات : أحمد البلوشي','knowledge_base',0,'active',0);

--
-- Table structure for table `ASHAL_EDUCATION_AND__BUSINESS_LLCinternal_transactions`
--

CREATE TABLE `ASHAL_EDUCATION_AND__BUSINESS_LLCinternal_transactions` (
  `id` int(11) NOT NULL AUTO_INCREMENT,
  `date` date NOT NULL,
  `from_employee` int(11) NOT NULL,
  `to_employee` int(11) NOT NULL,
  `amount` float(10,3) NOT NULL,
  `note` text COLLATE utf8_bin NOT NULL,
  `status` enum('draft','approved') COLLATE utf8_bin NOT NULL DEFAULT 'draft',
  `transaction_id` int(11) NOT NULL DEFAULT '0',
  `deleted` tinyint(1) NOT NULL DEFAULT '0',
  PRIMARY KEY (`id`)
) ENGINE=MyISAM DEFAULT CHARSET=utf8 COLLATE=utf8_bin;

--
-- Dumping data for table `ASHAL_EDUCATION_AND__BUSINESS_LLCinternal_transactions`
--


--
-- Table structure for table `ASHAL_EDUCATION_AND__BUSINESS_LLCinvoice_items`
--

CREATE TABLE `ASHAL_EDUCATION_AND__BUSINESS_LLCinvoice_items` (
  `id` int(11) NOT NULL AUTO_INCREMENT,
  `item_id` int(11) NOT NULL DEFAULT '0',
  `title` text COLLATE utf8_unicode_ci NOT NULL,
  `description` text COLLATE utf8_unicode_ci,
  `quantity` double NOT NULL,
  `unit_type` varchar(20) COLLATE utf8_unicode_ci NOT NULL DEFAULT '',
  `rate` double NOT NULL,
  `cost` double NOT NULL DEFAULT '0',
  `total` double NOT NULL,
  `sort` int(11) NOT NULL DEFAULT '0',
  `invoice_id` int(11) NOT NULL,
  `tax_id` int(11) DEFAULT '0',
  `tax_id2` int(11) DEFAULT '0',
  `deleted` tinyint(1) NOT NULL DEFAULT '0',
  PRIMARY KEY (`id`)
) ENGINE=InnoDB AUTO_INCREMENT=14 DEFAULT CHARSET=utf8 COLLATE=utf8_unicode_ci;

--
-- Dumping data for table `ASHAL_EDUCATION_AND__BUSINESS_LLCinvoice_items`
--

INSERT INTO `ASHAL_EDUCATION_AND__BUSINESS_LLCinvoice_items` VALUES (1,1,'تسجيل بودكاست صوتي','تسجيل مقاطع بودكاست مرئي',2,'الساعة',40,0,80,0,3,0,0,0),(2,13,'بودكاست صوتي + مرئي','',1,'دقيقة',100,0,100,0,6,0,0,0),(3,15,'تقديم موقع الكتروني تشمل على دورات محددة','',1,'LS',89,0,89,0,7,0,0,0),(4,17,'12  دورة تدريبية','',70,'',228,0,15960,0,9,0,0,1),(5,17,'12  دورة تدريبية','',70,'',228,0,15960,0,9,0,0,1),(6,17,'12  دورة تدريبية','',70,'',228,0,15960,0,9,0,0,1),(7,17,'١٢ دورة تدريبية','',19,'',840,0,15960,0,9,0,0,1),(8,17,'١٢ دورة تدريبية','',70,'',228,0,15960,0,9,0,0,1),(9,17,'١٢ دورة تدريبية','',70,'',22,0,1540,0,9,0,0,1),(10,17,'١٢ دورة تدريبية','',70,'',22.8,0,1596,0,9,0,0,1),(11,17,'١٢ دورة تدريبية','',70,'متدرب',22.8,0,1596,0,9,0,0,0),(12,17,'١٢ دورة تدريبية','',70,'متدرب',22.8,0,1596,0,10,0,0,0),(13,17,'١٢ دورة تدريبية','',70,'متدرب',22.8,0,1596,0,11,0,0,0);

--
-- Table structure for table `ASHAL_EDUCATION_AND__BUSINESS_LLCinvoice_payments`
--

CREATE TABLE `ASHAL_EDUCATION_AND__BUSINESS_LLCinvoice_payments` (
  `id` int(11) NOT NULL AUTO_INCREMENT,
  `amount` double NOT NULL,
  `payment_date` date NOT NULL,
  `payment_method_id` int(11) NOT NULL,
  `cheque_due_date` date DEFAULT NULL,
  `cheque_description` varchar(150) COLLATE utf8_unicode_ci DEFAULT NULL,
  `cheque_account` varchar(150) COLLATE utf8_unicode_ci DEFAULT NULL,
  `cheque_number` varchar(150) COLLATE utf8_unicode_ci DEFAULT NULL,
  `cheque_transaction_id` int(11) NOT NULL DEFAULT '0',
  `note` text COLLATE utf8_unicode_ci,
  `invoice_id` int(11) NOT NULL,
  `status` enum('draft','request_approval','approved') COLLATE utf8_unicode_ci NOT NULL DEFAULT 'draft',
  `deleted` tinyint(1) NOT NULL DEFAULT '0',
  `transaction_id` tinytext COLLATE utf8_unicode_ci,
  `account_transaction_id` int(11) NOT NULL DEFAULT '0',
  `advance_transaction_id` int(11) NOT NULL DEFAULT '0',
  `created_by` int(11) DEFAULT '1',
  `created_at` datetime DEFAULT NULL,
  PRIMARY KEY (`id`),
  KEY `id` (`id`),
  KEY `id_2` (`id`)
) ENGINE=InnoDB AUTO_INCREMENT=4 DEFAULT CHARSET=utf8 COLLATE=utf8_unicode_ci;

--
-- Dumping data for table `ASHAL_EDUCATION_AND__BUSINESS_LLCinvoice_payments`
--

INSERT INTO `ASHAL_EDUCATION_AND__BUSINESS_LLCinvoice_payments` VALUES (1,20,'2022-03-07',4,'2022-03-07','','','',0,'',3,'draft',0,NULL,0,0,38,'2022-03-07 14:51:05'),(2,50,'2022-03-10',4,'2022-03-10','','','',0,'',7,'approved',0,NULL,6,0,38,'2022-03-10 09:07:53'),(3,39,'2022-03-10',4,'2022-03-10','','','',0,'',7,'approved',0,NULL,7,0,38,'2022-03-10 09:09:04');

--
-- Table structure for table `ASHAL_EDUCATION_AND__BUSINESS_LLCinvoices`
--

CREATE TABLE `ASHAL_EDUCATION_AND__BUSINESS_LLCinvoices` (
  `id` int(11) NOT NULL AUTO_INCREMENT,
  `client_id` int(11) NOT NULL,
  `project_id` int(11) NOT NULL DEFAULT '0',
  `bill_date` date NOT NULL,
  `due_date` date NOT NULL,
  `note` mediumtext COLLATE utf8_unicode_ci,
  `labels` text COLLATE utf8_unicode_ci,
  `last_email_sent_date` date DEFAULT NULL,
  `status` enum('draft','not_paid','cancelled') COLLATE utf8_unicode_ci NOT NULL DEFAULT 'draft',
  `delivery_status` enum('delivered','not_delivered') COLLATE utf8_unicode_ci NOT NULL DEFAULT 'not_delivered',
  `approval_status` enum('not_approved','request_approval','approved') COLLATE utf8_unicode_ci NOT NULL DEFAULT 'not_approved',
  `tax_id` int(11) NOT NULL DEFAULT '0',
  `tax_id2` int(11) NOT NULL DEFAULT '0',
  `recurring` tinyint(4) NOT NULL DEFAULT '0',
  `recurring_invoice_id` int(11) NOT NULL DEFAULT '0',
  `repeat_every` int(11) NOT NULL DEFAULT '0',
  `repeat_type` enum('days','weeks','months','years') COLLATE utf8_unicode_ci DEFAULT NULL,
  `no_of_cycles` int(11) NOT NULL DEFAULT '0',
  `next_recurring_date` date DEFAULT NULL,
  `no_of_cycles_completed` int(11) NOT NULL DEFAULT '0',
  `due_reminder_date` date DEFAULT NULL,
  `recurring_reminder_date` date DEFAULT NULL,
  `discount_amount` double NOT NULL,
  `discount_amount_type` enum('percentage','fixed_amount') COLLATE utf8_unicode_ci NOT NULL,
  `discount_type` enum('before_tax','after_tax') COLLATE utf8_unicode_ci NOT NULL,
  `cancelled_at` datetime DEFAULT NULL,
  `cancelled_by` int(11) NOT NULL,
  `revised` int(11) NOT NULL,
  `transaction_id` int(11) DEFAULT '0',
  `deleted` tinyint(1) NOT NULL DEFAULT '0',
  PRIMARY KEY (`id`)
) ENGINE=InnoDB AUTO_INCREMENT=12 DEFAULT CHARSET=utf8 COLLATE=utf8_unicode_ci;

--
-- Dumping data for table `ASHAL_EDUCATION_AND__BUSINESS_LLCinvoices`
--

INSERT INTO `ASHAL_EDUCATION_AND__BUSINESS_LLCinvoices` VALUES (1,4,0,'2022-03-05','2022-03-05','','',NULL,'draft','not_delivered','not_approved',0,0,0,0,0,NULL,0,NULL,0,NULL,NULL,0,'percentage','before_tax',NULL,0,0,0,0),(2,8,0,'2022-01-31','2022-01-31','','',NULL,'draft','not_delivered','not_approved',0,0,0,0,0,NULL,0,NULL,0,NULL,NULL,0,'percentage','before_tax',NULL,0,0,0,0),(3,4,7,'2022-03-07','2022-03-07','','',NULL,'not_paid','not_delivered','approved',0,0,0,0,0,NULL,0,NULL,0,NULL,NULL,0,'percentage','before_tax',NULL,0,0,0,0),(4,4,0,'2022-03-07','2022-03-07','','',NULL,'draft','not_delivered','not_approved',0,0,0,0,0,NULL,0,NULL,0,NULL,NULL,0,'percentage','before_tax',NULL,0,0,0,0),(5,10,0,'2021-12-31','2022-02-28','','',NULL,'draft','not_delivered','not_approved',0,0,0,0,0,NULL,0,NULL,0,NULL,NULL,0,'percentage','before_tax',NULL,0,0,0,0),(6,10,13,'2022-02-28','2022-03-15','','',NULL,'draft','not_delivered','approved',0,0,0,0,0,NULL,0,NULL,0,NULL,NULL,0,'percentage','before_tax',NULL,0,0,0,0),(7,11,0,'2022-03-10','2022-03-16','','',NULL,'not_paid','delivered','approved',0,0,0,0,0,NULL,0,NULL,0,NULL,NULL,0,'percentage','before_tax',NULL,0,0,0,0),(8,8,0,'2022-01-01','2022-01-31','','',NULL,'draft','not_delivered','not_approved',0,0,0,0,0,NULL,0,NULL,0,NULL,NULL,0,'percentage','before_tax',NULL,0,0,0,0),(9,15,0,'2022-03-15','2022-03-15','','',NULL,'draft','not_delivered','not_approved',0,0,0,0,0,NULL,0,NULL,0,NULL,NULL,0,'percentage','before_tax',NULL,0,0,0,1),(10,17,0,'2022-03-15','2022-04-19','','',NULL,'draft','not_delivered','approved',0,0,0,0,0,NULL,0,NULL,0,NULL,NULL,0,'percentage','before_tax',NULL,0,0,0,0),(11,17,0,'2022-03-16','2022-04-20','','',NULL,'draft','not_delivered','approved',0,0,0,0,0,NULL,0,NULL,0,NULL,NULL,0,'percentage','before_tax',NULL,0,0,0,0);

--
-- Table structure for table `ASHAL_EDUCATION_AND__BUSINESS_LLCitem_categories`
--

CREATE TABLE `ASHAL_EDUCATION_AND__BUSINESS_LLCitem_categories` (
  `id` int(11) NOT NULL AUTO_INCREMENT,
  `title` varchar(255) COLLATE utf8_unicode_ci NOT NULL,
  `deleted` tinyint(1) NOT NULL DEFAULT '0',
  PRIMARY KEY (`id`)
) ENGINE=MyISAM AUTO_INCREMENT=8 DEFAULT CHARSET=utf8 COLLATE=utf8_unicode_ci;

--
-- Dumping data for table `ASHAL_EDUCATION_AND__BUSINESS_LLCitem_categories`
--

INSERT INTO `ASHAL_EDUCATION_AND__BUSINESS_LLCitem_categories` VALUES (1,'بودكاست صوتي',1),(2,'عبدالباسط',1),(3,'الإنتاج الفني',0),(4,'المحتوى التعليمي',0),(5,'التطوير والحلول الرقمية',0),(6,'التدريب',0),(7,'30',0);

--
-- Table structure for table `ASHAL_EDUCATION_AND__BUSINESS_LLCitems`
--

CREATE TABLE `ASHAL_EDUCATION_AND__BUSINESS_LLCitems` (
  `id` int(11) NOT NULL AUTO_INCREMENT,
  `title` text COLLATE utf8_unicode_ci NOT NULL,
  `description` text COLLATE utf8_unicode_ci,
  `unit_type` varchar(20) COLLATE utf8_unicode_ci NOT NULL DEFAULT '',
  `cost` double NOT NULL,
  `rate` double NOT NULL,
  `category_id` int(11) NOT NULL,
  `item_type` enum('product','service') COLLATE utf8_unicode_ci NOT NULL DEFAULT 'product',
  `deleted` tinyint(1) NOT NULL DEFAULT '0',
  PRIMARY KEY (`id`)
) ENGINE=InnoDB AUTO_INCREMENT=23 DEFAULT CHARSET=utf8 COLLATE=utf8_unicode_ci;

--
-- Dumping data for table `ASHAL_EDUCATION_AND__BUSINESS_LLCitems`
--

INSERT INTO `ASHAL_EDUCATION_AND__BUSINESS_LLCitems` VALUES (1,'تسجيل بودكاست صوتي','تسجيل مقاطع بودكاست مرئي','الساعة',0,30,3,'service',1),(2,'تسجيل بودكاست صوتي','الإنتاج الفني','الخدمات',0,0,7,'product',1),(3,'تسجيل بودكاست صوتي + تصوير','الإنتاج الفني','الخدمات',0,0,7,'product',1),(4,'تسجيل بودكاست صوتي','الإنتاج الفني','الخدمات',0,0,3,'product',0),(5,'تسجيل بودكاست صوتي','الإنتاج الفني','الخدمات',0,0,3,'product',0),(6,'تسجيل بودكاست صوتي','','ساعة',0,30,3,'product',0),(7,'تسجيل بودكاست صوتي',NULL,'',0,0,0,'product',1),(8,'تسجيل بودكاست صوتي',NULL,'',0,0,0,'product',1),(9,'تسجيل بودكاست صوتي',NULL,'',0,0,0,'product',1),(10,'تسجيل بودكاست صوتي',NULL,'',0,0,0,'product',0),(11,'تسجيل بودكاست صوتي',NULL,'',0,0,0,'product',0),(12,'ترخيص لاستخدام المحتوى التعليمي','منهج المادة للفصل الدراسي الواحد.','مستخدم',0,8,4,'service',0),(13,'بودكاست صوتي + مرئي','0','دقيقة',0,100,3,'service',1),(14,'تصوير محتوى تعليمي','','ساعة',0,100,4,'service',0),(15,'تقديم موقع الكتروني تشمل على دورات محددة','','',40,89,6,'service',0),(16,'حجز الاستوديو ','','',8,10,3,'service',0),(17,'١٢ دورة تدريبية','','',22,22.8,6,'service',0),(18,'ُفويس أوفر','','',18,25,6,'service',0),(19,' Build  Website (onboarding courses)','','',600,800,6,'service',0),(20,'Produce Courses ','','',150,200,6,'service',0),(21,'ASYAD VALUES (PRODUCE COURSES)','','',150,200,6,'service',0),(22,'ASYAD STRATEGY','','',45,60,6,'service',0);

--
-- Table structure for table `ASHAL_EDUCATION_AND__BUSINESS_LLClead_source`
--

CREATE TABLE `ASHAL_EDUCATION_AND__BUSINESS_LLClead_source` (
  `id` int(11) NOT NULL AUTO_INCREMENT,
  `title` varchar(100) COLLATE utf8_unicode_ci NOT NULL,
  `sort` int(11) NOT NULL,
  `deleted` tinyint(1) NOT NULL DEFAULT '0',
  PRIMARY KEY (`id`)
) ENGINE=InnoDB AUTO_INCREMENT=6 DEFAULT CHARSET=utf8 COLLATE=utf8_unicode_ci;

--
-- Dumping data for table `ASHAL_EDUCATION_AND__BUSINESS_LLClead_source`
--

INSERT INTO `ASHAL_EDUCATION_AND__BUSINESS_LLClead_source` VALUES (1,'Google',1,0),(2,'Facebook',2,0),(3,'Twitter',3,0),(4,'Youtube',4,0),(5,'Elsewhere',5,0);

--
-- Table structure for table `ASHAL_EDUCATION_AND__BUSINESS_LLClead_status`
--

CREATE TABLE `ASHAL_EDUCATION_AND__BUSINESS_LLClead_status` (
  `id` int(11) NOT NULL AUTO_INCREMENT,
  `title` varchar(100) COLLATE utf8_unicode_ci NOT NULL,
  `color` varchar(7) COLLATE utf8_unicode_ci NOT NULL,
  `sort` int(11) NOT NULL,
  `deleted` tinyint(1) NOT NULL DEFAULT '0',
  PRIMARY KEY (`id`)
) ENGINE=InnoDB AUTO_INCREMENT=7 DEFAULT CHARSET=utf8 COLLATE=utf8_unicode_ci;

--
-- Dumping data for table `ASHAL_EDUCATION_AND__BUSINESS_LLClead_status`
--

INSERT INTO `ASHAL_EDUCATION_AND__BUSINESS_LLClead_status` VALUES (1,'جديد','#f1c40f',0,0),(2,'Qualified','#2d9cdb',1,0),(3,'Discussion','#29c2c2',2,0),(4,'Negotiation','#2d9cdb',3,0),(5,'Won','#83c340',4,0),(6,'Lost','#e74c3c',5,0);

--
-- Table structure for table `ASHAL_EDUCATION_AND__BUSINESS_LLCleads`
--

CREATE TABLE `ASHAL_EDUCATION_AND__BUSINESS_LLCleads` (
  `id` int(11) NOT NULL AUTO_INCREMENT,
  `company_name` varchar(150) COLLATE utf8_unicode_ci NOT NULL,
  `first_name` varchar(150) COLLATE utf8_unicode_ci NOT NULL,
  `last_name` varchar(150) COLLATE utf8_unicode_ci NOT NULL,
  `email` varchar(150) COLLATE utf8_unicode_ci NOT NULL,
  `address` text COLLATE utf8_unicode_ci,
  `city` varchar(50) COLLATE utf8_unicode_ci DEFAULT NULL,
  `state` varchar(50) COLLATE utf8_unicode_ci DEFAULT NULL,
  `zip` varchar(50) COLLATE utf8_unicode_ci DEFAULT NULL,
  `country` varchar(50) COLLATE utf8_unicode_ci DEFAULT NULL,
  `created_date` date NOT NULL,
  `website` text COLLATE utf8_unicode_ci,
  `phone` varchar(20) COLLATE utf8_unicode_ci DEFAULT NULL,
  `deleted` tinyint(1) NOT NULL DEFAULT '0',
  PRIMARY KEY (`id`)
) ENGINE=InnoDB DEFAULT CHARSET=utf8 COLLATE=utf8_unicode_ci;

--
-- Dumping data for table `ASHAL_EDUCATION_AND__BUSINESS_LLCleads`
--


--
-- Table structure for table `ASHAL_EDUCATION_AND__BUSINESS_LLCleave_applications`
--

CREATE TABLE `ASHAL_EDUCATION_AND__BUSINESS_LLCleave_applications` (
  `id` int(11) NOT NULL AUTO_INCREMENT,
  `leave_type_id` int(11) NOT NULL,
  `start_date` date NOT NULL,
  `end_date` date NOT NULL,
  `total_hours` decimal(7,2) NOT NULL,
  `total_days` decimal(5,2) NOT NULL,
  `applicant_id` int(11) NOT NULL,
  `reason` mediumtext COLLATE utf8_unicode_ci NOT NULL,
  `status` enum('pending','approved','rejected','canceled') COLLATE utf8_unicode_ci NOT NULL DEFAULT 'pending',
  `created_at` datetime NOT NULL,
  `created_by` int(11) NOT NULL,
  `checked_at` datetime DEFAULT NULL,
  `checked_by` int(11) NOT NULL DEFAULT '0',
  `paid_unpaid` tinyint(1) DEFAULT '1',
  `deleted` int(1) NOT NULL DEFAULT '0',
  PRIMARY KEY (`id`),
  KEY `leave_type_id` (`leave_type_id`),
  KEY `user_id` (`applicant_id`),
  KEY `checked_by` (`checked_by`)
) ENGINE=InnoDB AUTO_INCREMENT=2 DEFAULT CHARSET=utf8 COLLATE=utf8_unicode_ci;

--
-- Dumping data for table `ASHAL_EDUCATION_AND__BUSINESS_LLCleave_applications`
--

INSERT INTO `ASHAL_EDUCATION_AND__BUSINESS_LLCleave_applications` VALUES (1,3,'2022-03-07','2022-03-07',8.00,1.00,38,'موعد مستشفئ','approved','2022-03-06 09:41:23',38,'2022-03-06 09:41:23',38,0,0);

--
-- Table structure for table `ASHAL_EDUCATION_AND__BUSINESS_LLCleave_types`
--

CREATE TABLE `ASHAL_EDUCATION_AND__BUSINESS_LLCleave_types` (
  `id` int(11) NOT NULL AUTO_INCREMENT,
  `title` varchar(100) COLLATE utf8_unicode_ci NOT NULL,
  `status` enum('active','inactive') COLLATE utf8_unicode_ci NOT NULL DEFAULT 'active',
  `color` varchar(7) COLLATE utf8_unicode_ci NOT NULL,
  `description` text COLLATE utf8_unicode_ci,
  `max_allowed` int(11) DEFAULT '1',
  `deleted` int(1) NOT NULL DEFAULT '0',
  PRIMARY KEY (`id`)
) ENGINE=InnoDB AUTO_INCREMENT=5 DEFAULT CHARSET=utf8 COLLATE=utf8_unicode_ci;

--
-- Dumping data for table `ASHAL_EDUCATION_AND__BUSINESS_LLCleave_types`
--

INSERT INTO `ASHAL_EDUCATION_AND__BUSINESS_LLCleave_types` VALUES (1,'Casual Leave','active','#83c340','',1,0),(2,'Annual Leave','active','#83c340','',1,0),(3,'Emergency leave','active','#29c2c2','',1,0),(4,'Eid Vacation','active','#83c340','',1,0);

--
-- Table structure for table `ASHAL_EDUCATION_AND__BUSINESS_LLCloans`
--

CREATE TABLE `ASHAL_EDUCATION_AND__BUSINESS_LLCloans` (
  `id` int(11) NOT NULL AUTO_INCREMENT,
  `user_id` int(11) DEFAULT NULL,
  `amount` double DEFAULT NULL,
  `date` date DEFAULT NULL,
  `deleted` tinyint(1) NOT NULL DEFAULT '0',
  PRIMARY KEY (`id`)
) ENGINE=InnoDB DEFAULT CHARSET=utf8 COLLATE=utf8_unicode_ci;

--
-- Dumping data for table `ASHAL_EDUCATION_AND__BUSINESS_LLCloans`
--


--
-- Table structure for table `ASHAL_EDUCATION_AND__BUSINESS_LLCmessages`
--

CREATE TABLE `ASHAL_EDUCATION_AND__BUSINESS_LLCmessages` (
  `id` int(11) NOT NULL AUTO_INCREMENT,
  `subject` varchar(255) COLLATE utf8_unicode_ci NOT NULL DEFAULT 'Untitled',
  `message` mediumtext COLLATE utf8_unicode_ci NOT NULL,
  `created_at` datetime NOT NULL,
  `from_user_id` int(11) NOT NULL,
  `to_user_id` int(11) NOT NULL,
  `status` enum('unread','read') COLLATE utf8_unicode_ci NOT NULL DEFAULT 'unread',
  `message_id` int(11) NOT NULL DEFAULT '0',
  `deleted` int(1) NOT NULL DEFAULT '0',
  `files` longtext COLLATE utf8_unicode_ci NOT NULL,
  `deleted_by_users` text COLLATE utf8_unicode_ci NOT NULL,
  PRIMARY KEY (`id`),
  KEY `message_from` (`from_user_id`),
  KEY `message_to` (`to_user_id`)
) ENGINE=InnoDB AUTO_INCREMENT=49 DEFAULT CHARSET=utf8 COLLATE=utf8_unicode_ci;

--
-- Dumping data for table `ASHAL_EDUCATION_AND__BUSINESS_LLCmessages`
--

INSERT INTO `ASHAL_EDUCATION_AND__BUSINESS_LLCmessages` VALUES (1,'محاولة تجربة العمل','مرحبا اسحاق\n\n','2022-03-04 06:54:15',1,36,'read',0,0,'a:0:{}',''),(2,'','اهلا وسهلاً','2022-03-04 09:28:20',36,1,'read',1,0,'a:0:{}',''),(3,'رابط الإدارة','https://demo.ashal.om/\n\nمعلم:\nSalimAmir\nashal@123o\n\nطالب:\nAliRashid\nashal@123o','2022-03-07 12:36:11',40,36,'read',0,0,'a:0:{}',''),(4,'','Admin\nashal_developer\nzb868CBtt5','2022-03-07 12:37:28',40,36,'read',3,0,'a:0:{}',''),(5,'بسم الله الرحمن الرحيم','بسم الله الرحمن الرحيم','2022-03-08 06:32:59',1,39,'unread',0,0,'a:0:{}',''),(6,'ترحيب','هاي فاطمة ','2022-03-08 07:28:29',42,41,'unread',0,0,'a:0:{}',''),(7,'ترحيب','هاي جواهر','2022-03-08 07:28:48',42,39,'unread',0,0,'a:0:{}',''),(8,'ترحيب','هاي كاذية','2022-03-08 07:29:05',42,38,'read',0,0,'a:0:{}',''),(9,'تجربة','مرحبا اسحاق','2022-03-08 09:44:23',1,36,'read',0,0,'a:0:{}',''),(10,'','النموذج الأولي','2022-03-09 07:14:22',40,36,'read',3,0,'a:1:{i:0;a:4:{s:9:\"file_name\";s:59:\"message_file622853ceb79b6-Pricing-Table--Community---2-.pdf\";s:9:\"file_size\";s:7:\"3022962\";s:7:\"file_id\";N;s:12:\"service_type\";N;}}',''),(11,'','تصحيح','2022-03-09 07:22:25',40,36,'read',3,0,'a:1:{i:0;a:4:{s:9:\"file_name\";s:59:\"message_file622855b168d1b-Pricing-Table--Community---4-.pdf\";s:9:\"file_size\";s:7:\"3030999\";s:7:\"file_id\";N;s:12:\"service_type\";N;}}',''),(12,'السلام عليكم ورحمة الله وبركاتة','السلام عليكم ورحمة الله وبركاتة','2022-03-09 10:01:44',39,38,'read',0,0,'a:0:{}',''),(13,'نماذج تسويق','https://www.instagram.com/reel/CVQjYf1hb0R/?utm_medium=copy_link','2022-03-10 08:22:37',42,46,'read',0,0,'a:0:{}',''),(14,'نماذج تسويق وشيك','https://www.instagram.com/reel/CSCAughgeH_/?utm_medium=copy_link','2022-03-10 08:23:54',42,46,'read',0,0,'a:0:{}',''),(15,'نماذج تسويق وشيك','https://www.instagram.com/reel/CSCAughgeH_/?utm_medium=copy_link','2022-03-10 08:24:28',42,43,'read',0,0,'a:0:{}',',43'),(16,'نماذج تسويق وشيك','https://www.instagram.com/reel/CSCAughgeH_/?utm_medium=copy_link','2022-03-10 08:26:25',42,44,'read',0,0,'a:0:{}',''),(17,'','ممتاز, كريمة لا تنسيي الموضوع لما تخلصي الشغل','2022-03-10 08:41:08',44,42,'read',16,0,'a:0:{}',''),(18,'صورة تسويق - التخرج','<p>شو رأيك؟ وري يونس ورد عليي</p>','2022-03-10 10:15:17',43,44,'read',0,0,'a:1:{i:0;a:4:{s:9:\"file_name\";s:51:\"message_file6229cfb52743d-نموذج---تخرج.png\";s:9:\"file_size\";s:7:\"2412624\";s:7:\"file_id\";N;s:12:\"service_type\";N;}}',',43'),(19,'','<p>ممتزة الصوووورة واااجد, حبيت صراحة الحركة وبعد حركة الاشجار الزيادة معطية جوو حلوو</p>','2022-03-10 12:06:33',44,43,'read',18,0,'a:0:{}',',43'),(20,'مصادر المعلومات','<p class=\"MsoNormal\"><a href=\"https://u.ae/ar-ae/information-and-services/business/public-private-people-partnership/public-private-partnership\">https://u.ae/ar-ae/information-and-services/business/public-private-people-partnership/public-private-partnership</a><span lang=\"AR-SA\" dir=\"RTL\" xss=removed><o></o></span></p><p class=\"MsoNormal\"><span lang=\"AR-SA\" dir=\"RTL\" xss=removed><o> </o></span></p><p class=\"MsoNormal\"><a href=\"https://www.omandaily.om/الاقتصادية/na/سلطنة-عمان-تحتفل-بالذكرى-الثانية-عشرة-لتوقيع-اتفاقية-التجارة-الحرة-مع-الولايات-المتحدة\">https://www.omandaily.om/الاقتصادية/na/سلطنة-عمان-تحتفل-بالذكرى-الثانية-عشرة-لتوقيع-اتفاقية-التجارة-الحرة-مع-الولايات-المتحدة</a><span lang=\"AR-SA\" dir=\"RTL\" xss=removed><o></o></span></p><p class=\"MsoNormal\"><span lang=\"AR-SA\" dir=\"RTL\" xss=removed><o> </o></span></p><p class=\"MsoNormal\"><a href=\"https://investinoman.om/guide/default/index?id=freetradeagreements\">https://investinoman.om/guide/default/index?id=freetradeagreements</a><span lang=\"AR-SA\" dir=\"RTL\" xss=removed><o></o></span></p><p>\n\n\n\n\n\n\n\n\n\n</p><p class=\"MsoNormal\"><span lang=\"AR-SA\" dir=\"RTL\" xss=removed><o> </o></span></p>','2022-03-10 12:16:30',46,44,'read',0,0,'a:0:{}',''),(21,'احتاج كوتيشن لعمل منصة او موقع الكتروني لمكتب محاماه ','<p>المكتب يرغب في انشاء منصة الكترونية يعرض بها الرؤيه والرساله والمهام والخدمات وغيرها من البيانات لذلك نريد ان نقدم له عرض اسعار واضح مع فترة الأنجاز للعمل والأجتماع سوف يكون يوم الأحد مع المكتب</p>','2022-03-10 17:30:28',48,39,'unread',0,0,'a:0:{}',''),(22,'اساسيات البوربوينت','<p>صباح الخير</p><p>دكتورة شو نوع الخط المستخدم في البوربوينت هل هو STC Bold</p><p>هل من اساسيات العرض يكون موجود فيه محاور الدرس او ماذا سنتعلم اليوم؟</p><p><br></p>','2022-03-13 04:55:34',42,1,'read',0,0,'a:1:{i:0;a:4:{s:9:\"file_name\";s:104:\"message_file622d794646af6--دليل-معايير-الأداء-لمنصة-أسهل-التعليمية.pdf\";s:9:\"file_size\";s:8:\"21884826\";s:7:\"file_id\";N;s:12:\"service_type\";N;}}',''),(23,'wsheek','<p>يونس ما يرسل</p>','2022-03-13 06:57:24',43,46,'read',0,0,'a:1:{i:0;a:4:{s:9:\"file_name\";s:38:\"message_file622d95d47b28e-وشيك.png\";s:9:\"file_size\";s:6:\"324881\";s:7:\"file_id\";N;s:12:\"service_type\";N;}}',''),(24,'معاير البوربوينت','<p>شيكو وخبروني</p>','2022-03-13 07:29:01',42,41,'read',0,0,'a:1:{i:0;a:4:{s:9:\"file_name\";s:45:\"message_file622d9d3d6115e-الثيم--1-.pptx\";s:9:\"file_size\";s:6:\"121445\";s:7:\"file_id\";N;s:12:\"service_type\";N;}}',''),(25,'معاير البوربوينت','<p>شيكو وخبروني</p>','2022-03-13 07:29:31',42,38,'read',0,0,'a:1:{i:0;a:4:{s:9:\"file_name\";s:45:\"message_file622d9d5b0be33-الثيم--1-.pptx\";s:9:\"file_size\";s:6:\"121445\";s:7:\"file_id\";N;s:12:\"service_type\";N;}}',''),(26,'معاير البوربوينت','<p>مرحبا دكتورة</p><p>ممكن تشيكي على المحتوى في الملف المرفق</p>','2022-03-13 07:40:50',42,1,'read',0,0,'a:1:{i:0;a:4:{s:9:\"file_name\";s:45:\"message_file622da002a2e9b-الثيم--1-.pptx\";s:9:\"file_size\";s:6:\"121445\";s:7:\"file_id\";N;s:12:\"service_type\";N;}}',''),(27,'','<p>اهلا محمد..</p><p>هل اشتركت في دومين سمارت لاب.</p><p><br></p>','2022-03-13 08:55:17',36,40,'read',3,0,'a:0:{}',''),(28,'','<p><b>شكرا كريمة</b></p><p><b>مرفق اليك التعديل على الثيم</b></p>','2022-03-13 09:12:45',1,42,'read',26,0,'a:1:{i:0;a:4:{s:9:\"file_name\";s:45:\"message_file622db58db3a01-الثيم--1-.pptx\";s:9:\"file_size\";s:6:\"139813\";s:7:\"file_id\";N;s:12:\"service_type\";N;}}',''),(29,'مجموعة أسهل - نبذة','<p>مجموعة أسهل Ashal Education and Business LLC ، عبارة عن مجموعة أنشطة تجارية في المجال التقني  وهي : منصة أسهل التعليمية - منصة وشيك - واستوديو مكان ، تقدم خدمات وحلول رقمية مختلفة .</p><p><br></p><p><br></p><p><br></p><p>دكتورة كيف تشوفي ؟؟ زين ؟</p>','2022-03-13 09:14:19',43,1,'read',0,0,'a:0:{}',',43'),(30,'الاجتماع','<p>https://us05web.zoom.us/j/81594047209?pwd=dXBlUzUzWGFZeG1mNGN6RUhwamU4QT09<br></p>','2022-03-13 09:17:12',44,46,'read',0,0,'a:0:{}',''),(31,'','<p>هذا الهيدر</p>','2022-03-13 09:17:24',43,1,'unread',29,0,'a:1:{i:0;a:4:{s:9:\"file_name\";s:69:\"message_file622db6a4bbd5b-مجموعة-أسهل---لينكد-إن.jpg\";s:9:\"file_size\";s:6:\"345470\";s:7:\"file_id\";N;s:12:\"service_type\";N;}}',',43'),(32,'','<p>مجموعة أسهل للتعليم والأعمال م م ش (كتبيها هنا بالإنجليزي)، تمثل عدد من الأنشطة التجارية المختلفة والتي تقدم العديد من الخدمات والحلول الرقمية </p>','2022-03-13 09:18:02',1,43,'read',29,0,'a:0:{}',',43'),(33,'رابط الاجتماع مع أ فاطمة العريمية','<p>https://us05web.zoom.us/j/81594047209?pwd=dXBlUzUzWGFZeG1mNGN6RUhwamU4QT09<br></p>','2022-03-13 09:23:19',44,36,'read',0,0,'a:0:{}',''),(34,'','<p>لا لم نقرر مالانسب</p><hr><p><br></p>','2022-03-13 11:11:43',40,36,'read',3,0,'a:0:{}',''),(35,'ملف الاستدامة','<p>ستجدين المحتوى المراد كتابته في اخر الملف</p>','2022-03-14 06:10:06',46,43,'read',0,0,'a:1:{i:0;a:4:{s:9:\"file_name\";s:27:\"message_file622edc3e3539f-A\";s:9:\"file_size\";s:7:\"6275799\";s:7:\"file_id\";N;s:12:\"service_type\";N;}}',',43'),(36,'الاستدامة','<p>الصور الي تحتاج للصياغة</p>','2022-03-14 06:21:52',46,43,'read',0,0,'a:3:{i:0;a:4:{s:9:\"file_name\";s:61:\"message_file622edf00d3144-‏‏لقطة-الشاشة--1-.png\";s:9:\"file_size\";s:6:\"511491\";s:7:\"file_id\";N;s:12:\"service_type\";N;}i:1;a:4:{s:9:\"file_name\";s:61:\"message_file622edf00d3553-‏‏لقطة-الشاشة--3-.png\";s:9:\"file_size\";s:6:\"427627\";s:7:\"file_id\";N;s:12:\"service_type\";N;}i:2;a:4:{s:9:\"file_name\";s:61:\"message_file622edf00d3804-‏‏لقطة-الشاشة--4-.png\";s:9:\"file_size\";s:6:\"396770\";s:7:\"file_id\";N;s:12:\"service_type\";N;}}',',43'),(37,'عروض الاسعار لشركة فويس اوفر لتطبيق السيارات','<p>السلام عليكم،</p><p>الملف في الاسفل عروض الاسعار لشركة فويس اوفر حسب ما طلبت مني</p><p><br></p><p>شكرا لك،</p>','2022-03-14 07:08:56',38,44,'read',0,0,'a:1:{i:0;a:4:{s:9:\"file_name\";s:79:\"message_file622eea08f0924-فويس-أوفر-لتطبيق-السيارات.pdf\";s:9:\"file_size\";s:5:\"96737\";s:7:\"file_id\";N;s:12:\"service_type\";N;}}',''),(38,'كوتيشن لفادي ','<p>تعديل على الكوتيشن السابق</p>','2022-03-14 07:22:25',38,44,'read',0,0,'a:1:{i:0;a:4:{s:9:\"file_name\";s:79:\"message_file622eed315a4eb-فويس-أوفر-لتطبيق-السيارات.pdf\";s:9:\"file_size\";s:5:\"96711\";s:7:\"file_id\";N;s:12:\"service_type\";N;}}',''),(39,'','<p>أطار وشيك</p>','2022-03-14 08:20:13',46,44,'read',30,0,'a:1:{i:0;a:4:{s:9:\"file_name\";s:38:\"message_file622efabdf1383-وشيك.png\";s:9:\"file_size\";s:6:\"324881\";s:7:\"file_id\";N;s:12:\"service_type\";N;}}',''),(40,'Heloo','<p>This is test message</p>','2022-03-15 13:41:15',1,50,'read',0,0,'a:0:{}',''),(41,'Test2','<p>Hiii</p>','2022-03-15 13:42:24',1,50,'read',0,0,'a:0:{}',''),(42,'','<p>hiiiiiiiiiiiiiiiiiiiiiiiiiiiiiiiiiiiiiiiiiiiiiiiii</p>','2022-03-15 13:43:17',50,1,'read',41,0,'a:0:{}',''),(43,'','test 3 ','2022-03-16 06:02:36',50,1,'read',41,0,'a:0:{}',''),(44,'','test','2022-03-16 06:18:06',1,50,'read',41,0,'a:0:{}',''),(45,'','Test','2022-03-20 05:57:20',1,50,'read',40,0,'a:0:{}',''),(46,'','Hi','2022-03-20 05:58:06',1,50,'read',40,0,'a:0:{}',''),(47,'','HI','2022-03-20 05:58:36',50,1,'read',40,0,'a:0:{}',''),(48,'','Test','2022-03-20 05:58:56',50,1,'read',40,0,'a:0:{}','');

--
-- Table structure for table `ASHAL_EDUCATION_AND__BUSINESS_LLCmilestones`
--

CREATE TABLE `ASHAL_EDUCATION_AND__BUSINESS_LLCmilestones` (
  `id` int(11) NOT NULL AUTO_INCREMENT,
  `title` text COLLATE utf8_unicode_ci NOT NULL,
  `project_id` int(11) NOT NULL,
  `due_date` date NOT NULL,
  `description` text COLLATE utf8_unicode_ci NOT NULL,
  `deleted` tinyint(11) NOT NULL DEFAULT '0',
  PRIMARY KEY (`id`)
) ENGINE=InnoDB DEFAULT CHARSET=utf8 COLLATE=utf8_unicode_ci;

--
-- Dumping data for table `ASHAL_EDUCATION_AND__BUSINESS_LLCmilestones`
--


--
-- Table structure for table `ASHAL_EDUCATION_AND__BUSINESS_LLCnotes`
--

CREATE TABLE `ASHAL_EDUCATION_AND__BUSINESS_LLCnotes` (
  `id` int(11) NOT NULL AUTO_INCREMENT,
  `created_by` int(11) NOT NULL,
  `created_at` datetime NOT NULL,
  `title` text COLLATE utf8_unicode_ci NOT NULL,
  `description` mediumtext COLLATE utf8_unicode_ci,
  `project_id` int(11) NOT NULL DEFAULT '0',
  `client_id` int(11) NOT NULL DEFAULT '0',
  `user_id` int(11) NOT NULL DEFAULT '0',
  `labels` text COLLATE utf8_unicode_ci,
  `files` mediumtext COLLATE utf8_unicode_ci NOT NULL,
  `is_public` tinyint(1) NOT NULL DEFAULT '0',
  `deleted` tinyint(1) NOT NULL DEFAULT '0',
  PRIMARY KEY (`id`)
) ENGINE=InnoDB AUTO_INCREMENT=2 DEFAULT CHARSET=utf8 COLLATE=utf8_unicode_ci;

--
-- Dumping data for table `ASHAL_EDUCATION_AND__BUSINESS_LLCnotes`
--

INSERT INTO `ASHAL_EDUCATION_AND__BUSINESS_LLCnotes` VALUES (1,40,'2022-03-07 09:23:01','حسابات أسهل ديمو','معلم:\nSalimAmir\nashal@123o\n\nطالب:\nAliRashid\nashal@123o',0,0,0,'','a:0:{}',0,0);

--
-- Table structure for table `ASHAL_EDUCATION_AND__BUSINESS_LLCnotification_settings`
--

CREATE TABLE `ASHAL_EDUCATION_AND__BUSINESS_LLCnotification_settings` (
  `id` int(11) NOT NULL AUTO_INCREMENT,
  `event` varchar(250) NOT NULL,
  `category` varchar(50) NOT NULL,
  `enable_email` int(1) NOT NULL DEFAULT '0',
  `enable_web` int(1) NOT NULL DEFAULT '0',
  `notify_to_team` text NOT NULL,
  `notify_to_team_members` text NOT NULL,
  `notify_to_terms` text NOT NULL,
  `sort` int(11) NOT NULL,
  `deleted` int(1) NOT NULL DEFAULT '0',
  PRIMARY KEY (`id`),
  KEY `event` (`event`)
) ENGINE=InnoDB AUTO_INCREMENT=53 DEFAULT CHARSET=latin1;

--
-- Dumping data for table `ASHAL_EDUCATION_AND__BUSINESS_LLCnotification_settings`
--

INSERT INTO `ASHAL_EDUCATION_AND__BUSINESS_LLCnotification_settings` VALUES (1,'project_created','project',0,1,'1','5','client_primary_contact,client_all_contacts',1,0),(2,'project_deleted','project',0,1,'1','5','project_members,client_primary_contact,client_all_contacts',2,0),(3,'project_task_created','project',0,1,'','5','project_members,task_assignee',3,0),(4,'project_task_updated','project',0,1,'','','task_assignee',4,0),(5,'project_task_assigned','project',0,1,'','','task_assignee',5,0),(7,'project_task_started','project',0,1,'','5','project_members,client_primary_contact,client_all_contacts',7,0),(8,'project_task_finished','project',0,0,'','','',8,0),(9,'project_task_reopened','project',0,0,'','','',9,0),(10,'project_task_deleted','project',0,1,'','','task_assignee',10,0),(11,'project_task_commented','project',0,1,'','','task_assignee',11,0),(12,'project_member_added','project',0,1,'','','project_members',12,0),(13,'project_member_deleted','project',0,1,'','','project_members',13,0),(14,'project_file_added','project',0,1,'','','project_members',14,0),(15,'project_file_deleted','project',0,1,'','','project_members',15,0),(16,'project_file_commented','project',0,1,'','','project_members',16,0),(17,'project_comment_added','project',0,1,'','','project_members',17,0),(18,'project_comment_replied','project',0,1,'','','project_members,comment_creator',18,0),(19,'project_customer_feedback_added','project',0,1,'','','project_members',19,0),(20,'project_customer_feedback_replied','project',0,1,'','','project_members,comment_creator',20,0),(21,'client_signup','client',0,0,'','','',21,0),(22,'invoice_online_payment_received','invoice',0,0,'','','',22,0),(23,'leave_application_submitted','leave',0,0,'','','',23,0),(24,'leave_approved','leave',0,1,'','','leave_applicant',24,0),(25,'leave_assigned','leave',0,1,'','','leave_applicant',25,0),(26,'leave_rejected','leave',0,1,'','','leave_applicant',26,0),(27,'leave_canceled','leave',0,0,'','','',27,0),(28,'ticket_created','ticket',0,1,'','6,7,5,11,12,1','client_all_contacts',28,0),(29,'ticket_commented','ticket',0,1,'','','client_primary_contact,ticket_creator',29,0),(30,'ticket_closed','ticket',0,1,'','','client_primary_contact,ticket_creator',30,0),(31,'ticket_reopened','ticket',0,1,'','','client_primary_contact,ticket_creator',31,0),(32,'estimate_request_received','estimate',0,0,'','','',32,0),(33,'estimate_sent','estimate',0,0,'','','',33,0),(34,'estimate_accepted','estimate',0,0,'','','',34,0),(35,'estimate_rejected','estimate',0,0,'','','',35,0),(36,'new_message_sent','message',0,0,'','','',36,0),(37,'message_reply_sent','message',0,0,'','','',37,0),(38,'invoice_payment_confirmation','invoice',0,0,'','','',22,0),(39,'new_event_added_in_calendar','event',0,0,'','','',39,0),(40,'recurring_invoice_created_vai_cron_job','invoice',0,0,'','','',22,0),(41,'new_announcement_created','announcement',1,1,'','','recipient',41,0),(42,'invoice_due_reminder_before_due_date','invoice',0,0,'','','',22,0),(43,'invoice_overdue_reminder','invoice',0,0,'','','',22,0),(44,'recurring_invoice_creation_reminder','invoice',0,0,'','','',22,0),(45,'project_completed','project',0,0,'','','',2,0),(46,'lead_created','lead',0,0,'','','',21,0),(47,'client_created_from_lead','lead',0,0,'','','',21,0),(48,'project_task_deadline_pre_reminder','project',0,1,'','','task_assignee',20,0),(49,'project_task_reminder_on_the_day_of_deadline','project',0,1,'','','task_assignee',20,0),(50,'project_task_deadline_overdue_reminder','project',0,1,'','','task_assignee',20,0),(51,'recurring_task_created_via_cron_job','project',0,1,'','','project_members,task_assignee',20,0),(52,'calendar_event_modified','event',0,0,'','','',39,0);

--
-- Table structure for table `ASHAL_EDUCATION_AND__BUSINESS_LLCnotifications`
--

CREATE TABLE `ASHAL_EDUCATION_AND__BUSINESS_LLCnotifications` (
  `id` int(11) NOT NULL AUTO_INCREMENT,
  `user_id` int(11) NOT NULL,
  `description` longtext COLLATE utf8_unicode_ci NOT NULL,
  `created_at` datetime NOT NULL,
  `notify_to` mediumtext COLLATE utf8_unicode_ci NOT NULL,
  `read_by` mediumtext COLLATE utf8_unicode_ci NOT NULL,
  `event` varchar(250) COLLATE utf8_unicode_ci NOT NULL,
  `project_id` int(11) NOT NULL,
  `task_id` int(11) NOT NULL,
  `project_comment_id` int(11) NOT NULL,
  `ticket_id` int(11) NOT NULL,
  `ticket_comment_id` int(11) NOT NULL,
  `project_file_id` int(11) NOT NULL,
  `leave_id` int(11) NOT NULL,
  `post_id` int(11) NOT NULL,
  `to_user_id` int(11) NOT NULL,
  `activity_log_id` int(11) NOT NULL,
  `client_id` int(11) NOT NULL,
  `lead_id` int(11) NOT NULL,
  `invoice_payment_id` int(11) NOT NULL,
  `invoice_id` int(11) NOT NULL,
  `estimate_id` int(11) NOT NULL,
  `estimate_request_id` int(11) NOT NULL,
  `actual_message_id` int(11) NOT NULL,
  `parent_message_id` int(11) NOT NULL,
  `event_id` int(11) NOT NULL,
  `announcement_id` int(11) NOT NULL,
  `deleted` int(1) NOT NULL DEFAULT '0',
  PRIMARY KEY (`id`),
  KEY `user_id` (`user_id`)
) ENGINE=InnoDB AUTO_INCREMENT=289 DEFAULT CHARSET=utf8 COLLATE=utf8_unicode_ci;

--
-- Dumping data for table `ASHAL_EDUCATION_AND__BUSINESS_LLCnotifications`
--

INSERT INTO `ASHAL_EDUCATION_AND__BUSINESS_LLCnotifications` VALUES (1,1,'','2022-03-04 18:14:38','36,44,46','','project_created',1,0,0,0,0,0,0,0,0,0,0,0,0,0,0,0,0,0,0,0,1),(2,36,'','2022-03-04 19:34:54','1','','project_task_created',1,1,0,0,0,0,0,0,0,0,0,0,0,0,0,0,0,0,0,0,1),(3,36,'','2022-03-04 19:37:43','1','','project_task_updated',1,1,0,0,0,0,0,0,0,36,0,0,0,0,0,0,0,0,0,0,1),(4,1,'','2022-03-05 10:25:59','','','project_task_updated',1,1,0,0,0,0,0,0,0,38,0,0,0,0,0,0,0,0,0,0,1),(5,37,'','2022-03-06 08:38:19','36,44,46','','project_created',2,0,0,0,0,0,0,0,0,0,0,0,0,0,0,0,0,0,0,0,1),(6,1,'','2022-03-07 05:52:59','37','','project_member_added',2,0,0,0,0,0,0,0,1,0,0,0,0,0,0,0,0,0,0,0,1),(7,1,'','2022-03-07 05:56:58','37','','project_member_deleted',2,0,0,0,0,0,0,0,1,0,0,0,0,0,0,0,0,0,0,0,1),(8,1,'','2022-03-07 05:58:01','37','','project_member_added',2,0,0,0,0,0,0,0,1,0,0,0,0,0,0,0,0,0,0,0,1),(9,1,'','2022-03-07 05:58:52','37','','project_task_created',2,2,0,0,0,0,0,0,0,0,0,0,0,0,0,0,0,0,0,0,1),(10,1,'','2022-03-07 05:59:29','','','project_task_updated',2,2,0,0,0,0,0,0,0,52,0,0,0,0,0,0,0,0,0,0,1),(11,1,'','2022-03-07 05:59:32','','','project_task_updated',2,2,0,0,0,0,0,0,0,53,0,0,0,0,0,0,0,0,0,0,1),(12,1,'','2022-03-07 06:59:24','36,37','','project_member_added',2,0,0,0,0,0,0,0,36,0,0,0,0,0,0,0,0,0,0,0,1),(13,1,'','2022-03-07 07:19:21','36,44,46','','project_deleted',1,0,0,0,0,0,0,0,0,0,0,0,0,0,0,0,0,0,0,0,0),(14,1,'','2022-03-07 07:19:25','36,37,44,46','','project_deleted',2,0,0,0,0,0,0,0,0,0,0,0,0,0,0,0,0,0,0,0,0),(15,1,'','2022-03-07 07:39:50','36,44,46','','project_created',3,0,0,0,0,0,0,0,0,0,0,0,0,0,0,0,0,0,0,0,1),(16,1,'','2022-03-07 08:00:08','36,44,46','','project_deleted',3,0,0,0,0,0,0,0,0,0,0,0,0,0,0,0,0,0,0,0,0),(17,1,'','2022-03-07 08:00:53','36,44,46','','project_created',4,0,0,0,0,0,0,0,0,0,0,0,0,0,0,0,0,0,0,0,1),(18,1,'','2022-03-07 08:01:34','40','','project_member_added',4,0,0,0,0,0,0,0,40,0,0,0,0,0,0,0,0,0,0,0,1),(19,1,'','2022-03-07 08:01:34','40,41','','project_member_added',4,0,0,0,0,0,0,0,41,0,0,0,0,0,0,0,0,0,0,0,1),(20,1,'','2022-03-07 08:04:00','40,41','','project_task_created',4,3,0,0,0,0,0,0,0,0,0,0,0,0,0,0,0,0,0,0,1),(21,1,'','2022-03-07 08:10:24','36,40,41,44,46','','project_deleted',4,0,0,0,0,0,0,0,0,0,0,0,0,0,0,0,0,0,0,0,0),(22,1,'','2022-03-07 08:11:45','36,44,46','','project_created',5,0,0,0,0,0,0,0,0,0,0,0,0,0,0,0,0,0,0,0,0),(23,1,'','2022-03-07 08:13:07','40','','project_member_added',5,0,0,0,0,0,0,0,40,0,0,0,0,0,0,0,0,0,0,0,0),(24,1,'','2022-03-07 08:13:08','40,41','','project_member_added',5,0,0,0,0,0,0,0,41,0,0,0,0,0,0,0,0,0,0,0,0),(25,1,'','2022-03-07 08:43:37','40,41','','project_task_created',5,4,0,0,0,0,0,0,0,0,0,0,0,0,0,0,0,0,0,0,0),(26,1,'','2022-03-07 08:56:53','40,41','','project_task_created',5,5,0,0,0,0,0,0,0,0,0,0,0,0,0,0,0,0,0,0,0),(27,1,'','2022-03-07 09:07:58','40,41','','project_task_created',5,6,0,0,0,0,0,0,0,0,0,0,0,0,0,0,0,0,0,0,0),(28,1,'','2022-03-07 09:19:32','40,41','','project_task_created',5,7,0,0,0,0,0,0,0,0,0,0,0,0,0,0,0,0,0,0,0),(29,1,'','2022-03-07 09:21:45','40,41','','project_task_created',5,8,0,0,0,0,0,0,0,0,0,0,0,0,0,0,0,0,0,0,0),(30,40,'','2022-03-07 09:25:12','','','project_task_updated',5,5,0,0,0,0,0,0,0,63,0,0,0,0,0,0,0,0,0,0,0),(31,40,'','2022-03-07 09:25:16','','','project_task_updated',5,5,0,0,0,0,0,0,0,64,0,0,0,0,0,0,0,0,0,0,0),(32,1,'','2022-03-07 09:58:11','36,44,46','','project_created',6,0,0,0,0,0,0,0,0,0,0,0,0,0,0,0,0,0,0,0,0),(33,1,'','2022-03-07 13:07:23','','','project_task_created',6,9,0,0,0,0,0,0,0,0,0,0,0,0,0,0,0,0,0,0,0),(34,1,'','2022-03-07 13:07:43','','','project_task_deleted',6,9,0,0,0,0,0,0,0,0,0,0,0,0,0,0,0,0,0,0,0),(35,1,'','2022-03-07 13:08:19','45','','project_member_added',6,0,0,0,0,0,0,0,45,0,0,0,0,0,0,0,0,0,0,0,0),(36,1,'','2022-03-07 13:08:23','','','project_member_deleted',6,0,0,0,0,0,0,0,45,0,0,0,0,0,0,0,0,0,0,0,0),(37,38,'','2022-03-07 14:41:48','36,44,46','','project_created',7,0,0,0,0,0,0,0,0,0,0,0,0,0,0,0,0,0,0,0,1),(38,1,'','2022-03-08 05:34:48','36,38,44,46','','project_deleted',7,0,0,0,0,0,0,0,0,0,0,0,0,0,0,0,0,0,0,0,0),(39,1,'','2022-03-08 05:35:36','43','','project_member_added',6,0,0,0,0,0,0,0,43,0,0,0,0,0,0,0,0,0,0,0,0),(40,1,'','2022-03-08 05:35:37','39,43','','project_member_added',6,0,0,0,0,0,0,0,39,0,0,0,0,0,0,0,0,0,0,0,0),(41,1,'','2022-03-08 05:35:37','39,41,43','','project_member_added',6,0,0,0,0,0,0,0,41,0,0,0,0,0,0,0,0,0,0,0,0),(42,40,'','2022-03-08 06:02:26','','','project_task_updated',5,5,0,0,0,0,0,0,0,75,0,0,0,0,0,0,0,0,0,0,0),(43,40,'','2022-03-08 06:02:29','','','project_task_updated',5,5,0,0,0,0,0,0,0,76,0,0,0,0,0,0,0,0,0,0,0),(44,40,'','2022-03-08 06:02:38','','','project_task_updated',5,6,0,0,0,0,0,0,0,77,0,0,0,0,0,0,0,0,0,0,0),(45,40,'','2022-03-08 06:02:46','','','project_task_updated',5,5,0,0,0,0,0,0,0,78,0,0,0,0,0,0,0,0,0,0,0),(46,1,'','2022-03-08 06:05:39','39,41,43','','project_task_created',6,10,0,0,0,0,0,0,0,0,0,0,0,0,0,0,0,0,0,0,0),(47,1,'','2022-03-08 06:08:23','43','','project_task_updated',6,10,0,0,0,0,0,0,0,0,0,0,0,0,0,0,0,0,0,0,0),(48,1,'','2022-03-08 09:54:26','39,41,43','','project_task_created',6,11,0,0,0,0,0,0,0,0,0,0,0,0,0,0,0,0,0,0,0),(49,1,'','2022-03-08 09:56:17','43','','project_task_updated',6,11,0,0,0,0,0,0,0,85,0,0,0,0,0,0,0,0,0,0,0),(50,1,'','2022-03-08 09:59:02','39,41,43','','project_task_created',6,12,0,0,0,0,0,0,0,0,0,0,0,0,0,0,0,0,0,0,0),(51,1,'','2022-03-08 10:38:08','36,44,46','','project_created',8,0,0,0,0,0,0,0,0,0,0,0,0,0,0,0,0,0,0,0,0),(52,1,'','2022-03-08 10:42:03','39','','project_member_added',8,0,0,0,0,0,0,0,39,0,0,0,0,0,0,0,0,0,0,0,0),(53,1,'','2022-03-08 10:42:04','39,42','','project_member_added',8,0,0,0,0,0,0,0,42,0,0,0,0,0,0,0,0,0,0,0,0),(54,36,'','2022-03-08 10:42:51','44,46','','project_created',9,0,0,0,0,0,0,0,0,0,0,0,0,0,0,0,0,0,0,0,0),(55,36,'','2022-03-08 10:43:29','45','','project_member_added',9,0,0,0,0,0,0,0,45,0,0,0,0,0,0,0,0,0,0,0,0),(56,36,'','2022-03-08 10:43:29','37,45','','project_member_added',9,0,0,0,0,0,0,0,37,0,0,0,0,0,0,0,0,0,0,0,0),(57,36,'','2022-03-08 10:43:30','37,41,45','','project_member_added',9,0,0,0,0,0,0,0,41,0,0,0,0,0,0,0,0,0,0,0,0),(58,36,'','2022-03-08 10:43:30','39,37,41,45','','project_member_added',9,0,0,0,0,0,0,0,39,0,0,0,0,0,0,0,0,0,0,0,0),(59,36,'','2022-03-08 10:43:31','39,37,41,42,45','','project_member_added',9,0,0,0,0,0,0,0,42,0,0,0,0,0,0,0,0,0,0,0,0),(60,36,'','2022-03-08 10:43:32','39,37,38,41,42,45','','project_member_added',9,0,0,0,0,0,0,0,38,0,0,0,0,0,0,0,0,0,0,0,0),(61,36,'','2022-03-08 10:43:33','39,37,38,40,41,42,45','','project_member_added',9,0,0,0,0,0,0,0,40,0,0,0,0,0,0,0,0,0,0,0,0),(62,36,'','2022-03-08 10:43:33','39,37,38,40,41,42,44,45','','project_member_added',9,0,0,0,0,0,0,0,44,0,0,0,0,0,0,0,0,0,0,0,0),(63,36,'','2022-03-08 10:43:34','39,37,38,40,41,42,43,44,45','','project_member_added',9,0,0,0,0,0,0,0,43,0,0,0,0,0,0,0,0,0,0,0,0),(64,36,'','2022-03-08 10:43:35','39,1,37,38,40,41,42,43,44,45','','project_member_added',9,0,0,0,0,0,0,0,1,0,0,0,0,0,0,0,0,0,0,0,0),(65,36,'','2022-03-08 10:43:36','39,1,37,38,40,41,42,43,44,45,46','','project_member_added',9,0,0,0,0,0,0,0,46,0,0,0,0,0,0,0,0,0,0,0,0),(66,1,'','2022-03-08 10:43:53','39,42','','project_task_created',8,13,0,0,0,0,0,0,0,0,0,0,0,0,0,0,0,0,0,0,0),(67,1,'','2022-03-08 10:44:25','','','project_task_updated',8,13,0,0,0,0,0,0,0,88,0,0,0,0,0,0,0,0,0,0,0),(68,1,'','2022-03-08 11:41:10','39','','project_task_updated',8,13,0,0,0,0,0,0,0,89,0,0,0,0,0,0,0,0,0,0,0),(69,1,'','2022-03-08 11:44:28','39',',39,36','project_task_commented',8,13,7,0,0,0,0,0,0,0,0,0,0,0,0,0,0,0,0,0,0),(70,1,'','2022-03-08 11:49:14','39,41,43','','project_task_created',6,14,0,0,0,0,0,0,0,0,0,0,0,0,0,0,0,0,0,0,0),(71,1,'','2022-03-08 11:49:32','39,41,42,43','','project_member_added',6,0,0,0,0,0,0,0,42,0,0,0,0,0,0,0,0,0,0,0,0),(72,1,'','2022-03-08 11:50:04','43','','project_task_deleted',6,14,0,0,0,0,0,0,0,0,0,0,0,0,0,0,0,0,0,0,0),(73,1,'','2022-03-08 11:51:04','39,41,42,43','','project_task_created',6,15,0,0,0,0,0,0,0,0,0,0,0,0,0,0,0,0,0,0,0),(74,1,'','2022-03-08 11:52:49','39,41,42,43','','project_task_created',6,16,0,0,0,0,0,0,0,0,0,0,0,0,0,0,0,0,0,0,0),(75,1,'','2022-03-08 11:55:14','39,41,42,43,44','','project_member_added',6,0,0,0,0,0,0,0,44,0,0,0,0,0,0,0,0,0,0,0,0),(76,1,'','2022-03-08 11:57:30','39,41,42,43,44','','project_task_created',6,17,0,0,0,0,0,0,0,0,0,0,0,0,0,0,0,0,0,0,0),(77,44,'','2022-03-09 03:55:09','43','','project_task_updated',6,17,0,0,0,0,0,0,0,147,0,0,0,0,0,0,0,0,0,0,0),(78,44,'','2022-03-09 03:55:10','43','','project_task_updated',6,17,0,0,0,0,0,0,0,0,0,0,0,0,0,0,0,0,0,0,0),(79,44,'','2022-03-09 03:55:14','43','','project_task_updated',6,17,0,0,0,0,0,0,0,148,0,0,0,0,0,0,0,0,0,0,0),(80,1,'','2022-03-09 03:56:27','36,44,46','','project_created',10,0,0,0,0,0,0,0,0,0,0,0,0,0,0,0,0,0,0,0,0),(81,1,'','2022-03-09 03:58:38','39','','project_member_added',10,0,0,0,0,0,0,0,39,0,0,0,0,0,0,0,0,0,0,0,0),(82,1,'','2022-03-09 03:58:39','39,41','','project_member_added',10,0,0,0,0,0,0,0,41,0,0,0,0,0,0,0,0,0,0,0,0),(83,1,'','2022-03-09 03:58:39','39,38,41','','project_member_added',10,0,0,0,0,0,0,0,38,0,0,0,0,0,0,0,0,0,0,0,0),(84,1,'','2022-03-09 03:58:40','39,38,41,42','','project_member_added',10,0,0,0,0,0,0,0,42,0,0,0,0,0,0,0,0,0,0,0,0),(85,1,'','2022-03-09 03:58:41','39,38,41,42,43','','project_member_added',10,0,0,0,0,0,0,0,43,0,0,0,0,0,0,0,0,0,0,0,0),(86,1,'','2022-03-09 03:58:42','39,38,41,42,43,46','','project_member_added',10,0,0,0,0,0,0,0,46,0,0,0,0,0,0,0,0,0,0,0,0),(87,1,'','2022-03-09 03:58:42','39,38,41,42,43,44,46','','project_member_added',10,0,0,0,0,0,0,0,44,0,0,0,0,0,0,0,0,0,0,0,0),(88,1,'','2022-03-09 03:58:43','39,36,38,41,42,43,44,46','','project_member_added',10,0,0,0,0,0,0,0,36,0,0,0,0,0,0,0,0,0,0,0,0),(89,1,'','2022-03-09 04:15:47','39,36,38,41,42,43,44,46','','project_task_created',10,18,0,0,0,0,0,0,0,0,0,0,0,0,0,0,0,0,0,0,0),(90,1,'','2022-03-09 04:20:55','39,36,38,41,42,43,44,46','','project_task_created',10,19,0,0,0,0,0,0,0,0,0,0,0,0,0,0,0,0,0,0,0),(91,1,'','2022-03-09 04:22:28','39,36,38,41,42,43,44,46','','project_task_created',10,20,0,0,0,0,0,0,0,0,0,0,0,0,0,0,0,0,0,0,0),(92,1,'','2022-03-09 04:24:30','44','','project_task_updated',10,20,0,0,0,0,0,0,0,152,0,0,0,0,0,0,0,0,0,0,0),(93,1,'','2022-03-09 04:26:40','36,44,46','','project_created',11,0,0,0,0,0,0,0,0,0,0,0,0,0,0,0,0,0,0,0,0),(94,1,'','2022-03-09 04:28:15','36,44,46','','project_created',12,0,0,0,0,0,0,0,0,0,0,0,0,0,0,0,0,0,0,0,0),(95,1,'','2022-03-09 04:29:06','38','','project_member_added',11,0,0,0,0,0,0,0,38,0,0,0,0,0,0,0,0,0,0,0,0),(96,1,'','2022-03-09 04:29:07','38,41','','project_member_added',11,0,0,0,0,0,0,0,41,0,0,0,0,0,0,0,0,0,0,0,0),(97,1,'','2022-03-09 04:29:07','38,41,44','','project_member_added',11,0,0,0,0,0,0,0,44,0,0,0,0,0,0,0,0,0,0,0,0),(98,1,'','2022-03-09 04:29:08','38,41,44,46','','project_member_added',11,0,0,0,0,0,0,0,46,0,0,0,0,0,0,0,0,0,0,0,0),(99,1,'','2022-03-09 04:29:19','36,38,41,44,46','','project_member_added',11,0,0,0,0,0,0,0,36,0,0,0,0,0,0,0,0,0,0,0,0),(100,1,'','2022-03-09 04:30:13','38','','project_member_added',12,0,0,0,0,0,0,0,38,0,0,0,0,0,0,0,0,0,0,0,0),(101,1,'','2022-03-09 04:30:13','38,41','','project_member_added',12,0,0,0,0,0,0,0,41,0,0,0,0,0,0,0,0,0,0,0,0),(102,1,'','2022-03-09 04:30:14','38,41,44','','project_member_added',12,0,0,0,0,0,0,0,44,0,0,0,0,0,0,0,0,0,0,0,0),(103,1,'','2022-03-09 04:30:14','38,41,44,46','','project_member_added',12,0,0,0,0,0,0,0,46,0,0,0,0,0,0,0,0,0,0,0,0),(104,1,'','2022-03-09 04:30:15','36,38,41,44,46','','project_member_added',12,0,0,0,0,0,0,0,36,0,0,0,0,0,0,0,0,0,0,0,0),(105,36,'','2022-03-09 05:54:03','1,40,41','','project_task_created',5,21,0,0,0,0,0,0,0,0,0,0,0,0,0,0,0,0,0,0,0),(106,36,'','2022-03-09 05:54:19','1,40,41','','project_task_created',5,22,0,0,0,0,0,0,0,0,0,0,0,0,0,0,0,0,0,0,0),(107,36,'','2022-03-09 05:57:07','40','','project_task_updated',5,22,0,0,0,0,0,0,0,0,0,0,0,0,0,0,0,0,0,0,0),(108,36,'','2022-03-09 05:59:27','40',',40,1,36','project_task_commented',5,22,8,0,0,0,0,0,0,0,0,0,0,0,0,0,0,0,0,0,0),(109,40,'','2022-03-09 06:09:14','','','project_task_updated',5,21,0,0,0,0,0,0,0,156,0,0,0,0,0,0,0,0,0,0,0),(110,40,'','2022-03-09 06:10:29','','','project_task_updated',5,4,0,0,0,0,0,0,0,157,0,0,0,0,0,0,0,0,0,0,0),(111,44,'','2022-03-09 07:59:33','','','project_task_updated',10,19,0,0,0,0,0,0,0,160,0,0,0,0,0,0,0,0,0,0,0),(112,36,'','2022-03-09 08:10:49','39,1,42','','project_task_created',8,23,0,0,0,0,0,0,0,0,0,0,0,0,0,0,0,0,0,0,0),(113,36,'','2022-03-09 08:11:09','39','','project_task_updated',8,23,0,0,0,0,0,0,0,0,0,0,0,0,0,0,0,0,0,0,0),(114,36,'','2022-03-09 08:14:03','39,1,37,38,40,41,42,43,44,45,46','','project_task_created',9,24,0,0,0,0,0,0,0,0,0,0,0,0,0,0,0,0,0,0,0),(115,36,'','2022-03-09 08:27:09','39,1,37,38,40,41,42,43,44,45,46','','project_task_created',9,25,0,0,0,0,0,0,0,0,0,0,0,0,0,0,0,0,0,0,0),(116,36,'','2022-03-09 08:28:54','44','','project_task_updated',10,18,0,0,0,0,0,0,0,164,0,0,0,0,0,0,0,0,0,0,0),(117,36,'','2022-03-09 08:28:56','44','','project_task_updated',10,18,0,0,0,0,0,0,0,165,0,0,0,0,0,0,0,0,0,0,0),(118,36,'','2022-03-09 08:29:01','44','','project_task_updated',10,18,0,0,0,0,0,0,0,166,0,0,0,0,0,0,0,0,0,0,0),(119,36,'','2022-03-09 08:29:02','44','','project_task_updated',10,18,0,0,0,0,0,0,0,167,0,0,0,0,0,0,0,0,0,0,0),(120,36,'','2022-03-09 08:36:47','39','','project_task_updated',8,23,0,0,0,0,0,0,0,0,0,0,0,0,0,0,0,0,0,0,0),(121,38,'','2022-03-09 09:52:59','36,41,44,46','','project_created',13,0,0,0,0,0,0,0,0,0,0,0,0,0,0,0,0,0,0,0,0),(122,40,'','2022-03-09 09:56:30','','','project_task_updated',9,24,0,0,0,0,0,0,0,178,0,0,0,0,0,0,0,0,0,0,0),(123,40,'','2022-03-09 09:57:15','','','project_task_updated',5,22,0,0,0,0,0,0,0,179,0,0,0,0,0,0,0,0,0,0,0),(124,40,'','2022-03-09 09:57:18','','','project_task_updated',5,22,0,0,0,0,0,0,0,180,0,0,0,0,0,0,0,0,0,0,0),(125,46,'','2022-03-09 09:59:16','44','','project_task_updated',10,20,0,0,0,0,0,0,0,182,0,0,0,0,0,0,0,0,0,0,0),(126,36,'','2022-03-09 10:20:44','39,1,37,38,40,41,42,43,44,45,46,47','','project_member_added',9,0,0,0,0,0,0,0,47,0,0,0,0,0,0,0,0,0,0,0,0),(127,36,'','2022-03-09 10:21:31','39,1,37,38,40,41,42,43,44,45,46,47','','project_task_created',9,26,0,0,0,0,0,0,0,0,0,0,0,0,0,0,0,0,0,0,0),(128,44,'','2022-03-09 10:44:42','','','project_task_updated',10,18,0,0,0,0,0,0,0,192,0,0,0,0,0,0,0,0,0,0,0),(129,42,'','2022-03-09 11:05:21','44','','project_task_updated',10,20,0,0,0,0,0,0,0,193,0,0,0,0,0,0,0,0,0,0,0),(130,42,'','2022-03-09 11:05:25','44','','project_task_updated',10,20,0,0,0,0,0,0,0,194,0,0,0,0,0,0,0,0,0,0,0),(131,42,'','2022-03-09 11:06:01','44','','project_task_updated',10,20,0,0,0,0,0,0,0,195,0,0,0,0,0,0,0,0,0,0,0),(132,43,'','2022-03-09 11:09:10','','','project_task_updated',6,12,0,0,0,0,0,0,0,196,0,0,0,0,0,0,0,0,0,0,0),(133,42,'','2022-03-09 11:13:22','44','','project_task_updated',10,20,0,0,0,0,0,0,0,197,0,0,0,0,0,0,0,0,0,0,0),(134,39,'','2022-03-09 11:15:39','','','project_task_updated',8,23,0,0,0,0,0,0,0,198,0,0,0,0,0,0,0,0,0,0,0),(135,36,'','2022-03-09 11:36:19','39,1,37,38,40,41,42,43,44,45,46,47','','project_task_created',9,27,0,0,0,0,0,0,0,0,0,0,0,0,0,0,0,0,0,0,0),(136,36,'','2022-03-09 11:36:37','40',',40','project_task_commented',9,27,9,0,0,0,0,0,0,0,0,0,0,0,0,0,0,0,0,0,0),(137,44,'','2022-03-09 11:56:44','','','project_task_updated',10,18,0,0,0,0,0,0,0,201,0,0,0,0,0,0,0,0,0,0,0),(138,43,'','2022-03-09 18:23:35','','','project_task_updated',6,11,0,0,0,0,0,0,0,202,0,0,0,0,0,0,0,0,0,0,0),(139,47,'','2022-03-10 04:30:48','','','project_task_updated',9,26,0,0,0,0,0,0,0,203,0,0,0,0,0,0,0,0,0,0,0),(140,47,'','2022-03-10 04:30:53','','','project_task_updated',9,26,0,0,0,0,0,0,0,204,0,0,0,0,0,0,0,0,0,0,0),(141,40,'','2022-03-10 04:38:03','','','project_task_updated',5,21,0,0,0,0,0,0,0,205,0,0,0,0,0,0,0,0,0,0,0),(142,40,'','2022-03-10 04:38:07','','','project_task_updated',5,21,0,0,0,0,0,0,0,206,0,0,0,0,0,0,0,0,0,0,0),(143,40,'','2022-03-10 04:51:47','','','project_task_updated',9,27,0,0,0,0,0,0,0,207,0,0,0,0,0,0,0,0,0,0,0),(144,40,'','2022-03-10 04:51:52','47','','project_task_updated',9,26,0,0,0,0,0,0,0,208,0,0,0,0,0,0,0,0,0,0,0),(145,37,'','2022-03-10 08:23:55','1','','project_task_created',1,28,0,0,0,0,0,0,0,0,0,0,0,0,0,0,0,0,0,0,0),(146,44,'','2022-03-10 08:38:49','','','project_task_updated',10,18,0,0,0,0,0,0,0,212,0,0,0,0,0,0,0,0,0,0,0),(147,44,'','2022-03-10 08:38:56','','','project_task_updated',9,25,0,0,0,0,0,0,0,213,0,0,0,0,0,0,0,0,0,0,0),(148,44,'','2022-03-10 09:12:57','43','','project_task_updated',6,17,0,0,0,0,0,0,0,238,0,0,0,0,0,0,0,0,0,0,0),(149,38,'','2022-03-10 09:16:58','1,36,41,44,46','','project_task_created',12,29,0,0,0,0,0,0,0,0,0,0,0,0,0,0,0,0,0,0,0),(150,38,'','2022-03-10 09:27:24','42,1,36,41,44,46','','project_member_added',12,0,0,0,0,0,0,0,42,0,0,0,0,0,0,0,0,0,0,0,0),(151,38,'','2022-03-10 09:28:06','42,1,36,41,44,46','','project_task_created',12,30,0,0,0,0,0,0,0,0,0,0,0,0,0,0,0,0,0,0,0),(152,42,'','2022-03-10 09:29:39','','','project_task_updated',12,30,0,0,0,0,0,0,0,0,0,0,0,0,0,0,0,0,0,0,0),(153,42,'','2022-03-10 09:30:16','',',1','project_task_commented',12,30,11,0,0,0,0,0,0,0,0,0,0,0,0,0,0,0,0,0,0),(154,42,'','2022-03-10 09:30:26','','','project_task_updated',12,30,0,0,0,0,0,0,0,242,0,0,0,0,0,0,0,0,0,0,0),(155,42,'','2022-03-10 09:30:48','','','project_task_updated',12,30,0,0,0,0,0,0,0,243,0,0,0,0,0,0,0,0,0,0,0),(156,36,'','2022-03-10 10:06:29','38,41,44,46','','project_created',14,0,0,0,0,0,0,0,0,0,0,0,0,0,0,0,0,0,0,0,0),(157,36,'','2022-03-10 10:14:31','','','project_task_created',14,31,0,0,0,0,0,0,0,0,0,0,0,0,0,0,0,0,0,0,0),(158,36,'','2022-03-10 10:21:28','43','','project_member_added',14,0,0,0,0,0,0,0,43,0,0,0,0,0,0,0,0,0,0,0,0),(159,36,'','2022-03-10 10:21:29','41,43','','project_member_added',14,0,0,0,0,0,0,0,41,0,0,0,0,0,0,0,0,0,0,0,0),(160,36,'','2022-03-10 10:21:29','42,41,43','','project_member_added',14,0,0,0,0,0,0,0,42,0,0,0,0,0,0,0,0,0,0,0,0),(161,36,'','2022-03-10 10:21:30','42,40,41,43','','project_member_added',14,0,0,0,0,0,0,0,40,0,0,0,0,0,0,0,0,0,0,0,0),(162,36,'','2022-03-10 10:21:31','39,42,40,41,43','','project_member_added',14,0,0,0,0,0,0,0,39,0,0,0,0,0,0,0,0,0,0,0,0),(163,36,'','2022-03-10 10:21:32','39,42,40,41,43,47','','project_member_added',14,0,0,0,0,0,0,0,47,0,0,0,0,0,0,0,0,0,0,0,0),(164,36,'','2022-03-10 10:22:55','39','','project_task_updated',14,31,0,0,0,0,0,0,0,251,0,0,0,0,0,0,0,0,0,0,0),(165,47,'','2022-03-10 10:24:49','39','','project_task_updated',14,31,0,0,0,0,0,0,0,252,0,0,0,0,0,0,0,0,0,0,0),(166,47,'','2022-03-10 10:24:51','39','','project_task_updated',14,31,0,0,0,0,0,0,0,253,0,0,0,0,0,0,0,0,0,0,0),(167,1,'','2022-03-10 11:19:01','36,37,38,39,40,41,42,43,44,45,46','','project_member_deleted',9,0,0,0,0,0,0,0,47,0,0,0,0,0,0,0,0,0,0,0,0),(168,1,'','2022-03-10 11:28:15','42','','project_task_deleted',12,30,0,0,0,0,0,0,0,0,0,0,0,0,0,0,0,0,0,0,0),(169,1,'','2022-03-10 11:30:18','38','','project_task_deleted',12,29,0,0,0,0,0,0,0,0,0,0,0,0,0,0,0,0,0,0,0),(170,44,'','2022-03-10 12:04:19','43','','project_task_updated',6,17,0,0,0,0,0,0,0,259,0,0,0,0,0,0,0,0,0,0,0),(171,44,'','2022-03-10 12:10:36','',',46,36,44,1','project_task_commented',9,25,12,0,0,0,0,0,0,0,0,0,0,0,0,0,0,0,0,0,0),(172,44,'','2022-03-10 13:39:53','','','project_task_commented',10,18,13,0,0,0,0,0,0,0,0,0,0,0,0,0,0,0,0,0,0),(173,44,'','2022-03-10 13:40:10','','','project_task_updated',10,18,0,0,0,0,0,0,0,262,0,0,0,0,0,0,0,0,0,0,0),(174,40,'','2022-03-10 17:07:33','39',',43,36,40,42,41','project_task_commented',14,31,14,0,0,0,0,0,0,0,0,0,0,0,0,0,0,0,0,0,0),(175,40,'','2022-03-10 17:08:12','39',',43,36,40,42,41','project_task_commented',14,31,15,0,0,0,0,0,0,0,0,0,0,0,0,0,0,0,0,0,0),(176,40,'','2022-03-10 17:12:57','',',1,36','project_task_commented',5,22,16,0,0,0,0,0,0,0,0,0,0,0,0,0,0,0,0,0,0),(177,40,'','2022-03-10 17:13:17','',',36,41','project_task_commented',5,8,17,0,0,0,0,0,0,0,0,0,0,0,0,0,0,0,0,0,0),(178,36,'','2022-03-10 17:20:33','39',',43,36,40,42,41','project_task_commented',14,31,18,0,0,0,0,0,0,0,0,0,0,0,0,0,0,0,0,0,0),(179,43,'','2022-03-11 16:39:10','','','project_task_updated',6,17,0,0,0,0,0,0,0,272,0,0,0,0,0,0,0,0,0,0,0),(180,1,'','2022-03-11 16:47:01','36,39,40,41,42,43','','project_member_deleted',14,0,0,0,0,0,0,0,47,0,0,0,0,0,0,0,0,0,0,0,0),(181,1,'','2022-03-11 16:59:51','36,38,41,44,46','','project_created',15,0,0,0,0,0,0,0,0,0,0,0,0,0,0,0,0,0,0,0,0),(182,1,'','2022-03-11 17:01:56','36,43','','project_member_added',15,0,0,0,0,0,0,0,43,0,0,0,0,0,0,0,0,0,0,0,0),(183,1,'','2022-03-11 17:01:57','36,43','','project_member_added',15,0,0,0,0,0,0,0,36,0,0,0,0,0,0,0,0,0,0,0,0),(184,1,'','2022-03-11 17:01:58','36,39,43','','project_member_added',15,0,0,0,0,0,0,0,39,0,0,0,0,0,0,0,0,0,0,0,0),(185,44,'','2022-03-11 17:04:05','','','project_task_updated',9,25,0,0,0,0,0,0,0,273,0,0,0,0,0,0,0,0,0,0,0),(186,1,'','2022-03-11 17:09:31','36,39,43','','project_task_created',15,32,0,0,0,0,0,0,0,0,0,0,0,0,0,0,0,0,0,0,0),(187,1,'','2022-03-12 06:24:58','36,39,43','','project_task_created',15,33,0,0,0,0,0,0,0,0,0,0,0,0,0,0,0,0,0,0,0),(188,36,'','2022-03-12 08:37:41','1,37,38,39,40,41,42,43,44,45,46','','project_task_created',9,34,0,0,0,0,0,0,0,0,0,0,0,0,0,0,0,0,0,0,0),(189,36,'','2022-03-12 08:51:19','44','','project_task_updated',9,34,0,0,0,0,0,0,0,278,0,0,0,0,0,0,0,0,0,0,0),(190,36,'','2022-03-12 08:51:31','44','','project_task_updated',9,34,0,0,0,0,0,0,0,0,0,0,0,0,0,0,0,0,0,0,0),(191,44,'','2022-03-12 12:50:47','','','project_task_updated',9,25,0,0,0,0,0,0,0,279,0,0,0,0,0,0,0,0,0,0,0),(192,46,'','2022-03-12 12:50:47','44','','project_task_updated',9,25,0,0,0,0,0,0,0,280,0,0,0,0,0,0,0,0,0,0,0),(193,36,'','2022-03-12 12:53:42','44','','project_task_updated',9,34,0,0,0,0,0,0,0,281,0,0,0,0,0,0,0,0,0,0,0),(194,46,'','2022-03-12 14:12:14','44','','project_task_updated',9,34,0,0,0,0,0,0,0,282,0,0,0,0,0,0,0,0,0,0,0),(195,46,'','2022-03-12 16:35:20','44','','project_task_updated',9,34,0,0,0,0,0,0,0,283,0,0,0,0,0,0,0,0,0,0,0),(196,36,'','2022-03-13 03:38:18','44','','project_task_commented',9,34,19,0,0,0,0,0,0,0,0,0,0,0,0,0,0,0,0,0,0),(197,36,'','2022-03-13 03:38:34','44','','project_task_updated',9,34,0,0,0,0,0,0,0,0,0,0,0,0,0,0,0,0,0,0,0),(198,40,'','2022-03-13 04:41:46','','','project_task_commented',5,21,20,0,0,0,0,0,0,0,0,0,0,0,0,0,0,0,0,0,0),(199,42,'','2022-03-13 04:47:57','39',',36,40,41,42','project_task_commented',14,31,21,0,0,0,0,0,0,0,0,0,0,0,0,0,0,0,0,0,0),(200,36,'','2022-03-13 04:51:48','39',',40,41,36,42','project_task_commented',14,31,22,0,0,0,0,0,0,0,0,0,0,0,0,0,0,0,0,0,0),(201,40,'','2022-03-13 04:59:14','39',',41,36,42','project_task_commented',14,31,23,0,0,0,0,0,0,0,0,0,0,0,0,0,0,0,0,0,0),(202,36,'','2022-03-13 05:01:20','1,37,38,39,40,41,42,43,44,45,46','','project_task_created',9,35,0,0,0,0,0,0,0,0,0,0,0,0,0,0,0,0,0,0,0),(203,40,'','2022-03-13 05:06:24','39',',36,42','project_task_commented',14,31,24,0,0,0,0,0,0,0,0,0,0,0,0,0,0,0,0,0,0),(204,39,'','2022-03-13 05:09:57','1,36,37,38,40,41,42,43,44,45,46','','project_task_created',9,36,0,0,0,0,0,0,0,0,0,0,0,0,0,0,0,0,0,0,0),(205,39,'','2022-03-13 05:11:06','','','project_task_updated',8,13,0,0,0,0,0,0,0,310,0,0,0,0,0,0,0,0,0,0,0),(206,39,'','2022-03-13 05:12:49','36','','project_task_updated',9,36,0,0,0,0,0,0,0,312,0,0,0,0,0,0,0,0,0,0,0),(207,36,'','2022-03-13 05:15:02','','','project_task_updated',9,35,0,0,0,0,0,0,0,314,0,0,0,0,0,0,0,0,0,0,0),(208,40,'','2022-03-13 05:29:21','','','project_task_updated',5,22,0,0,0,0,0,0,0,317,0,0,0,0,0,0,0,0,0,0,0),(209,40,'','2022-03-13 05:29:26','','','project_task_updated',5,21,0,0,0,0,0,0,0,318,0,0,0,0,0,0,0,0,0,0,0),(210,40,'','2022-03-13 05:29:29','','','project_task_updated',5,8,0,0,0,0,0,0,0,319,0,0,0,0,0,0,0,0,0,0,0),(211,40,'','2022-03-13 05:29:32','','','project_task_updated',5,7,0,0,0,0,0,0,0,320,0,0,0,0,0,0,0,0,0,0,0),(212,41,'','2022-03-13 05:36:36','43','','project_task_updated',6,16,0,0,0,0,0,0,0,321,0,0,0,0,0,0,0,0,0,0,0),(213,41,'','2022-03-13 05:36:38','43','','project_task_updated',6,16,0,0,0,0,0,0,0,322,0,0,0,0,0,0,0,0,0,0,0),(214,42,'','2022-03-13 06:31:10','36',',43,36,44,46,37,38,1,39,40,42','project_task_commented',9,36,25,0,0,0,0,0,0,0,0,0,0,0,0,0,0,0,0,0,0),(215,38,'','2022-03-13 07:16:25','1','','project_task_created',1,37,0,0,0,0,0,0,0,0,0,0,0,0,0,0,0,0,0,0,0),(216,43,'','2022-03-13 07:17:41','',',39,36,1','project_task_commented',15,32,26,0,0,0,0,0,0,0,0,0,0,0,0,0,0,0,0,0,0),(217,36,'','2022-03-13 07:36:01','',',44,46,37,38,1,39,40,42','project_task_commented',9,36,27,0,0,0,0,0,0,0,0,0,0,0,0,0,0,0,0,0,0),(218,36,'','2022-03-13 07:39:18','','','project_task_updated',9,26,0,0,0,0,0,0,0,337,0,0,0,0,0,0,0,0,0,0,0),(219,36,'','2022-03-13 07:40:40','44',',46,44,1','project_task_commented',9,25,28,0,0,0,0,0,0,0,0,0,0,0,0,0,0,0,0,0,0),(220,36,'','2022-03-13 08:24:46','1,37,38,39,40,41,42,43,44,45,46','','project_task_created',9,38,0,0,0,0,0,0,0,0,0,0,0,0,0,0,0,0,0,0,0),(221,36,'','2022-03-13 08:37:57','38','','project_task_updated',9,38,0,0,0,0,0,0,0,348,0,0,0,0,0,0,0,0,0,0,0),(222,44,'','2022-03-13 08:38:59','1,36,38,39,41,42,43,46','','project_task_created',10,39,0,0,0,0,0,0,0,0,0,0,0,0,0,0,0,0,0,0,0),(223,43,'','2022-03-13 09:09:35','',',1','project_task_commented',15,32,29,0,0,0,0,0,0,0,0,0,0,0,0,0,0,0,0,0,0),(224,37,'','2022-03-13 09:13:50','1,36,38,39,40,41,42,43,44,45,46','','project_task_created',9,40,0,0,0,0,0,0,0,0,0,0,0,0,0,0,0,0,0,0,0),(225,37,'','2022-03-13 09:16:40','','','project_task_updated',1,28,0,0,0,0,0,0,0,352,0,0,0,0,0,0,0,0,0,0,0),(226,37,'','2022-03-13 09:17:06','','','project_task_updated',1,28,0,0,0,0,0,0,0,353,0,0,0,0,0,0,0,0,0,0,0),(227,37,'','2022-03-13 09:17:11','','','project_task_updated',1,28,0,0,0,0,0,0,0,354,0,0,0,0,0,0,0,0,0,0,0),(228,37,'','2022-03-13 09:17:20','','','project_task_updated',1,28,0,0,0,0,0,0,0,355,0,0,0,0,0,0,0,0,0,0,0),(229,37,'','2022-03-13 09:19:15','','','project_task_updated',1,28,0,0,0,0,0,0,0,356,0,0,0,0,0,0,0,0,0,0,0),(230,43,'','2022-03-13 09:24:02','',',1','project_task_commented',15,32,30,0,0,0,0,0,0,0,0,0,0,0,0,0,0,0,0,0,0),(231,37,'','2022-03-13 09:24:07','1,36,38,39,40,41,42,43,44,45,46','','project_task_created',9,41,0,0,0,0,0,0,0,0,0,0,0,0,0,0,0,0,0,0,0),(232,37,'','2022-03-13 09:25:22','','','project_task_updated',1,28,0,0,0,0,0,0,0,358,0,0,0,0,0,0,0,0,0,0,0),(233,37,'','2022-03-13 09:25:33','','','project_task_updated',1,28,0,0,0,0,0,0,0,359,0,0,0,0,0,0,0,0,0,0,0),(234,1,'','2022-03-13 09:32:38','43','','project_task_commented',15,32,31,0,0,0,0,0,0,0,0,0,0,0,0,0,0,0,0,0,0),(235,43,'','2022-03-13 09:54:58','','','project_task_commented',15,32,32,0,0,0,0,0,0,0,0,0,0,0,0,0,0,0,0,0,0),(236,43,'','2022-03-13 10:05:28','','','project_task_commented',15,32,33,0,0,0,0,0,0,0,0,0,0,0,0,0,0,0,0,0,0),(237,36,'','2022-03-13 10:36:36','44',',44,36','project_task_commented',10,39,34,0,0,0,0,0,0,0,0,0,0,0,0,0,0,0,0,0,0),(238,36,'','2022-03-13 10:37:19','44','','project_task_updated',10,39,0,0,0,0,0,0,0,390,0,0,0,0,0,0,0,0,0,0,0),(239,40,'','2022-03-13 10:45:24','',',1','project_task_commented',9,41,35,0,0,0,0,0,0,0,0,0,0,0,0,0,0,0,0,0,0),(240,40,'','2022-03-13 10:45:45','38','','project_task_updated',9,40,0,0,0,0,0,0,0,392,0,0,0,0,0,0,0,0,0,0,0),(241,40,'','2022-03-13 10:46:19','38','','project_task_updated',9,40,0,0,0,0,0,0,0,393,0,0,0,0,0,0,0,0,0,0,0),(242,43,'','2022-03-13 11:42:57','','','project_task_commented',15,32,36,0,0,0,0,0,0,0,0,0,0,0,0,0,0,0,0,0,0),(243,43,'','2022-03-13 11:43:21','','','project_task_updated',15,32,0,0,0,0,0,0,0,394,0,0,0,0,0,0,0,0,0,0,0),(244,44,'','2022-03-13 11:57:07','',',36','project_task_commented',10,39,37,0,0,0,0,0,0,0,0,0,0,0,0,0,0,0,0,0,0),(245,44,'','2022-03-13 11:57:14','','','project_task_updated',10,39,0,0,0,0,0,0,0,396,0,0,0,0,0,0,0,0,0,0,0),(246,44,'','2022-03-13 13:33:53','1,36,38,39,41,42,43,46','','project_task_created',10,42,0,0,0,0,0,0,0,0,0,0,0,0,0,0,0,0,0,0,0),(247,40,'','2022-03-13 16:47:18','','','project_task_updated',9,41,0,0,0,0,0,0,0,398,0,0,0,0,0,0,0,0,0,0,0),(248,40,'','2022-03-13 16:47:20','','','project_task_updated',9,41,0,0,0,0,0,0,0,399,0,0,0,0,0,0,0,0,0,0,0),(249,1,'','2022-03-13 16:54:40','36,39,43,46','','project_member_added',15,0,0,0,0,0,0,0,46,0,0,0,0,0,0,0,0,0,0,0,0),(250,1,'','2022-03-13 16:54:41','36,39,43,44,46','','project_member_added',15,0,0,0,0,0,0,0,44,0,0,0,0,0,0,0,0,0,0,0,0),(251,1,'','2022-03-13 16:55:16','43','','project_task_updated',15,33,0,0,0,0,0,0,0,400,0,0,0,0,0,0,0,0,0,0,0),(252,1,'','2022-03-13 17:00:14','44',',42,46,44,36','project_task_commented',10,20,38,0,0,0,0,0,0,0,0,0,0,0,0,0,0,0,0,0,0),(253,36,'','2022-03-13 17:28:21','44',',36','project_task_commented',10,39,39,0,0,0,0,0,0,0,0,0,0,0,0,0,0,0,0,0,0),(254,36,'','2022-03-13 17:30:47','1,37,38,39,40,41,42,43,44,45,46','','project_task_created',9,43,0,0,0,0,0,0,0,0,0,0,0,0,0,0,0,0,0,0,0),(255,46,'','2022-03-14 05:26:26','','','project_task_updated',9,43,0,0,0,0,0,0,0,404,0,0,0,0,0,0,0,0,0,0,0),(256,46,'','2022-03-14 05:26:34','38','','project_task_updated',9,38,0,0,0,0,0,0,0,405,0,0,0,0,0,0,0,0,0,0,0),(257,44,'','2022-03-14 07:32:14','1,36,38,39,41,42,43,46','','project_task_created',10,44,0,0,0,0,0,0,0,0,0,0,0,0,0,0,0,0,0,0,0),(258,46,'','2022-03-14 07:32:16','44',',44','project_task_commented',9,25,40,0,0,0,0,0,0,0,0,0,0,0,0,0,0,0,0,0,0),(259,44,'','2022-03-14 09:21:00','1,36,38,39,41,42,43,46','','project_task_created',10,45,0,0,0,0,0,0,0,0,0,0,0,0,0,0,0,0,0,0,0),(260,43,'','2022-03-14 10:49:24','39','','project_task_deleted',14,31,0,0,0,0,0,0,0,0,0,0,0,0,0,0,0,0,0,0,0),(261,44,'','2022-03-14 11:14:54','','','project_task_updated',10,45,0,0,0,0,0,0,0,469,0,0,0,0,0,0,0,0,0,0,0),(262,44,'','2022-03-16 08:52:43','','','project_task_updated',10,20,0,0,0,0,0,0,0,527,0,0,0,0,0,0,0,0,0,0,0),(263,44,'','2022-03-16 08:52:49','','','project_task_updated',9,25,0,0,0,0,0,0,0,528,0,0,0,0,0,0,0,0,0,0,0),(264,1,'','2022-03-16 09:03:42','36,38,41,44,46','','project_created',16,0,0,0,0,0,0,0,0,0,0,0,0,0,0,0,0,0,0,0,0),(265,1,'','2022-03-16 09:04:33','','','project_task_created',16,46,0,0,0,0,0,0,0,0,0,0,0,0,0,0,0,0,0,0,0),(266,1,'','2022-03-16 09:04:44','','','project_task_updated',16,46,0,0,0,0,0,0,0,530,0,0,0,0,0,0,0,0,0,0,0),(267,1,'','2022-03-16 09:04:47','','','project_task_updated',16,46,0,0,0,0,0,0,0,531,0,0,0,0,0,0,0,0,0,0,0),(268,1,'','2022-03-16 09:15:46','','','project_task_created',1,47,0,0,0,0,0,0,0,0,0,0,0,0,0,0,0,0,0,0,0),(269,1,'','2022-03-16 09:15:51','','','project_task_updated',1,47,0,0,0,0,0,0,0,533,0,0,0,0,0,0,0,0,0,0,0),(270,1,'','2022-03-16 09:16:55','','','project_task_updated',1,47,0,0,0,0,0,0,0,534,0,0,0,0,0,0,0,0,0,0,0),(271,1,'','2022-03-16 09:18:00','','','project_task_updated',1,47,0,0,0,0,0,0,0,535,0,0,0,0,0,0,0,0,0,0,0),(272,1,'','2022-03-16 09:18:56','','','project_task_updated',1,47,0,0,0,0,0,0,0,536,0,0,0,0,0,0,0,0,0,0,0),(273,1,'','2022-03-16 10:29:49','38','','project_task_created',13,48,0,0,0,0,0,0,0,0,0,0,0,0,0,0,0,0,0,0,0),(274,1,'','2022-03-16 10:30:08','38','','project_task_deleted',13,48,0,0,0,0,0,0,0,0,0,0,0,0,0,0,0,0,0,0,0),(275,1,'','2022-03-16 10:30:41','38','','project_task_created',13,49,0,0,0,0,0,0,0,0,0,0,0,0,0,0,0,0,0,0,0),(276,1,'','2022-03-16 10:31:06','38','','project_task_deleted',13,49,0,0,0,0,0,0,0,0,0,0,0,0,0,0,0,0,0,0,0),(277,1,'','2022-03-16 11:02:03','','','project_task_deleted',16,46,0,0,0,0,0,0,0,0,0,0,0,0,0,0,0,0,0,0,0),(278,1,'','2022-03-16 13:24:11','','','project_task_deleted',16,46,0,0,0,0,0,0,0,0,0,0,0,0,0,0,0,0,0,0,0),(279,1,'','2022-03-18 13:37:46','','','project_task_deleted',16,46,0,0,0,0,0,0,0,0,0,0,0,0,0,0,0,0,0,0,0),(280,1,'','2022-03-20 07:20:38','','','project_task_created',16,50,0,0,0,0,0,0,0,0,0,0,0,0,0,0,0,0,0,0,0),(281,1,'','2022-03-20 07:21:26','','','project_task_updated',16,50,0,0,0,0,0,0,0,554,0,0,0,0,0,0,0,0,0,0,0),(282,1,'','2022-03-20 08:14:15','36,38,41,44,46','','project_created',17,0,0,0,0,0,0,0,0,0,0,0,0,0,0,0,0,0,0,0,0),(283,1,'','2022-03-20 08:15:26','50','','project_member_added',17,0,0,0,0,0,0,0,50,0,0,0,0,0,0,0,0,0,0,0,0),(284,1,'','2022-03-20 08:16:08','50',',50','project_task_created',17,51,0,0,0,0,0,0,0,0,0,0,0,0,0,0,0,0,0,0,0),(285,1,'','2022-03-20 08:20:47','','','project_member_deleted',17,0,0,0,0,0,0,0,50,0,0,0,0,0,0,0,0,0,0,0,0),(286,1,'','2022-03-20 08:20:54','50','','project_member_added',17,0,0,0,0,0,0,0,50,0,0,0,0,0,0,0,0,0,0,0,0),(287,1,'','2022-03-20 08:21:13','50','','project_task_created',17,52,0,0,0,0,0,0,0,0,0,0,0,0,0,0,0,0,0,0,0),(288,1,'','2022-03-20 08:21:27','50','','project_task_updated',17,52,0,0,0,0,0,0,0,557,0,0,0,0,0,0,0,0,0,0,0);

--
-- Table structure for table `ASHAL_EDUCATION_AND__BUSINESS_LLCpayment_methods`
--

CREATE TABLE `ASHAL_EDUCATION_AND__BUSINESS_LLCpayment_methods` (
  `id` int(11) NOT NULL AUTO_INCREMENT,
  `title` text COLLATE utf8_unicode_ci NOT NULL,
  `type` varchar(100) COLLATE utf8_unicode_ci NOT NULL DEFAULT 'custom',
  `description` text COLLATE utf8_unicode_ci NOT NULL,
  `online_payable` tinyint(1) NOT NULL DEFAULT '0',
  `available_on_invoice` tinyint(1) NOT NULL DEFAULT '0',
  `minimum_payment_amount` double NOT NULL DEFAULT '0',
  `settings` longtext COLLATE utf8_unicode_ci NOT NULL,
  `deleted` tinyint(1) NOT NULL DEFAULT '0',
  PRIMARY KEY (`id`)
) ENGINE=InnoDB AUTO_INCREMENT=6 DEFAULT CHARSET=utf8 COLLATE=utf8_unicode_ci;

--
-- Dumping data for table `ASHAL_EDUCATION_AND__BUSINESS_LLCpayment_methods`
--

INSERT INTO `ASHAL_EDUCATION_AND__BUSINESS_LLCpayment_methods` VALUES (1,'Cash','custom','',0,0,0,'a:0:{}',0),(4,'Bank transfer / Card','custom','',0,0,0,'a:0:{}',0),(5,'Cheque','custom','',0,0,0,'a:0:{}',0);

--
-- Table structure for table `ASHAL_EDUCATION_AND__BUSINESS_LLCpaypal_ipn`
--

CREATE TABLE `ASHAL_EDUCATION_AND__BUSINESS_LLCpaypal_ipn` (
  `id` int(11) NOT NULL AUTO_INCREMENT,
  `transaction_id` tinytext COLLATE utf8_unicode_ci,
  `ipn_hash` longtext COLLATE utf8_unicode_ci NOT NULL,
  `ipn_data` longtext COLLATE utf8_unicode_ci NOT NULL,
  `deleted` tinyint(1) NOT NULL DEFAULT '0',
  PRIMARY KEY (`id`)
) ENGINE=InnoDB DEFAULT CHARSET=utf8 COLLATE=utf8_unicode_ci;

--
-- Dumping data for table `ASHAL_EDUCATION_AND__BUSINESS_LLCpaypal_ipn`
--


--
-- Table structure for table `ASHAL_EDUCATION_AND__BUSINESS_LLCpayroll`
--

CREATE TABLE `ASHAL_EDUCATION_AND__BUSINESS_LLCpayroll` (
  `id` int(11) NOT NULL AUTO_INCREMENT,
  `month` date NOT NULL,
  `status` varchar(255) COLLATE utf8_unicode_ci NOT NULL DEFAULT 'draft',
  `deleted` int(11) NOT NULL DEFAULT '0',
  PRIMARY KEY (`id`)
) ENGINE=MyISAM DEFAULT CHARSET=utf8 COLLATE=utf8_unicode_ci;

--
-- Dumping data for table `ASHAL_EDUCATION_AND__BUSINESS_LLCpayroll`
--


--
-- Table structure for table `ASHAL_EDUCATION_AND__BUSINESS_LLCpayroll_detail`
--

CREATE TABLE `ASHAL_EDUCATION_AND__BUSINESS_LLCpayroll_detail` (
  `id` int(11) NOT NULL AUTO_INCREMENT,
  `payroll_id` int(11) NOT NULL,
  `employee_id` int(11) NOT NULL,
  `salary` float(8,3) NOT NULL,
  `manual_deduction` float(8,3) NOT NULL,
  `manual_deduction_reason` text COLLATE utf8_unicode_ci,
  `manual_bounce` float(8,3) NOT NULL,
  `manual_bonus_reason` text COLLATE utf8_unicode_ci,
  `advance` float(10,3) NOT NULL,
  `loan` float(10,3) NOT NULL,
  `pasi_company` double DEFAULT '0',
  `pasi_employee` double DEFAULT '0',
  `job_s_company` double DEFAULT '0',
  `job_s_employee` double DEFAULT '0',
  `deleted` int(11) NOT NULL DEFAULT '0',
  PRIMARY KEY (`id`)
) ENGINE=MyISAM DEFAULT CHARSET=utf8 COLLATE=utf8_unicode_ci;

--
-- Dumping data for table `ASHAL_EDUCATION_AND__BUSINESS_LLCpayroll_detail`
--


--
-- Table structure for table `ASHAL_EDUCATION_AND__BUSINESS_LLCposts`
--

CREATE TABLE `ASHAL_EDUCATION_AND__BUSINESS_LLCposts` (
  `id` int(11) NOT NULL AUTO_INCREMENT,
  `created_by` int(11) NOT NULL,
  `created_at` datetime NOT NULL,
  `description` mediumtext COLLATE utf8_unicode_ci NOT NULL,
  `post_id` int(11) NOT NULL,
  `share_with` text COLLATE utf8_unicode_ci,
  `files` longtext COLLATE utf8_unicode_ci,
  `deleted` tinyint(1) NOT NULL DEFAULT '0',
  PRIMARY KEY (`id`)
) ENGINE=InnoDB AUTO_INCREMENT=12 DEFAULT CHARSET=utf8 COLLATE=utf8_unicode_ci;

--
-- Dumping data for table `ASHAL_EDUCATION_AND__BUSINESS_LLCposts`
--

INSERT INTO `ASHAL_EDUCATION_AND__BUSINESS_LLCposts` VALUES (1,36,'2022-03-04 13:14:20','السلام عليكم',0,'','a:0:{}',1),(2,1,'2022-03-08 06:32:04','بسم الله الرحمن الرحيم',0,'','a:1:{i:0;a:4:{s:9:\"file_name\";s:62:\"timeline_post_file6226f86465be9-Ashal-Presentation-English.pdf\";s:9:\"file_size\";s:7:\"1744838\";s:7:\"file_id\";N;s:12:\"service_type\";N;}}',1),(3,43,'2022-03-08 06:42:31','صح دكتورة مافي مهام معي للحين !',0,'','a:0:{}',0),(4,42,'2022-03-08 07:27:42','ايوة وانا بعد (بس تو اجرب المحادثة)',0,'','a:0:{}',1),(5,1,'2022-03-08 09:43:56','برسلك ان شاءالله',3,'','a:0:{}',0),(6,1,'2022-03-08 10:34:07','يا جماعة معنا اجتماع بالخميس ارجو متابعة الكاليندر',0,'','a:1:{i:0;a:4:{s:9:\"file_name\";s:42:\"timeline_post_file6227311f1b716-wsheek.pdf\";s:9:\"file_size\";s:7:\"1066045\";s:7:\"file_id\";N;s:12:\"service_type\";N;}}',0),(7,36,'2022-03-08 11:26:47','حاضرين ان شاء الله\n',6,'','a:0:{}',0),(8,42,'2022-03-10 17:36:13','<p><font xss=removed><font xss=removed>متطلبات العيادات الخاصة </font></font></p><p><font xss=removed><font xss=removed>-بيانات العميل وتاريخه الطبي</font></font></p><p><font xss=removed><font xss=removed>-حجز موعد</font></font></p><p><font xss=removed><font xss=removed>-تسجيل حضور الموظفين</font></font></p><p><font xss=removed><font xss=removed>-تذكير العميل بتاريخ الموعد</font></font></p><p><font xss=removed><font xss=removed></font></font></p><p><font xss=removed><font xss=removed>-بيانات الموظف الذي قام بحجز الموعد</font></font></p>',0,'','a:0:{}',0),(9,36,'2022-03-13 08:58:35','<h4><b>السلام عليكم زملائي ..<br>برجاء الاعتماد على هذا النظام كمصدر أوحد لتلقي واصدار المهام بشكل رسمي.</b></h4><h4><br></h4>',0,'','a:0:{}',0),(10,43,'2022-03-13 09:19:31','<p>إن شاء الله </p>',0,'','a:0:{}',0),(11,48,'2022-03-14 07:55:57','<p>استاذ <br>تذكير بخصوص عرض الأسعار للقرية الهندسية </p><p><br></p>',9,'','a:0:{}',0);

--
-- Table structure for table `ASHAL_EDUCATION_AND__BUSINESS_LLCproject_comments`
--

CREATE TABLE `ASHAL_EDUCATION_AND__BUSINESS_LLCproject_comments` (
  `id` int(11) NOT NULL AUTO_INCREMENT,
  `created_by` int(11) NOT NULL,
  `created_at` datetime NOT NULL,
  `description` mediumtext COLLATE utf8_unicode_ci NOT NULL,
  `project_id` int(11) NOT NULL DEFAULT '0',
  `comment_id` int(11) NOT NULL DEFAULT '0',
  `task_id` int(11) NOT NULL DEFAULT '0',
  `file_id` int(11) NOT NULL DEFAULT '0',
  `customer_feedback_id` int(11) NOT NULL DEFAULT '0',
  `files` longtext COLLATE utf8_unicode_ci,
  `deleted` tinyint(1) NOT NULL DEFAULT '0',
  PRIMARY KEY (`id`)
) ENGINE=InnoDB AUTO_INCREMENT=41 DEFAULT CHARSET=utf8 COLLATE=utf8_unicode_ci;

--
-- Dumping data for table `ASHAL_EDUCATION_AND__BUSINESS_LLCproject_comments`
--

INSERT INTO `ASHAL_EDUCATION_AND__BUSINESS_LLCproject_comments` VALUES (1,1,'2022-03-07 08:43:38','',5,0,4,0,0,'a:2:{i:0;a:4:{s:9:\"file_name\";s:64:\"project_comment_file6225c5ba085d7-Ashal-Presentation-English.pdf\";s:9:\"file_size\";s:7:\"1744838\";s:7:\"file_id\";N;s:12:\"service_type\";N;}i:1;a:4:{s:9:\"file_name\";s:56:\"project_comment_file6225c5ba09702-Ashal-Presentation.pdf\";s:9:\"file_size\";s:7:\"1798259\";s:7:\"file_id\";N;s:12:\"service_type\";N;}}',0),(2,1,'2022-03-07 08:56:54','',5,0,5,0,0,'a:2:{i:0;a:4:{s:9:\"file_name\";s:64:\"project_comment_file6225c8d5f3c77-Ashal-Presentation-English.pdf\";s:9:\"file_size\";s:7:\"1744838\";s:7:\"file_id\";N;s:12:\"service_type\";N;}i:1;a:4:{s:9:\"file_name\";s:56:\"project_comment_file6225c8d6009c4-Ashal-Presentation.pdf\";s:9:\"file_size\";s:7:\"1798259\";s:7:\"file_id\";N;s:12:\"service_type\";N;}}',0),(3,1,'2022-03-07 09:07:59','',5,0,6,0,0,'a:2:{i:0;a:4:{s:9:\"file_name\";s:50:\"project_comment_file6225cb6f382fe-Makan-Studio.pdf\";s:9:\"file_size\";s:7:\"5735647\";s:7:\"file_id\";N;s:12:\"service_type\";N;}i:1;a:4:{s:9:\"file_name\";s:57:\"project_comment_file6225cb6f3b34f-Makan-Studio.arabic.pdf\";s:9:\"file_size\";s:7:\"7171668\";s:7:\"file_id\";N;s:12:\"service_type\";N;}}',0),(4,1,'2022-03-08 06:05:39','',6,0,10,0,0,'a:8:{i:0;a:4:{s:9:\"file_name\";s:58:\"project_comment_file6226f233c4cbd-Ashal-Profile-arabic.pdf\";s:9:\"file_size\";s:7:\"2148056\";s:7:\"file_id\";N;s:12:\"service_type\";N;}i:1;a:4:{s:9:\"file_name\";s:59:\"project_comment_file6226f233c6084-Ashal-Profile-arabic.pptx\";s:9:\"file_size\";s:7:\"5772030\";s:7:\"file_id\";N;s:12:\"service_type\";N;}i:2;a:4:{s:9:\"file_name\";s:58:\"project_comment_file6226f233c8814-Ashal-Brofile-eglish.pdf\";s:9:\"file_size\";s:7:\"3274668\";s:7:\"file_id\";N;s:12:\"service_type\";N;}i:3;a:4:{s:9:\"file_name\";s:59:\"project_comment_file6226f233ca03e-Ashal-Brofile-eglish.pptx\";s:9:\"file_size\";s:7:\"9819207\";s:7:\"file_id\";N;s:12:\"service_type\";N;}i:4;a:4:{s:9:\"file_name\";s:64:\"project_comment_file6226f233ce5ba-Ashal-Presentation-English.pdf\";s:9:\"file_size\";s:7:\"1744838\";s:7:\"file_id\";N;s:12:\"service_type\";N;}i:5;a:4:{s:9:\"file_name\";s:65:\"project_comment_file6226f233cf3d1-Ashal-Presentation-English.pptx\";s:9:\"file_size\";s:7:\"1612666\";s:7:\"file_id\";N;s:12:\"service_type\";N;}i:6;a:4:{s:9:\"file_name\";s:56:\"project_comment_file6226f233d00d3-Ashal-Presentation.pdf\";s:9:\"file_size\";s:7:\"1798259\";s:7:\"file_id\";N;s:12:\"service_type\";N;}i:7;a:4:{s:9:\"file_name\";s:57:\"project_comment_file6226f233d1040-Ashal-Presentation.pptx\";s:9:\"file_size\";s:7:\"1661205\";s:7:\"file_id\";N;s:12:\"service_type\";N;}}',0),(5,1,'2022-03-08 09:54:27','',6,0,11,0,0,'a:8:{i:0;a:4:{s:9:\"file_name\";s:58:\"project_comment_file622727d2eb1f7-Ashal-Brofile-eglish.pdf\";s:9:\"file_size\";s:7:\"3274668\";s:7:\"file_id\";N;s:12:\"service_type\";N;}i:1;a:4:{s:9:\"file_name\";s:59:\"project_comment_file622727d2ec2f1-Ashal-Brofile-eglish.pptx\";s:9:\"file_size\";s:7:\"9819207\";s:7:\"file_id\";N;s:12:\"service_type\";N;}i:2;a:4:{s:9:\"file_name\";s:58:\"project_comment_file622727d2ef815-Ashal-Profile-arabic.pdf\";s:9:\"file_size\";s:7:\"2148056\";s:7:\"file_id\";N;s:12:\"service_type\";N;}i:3;a:4:{s:9:\"file_name\";s:59:\"project_comment_file622727d2f070e-Ashal-Profile-arabic.pptx\";s:9:\"file_size\";s:7:\"5772030\";s:7:\"file_id\";N;s:12:\"service_type\";N;}i:4;a:4:{s:9:\"file_name\";s:64:\"project_comment_file622727d2f36bb-Ashal-Presentation-English.pdf\";s:9:\"file_size\";s:7:\"1744838\";s:7:\"file_id\";N;s:12:\"service_type\";N;}i:5;a:4:{s:9:\"file_name\";s:65:\"project_comment_file622727d3001fa-Ashal-Presentation-English.pptx\";s:9:\"file_size\";s:7:\"1612666\";s:7:\"file_id\";N;s:12:\"service_type\";N;}i:6;a:4:{s:9:\"file_name\";s:56:\"project_comment_file622727d300a48-Ashal-Presentation.pdf\";s:9:\"file_size\";s:7:\"1798259\";s:7:\"file_id\";N;s:12:\"service_type\";N;}i:7;a:4:{s:9:\"file_name\";s:57:\"project_comment_file622727d30134c-Ashal-Presentation.pptx\";s:9:\"file_size\";s:7:\"1661205\";s:7:\"file_id\";N;s:12:\"service_type\";N;}}',1),(6,1,'2022-03-08 09:59:03','',6,0,12,0,0,'a:4:{i:0;a:4:{s:9:\"file_name\";s:57:\"project_comment_file622728e706449-Makan-Studio.arabic.pdf\";s:9:\"file_size\";s:7:\"7171668\";s:7:\"file_id\";N;s:12:\"service_type\";N;}i:1;a:4:{s:9:\"file_name\";s:58:\"project_comment_file622728e708a53-Makan-Studio.arabic.pptx\";s:9:\"file_size\";s:8:\"19514090\";s:7:\"file_id\";N;s:12:\"service_type\";N;}i:2;a:4:{s:9:\"file_name\";s:50:\"project_comment_file622728e70ef03-Makan-Studio.pdf\";s:9:\"file_size\";s:7:\"5735647\";s:7:\"file_id\";N;s:12:\"service_type\";N;}i:3;a:4:{s:9:\"file_name\";s:51:\"project_comment_file622728e7111a5-Makan-Studio.pptx\";s:9:\"file_size\";s:8:\"19485813\";s:7:\"file_id\";N;s:12:\"service_type\";N;}}',0),(7,1,'2022-03-08 11:44:28','الحضور :\nأحمد الجابري / مندوب\nعلوي المشهور / مدير قسم التسويق\nإسماعيل المقيمي / مندوب مبيعات\nهلال امبوسعيدي / مندوب مبيعات\nمريم البريكي / مندوبة مبيعات\nإدارة الشركة',8,0,13,0,0,'a:0:{}',0),(8,36,'2022-03-09 05:59:26','المرفقات',5,0,22,0,0,'a:4:{i:0;a:4:{s:9:\"file_name\";s:103:\"project_comment_file6228423eee10a-عرض-أسعار-موقع-معاهد-تدريب-الخدمات.doc\";s:9:\"file_size\";s:7:\"3345920\";s:7:\"file_id\";N;s:12:\"service_type\";N;}i:1;a:4:{s:9:\"file_name\";s:77:\"project_comment_file6228423eef57b-مقترح-تصميم-رحاب-عامر.doc\";s:9:\"file_size\";s:7:\"2429952\";s:7:\"file_id\";N;s:12:\"service_type\";N;}i:2;a:4:{s:9:\"file_name\";s:103:\"project_comment_file6228423ef01a7-عرض-أسعار-موقع-معاهد-تدريب-الخدمات.doc\";s:9:\"file_size\";s:7:\"3345920\";s:7:\"file_id\";N;s:12:\"service_type\";N;}i:3;a:4:{s:9:\"file_name\";s:92:\"project_comment_file6228423ef01c8-عرض-اسعار-موقع-التدريب-المهني.doc\";s:9:\"file_size\";s:7:\"1029632\";s:7:\"file_id\";N;s:12:\"service_type\";N;}}',0),(9,36,'2022-03-09 11:36:37','الملف',9,0,27,0,0,'a:1:{i:0;a:4:{s:9:\"file_name\";s:96:\"project_comment_file622891453a7c9-عرض-أسعار-موقع-القرية-الهندسية.pdf\";s:9:\"file_size\";s:6:\"532588\";s:7:\"file_id\";N;s:12:\"service_type\";N;}}',0),(10,37,'2022-03-10 08:23:55','',1,0,28,0,0,'a:1:{i:0;a:4:{s:9:\"file_name\";s:57:\"project_comment_file6229b59b5e450-IMG-20220310-WA0024.jpg\";s:9:\"file_size\";s:5:\"53682\";s:7:\"file_id\";N;s:12:\"service_type\";N;}}',0),(11,42,'2022-03-10 09:30:16','<p>customer is not responding</p>',12,0,30,0,0,'a:0:{}',0),(12,44,'2022-03-10 12:10:36','<p>تم البحث وايجاد مصادر ومعلومات تزود المشروع</p>',9,0,25,0,0,'a:0:{}',0),(13,44,'2022-03-10 13:39:53','<p>تم الانتهاء من مونتاج الفيديو ورفعه في فيميو (بملف اعلانات استوديو مكان)</p>',10,0,18,0,0,'a:0:{}',0),(14,40,'2022-03-10 17:07:33','<p>أولا يجب دراسة توجه المؤسسة وذا كانت متعددة يجب دراسة كل مؤسسة وما تحتاج</p><p><br></p><p>عموما المؤسسات تحتاج لموقع تعريفي بها وبخدماتها بشكل بسيط وطرق الإتصال بها</p><p><br></p><p>ثانيا ممكن أن تحتاج المؤسسات موقع متقدم لعمل عرض نتائج الفحوصات ومتابعة السجل الطبي للأعضاء</p><p><br></p><p>ويمكن أن تحتاج المؤسسة لنضام كامل لإدارة أعمالها والتواصل وتنضيم المهام والمداومة بين موضفيها ولكن هذا يستبعد من المقترحات لتجنب إرباك العميل</p>',14,0,31,0,0,'a:0:{}',0),(15,40,'2022-03-10 17:08:11','<p>هذا مثال</p><p><a href=\"https://fmhub.org/\">FMhub – Family Medicine hub</a><br></p>',14,0,31,0,0,'a:0:{}',0),(16,40,'2022-03-10 17:12:57','<p>سينتم وضعها في الموقع مباشرة إن شاء الله</p><p>أنا أرتب خطط كل باقة</p>',5,0,22,0,0,'a:0:{}',0),(17,40,'2022-03-10 17:13:17','<p>نحتاج البروفايل</p><p><br></p>',5,0,8,0,0,'a:0:{}',0),(18,36,'2022-03-10 17:20:33','<p>أهلاً بصفة مبدئية التصميم لا يشمل الا الخدمات الأساسية وبعد ذلك ممكن الاضافة تباعاً في التحديثات..</p><p>وعلى كل حال نرجو من كريمة تزويدك بالاحتياجات والمطلبات قبل يوم السبت</p>',14,0,31,0,0,'a:0:{}',0),(19,36,'2022-03-13 03:38:18','<p>يعطيكم العافية</p><p>فخور جدا بعملكم</p>',9,0,34,0,0,'a:0:{}',0),(20,40,'2022-03-13 04:41:46','<p>مكرر</p><p><br></p><hr><p><br></p>',5,0,21,0,0,'a:0:{}',0),(21,42,'2022-03-13 04:47:57','<p xss=removed><font xss=\"removed\"> متطلبات العيادات</font></p><p xss=removed><font xss=\"removed\">-بيانات العميل وتاريخه الطبي</font></p><p xss=removed><font xss=\"removed\">-حجز موعد</font></p><p xss=removed><font xss=\"removed\">-تسجيل حضور الموظفين</font></p><p xss=removed><font xss=\"removed\">-تذكير العميل بتاريخ الموعد</font></p><p xss=removed>-بيانات الموظف الذي قام بحجز الموعد</p>',14,0,31,0,0,'a:0:{}',0),(22,36,'2022-03-13 04:51:48','<p>ايضا واجهة الصفحة الرئيسيية للعيادة</p><p><br></p>',14,0,31,0,0,'a:0:{}',0),(23,40,'2022-03-13 04:59:13','<p>يعني نضام حجوزات ؟</p>',14,0,31,0,0,'a:0:{}',0),(24,40,'2022-03-13 05:06:23','<p>نضام حجز مواعيد يتكون من صفحة تسجيل ودخول العملاء<br></p><p>----------------------------------------------------------<br>حجز موعد</p><p>بتعبئة البيانات الخاصة به - يرجى ذكرها</p><p>تحديد الخدمات والطبيب او القطاع - يرجى تحديد هاته الجزئية هل لديهم قسم او اطباء يجب تحديد كيفة عمل تصنيفات لنوع الجحز ان كان للعيادة عدة طوابير</p><p>تحديد اليوم الذي يود العميل القدوم به - يجب توضيح كيف يتم الحجز مسبق في أي يوم او في اليوم الذي قبل يوم العمل او هنالك عدد محدد من الايام التي يمكن الحجز بها</p><p>الاسعار - في حال يتم ذكرها</p><p>----------------------------------------------------------</p><p>الصفحات الأسايسية لعرض خدمات العيادة والتعريف بها</p>',14,0,31,0,0,'a:0:{}',0),(25,42,'2022-03-13 06:31:10','<p>https://kidsparadisedental.com/<br></p>',9,0,36,0,0,'a:0:{}',0),(26,43,'2022-03-13 07:17:40','',15,0,32,0,0,'a:2:{i:0;a:4:{s:9:\"file_name\";s:78:\"project_comment_file622d9a94a4207-استوديو-مكان---لينكدان.jpg\";s:9:\"file_size\";s:6:\"372242\";s:7:\"file_id\";N;s:12:\"service_type\";N;}i:1;a:4:{s:9:\"file_name\";s:83:\"project_comment_file622d9a94a4560-هيدر-تويتر---استوديو-مكان.jpg\";s:9:\"file_size\";s:6:\"437780\";s:7:\"file_id\";N;s:12:\"service_type\";N;}}',0),(27,36,'2022-03-13 07:36:00','<p>محمد أين وصل الموضوع؟</p><p><br></p><p><br></p><hr><p><br></p><p><br></p>',9,0,36,0,0,'a:0:{}',0),(28,36,'2022-03-13 07:40:39','<p>نحتاج إلى الانهاء</p>',9,0,25,0,0,'a:0:{}',0),(29,43,'2022-03-13 09:09:35','',15,0,32,0,0,'a:1:{i:0;a:4:{s:9:\"file_name\";s:85:\"project_comment_file622db4cf45385-يوتيوب-هيدر---استوديو-مكان.jpg\";s:9:\"file_size\";s:7:\"1495549\";s:7:\"file_id\";N;s:12:\"service_type\";N;}}',0),(30,43,'2022-03-13 09:24:02','',15,0,32,0,0,'a:1:{i:0;a:4:{s:9:\"file_name\";s:77:\"project_comment_file622db83257bbb-مجموعة-أسهل---لينكد-إن.jpg\";s:9:\"file_size\";s:6:\"339100\";s:7:\"file_id\";N;s:12:\"service_type\";N;}}',0),(31,1,'2022-03-13 09:32:38','<p>شكرا شيماء</p>',15,0,32,0,0,'a:0:{}',0),(32,43,'2022-03-13 09:54:57','<p>عدلت البيج كفر دكتورة ، كيف ألحين؟</p>',15,0,32,0,0,'a:1:{i:0;a:4:{s:9:\"file_name\";s:78:\"project_comment_file622dbf71cd891-استوديو-مكان---لينكدان.jpg\";s:9:\"file_size\";s:6:\"128557\";s:7:\"file_id\";N;s:12:\"service_type\";N;}}',0),(33,43,'2022-03-13 10:05:27','',15,0,32,0,0,'a:1:{i:0;a:4:{s:9:\"file_name\";s:77:\"project_comment_file622dc1e7af8e7-مجموعة-أسهل---لينكد-إن.jpg\";s:9:\"file_size\";s:6:\"136954\";s:7:\"file_id\";N;s:12:\"service_type\";N;}}',0),(34,36,'2022-03-13 10:36:36','',10,0,39,0,0,'a:1:{i:0;a:4:{s:9:\"file_name\";s:57:\"project_comment_file622dc93424fa6-كوتيشن-واف.pdf\";s:9:\"file_size\";s:5:\"97625\";s:7:\"file_id\";N;s:12:\"service_type\";N;}}',0),(35,40,'2022-03-13 10:45:24','<p>أرجو وضع التعديل بدقة<br>الضي يجمهع مع ماذا والماذا ينقص من ماذا</p>',9,0,41,0,0,'a:0:{}',0),(36,43,'2022-03-13 11:42:57','',15,0,32,0,0,'a:1:{i:0;a:4:{s:9:\"file_name\";s:64:\"project_comment_file622dd8c15f768-وشيك---لينكد-إن.jpg\";s:9:\"file_size\";s:6:\"102430\";s:7:\"file_id\";N;s:12:\"service_type\";N;}}',0),(37,44,'2022-03-13 11:57:07','<p>تم ارسال الكوتيشن للاستاذة فاطمة</p>',10,0,39,0,0,'a:0:{}',0),(38,1,'2022-03-13 17:00:14','<p>أرجو اضافة رابط العمل هنا</p>',10,0,20,0,0,'a:0:{}',0),(39,36,'2022-03-13 17:28:21','<p>اكتب التحديث يا نوح</p>',10,0,39,0,0,'a:0:{}',0),(40,46,'2022-03-14 07:32:16','<p>انتهيت من كتابة السيناريو والمتبقي فيه كتابة المقدمة والخاتمة وكذلك التعليق الصوتي الخاص بالاستدامة</p><p>لذلك قمت بإضافة صور بها كافة المعلومات المتعلقة بهذا الشأن</p><p><br></p><p>رابط ملف مقابلة وكيل العمل: (من الضروري متابعة المقابلة لفهم السيناريو المقترح)</p><p><span xss=removed>vimeo.com/user/102320121/folder/9046227</span></p><p><span xss=removed><br></span></p><p><span xss=removed>*يرجى إعلامي في حال ما أردتم استيضاح أمر ما أو التعديل في النص<br></span><br></p><p><br></p>',9,0,25,0,0,'a:4:{i:0;a:4:{s:9:\"file_name\";s:69:\"project_comment_file622eef80014c7-‏‏لقطة-الشاشة--1-.png\";s:9:\"file_size\";s:6:\"511491\";s:7:\"file_id\";N;s:12:\"service_type\";N;}i:1;a:4:{s:9:\"file_name\";s:69:\"project_comment_file622eef8001973-‏‏لقطة-الشاشة--3-.png\";s:9:\"file_size\";s:6:\"427627\";s:7:\"file_id\";N;s:12:\"service_type\";N;}i:2;a:4:{s:9:\"file_name\";s:69:\"project_comment_file622eef8001cb2-‏‏لقطة-الشاشة--4-.png\";s:9:\"file_size\";s:6:\"396770\";s:7:\"file_id\";N;s:12:\"service_type\";N;}i:3;a:4:{s:9:\"file_name\";s:69:\"project_comment_file622eef8001fd6-خطة-فيديو-الوكيل.docx\";s:9:\"file_size\";s:5:\"16334\";s:7:\"file_id\";N;s:12:\"service_type\";N;}}',0);

--
-- Table structure for table `ASHAL_EDUCATION_AND__BUSINESS_LLCproject_files`
--

CREATE TABLE `ASHAL_EDUCATION_AND__BUSINESS_LLCproject_files` (
  `id` int(11) NOT NULL AUTO_INCREMENT,
  `file_name` text COLLATE utf8_unicode_ci NOT NULL,
  `file_id` text COLLATE utf8_unicode_ci,
  `service_type` varchar(20) COLLATE utf8_unicode_ci DEFAULT NULL,
  `description` mediumtext COLLATE utf8_unicode_ci,
  `file_size` double NOT NULL,
  `created_at` datetime NOT NULL,
  `project_id` int(11) NOT NULL,
  `uploaded_by` int(11) NOT NULL,
  `deleted` tinyint(1) NOT NULL DEFAULT '0',
  PRIMARY KEY (`id`)
) ENGINE=InnoDB DEFAULT CHARSET=utf8 COLLATE=utf8_unicode_ci;

--
-- Dumping data for table `ASHAL_EDUCATION_AND__BUSINESS_LLCproject_files`
--


--
-- Table structure for table `ASHAL_EDUCATION_AND__BUSINESS_LLCproject_members`
--

CREATE TABLE `ASHAL_EDUCATION_AND__BUSINESS_LLCproject_members` (
  `id` int(11) NOT NULL AUTO_INCREMENT,
  `user_id` int(11) NOT NULL,
  `project_id` int(11) NOT NULL,
  `is_leader` tinyint(1) DEFAULT '0',
  `deleted` tinyint(1) NOT NULL DEFAULT '0',
  PRIMARY KEY (`id`)
) ENGINE=InnoDB AUTO_INCREMENT=75 DEFAULT CHARSET=utf8 COLLATE=utf8_unicode_ci;

--
-- Dumping data for table `ASHAL_EDUCATION_AND__BUSINESS_LLCproject_members`
--

INSERT INTO `ASHAL_EDUCATION_AND__BUSINESS_LLCproject_members` VALUES (1,1,1,1,0),(2,37,2,1,0),(3,1,2,0,0),(4,36,2,0,0),(5,1,3,1,0),(6,1,4,1,0),(7,40,4,0,0),(8,41,4,0,0),(9,1,5,1,0),(10,40,5,0,0),(11,41,5,0,0),(12,1,6,1,0),(13,45,6,0,1),(14,38,7,1,0),(15,43,6,0,0),(16,39,6,0,0),(17,41,6,0,0),(18,1,8,1,0),(19,39,8,0,0),(20,42,8,0,0),(21,36,9,1,0),(22,45,9,0,0),(23,37,9,0,0),(24,41,9,0,0),(25,39,9,0,0),(26,42,9,0,0),(27,38,9,0,0),(28,40,9,0,0),(29,44,9,0,0),(30,43,9,0,0),(31,1,9,0,0),(32,46,9,0,0),(33,42,6,0,0),(34,44,6,0,0),(35,1,10,1,0),(36,39,10,0,0),(37,41,10,0,0),(38,38,10,0,0),(39,42,10,0,0),(40,43,10,0,0),(41,46,10,0,0),(42,44,10,0,0),(43,36,10,0,0),(44,1,11,1,0),(45,1,12,1,0),(46,38,11,0,0),(47,41,11,0,0),(48,44,11,0,0),(49,46,11,0,0),(50,36,11,0,0),(51,38,12,0,0),(52,41,12,0,0),(53,44,12,0,0),(54,46,12,0,0),(55,36,12,0,0),(56,38,13,1,0),(57,47,9,0,1),(58,42,12,0,0),(59,36,14,1,0),(60,43,14,0,0),(61,41,14,0,0),(62,42,14,0,0),(63,40,14,0,0),(64,39,14,0,0),(65,47,14,0,1),(66,1,15,1,0),(67,43,15,0,0),(68,36,15,0,0),(69,39,15,0,0),(70,46,15,0,0),(71,44,15,0,0),(72,1,16,1,0),(73,1,17,1,0),(74,50,17,0,0);

--
-- Table structure for table `ASHAL_EDUCATION_AND__BUSINESS_LLCproject_settings`
--

CREATE TABLE `ASHAL_EDUCATION_AND__BUSINESS_LLCproject_settings` (
  `project_id` int(11) NOT NULL,
  `setting_name` varchar(100) COLLATE utf8_unicode_ci NOT NULL,
  `setting_value` mediumtext COLLATE utf8_unicode_ci NOT NULL,
  `deleted` tinyint(1) NOT NULL DEFAULT '0',
  UNIQUE KEY `unique_index` (`project_id`,`setting_name`)
) ENGINE=InnoDB DEFAULT CHARSET=utf8 COLLATE=utf8_unicode_ci;

--
-- Dumping data for table `ASHAL_EDUCATION_AND__BUSINESS_LLCproject_settings`
--


--
-- Table structure for table `ASHAL_EDUCATION_AND__BUSINESS_LLCproject_time`
--

CREATE TABLE `ASHAL_EDUCATION_AND__BUSINESS_LLCproject_time` (
  `id` int(11) NOT NULL AUTO_INCREMENT,
  `project_id` int(11) NOT NULL,
  `user_id` int(11) NOT NULL,
  `start_time` datetime NOT NULL,
  `end_time` datetime DEFAULT NULL,
  `status` enum('open','logged','approved') COLLATE utf8_unicode_ci NOT NULL DEFAULT 'logged',
  `note` text COLLATE utf8_unicode_ci,
  `task_id` int(11) NOT NULL DEFAULT '0',
  `deleted` tinyint(1) NOT NULL DEFAULT '0',
  PRIMARY KEY (`id`)
) ENGINE=InnoDB DEFAULT CHARSET=utf8 COLLATE=utf8_unicode_ci;

--
-- Dumping data for table `ASHAL_EDUCATION_AND__BUSINESS_LLCproject_time`
--


--
-- Table structure for table `ASHAL_EDUCATION_AND__BUSINESS_LLCprojects`
--

CREATE TABLE `ASHAL_EDUCATION_AND__BUSINESS_LLCprojects` (
  `id` int(11) NOT NULL AUTO_INCREMENT,
  `title` text COLLATE utf8_unicode_ci NOT NULL,
  `description` mediumtext COLLATE utf8_unicode_ci,
  `start_date` date DEFAULT NULL,
  `deadline` date DEFAULT NULL,
  `client_id` int(11) NOT NULL,
  `created_date` date DEFAULT NULL,
  `created_by` int(11) NOT NULL DEFAULT '0',
  `status` enum('open','completed','hold','canceled','pending','') COLLATE utf8_unicode_ci NOT NULL DEFAULT 'pending',
  `labels` text COLLATE utf8_unicode_ci,
  `price` double NOT NULL DEFAULT '0',
  `starred_by` mediumtext COLLATE utf8_unicode_ci NOT NULL,
  `estimate_id` int(11) NOT NULL,
  `geo_location` varchar(255) COLLATE utf8_unicode_ci DEFAULT NULL,
  `deleted` tinyint(1) NOT NULL DEFAULT '0',
  PRIMARY KEY (`id`)
) ENGINE=InnoDB AUTO_INCREMENT=18 DEFAULT CHARSET=utf8 COLLATE=utf8_unicode_ci;

--
-- Dumping data for table `ASHAL_EDUCATION_AND__BUSINESS_LLCprojects`
--

INSERT INTO `ASHAL_EDUCATION_AND__BUSINESS_LLCprojects` VALUES (1,'قائمة بخدمات Makan ','مطلوب قائمة بالمنتجات/ الخدمات التي يمكن للاستوديو تقديمها حسب امكانيات المعدات والتقنيات المتوفرة وكذلك امكانيات الفنيين القائمين على الاستوديو، بالإضافة إلى الأسعار','2022-03-01','2022-03-06',5,'2022-03-04',1,'open','',0,'',0,NULL,1),(2,'Wsheek','منصة تهتم بتطوير الموارد البشرية في مختلف المؤسسات','2022-01-01',NULL,3,'2022-03-06',37,'open','',0,'',0,NULL,1),(3,'landing page - school.ashal.om','هذه الصفحة خاصة بمنصة أسهل التعليمية ashal.om بهدف :\n1. التعريف بالنشاط التجاري.\n2. من أدوات التسويق الخاصة بمندوبي المبيعات.\n3. استهداف المدارس الخاصة.\n4. من الضروري توافر أيقونة للولوج إلى demo.ashal\n5. توافر زر لتنزيل بروفايل النشاط الخاص بــ ashal.om','2022-02-27','2022-03-07',6,'2022-03-07',1,'open','',0,'',0,NULL,1),(4,'school.ashal','هذه الصفحة خاصة بمنصة أسهل التعليمية ashal.om بهدف :\n1. التعريف بالنشاط التجاري.\n2. من أدوات التسويق الخاصة بمندوبي المبيعات.\n3. استهداف المدارس الخاصة.\n4. من الضروري توافر أيقونة للولوج إلى demo.ashal\n5. توافر زر لتنزيل بروفايل النشاط الخاص بــ ashal.om','2022-02-27','2022-03-08',6,'2022-03-07',1,'open','',0,'',0,NULL,1),(5,'landing page ','هذه الصفحة خاصة شركة أسهل للتعليم والاعمال م.م.ش  بهدف :\n1. التعريف بكل نشاط تجاري.\n2. الصفحات تعتبرمن أدوات التسويق الخاصة بمندوبي المبيعات.\n3. استهداف العملاء.\n4. من الضروري توافر أيقونة للولوج إلى الشركة الام وبقية الانشطة.\n5. توافر زر لتنزيل بروفايل النشاط الخاص .','2022-02-27','2022-03-13',6,'2022-03-07',1,'open','',0,'',0,NULL,0),(6,'Profile\'s','عمل ملفات تعريفية بأنشطة الشركة المختلفة \n1. اسهل التعليمية\n2. وشيك للتدريب\n3. استوديو مكان\n4. التطوير البرمجي','2022-03-07','2022-03-13',6,'2022-03-07',1,'open','',0,'',0,NULL,0),(7,'SCHOOL','Video Recording','2022-03-10','2022-03-12',4,'2022-03-07',38,'open','',240,'',0,NULL,1),(8,'الإدارة التنسيقية / جواهر','تسند هنا جميع الأعمال التنسيق الخاصة بجواهر',NULL,NULL,6,'2022-03-08',1,'open','',0,'',0,NULL,0),(9,'العمليات','',NULL,NULL,12,'2022-03-08',36,'open','',0,',:47:,:1:',0,NULL,0),(10,'Makan Studio Task\'s','هنا سيتم وضع المهام الموكلة للاستوديو والخاصة بــ:\n1. اعمال التسجيل لمنصة أسهل\n2. أعمال التسجيل لمنصة وشيك\n3. تجهيز المقاطع التسويقية.\n4. تغطية المناسبات والأحداث الخاصة بالشركة\n6. وكل ما يختص به الأستوديو من أعمال',NULL,NULL,5,'2022-03-09',1,'open','',0,'',0,NULL,0),(11,'أعمال التسجيل في Wsheek','هنا توضع جميع مهام التسجيل \nالأوردرات بأي عمل',NULL,NULL,5,'2022-03-09',1,'open','',0,'',0,NULL,0),(12,'أعمال التسجيل في Ashal','هنا توضع كل أعمال منصة أسهل للتعليم',NULL,NULL,5,'2022-03-09',1,'open','',0,'',0,NULL,0),(13,'تطوير موقع الكتروني يشمل على ١٠دورات مختلفة للموارد البشرية','','2021-12-31','2022-02-28',10,'2022-03-09',38,'open','',5,'',0,NULL,0),(14,'العيادات الخاصة','','2022-03-10','2022-03-12',12,'2022-03-10',36,'open','',0,'',0,NULL,0),(15,'Social Media','',NULL,NULL,12,'2022-03-11',1,'open','',0,'',0,NULL,0),(16,'Test','<p>test</p>','2022-03-14','2022-03-17',11,'2022-03-16',1,'open','',1,'',0,NULL,0),(17,'Test','',NULL,NULL,11,'2022-03-20',1,'open','',0,'',0,NULL,0);

--
-- Table structure for table `ASHAL_EDUCATION_AND__BUSINESS_LLCpurchase_order_items`
--

CREATE TABLE `ASHAL_EDUCATION_AND__BUSINESS_LLCpurchase_order_items` (
  `id` int(11) NOT NULL AUTO_INCREMENT,
  `item_id` int(11) NOT NULL DEFAULT '0',
  `title` text COLLATE utf8_unicode_ci NOT NULL,
  `description` text COLLATE utf8_unicode_ci,
  `quantity` double NOT NULL,
  `unit_type` varchar(20) COLLATE utf8_unicode_ci NOT NULL DEFAULT '',
  `rate` double NOT NULL,
  `total` double NOT NULL,
  `sort` int(11) NOT NULL DEFAULT '0',
  `purchase_order_id` int(11) NOT NULL,
  `tax_id` int(11) DEFAULT '0',
  `tax_id2` int(11) DEFAULT '0',
  `deleted` tinyint(1) NOT NULL DEFAULT '0',
  PRIMARY KEY (`id`)
) ENGINE=InnoDB DEFAULT CHARSET=utf8 COLLATE=utf8_unicode_ci;

--
-- Dumping data for table `ASHAL_EDUCATION_AND__BUSINESS_LLCpurchase_order_items`
--


--
-- Table structure for table `ASHAL_EDUCATION_AND__BUSINESS_LLCpurchase_order_payments`
--

CREATE TABLE `ASHAL_EDUCATION_AND__BUSINESS_LLCpurchase_order_payments` (
  `id` int(11) NOT NULL AUTO_INCREMENT,
  `amount` double NOT NULL,
  `payment_date` date NOT NULL,
  `payment_method_id` int(11) NOT NULL,
  `cheque_due_date` date DEFAULT NULL,
  `cheque_description` varchar(255) COLLATE utf8_unicode_ci DEFAULT NULL,
  `cheque_account` varchar(150) COLLATE utf8_unicode_ci DEFAULT NULL,
  `cheque_number` varchar(150) COLLATE utf8_unicode_ci DEFAULT NULL,
  `cheque_transaction_id` int(11) NOT NULL DEFAULT '0',
  `note` text COLLATE utf8_unicode_ci,
  `purchase_order_id` int(11) NOT NULL,
  `status` enum('draft','request_approval','approved') COLLATE utf8_unicode_ci NOT NULL DEFAULT 'draft',
  `deleted` tinyint(1) NOT NULL DEFAULT '0',
  `transaction_id` int(11) DEFAULT '0',
  `prepayment_transaction_id` int(11) NOT NULL DEFAULT '0',
  `created_by` int(11) DEFAULT '1',
  `created_at` datetime DEFAULT NULL,
  PRIMARY KEY (`id`),
  KEY `id` (`id`),
  KEY `id_2` (`id`)
) ENGINE=InnoDB DEFAULT CHARSET=utf8 COLLATE=utf8_unicode_ci;

--
-- Dumping data for table `ASHAL_EDUCATION_AND__BUSINESS_LLCpurchase_order_payments`
--


--
-- Table structure for table `ASHAL_EDUCATION_AND__BUSINESS_LLCpurchase_orders`
--

CREATE TABLE `ASHAL_EDUCATION_AND__BUSINESS_LLCpurchase_orders` (
  `id` int(11) NOT NULL AUTO_INCREMENT,
  `supplier_id` int(11) NOT NULL,
  `purchase_order_date` date NOT NULL,
  `project_id` int(11) NOT NULL DEFAULT '0',
  `labels` text COLLATE utf8_unicode_ci NOT NULL,
  `note` mediumtext COLLATE utf8_unicode_ci,
  `status` enum('draft','not_paid') COLLATE utf8_unicode_ci NOT NULL DEFAULT 'draft',
  `approval_status` enum('not_approved','request_approval','approved') COLLATE utf8_unicode_ci NOT NULL DEFAULT 'not_approved',
  `deleted` tinyint(1) NOT NULL DEFAULT '0',
  PRIMARY KEY (`id`)
) ENGINE=InnoDB DEFAULT CHARSET=utf8 COLLATE=utf8_unicode_ci;

--
-- Dumping data for table `ASHAL_EDUCATION_AND__BUSINESS_LLCpurchase_orders`
--


--
-- Table structure for table `ASHAL_EDUCATION_AND__BUSINESS_LLCpurchase_return_items`
--

CREATE TABLE `ASHAL_EDUCATION_AND__BUSINESS_LLCpurchase_return_items` (
  `id` int(11) NOT NULL AUTO_INCREMENT,
  `item_id` int(11) NOT NULL,
  `po_item_id` int(11) NOT NULL,
  `quantity` double NOT NULL DEFAULT '0',
  `deleted` int(1) NOT NULL DEFAULT '0',
  `purchase_return_id` int(11) NOT NULL,
  `sort` int(11) NOT NULL DEFAULT '0',
  PRIMARY KEY (`id`)
) ENGINE=InnoDB DEFAULT CHARSET=utf8 COLLATE=utf8_unicode_ci;

--
-- Dumping data for table `ASHAL_EDUCATION_AND__BUSINESS_LLCpurchase_return_items`
--


--
-- Table structure for table `ASHAL_EDUCATION_AND__BUSINESS_LLCpurchase_returns`
--

CREATE TABLE `ASHAL_EDUCATION_AND__BUSINESS_LLCpurchase_returns` (
  `id` int(11) NOT NULL AUTO_INCREMENT,
  `purchase_order_id` int(11) NOT NULL,
  `shipment_id` int(11) DEFAULT NULL,
  `supplier_id` int(11) NOT NULL DEFAULT '0',
  `payment_method_id` int(11) DEFAULT '0',
  `transaction_id` int(11) DEFAULT '0',
  `date` date NOT NULL,
  `status` enum('draft','approved') COLLATE utf8_unicode_ci DEFAULT 'draft',
  `note` text COLLATE utf8_unicode_ci,
  `deleted` int(1) NOT NULL DEFAULT '0',
  PRIMARY KEY (`id`)
) ENGINE=InnoDB DEFAULT CHARSET=utf8 COLLATE=utf8_unicode_ci;

--
-- Dumping data for table `ASHAL_EDUCATION_AND__BUSINESS_LLCpurchase_returns`
--


--
-- Table structure for table `ASHAL_EDUCATION_AND__BUSINESS_LLCroles`
--

CREATE TABLE `ASHAL_EDUCATION_AND__BUSINESS_LLCroles` (
  `id` int(11) NOT NULL AUTO_INCREMENT,
  `title` varchar(100) COLLATE utf8_unicode_ci NOT NULL,
  `permissions` mediumtext COLLATE utf8_unicode_ci,
  `deleted` tinyint(1) NOT NULL DEFAULT '0',
  PRIMARY KEY (`id`)
) ENGINE=InnoDB AUTO_INCREMENT=7 DEFAULT CHARSET=utf8 COLLATE=utf8_unicode_ci;

--
-- Dumping data for table `ASHAL_EDUCATION_AND__BUSINESS_LLCroles`
--

INSERT INTO `ASHAL_EDUCATION_AND__BUSINESS_LLCroles` VALUES (1,'الإدارة المالية/Financial management','a:115:{s:5:\"leave\";s:0:\"\";s:14:\"leave_specific\";s:0:\"\";s:10:\"attendance\";N;s:19:\"attendance_specific\";s:0:\"\";s:7:\"invoice\";N;s:8:\"estimate\";N;s:7:\"expense\";N;s:6:\"client\";N;s:4:\"lead\";s:3:\"all\";s:6:\"ticket\";N;s:15:\"ticket_specific\";s:0:\"\";s:12:\"announcement\";s:0:\"\";s:23:\"help_and_knowledge_base\";s:0:\"\";s:23:\"can_manage_all_projects\";s:1:\"0\";s:19:\"can_create_projects\";s:1:\"1\";s:17:\"can_edit_projects\";s:1:\"1\";s:19:\"can_delete_projects\";s:1:\"1\";s:30:\"can_add_remove_project_members\";s:1:\"1\";s:16:\"can_create_tasks\";s:1:\"1\";s:14:\"can_edit_tasks\";s:1:\"1\";s:16:\"can_delete_tasks\";s:1:\"1\";s:20:\"can_comment_on_tasks\";s:1:\"1\";s:24:\"show_assigned_tasks_only\";N;s:21:\"can_create_milestones\";s:1:\"1\";s:19:\"can_edit_milestones\";s:1:\"1\";s:21:\"can_delete_milestones\";s:1:\"1\";s:16:\"can_delete_files\";s:1:\"1\";s:34:\"can_view_team_members_contact_info\";s:1:\"1\";s:34:\"can_view_team_members_social_links\";s:1:\"1\";s:29:\"team_member_update_permission\";s:0:\"\";s:38:\"team_member_update_permission_specific\";s:18:\"member:1,member:39\";s:27:\"timesheet_manage_permission\";s:3:\"all\";s:36:\"timesheet_manage_permission_specific\";s:0:\"\";s:21:\"disable_event_sharing\";s:1:\"0\";s:22:\"hide_team_members_list\";N;s:28:\"can_delete_leave_application\";s:1:\"1\";s:10:\"accounting\";s:3:\"all\";s:7:\"payroll\";s:3:\"all\";s:5:\"eroom\";s:3:\"all\";s:4:\"logs\";s:3:\"all\";s:7:\"reports\";s:3:\"all\";s:25:\"can_access_delivery_notes\";s:1:\"1\";s:25:\"can_create_delivery_notes\";s:1:\"1\";s:23:\"can_edit_delivery_notes\";s:1:\"1\";s:25:\"can_delete_delivery_notes\";s:1:\"1\";s:31:\"delivery_note_manage_permission\";s:3:\"all\";s:40:\"delivery_note_manage_permission_specific\";s:19:\"member:37,member:38\";s:20:\"can_access_suppliers\";s:1:\"1\";s:20:\"can_create_suppliers\";s:1:\"1\";s:18:\"can_edit_suppliers\";s:1:\"1\";s:20:\"can_delete_suppliers\";s:1:\"1\";s:26:\"supplier_manage_permission\";s:3:\"all\";s:35:\"supplier_manage_permission_specific\";s:19:\"member:37,member:38\";s:26:\"can_access_purchase_orders\";s:1:\"1\";s:26:\"can_create_purchase_orders\";s:1:\"1\";s:24:\"can_edit_purchase_orders\";s:1:\"1\";s:26:\"can_delete_purchase_orders\";s:1:\"1\";s:32:\"purchase_order_manage_permission\";s:3:\"all\";s:41:\"purchase_order_manage_permission_specific\";s:19:\"member:37,member:38\";s:16:\"can_access_items\";s:1:\"1\";s:16:\"can_create_items\";s:1:\"1\";s:14:\"can_edit_items\";s:1:\"1\";s:16:\"can_delete_items\";s:1:\"1\";s:22:\"item_manage_permission\";s:3:\"all\";s:31:\"item_manage_permission_specific\";s:19:\"member:37,member:38\";s:19:\"can_access_expenses\";s:1:\"1\";s:19:\"can_create_expenses\";s:1:\"1\";s:17:\"can_edit_expenses\";s:1:\"1\";s:19:\"can_delete_expenses\";s:1:\"1\";s:25:\"expense_manage_permission\";s:3:\"all\";s:34:\"expense_manage_permission_specific\";s:19:\"member:37,member:38\";s:20:\"internal_transaction\";N;s:27:\"can_access_invoice_payments\";s:1:\"1\";s:27:\"can_create_invoice_payments\";s:1:\"1\";s:25:\"can_edit_invoice_payments\";s:1:\"1\";s:27:\"can_delete_invoice_payments\";s:1:\"1\";s:34:\"can_access_purchase_order_payments\";s:1:\"1\";s:34:\"can_create_purchase_order_payments\";s:1:\"1\";s:32:\"can_edit_purchase_order_payments\";s:1:\"1\";s:34:\"can_delete_purchase_order_payments\";s:1:\"1\";s:19:\"can_access_contacts\";s:1:\"1\";s:19:\"can_create_contacts\";s:1:\"1\";s:17:\"can_edit_contacts\";s:1:\"1\";s:19:\"can_delete_contacts\";s:1:\"1\";s:25:\"contact_manage_permission\";s:3:\"all\";s:34:\"contact_manage_permission_specific\";s:0:\"\";s:18:\"can_access_clients\";s:1:\"1\";s:18:\"can_create_clients\";s:1:\"1\";s:16:\"can_edit_clients\";s:1:\"1\";s:18:\"can_delete_clients\";s:1:\"1\";s:24:\"client_manage_permission\";s:3:\"all\";s:33:\"client_manage_permission_specific\";s:19:\"member:38,member:37\";s:19:\"can_access_invoices\";s:1:\"1\";s:19:\"can_create_invoices\";s:1:\"1\";s:17:\"can_edit_invoices\";s:1:\"1\";s:19:\"can_delete_invoices\";s:1:\"1\";s:25:\"invoice_manage_permission\";s:3:\"all\";s:34:\"invoice_manage_permission_specific\";s:19:\"member:38,member:37\";s:20:\"can_access_estimates\";s:1:\"1\";s:20:\"can_create_estimates\";s:1:\"1\";s:18:\"can_edit_estimates\";s:1:\"1\";s:20:\"can_delete_estimates\";s:1:\"1\";s:26:\"estimate_manage_permission\";s:3:\"all\";s:35:\"estimate_manage_permission_specific\";s:19:\"member:38,member:37\";s:16:\"estimate_request\";s:3:\"all\";s:8:\"discount\";i:0;s:8:\"expenses\";s:3:\"all\";s:9:\"estimates\";s:3:\"all\";s:8:\"invoices\";s:3:\"all\";s:16:\"invoice_payments\";s:3:\"all\";s:14:\"delivery_notes\";s:3:\"all\";s:15:\"purchase_orders\";s:3:\"all\";s:23:\"purchase_order_payments\";s:3:\"all\";s:8:\"payrolls\";N;s:21:\"internal_transactions\";N;}',0),(2,'تنسيق إداري وتنفيذي / Secretary','a:115:{s:5:\"leave\";s:3:\"all\";s:14:\"leave_specific\";s:0:\"\";s:10:\"attendance\";N;s:19:\"attendance_specific\";s:0:\"\";s:7:\"invoice\";N;s:8:\"estimate\";N;s:7:\"expense\";N;s:6:\"client\";N;s:4:\"lead\";N;s:6:\"ticket\";N;s:15:\"ticket_specific\";s:0:\"\";s:12:\"announcement\";s:3:\"all\";s:23:\"help_and_knowledge_base\";s:3:\"all\";s:23:\"can_manage_all_projects\";s:1:\"1\";s:19:\"can_create_projects\";s:1:\"1\";s:17:\"can_edit_projects\";s:1:\"1\";s:19:\"can_delete_projects\";s:1:\"1\";s:30:\"can_add_remove_project_members\";s:1:\"1\";s:16:\"can_create_tasks\";s:1:\"1\";s:14:\"can_edit_tasks\";s:1:\"1\";s:16:\"can_delete_tasks\";s:1:\"1\";s:20:\"can_comment_on_tasks\";s:1:\"1\";s:24:\"show_assigned_tasks_only\";N;s:21:\"can_create_milestones\";s:1:\"1\";s:19:\"can_edit_milestones\";s:1:\"1\";s:21:\"can_delete_milestones\";s:1:\"1\";s:16:\"can_delete_files\";s:1:\"1\";s:34:\"can_view_team_members_contact_info\";s:1:\"1\";s:34:\"can_view_team_members_social_links\";s:1:\"1\";s:29:\"team_member_update_permission\";s:3:\"all\";s:38:\"team_member_update_permission_specific\";s:0:\"\";s:27:\"timesheet_manage_permission\";s:3:\"all\";s:36:\"timesheet_manage_permission_specific\";s:0:\"\";s:21:\"disable_event_sharing\";s:1:\"1\";s:22:\"hide_team_members_list\";s:1:\"0\";s:28:\"can_delete_leave_application\";s:1:\"1\";s:10:\"accounting\";s:3:\"all\";s:7:\"payroll\";s:3:\"all\";s:5:\"eroom\";s:3:\"all\";s:4:\"logs\";s:3:\"all\";s:7:\"reports\";s:3:\"all\";s:25:\"can_access_delivery_notes\";N;s:25:\"can_create_delivery_notes\";N;s:23:\"can_edit_delivery_notes\";N;s:25:\"can_delete_delivery_notes\";N;s:31:\"delivery_note_manage_permission\";N;s:40:\"delivery_note_manage_permission_specific\";s:0:\"\";s:20:\"can_access_suppliers\";N;s:20:\"can_create_suppliers\";N;s:18:\"can_edit_suppliers\";N;s:20:\"can_delete_suppliers\";N;s:26:\"supplier_manage_permission\";N;s:35:\"supplier_manage_permission_specific\";s:0:\"\";s:26:\"can_access_purchase_orders\";N;s:26:\"can_create_purchase_orders\";N;s:24:\"can_edit_purchase_orders\";N;s:26:\"can_delete_purchase_orders\";N;s:32:\"purchase_order_manage_permission\";N;s:41:\"purchase_order_manage_permission_specific\";s:0:\"\";s:16:\"can_access_items\";N;s:16:\"can_create_items\";N;s:14:\"can_edit_items\";N;s:16:\"can_delete_items\";N;s:22:\"item_manage_permission\";N;s:31:\"item_manage_permission_specific\";s:0:\"\";s:19:\"can_access_expenses\";N;s:19:\"can_create_expenses\";N;s:17:\"can_edit_expenses\";N;s:19:\"can_delete_expenses\";N;s:25:\"expense_manage_permission\";N;s:34:\"expense_manage_permission_specific\";s:0:\"\";s:20:\"internal_transaction\";N;s:27:\"can_access_invoice_payments\";N;s:27:\"can_create_invoice_payments\";N;s:25:\"can_edit_invoice_payments\";N;s:27:\"can_delete_invoice_payments\";N;s:34:\"can_access_purchase_order_payments\";N;s:34:\"can_create_purchase_order_payments\";N;s:32:\"can_edit_purchase_order_payments\";N;s:34:\"can_delete_purchase_order_payments\";N;s:19:\"can_access_contacts\";N;s:19:\"can_create_contacts\";N;s:17:\"can_edit_contacts\";N;s:19:\"can_delete_contacts\";N;s:25:\"contact_manage_permission\";N;s:34:\"contact_manage_permission_specific\";s:0:\"\";s:18:\"can_access_clients\";N;s:18:\"can_create_clients\";N;s:16:\"can_edit_clients\";N;s:18:\"can_delete_clients\";N;s:24:\"client_manage_permission\";N;s:33:\"client_manage_permission_specific\";s:0:\"\";s:19:\"can_access_invoices\";N;s:19:\"can_create_invoices\";N;s:17:\"can_edit_invoices\";N;s:19:\"can_delete_invoices\";N;s:25:\"invoice_manage_permission\";N;s:34:\"invoice_manage_permission_specific\";s:0:\"\";s:20:\"can_access_estimates\";N;s:20:\"can_create_estimates\";N;s:18:\"can_edit_estimates\";N;s:20:\"can_delete_estimates\";N;s:26:\"estimate_manage_permission\";N;s:35:\"estimate_manage_permission_specific\";s:0:\"\";s:16:\"estimate_request\";N;s:8:\"discount\";i:0;s:8:\"expenses\";s:0:\"\";s:9:\"estimates\";s:0:\"\";s:8:\"invoices\";s:0:\"\";s:16:\"invoice_payments\";s:0:\"\";s:14:\"delivery_notes\";s:0:\"\";s:15:\"purchase_orders\";s:0:\"\";s:23:\"purchase_order_payments\";s:0:\"\";s:8:\"payrolls\";N;s:21:\"internal_transactions\";N;}',0),(3,'التسويق - مبيعات /marketing','a:115:{s:5:\"leave\";N;s:14:\"leave_specific\";s:0:\"\";s:10:\"attendance\";N;s:19:\"attendance_specific\";s:0:\"\";s:7:\"invoice\";N;s:8:\"estimate\";N;s:7:\"expense\";N;s:6:\"client\";N;s:4:\"lead\";N;s:6:\"ticket\";N;s:15:\"ticket_specific\";s:0:\"\";s:12:\"announcement\";N;s:23:\"help_and_knowledge_base\";N;s:23:\"can_manage_all_projects\";N;s:19:\"can_create_projects\";N;s:17:\"can_edit_projects\";N;s:19:\"can_delete_projects\";N;s:30:\"can_add_remove_project_members\";s:1:\"1\";s:16:\"can_create_tasks\";s:1:\"1\";s:14:\"can_edit_tasks\";s:1:\"1\";s:16:\"can_delete_tasks\";N;s:20:\"can_comment_on_tasks\";s:1:\"1\";s:24:\"show_assigned_tasks_only\";N;s:21:\"can_create_milestones\";N;s:19:\"can_edit_milestones\";N;s:21:\"can_delete_milestones\";N;s:16:\"can_delete_files\";s:1:\"1\";s:34:\"can_view_team_members_contact_info\";N;s:34:\"can_view_team_members_social_links\";N;s:29:\"team_member_update_permission\";N;s:38:\"team_member_update_permission_specific\";s:0:\"\";s:27:\"timesheet_manage_permission\";s:3:\"all\";s:36:\"timesheet_manage_permission_specific\";s:0:\"\";s:21:\"disable_event_sharing\";N;s:22:\"hide_team_members_list\";N;s:28:\"can_delete_leave_application\";N;s:10:\"accounting\";N;s:7:\"payroll\";N;s:5:\"eroom\";N;s:4:\"logs\";N;s:7:\"reports\";N;s:25:\"can_access_delivery_notes\";N;s:25:\"can_create_delivery_notes\";N;s:23:\"can_edit_delivery_notes\";N;s:25:\"can_delete_delivery_notes\";N;s:31:\"delivery_note_manage_permission\";N;s:40:\"delivery_note_manage_permission_specific\";s:0:\"\";s:20:\"can_access_suppliers\";N;s:20:\"can_create_suppliers\";N;s:18:\"can_edit_suppliers\";N;s:20:\"can_delete_suppliers\";N;s:26:\"supplier_manage_permission\";N;s:35:\"supplier_manage_permission_specific\";s:0:\"\";s:26:\"can_access_purchase_orders\";N;s:26:\"can_create_purchase_orders\";N;s:24:\"can_edit_purchase_orders\";N;s:26:\"can_delete_purchase_orders\";N;s:32:\"purchase_order_manage_permission\";N;s:41:\"purchase_order_manage_permission_specific\";s:0:\"\";s:16:\"can_access_items\";N;s:16:\"can_create_items\";N;s:14:\"can_edit_items\";N;s:16:\"can_delete_items\";N;s:22:\"item_manage_permission\";N;s:31:\"item_manage_permission_specific\";s:0:\"\";s:19:\"can_access_expenses\";N;s:19:\"can_create_expenses\";N;s:17:\"can_edit_expenses\";N;s:19:\"can_delete_expenses\";N;s:25:\"expense_manage_permission\";N;s:34:\"expense_manage_permission_specific\";s:0:\"\";s:20:\"internal_transaction\";N;s:27:\"can_access_invoice_payments\";N;s:27:\"can_create_invoice_payments\";N;s:25:\"can_edit_invoice_payments\";N;s:27:\"can_delete_invoice_payments\";N;s:34:\"can_access_purchase_order_payments\";N;s:34:\"can_create_purchase_order_payments\";N;s:32:\"can_edit_purchase_order_payments\";N;s:34:\"can_delete_purchase_order_payments\";N;s:19:\"can_access_contacts\";N;s:19:\"can_create_contacts\";N;s:17:\"can_edit_contacts\";N;s:19:\"can_delete_contacts\";N;s:25:\"contact_manage_permission\";s:0:\"\";s:34:\"contact_manage_permission_specific\";s:0:\"\";s:18:\"can_access_clients\";N;s:18:\"can_create_clients\";N;s:16:\"can_edit_clients\";N;s:18:\"can_delete_clients\";N;s:24:\"client_manage_permission\";N;s:33:\"client_manage_permission_specific\";s:0:\"\";s:19:\"can_access_invoices\";N;s:19:\"can_create_invoices\";N;s:17:\"can_edit_invoices\";N;s:19:\"can_delete_invoices\";N;s:25:\"invoice_manage_permission\";N;s:34:\"invoice_manage_permission_specific\";s:0:\"\";s:20:\"can_access_estimates\";N;s:20:\"can_create_estimates\";N;s:18:\"can_edit_estimates\";N;s:20:\"can_delete_estimates\";N;s:26:\"estimate_manage_permission\";N;s:35:\"estimate_manage_permission_specific\";s:0:\"\";s:16:\"estimate_request\";N;s:8:\"discount\";i:0;s:8:\"expenses\";N;s:9:\"estimates\";N;s:8:\"invoices\";N;s:16:\"invoice_payments\";N;s:14:\"delivery_notes\";N;s:15:\"purchase_orders\";N;s:23:\"purchase_order_payments\";N;s:8:\"payrolls\";N;s:21:\"internal_transactions\";N;}',0),(4,'خدمة عملاء / Customer Service','a:115:{s:5:\"leave\";N;s:14:\"leave_specific\";s:0:\"\";s:10:\"attendance\";N;s:19:\"attendance_specific\";s:0:\"\";s:7:\"invoice\";N;s:8:\"estimate\";N;s:7:\"expense\";N;s:6:\"client\";N;s:4:\"lead\";N;s:6:\"ticket\";N;s:15:\"ticket_specific\";s:0:\"\";s:12:\"announcement\";N;s:23:\"help_and_knowledge_base\";N;s:23:\"can_manage_all_projects\";s:1:\"0\";s:19:\"can_create_projects\";N;s:17:\"can_edit_projects\";N;s:19:\"can_delete_projects\";N;s:30:\"can_add_remove_project_members\";N;s:16:\"can_create_tasks\";N;s:14:\"can_edit_tasks\";N;s:16:\"can_delete_tasks\";N;s:20:\"can_comment_on_tasks\";s:1:\"1\";s:24:\"show_assigned_tasks_only\";N;s:21:\"can_create_milestones\";N;s:19:\"can_edit_milestones\";N;s:21:\"can_delete_milestones\";N;s:16:\"can_delete_files\";s:1:\"1\";s:34:\"can_view_team_members_contact_info\";N;s:34:\"can_view_team_members_social_links\";N;s:29:\"team_member_update_permission\";N;s:38:\"team_member_update_permission_specific\";s:0:\"\";s:27:\"timesheet_manage_permission\";s:3:\"all\";s:36:\"timesheet_manage_permission_specific\";s:0:\"\";s:21:\"disable_event_sharing\";N;s:22:\"hide_team_members_list\";N;s:28:\"can_delete_leave_application\";N;s:10:\"accounting\";N;s:7:\"payroll\";N;s:5:\"eroom\";N;s:4:\"logs\";N;s:7:\"reports\";N;s:25:\"can_access_delivery_notes\";N;s:25:\"can_create_delivery_notes\";N;s:23:\"can_edit_delivery_notes\";N;s:25:\"can_delete_delivery_notes\";N;s:31:\"delivery_note_manage_permission\";N;s:40:\"delivery_note_manage_permission_specific\";s:0:\"\";s:20:\"can_access_suppliers\";N;s:20:\"can_create_suppliers\";N;s:18:\"can_edit_suppliers\";N;s:20:\"can_delete_suppliers\";N;s:26:\"supplier_manage_permission\";N;s:35:\"supplier_manage_permission_specific\";s:0:\"\";s:26:\"can_access_purchase_orders\";N;s:26:\"can_create_purchase_orders\";N;s:24:\"can_edit_purchase_orders\";N;s:26:\"can_delete_purchase_orders\";N;s:32:\"purchase_order_manage_permission\";N;s:41:\"purchase_order_manage_permission_specific\";s:0:\"\";s:16:\"can_access_items\";N;s:16:\"can_create_items\";N;s:14:\"can_edit_items\";N;s:16:\"can_delete_items\";N;s:22:\"item_manage_permission\";N;s:31:\"item_manage_permission_specific\";s:0:\"\";s:19:\"can_access_expenses\";N;s:19:\"can_create_expenses\";N;s:17:\"can_edit_expenses\";N;s:19:\"can_delete_expenses\";N;s:25:\"expense_manage_permission\";N;s:34:\"expense_manage_permission_specific\";s:0:\"\";s:20:\"internal_transaction\";N;s:27:\"can_access_invoice_payments\";N;s:27:\"can_create_invoice_payments\";N;s:25:\"can_edit_invoice_payments\";N;s:27:\"can_delete_invoice_payments\";N;s:34:\"can_access_purchase_order_payments\";N;s:34:\"can_create_purchase_order_payments\";N;s:32:\"can_edit_purchase_order_payments\";N;s:34:\"can_delete_purchase_order_payments\";N;s:19:\"can_access_contacts\";N;s:19:\"can_create_contacts\";N;s:17:\"can_edit_contacts\";N;s:19:\"can_delete_contacts\";N;s:25:\"contact_manage_permission\";N;s:34:\"contact_manage_permission_specific\";s:0:\"\";s:18:\"can_access_clients\";N;s:18:\"can_create_clients\";N;s:16:\"can_edit_clients\";N;s:18:\"can_delete_clients\";N;s:24:\"client_manage_permission\";N;s:33:\"client_manage_permission_specific\";s:0:\"\";s:19:\"can_access_invoices\";N;s:19:\"can_create_invoices\";N;s:17:\"can_edit_invoices\";N;s:19:\"can_delete_invoices\";N;s:25:\"invoice_manage_permission\";N;s:34:\"invoice_manage_permission_specific\";s:0:\"\";s:20:\"can_access_estimates\";N;s:20:\"can_create_estimates\";N;s:18:\"can_edit_estimates\";N;s:20:\"can_delete_estimates\";N;s:26:\"estimate_manage_permission\";N;s:35:\"estimate_manage_permission_specific\";s:0:\"\";s:16:\"estimate_request\";N;s:8:\"discount\";i:0;s:8:\"expenses\";N;s:9:\"estimates\";N;s:8:\"invoices\";N;s:16:\"invoice_payments\";N;s:14:\"delivery_notes\";N;s:15:\"purchase_orders\";N;s:23:\"purchase_order_payments\";N;s:8:\"payrolls\";N;s:21:\"internal_transactions\";N;}',0),(5,'موظف العمليات','a:115:{s:5:\"leave\";N;s:14:\"leave_specific\";s:0:\"\";s:10:\"attendance\";N;s:19:\"attendance_specific\";s:0:\"\";s:7:\"invoice\";N;s:8:\"estimate\";N;s:7:\"expense\";N;s:6:\"client\";N;s:4:\"lead\";N;s:6:\"ticket\";N;s:15:\"ticket_specific\";s:0:\"\";s:12:\"announcement\";N;s:23:\"help_and_knowledge_base\";N;s:23:\"can_manage_all_projects\";N;s:19:\"can_create_projects\";N;s:17:\"can_edit_projects\";N;s:19:\"can_delete_projects\";N;s:30:\"can_add_remove_project_members\";N;s:16:\"can_create_tasks\";s:1:\"1\";s:14:\"can_edit_tasks\";s:1:\"1\";s:16:\"can_delete_tasks\";s:1:\"1\";s:20:\"can_comment_on_tasks\";s:1:\"1\";s:24:\"show_assigned_tasks_only\";N;s:21:\"can_create_milestones\";N;s:19:\"can_edit_milestones\";N;s:21:\"can_delete_milestones\";N;s:16:\"can_delete_files\";s:1:\"1\";s:34:\"can_view_team_members_contact_info\";N;s:34:\"can_view_team_members_social_links\";N;s:29:\"team_member_update_permission\";N;s:38:\"team_member_update_permission_specific\";s:0:\"\";s:27:\"timesheet_manage_permission\";s:3:\"all\";s:36:\"timesheet_manage_permission_specific\";s:0:\"\";s:21:\"disable_event_sharing\";N;s:22:\"hide_team_members_list\";N;s:28:\"can_delete_leave_application\";N;s:10:\"accounting\";N;s:7:\"payroll\";N;s:5:\"eroom\";N;s:4:\"logs\";N;s:7:\"reports\";N;s:25:\"can_access_delivery_notes\";N;s:25:\"can_create_delivery_notes\";N;s:23:\"can_edit_delivery_notes\";N;s:25:\"can_delete_delivery_notes\";N;s:31:\"delivery_note_manage_permission\";N;s:40:\"delivery_note_manage_permission_specific\";s:0:\"\";s:20:\"can_access_suppliers\";N;s:20:\"can_create_suppliers\";N;s:18:\"can_edit_suppliers\";N;s:20:\"can_delete_suppliers\";N;s:26:\"supplier_manage_permission\";N;s:35:\"supplier_manage_permission_specific\";s:0:\"\";s:26:\"can_access_purchase_orders\";N;s:26:\"can_create_purchase_orders\";N;s:24:\"can_edit_purchase_orders\";N;s:26:\"can_delete_purchase_orders\";N;s:32:\"purchase_order_manage_permission\";N;s:41:\"purchase_order_manage_permission_specific\";s:0:\"\";s:16:\"can_access_items\";N;s:16:\"can_create_items\";N;s:14:\"can_edit_items\";N;s:16:\"can_delete_items\";N;s:22:\"item_manage_permission\";N;s:31:\"item_manage_permission_specific\";s:0:\"\";s:19:\"can_access_expenses\";N;s:19:\"can_create_expenses\";N;s:17:\"can_edit_expenses\";N;s:19:\"can_delete_expenses\";N;s:25:\"expense_manage_permission\";N;s:34:\"expense_manage_permission_specific\";s:0:\"\";s:20:\"internal_transaction\";N;s:27:\"can_access_invoice_payments\";N;s:27:\"can_create_invoice_payments\";N;s:25:\"can_edit_invoice_payments\";N;s:27:\"can_delete_invoice_payments\";N;s:34:\"can_access_purchase_order_payments\";N;s:34:\"can_create_purchase_order_payments\";N;s:32:\"can_edit_purchase_order_payments\";N;s:34:\"can_delete_purchase_order_payments\";N;s:19:\"can_access_contacts\";N;s:19:\"can_create_contacts\";N;s:17:\"can_edit_contacts\";N;s:19:\"can_delete_contacts\";N;s:25:\"contact_manage_permission\";N;s:34:\"contact_manage_permission_specific\";s:0:\"\";s:18:\"can_access_clients\";N;s:18:\"can_create_clients\";N;s:16:\"can_edit_clients\";N;s:18:\"can_delete_clients\";N;s:24:\"client_manage_permission\";N;s:33:\"client_manage_permission_specific\";s:0:\"\";s:19:\"can_access_invoices\";N;s:19:\"can_create_invoices\";N;s:17:\"can_edit_invoices\";N;s:19:\"can_delete_invoices\";N;s:25:\"invoice_manage_permission\";N;s:34:\"invoice_manage_permission_specific\";s:0:\"\";s:20:\"can_access_estimates\";N;s:20:\"can_create_estimates\";N;s:18:\"can_edit_estimates\";N;s:20:\"can_delete_estimates\";N;s:26:\"estimate_manage_permission\";N;s:35:\"estimate_manage_permission_specific\";s:0:\"\";s:16:\"estimate_request\";N;s:8:\"discount\";i:0;s:8:\"expenses\";N;s:9:\"estimates\";N;s:8:\"invoices\";N;s:16:\"invoice_payments\";N;s:14:\"delivery_notes\";N;s:15:\"purchase_orders\";N;s:23:\"purchase_order_payments\";N;s:8:\"payrolls\";N;s:21:\"internal_transactions\";N;}',0),(6,'موظف مساعد','a:115:{s:5:\"leave\";N;s:14:\"leave_specific\";s:0:\"\";s:10:\"attendance\";N;s:19:\"attendance_specific\";s:0:\"\";s:7:\"invoice\";N;s:8:\"estimate\";N;s:7:\"expense\";N;s:6:\"client\";N;s:4:\"lead\";N;s:6:\"ticket\";N;s:15:\"ticket_specific\";s:0:\"\";s:12:\"announcement\";N;s:23:\"help_and_knowledge_base\";N;s:23:\"can_manage_all_projects\";N;s:19:\"can_create_projects\";s:1:\"1\";s:17:\"can_edit_projects\";s:1:\"1\";s:19:\"can_delete_projects\";s:1:\"1\";s:30:\"can_add_remove_project_members\";s:1:\"1\";s:16:\"can_create_tasks\";s:1:\"1\";s:14:\"can_edit_tasks\";s:1:\"1\";s:16:\"can_delete_tasks\";s:1:\"1\";s:20:\"can_comment_on_tasks\";s:1:\"1\";s:24:\"show_assigned_tasks_only\";N;s:21:\"can_create_milestones\";N;s:19:\"can_edit_milestones\";s:1:\"1\";s:21:\"can_delete_milestones\";s:1:\"1\";s:16:\"can_delete_files\";s:1:\"1\";s:34:\"can_view_team_members_contact_info\";N;s:34:\"can_view_team_members_social_links\";N;s:29:\"team_member_update_permission\";N;s:38:\"team_member_update_permission_specific\";s:0:\"\";s:27:\"timesheet_manage_permission\";s:3:\"all\";s:36:\"timesheet_manage_permission_specific\";s:0:\"\";s:21:\"disable_event_sharing\";N;s:22:\"hide_team_members_list\";N;s:28:\"can_delete_leave_application\";N;s:10:\"accounting\";N;s:7:\"payroll\";N;s:5:\"eroom\";N;s:4:\"logs\";N;s:7:\"reports\";N;s:25:\"can_access_delivery_notes\";N;s:25:\"can_create_delivery_notes\";N;s:23:\"can_edit_delivery_notes\";N;s:25:\"can_delete_delivery_notes\";N;s:31:\"delivery_note_manage_permission\";N;s:40:\"delivery_note_manage_permission_specific\";s:0:\"\";s:20:\"can_access_suppliers\";N;s:20:\"can_create_suppliers\";N;s:18:\"can_edit_suppliers\";N;s:20:\"can_delete_suppliers\";N;s:26:\"supplier_manage_permission\";N;s:35:\"supplier_manage_permission_specific\";s:0:\"\";s:26:\"can_access_purchase_orders\";N;s:26:\"can_create_purchase_orders\";N;s:24:\"can_edit_purchase_orders\";N;s:26:\"can_delete_purchase_orders\";N;s:32:\"purchase_order_manage_permission\";N;s:41:\"purchase_order_manage_permission_specific\";s:0:\"\";s:16:\"can_access_items\";N;s:16:\"can_create_items\";N;s:14:\"can_edit_items\";N;s:16:\"can_delete_items\";N;s:22:\"item_manage_permission\";N;s:31:\"item_manage_permission_specific\";s:0:\"\";s:19:\"can_access_expenses\";N;s:19:\"can_create_expenses\";N;s:17:\"can_edit_expenses\";N;s:19:\"can_delete_expenses\";N;s:25:\"expense_manage_permission\";N;s:34:\"expense_manage_permission_specific\";s:0:\"\";s:20:\"internal_transaction\";N;s:27:\"can_access_invoice_payments\";N;s:27:\"can_create_invoice_payments\";N;s:25:\"can_edit_invoice_payments\";N;s:27:\"can_delete_invoice_payments\";N;s:34:\"can_access_purchase_order_payments\";N;s:34:\"can_create_purchase_order_payments\";N;s:32:\"can_edit_purchase_order_payments\";N;s:34:\"can_delete_purchase_order_payments\";N;s:19:\"can_access_contacts\";N;s:19:\"can_create_contacts\";N;s:17:\"can_edit_contacts\";N;s:19:\"can_delete_contacts\";N;s:25:\"contact_manage_permission\";N;s:34:\"contact_manage_permission_specific\";s:0:\"\";s:18:\"can_access_clients\";N;s:18:\"can_create_clients\";N;s:16:\"can_edit_clients\";N;s:18:\"can_delete_clients\";N;s:24:\"client_manage_permission\";N;s:33:\"client_manage_permission_specific\";s:0:\"\";s:19:\"can_access_invoices\";N;s:19:\"can_create_invoices\";N;s:17:\"can_edit_invoices\";N;s:19:\"can_delete_invoices\";N;s:25:\"invoice_manage_permission\";N;s:34:\"invoice_manage_permission_specific\";s:0:\"\";s:20:\"can_access_estimates\";N;s:20:\"can_create_estimates\";N;s:18:\"can_edit_estimates\";N;s:20:\"can_delete_estimates\";N;s:26:\"estimate_manage_permission\";N;s:35:\"estimate_manage_permission_specific\";s:0:\"\";s:16:\"estimate_request\";N;s:8:\"discount\";i:0;s:8:\"expenses\";N;s:9:\"estimates\";N;s:8:\"invoices\";N;s:16:\"invoice_payments\";N;s:14:\"delivery_notes\";N;s:15:\"purchase_orders\";N;s:23:\"purchase_order_payments\";N;s:8:\"payrolls\";N;s:21:\"internal_transactions\";N;}',0);

--
-- Table structure for table `ASHAL_EDUCATION_AND__BUSINESS_LLCsalary_advance`
--

CREATE TABLE `ASHAL_EDUCATION_AND__BUSINESS_LLCsalary_advance` (
  `id` int(11) NOT NULL AUTO_INCREMENT,
  `user_id` int(11) DEFAULT NULL,
  `amount` float NOT NULL DEFAULT '0',
  `date` date DEFAULT NULL,
  `deleted` tinyint(1) DEFAULT '0',
  PRIMARY KEY (`id`)
) ENGINE=InnoDB DEFAULT CHARSET=utf8 COLLATE=utf8_unicode_ci;

--
-- Dumping data for table `ASHAL_EDUCATION_AND__BUSINESS_LLCsalary_advance`
--


--
-- Table structure for table `ASHAL_EDUCATION_AND__BUSINESS_LLCsale_return_items`
--

CREATE TABLE `ASHAL_EDUCATION_AND__BUSINESS_LLCsale_return_items` (
  `id` int(11) NOT NULL AUTO_INCREMENT,
  `sale_return_id` int(11) NOT NULL,
  `item_id` int(11) NOT NULL,
  `invoice_item_id` int(11) NOT NULL,
  `quantity` double NOT NULL DEFAULT '0',
  `deleted` int(1) NOT NULL DEFAULT '0',
  `sort` int(11) NOT NULL DEFAULT '0',
  PRIMARY KEY (`id`)
) ENGINE=InnoDB DEFAULT CHARSET=utf8 COLLATE=utf8_unicode_ci;

--
-- Dumping data for table `ASHAL_EDUCATION_AND__BUSINESS_LLCsale_return_items`
--


--
-- Table structure for table `ASHAL_EDUCATION_AND__BUSINESS_LLCsale_returns`
--

CREATE TABLE `ASHAL_EDUCATION_AND__BUSINESS_LLCsale_returns` (
  `id` int(11) NOT NULL AUTO_INCREMENT,
  `invoice_id` int(11) NOT NULL,
  `client_id` int(11) NOT NULL DEFAULT '0',
  `payment_method_id` int(11) DEFAULT '0',
  `transaction_id` int(11) DEFAULT '0',
  `date` date NOT NULL,
  `status` enum('draft','approved') COLLATE utf8_unicode_ci DEFAULT 'draft',
  `note` text COLLATE utf8_unicode_ci,
  `deleted` int(1) NOT NULL DEFAULT '0',
  PRIMARY KEY (`id`)
) ENGINE=InnoDB DEFAULT CHARSET=utf8 COLLATE=utf8_unicode_ci;

--
-- Dumping data for table `ASHAL_EDUCATION_AND__BUSINESS_LLCsale_returns`
--


--
-- Table structure for table `ASHAL_EDUCATION_AND__BUSINESS_LLCsettings`
--

CREATE TABLE `ASHAL_EDUCATION_AND__BUSINESS_LLCsettings` (
  `setting_name` varchar(100) COLLATE utf8_unicode_ci NOT NULL,
  `setting_value` mediumtext COLLATE utf8_unicode_ci NOT NULL,
  `type` varchar(20) COLLATE utf8_unicode_ci NOT NULL DEFAULT 'app',
  `deleted` tinyint(1) NOT NULL DEFAULT '0',
  UNIQUE KEY `setting_name` (`setting_name`)
) ENGINE=InnoDB DEFAULT CHARSET=utf8 COLLATE=utf8_unicode_ci;

--
-- Dumping data for table `ASHAL_EDUCATION_AND__BUSINESS_LLCsettings`
--

INSERT INTO `ASHAL_EDUCATION_AND__BUSINESS_LLCsettings` VALUES ('accepted_file_formats','jpg,jpeg,doc,pdf,csv,pptx,xlsx,docx,png,rar','app',0),('allow_partial_invoice_payment_from_clients','','app',0),('allowed_ip_addresses','','app',0),('app_title','Teamway ERP','app',0),('attendance_password','94269935','app',0),('client_can_add_project_files','1','app',0),('client_can_comment_on_files','1','app',0),('client_can_comment_on_tasks','1','app',0),('client_can_create_projects','1','app',0),('client_can_create_tasks','1','app',0),('client_can_edit_tasks','1','app',0),('client_can_view_activity','1','app',0),('client_can_view_gantt','1','app',0),('client_can_view_milestones','1','app',0),('client_can_view_overview','1','app',0),('client_can_view_project_files','1','app',0),('client_can_view_tasks','1','app',0),('client_default_dashboard','','app',0),('client_message_own_contacts','1','app',0),('client_message_users','5','app',0),('company_address','• منصة أسهل التعليمية.\n• منصة وشيك للتدريب.\n• استوديو مكان الفنــي.','app',0),('company_email','info@ashal.om','app',0),('company_name','أسهل للتعليم والأعمال ش.م.م','app',0),('company_phone','','app',0),('company_vat_number','','app',0),('company_website','www.ashalgruop.om','app',0),('currency_position','left','app',0),('currency_symbol','OMR','app',0),('date_format','Y/m/d','app',0),('decimal_separator','.','app',0),('default_bank','900','app',0),('default_currency','OMR','app',0),('default_due_date_after_billing_date','','app',0),('disable_client_login','1','app',0),('disable_client_signup','1','app',0),('email_protocol','','app',0),('email_sent_from_address','info@teamway.om','app',0),('email_sent_from_name','Teamway','app',0),('email_smtp_host','','app',0),('email_smtp_pass','','app',0),('email_smtp_port','','app',0),('email_smtp_security_type','none','app',0),('email_smtp_user','','app',0),('enable_attendance','','app',0),('enable_email_piping','','app',0),('enable_google_calendar_api','','app',0),('enable_push_notification','','app',0),('enable_recurring_option_for_tasks','1','app',0),('enable_rich_text_editor','1','app',0),('estimate_color','','app',0),('estimate_logo','a:1:{s:9:\"file_name\";s:36:\"_file622dc8a0e52cd-estimate-logo.png\";}','app',0),('favicon','','app',0),('first_day_of_week','0','app',0),('hidden_client_menus','','app',0),('imap_email','info@teamway.om','app',0),('imap_host','','app',0),('imap_password','00000','app',0),('imap_port','','app',0),('imap_ssl_enabled','1','app',0),('initial_number_of_the_estimate','17','app',0),('initial_number_of_the_invoice','5','app',0),('invoice_color','#054d7f ','app',0),('invoice_footer','<p><br></p>','app',0),('invoice_logo','a:1:{s:9:\"file_name\";s:35:\"_file62274ee106e62-invoice-logo.png\";}','app',0),('invoice_prefix','','app',0),('item_purchase_code','53434654','app',0),('language','arabic','app',0),('module_announcement','1','app',0),('module_attendance','','app',0),('module_chat','1','app',0),('module_estimate','1','app',0),('module_estimate_request','','app',0),('module_event','1','app',0),('module_expense','1','app',0),('module_help','','app',0),('module_invoice','1','app',0),('module_knowledge_base','1','app',0),('module_lead','1','app',0),('module_leave','1','app',0),('module_message','1','app',0),('module_note','1','app',0),('module_project_timesheet','','app',0),('module_ticket','','app',0),('module_timeline','1','app',0),('module_todo','1','app',0),('no_of_decimals','2','app',0),('project_reference_in_tickets','1','app',0),('project_task_deadline_overdue_reminder','1','app',0),('project_task_deadline_pre_reminder','1','app',0),('project_task_reminder_on_the_day_of_deadline','1','app',0),('pusher_app_id','929038','app',0),('pusher_cluster','eu','app',0),('pusher_key','2cbc86a72bfa9a85b0e5','app',0),('pusher_secret','53077cbb420c5e79c8f6','app',0),('rows_per_page','100','app',0),('scrollbar','jquery','app',0),('send_bcc_to','','app',0),('send_estimate_bcc_to','info@ashal.om','app',0),('show_background_image_in_signin_page','yes','app',0),('show_logo_in_signin_page','yes','app',0),('show_recent_ticket_comments_at_the_top','1','app',0),('signin_page_background','','app',0),('site_logo','','app',0),('ticket_prefix','','app',0),('time_format','capital','app',0),('timezone','Asia/Muscat','app',0),('user_1_allowed_distance','100000','user',0),('user_1_dashboard','','user',0),('user_1_disable_push_notification','0','user',0),('user_1_hidden_topbar_menus','','user',0),('user_1_location','23.620058326708097,58.24233084570313','user',0),('user_1_notification_sound_volume','4','user',0),('user_1_personal_language','english','user',0),('user_10_dashboard','','user',0),('user_10_personal_language','english','user',0),('user_11_dashboard','','user',0),('user_2_dashboard','','user',0),('user_21_dashboard','','user',0),('user_21_personal_language','english','user',0),('user_23_dashboard','','user',0),('user_24_dashboard','','user',0),('user_24_personal_language','arabic','user',0),('user_25_dashboard','','user',0),('user_25_personal_language','english','user',0),('user_3_dashboard','','user',0),('user_36_dashboard','','user',0),('user_36_personal_language','arabic','user',0),('user_37_dashboard','','user',0),('user_37_personal_language','arabic','user',0),('user_38_dashboard','','user',0),('user_38_personal_language','english','user',0),('user_39_dashboard','','user',0),('user_4_dashboard','','user',0),('user_40_dashboard','','user',0),('user_40_personal_language','arabic','user',0),('user_41_dashboard','','user',0),('user_42_dashboard','','user',0),('user_42_personal_language','english','user',0),('user_43_dashboard','','user',0),('user_43_personal_language','english','user',0),('user_44_dashboard','','user',0),('user_44_personal_language','arabic','user',0),('user_45_dashboard','','user',0),('user_46_dashboard','','user',0),('user_46_personal_language','arabic','user',0),('user_47_dashboard','','user',0),('user_47_personal_language','arabic','user',0),('user_48_dashboard','','user',0),('user_49_dashboard','','user',0),('user_5_allowed_distance','100000000','user',0),('user_5_dashboard','6','user',0),('user_5_disable_push_notification','1','user',0),('user_5_hidden_topbar_menus','','user',0),('user_5_location','23.673522614041882,57.680654820312505','user',0),('user_5_notification_sound_volume','7','user',0),('user_5_personal_language','english','user',0),('user_50_dashboard','','user',0),('user_50_personal_language','english','user',0),('user_6_dashboard','','user',0),('user_6_personal_language','english','user',0),('weekend','5,6','app',0);

--
-- Table structure for table `ASHAL_EDUCATION_AND__BUSINESS_LLCshipment_items`
--

CREATE TABLE `ASHAL_EDUCATION_AND__BUSINESS_LLCshipment_items` (
  `id` int(11) NOT NULL AUTO_INCREMENT,
  `item_id` int(11) NOT NULL,
  `po_item_id` int(11) NOT NULL,
  `quantity` double NOT NULL DEFAULT '0',
  `deleted` int(1) NOT NULL DEFAULT '0',
  `shipment_id` int(11) NOT NULL,
  `sort` int(11) NOT NULL DEFAULT '0',
  PRIMARY KEY (`id`)
) ENGINE=InnoDB DEFAULT CHARSET=utf8 COLLATE=utf8_unicode_ci;

--
-- Dumping data for table `ASHAL_EDUCATION_AND__BUSINESS_LLCshipment_items`
--


--
-- Table structure for table `ASHAL_EDUCATION_AND__BUSINESS_LLCshipments`
--

CREATE TABLE `ASHAL_EDUCATION_AND__BUSINESS_LLCshipments` (
  `id` int(11) NOT NULL AUTO_INCREMENT,
  `purchase_order_id` int(11) NOT NULL,
  `supplier_id` int(11) NOT NULL DEFAULT '0',
  `date` date NOT NULL,
  `invoice_number` varchar(255) COLLATE utf8_unicode_ci DEFAULT NULL,
  `invoice_date` date DEFAULT NULL,
  `delivery_note_number` varchar(255) COLLATE utf8_unicode_ci DEFAULT NULL,
  `delivery_note_date` date DEFAULT NULL,
  `status` enum('draft','approved') COLLATE utf8_unicode_ci DEFAULT NULL,
  `note` text COLLATE utf8_unicode_ci,
  `deleted` int(1) NOT NULL DEFAULT '0',
  PRIMARY KEY (`id`)
) ENGINE=InnoDB DEFAULT CHARSET=utf8 COLLATE=utf8_unicode_ci;

--
-- Dumping data for table `ASHAL_EDUCATION_AND__BUSINESS_LLCshipments`
--


--
-- Table structure for table `ASHAL_EDUCATION_AND__BUSINESS_LLCsocial_links`
--

CREATE TABLE `ASHAL_EDUCATION_AND__BUSINESS_LLCsocial_links` (
  `id` int(11) NOT NULL,
  `user_id` int(11) NOT NULL,
  `facebook` text COLLATE utf8_unicode_ci,
  `twitter` text COLLATE utf8_unicode_ci,
  `linkedin` text COLLATE utf8_unicode_ci,
  `googleplus` text COLLATE utf8_unicode_ci,
  `digg` text COLLATE utf8_unicode_ci,
  `youtube` text COLLATE utf8_unicode_ci,
  `pinterest` text COLLATE utf8_unicode_ci,
  `instagram` text COLLATE utf8_unicode_ci,
  `github` text COLLATE utf8_unicode_ci,
  `tumblr` text COLLATE utf8_unicode_ci,
  `vine` text COLLATE utf8_unicode_ci,
  `deleted` tinyint(1) NOT NULL DEFAULT '0',
  PRIMARY KEY (`id`)
) ENGINE=InnoDB DEFAULT CHARSET=utf8 COLLATE=utf8_unicode_ci;

--
-- Dumping data for table `ASHAL_EDUCATION_AND__BUSINESS_LLCsocial_links`
--


--
-- Table structure for table `ASHAL_EDUCATION_AND__BUSINESS_LLCstock_adjustments`
--

CREATE TABLE `ASHAL_EDUCATION_AND__BUSINESS_LLCstock_adjustments` (
  `id` int(11) NOT NULL AUTO_INCREMENT,
  `item_id` int(11) NOT NULL,
  `quantity` double NOT NULL DEFAULT '0',
  `note` text COLLATE utf8_unicode_ci,
  `deleted` int(11) NOT NULL DEFAULT '0',
  PRIMARY KEY (`id`)
) ENGINE=InnoDB AUTO_INCREMENT=4 DEFAULT CHARSET=utf8 COLLATE=utf8_unicode_ci;

--
-- Dumping data for table `ASHAL_EDUCATION_AND__BUSINESS_LLCstock_adjustments`
--

INSERT INTO `ASHAL_EDUCATION_AND__BUSINESS_LLCstock_adjustments` VALUES (1,1,22,'',0),(2,1,10,'',0),(3,1,9999970,'',0);

--
-- Table structure for table `ASHAL_EDUCATION_AND__BUSINESS_LLCsuppliers`
--

CREATE TABLE `ASHAL_EDUCATION_AND__BUSINESS_LLCsuppliers` (
  `id` int(11) NOT NULL AUTO_INCREMENT,
  `company_name` varchar(150) COLLATE utf8_unicode_ci NOT NULL,
  `contact_name` varchar(150) COLLATE utf8_unicode_ci DEFAULT NULL,
  `address` text COLLATE utf8_unicode_ci,
  `city` varchar(50) COLLATE utf8_unicode_ci DEFAULT NULL,
  `state` varchar(50) COLLATE utf8_unicode_ci DEFAULT NULL,
  `zip` varchar(50) COLLATE utf8_unicode_ci DEFAULT NULL,
  `country` varchar(20) COLLATE utf8_unicode_ci DEFAULT NULL,
  `created_date` date DEFAULT NULL,
  `website` text COLLATE utf8_unicode_ci,
  `phone` varchar(20) COLLATE utf8_unicode_ci DEFAULT NULL,
  `alternative_phone` varchar(20) COLLATE utf8_unicode_ci DEFAULT NULL,
  `currency_symbol` varchar(20) COLLATE utf8_unicode_ci DEFAULT NULL,
  `currency` varchar(3) COLLATE utf8_unicode_ci DEFAULT NULL,
  `vat_number` text COLLATE utf8_unicode_ci,
  `note` mediumtext COLLATE utf8_unicode_ci NOT NULL,
  `account_id` int(11) NOT NULL DEFAULT '0',
  `advance_account_id` int(11) NOT NULL DEFAULT '0',
  `deleted` tinyint(4) NOT NULL DEFAULT '0',
  PRIMARY KEY (`id`)
) ENGINE=MyISAM AUTO_INCREMENT=2 DEFAULT CHARSET=utf8 COLLATE=utf8_unicode_ci;

--
-- Dumping data for table `ASHAL_EDUCATION_AND__BUSINESS_LLCsuppliers`
--

INSERT INTO `ASHAL_EDUCATION_AND__BUSINESS_LLCsuppliers` VALUES (1,'عبدالباسط النعماني','','','','','','','2022-03-06','','97434747','','','','','',909,0,1);

--
-- Table structure for table `ASHAL_EDUCATION_AND__BUSINESS_LLCtask_status`
--

CREATE TABLE `ASHAL_EDUCATION_AND__BUSINESS_LLCtask_status` (
  `id` int(11) NOT NULL AUTO_INCREMENT,
  `title` varchar(100) COLLATE utf8_unicode_ci NOT NULL,
  `key_name` varchar(100) COLLATE utf8_unicode_ci NOT NULL,
  `color` varchar(7) COLLATE utf8_unicode_ci NOT NULL,
  `sort` int(11) NOT NULL,
  `deleted` tinyint(1) NOT NULL DEFAULT '0',
  PRIMARY KEY (`id`)
) ENGINE=InnoDB AUTO_INCREMENT=5 DEFAULT CHARSET=utf8 COLLATE=utf8_unicode_ci;

--
-- Dumping data for table `ASHAL_EDUCATION_AND__BUSINESS_LLCtask_status`
--

INSERT INTO `ASHAL_EDUCATION_AND__BUSINESS_LLCtask_status` VALUES (1,'To Do','to_do','#F9A52D',0,0),(2,'In progress','in_progress','#1672B9',1,0),(3,'Done','done','#00B393',2,0),(4,'معطل ','','#aab7b7',3,0);

--
-- Table structure for table `ASHAL_EDUCATION_AND__BUSINESS_LLCtasks`
--

CREATE TABLE `ASHAL_EDUCATION_AND__BUSINESS_LLCtasks` (
  `id` int(11) NOT NULL AUTO_INCREMENT,
  `title` text COLLATE utf8_unicode_ci NOT NULL,
  `description` mediumtext COLLATE utf8_unicode_ci,
  `project_id` int(11) NOT NULL DEFAULT '0',
  `milestone_id` int(11) NOT NULL DEFAULT '0',
  `assigned_to` int(11) NOT NULL,
  `deadline` date DEFAULT NULL,
  `labels` text COLLATE utf8_unicode_ci,
  `points` tinyint(4) NOT NULL DEFAULT '1',
  `status` enum('to_do','in_progress','done') COLLATE utf8_unicode_ci NOT NULL DEFAULT 'to_do',
  `status_id` int(11) NOT NULL,
  `start_date` date DEFAULT NULL,
  `collaborators` text COLLATE utf8_unicode_ci NOT NULL,
  `sort` int(11) NOT NULL DEFAULT '0',
  `recurring` tinyint(1) NOT NULL DEFAULT '0',
  `repeat_every` int(11) NOT NULL DEFAULT '0',
  `repeat_type` enum('days','weeks','months','years') COLLATE utf8_unicode_ci DEFAULT NULL,
  `no_of_cycles` int(11) NOT NULL DEFAULT '0',
  `recurring_task_id` int(11) NOT NULL DEFAULT '0',
  `no_of_cycles_completed` int(11) NOT NULL DEFAULT '0',
  `created_date` date NOT NULL,
  `next_recurring_date` date DEFAULT NULL,
  `reminder_date` date NOT NULL,
  `ticket_id` int(11) NOT NULL,
  `deleted` tinyint(11) NOT NULL DEFAULT '0',
  PRIMARY KEY (`id`)
) ENGINE=InnoDB AUTO_INCREMENT=53 DEFAULT CHARSET=utf8 COLLATE=utf8_unicode_ci;

--
-- Dumping data for table `ASHAL_EDUCATION_AND__BUSINESS_LLCtasks`
--

INSERT INTO `ASHAL_EDUCATION_AND__BUSINESS_LLCtasks` VALUES (1,'تجربة','هذه المهمة تجربة',1,0,1,NULL,'',1,'to_do',3,NULL,'1',0,0,0,'',0,0,0,'2022-03-04',NULL,'0000-00-00',0,1),(2,'Test','test',2,0,1,'2022-03-25','',1,'to_do',1,'2022-03-05','37',0,0,1,'months',0,0,0,'2022-03-07',NULL,'0000-00-00',0,1),(3,'landing padg','هذه الصفحة خاصة بمنصة أسهل التعليمية ashal.om بهدف :\n1. التعريف بالنشاط التجاري.\n2. من أدوات التسويق الخاصة بمندوبي المبيعات.\n3. استهداف المدارس الخاصة.\n4. من الضروري توافر أيقونة للولوج إلى demo.ashal\n5. توافر زر لتنزيل بروفايل النشاط الخاص بــ ashal.om',4,0,40,NULL,'',1,'to_do',2,NULL,'41',0,0,1,'months',0,0,0,'2022-03-07',NULL,'0000-00-00',0,1),(4,'school.ashal','هذه الصفحة خاصة بمنصة أسهل التعليمية بهدف :\n1. التعريف بنشاط ashal.om تجاري.\n2. الصفحة تعتبر من أدوات التسويق الخاصة بمندوبي المبيعات.\n3. استهداف العملاء المدارس الخاصة.\n4. من الضروري توافر أيقونة للولوج إلى الشركة الام وبقية الانشطة.\n5. توافر زر لتنزيل بروفايل النشاط الخاص بالنشاط التجاري.',5,0,40,'2022-03-07','',5,'to_do',3,'2022-02-27','41',0,0,1,'months',0,0,0,'2022-03-07',NULL,'0000-00-00',0,0),(5,'demo.ashal','هذه الصفحة خاصة بصفحة خاصة بالمدرسة الخاصة بهدف :\n1. التعريف بطريقة عمل مواقع المدارس الخاصة.\n2. الصفحات تعتبرمن أدوات التسويق الخاصة بمندوبي المبيعات.\n3. اعطاء فكرة لطريقة عمل الموقع الخاص بالمدرسة.\n4. من الضروري توافر أيقونة للولوج إلى الشركة الام وبقية الانشطة.\n5. توافر زر لتنزيل بروفايل النشاط الخاص .',5,0,40,'2022-03-13','',5,'to_do',3,'2022-03-06','41',0,0,1,'months',0,0,0,'2022-03-07',NULL,'0000-00-00',0,0),(6,'MakanStudio.om','هذه الصفحة خاصة باستوديو أسهل بهدف :\n1. التعريف بالنشاط التجاري.\n2. الصفحة تعتبرمن أدوات التسويق الخاصة بمندوبي المبيعات.\n3. استهداف العملاء الطالبين للخدمة.\n4. من الضروري توافر أيقونة للولوج إلى الشركة الام وبقية الانشطة.\n5. توافر زر لتنزيل بروفايل النشاط الخاص .',5,0,40,'2022-03-13','',5,'to_do',3,'2022-03-03','41',0,0,1,'months',0,0,0,'2022-03-07',NULL,'0000-00-00',0,0),(7,'software development','انشاء صفحة تعريفية لنشاط تجاري يختص بالتطوير البرمجي مع مجموعة من الخدمات الخاصة :\nووردبريس\n1. موقع عادي : صفحة أساسية.\n2. موقع متوسط : إضافات جاهزة + اعدادات معتادة.\n3. موقع متقدم : برمجة + إضافات + إعتمادات على الرخصة.\n4. full stock : برمجية خاصة غالبا باعتماد الى الرخصة.\n\nfull stouk : \n1. انظمة متقدمة \n2. أنظمة كاملة',5,0,40,'2022-03-20','',5,'to_do',4,'2022-03-13','41',0,0,1,'months',0,0,0,'2022-03-07',NULL,'0000-00-00',0,0),(8,'group.ashal','صفحة خاصة بالشركة',5,0,40,'2022-03-15','',5,'to_do',4,'2022-03-08','41',0,0,1,'months',0,0,0,'2022-03-07',NULL,'0000-00-00',0,0),(9,'h','',6,0,1,NULL,'',1,'to_do',1,NULL,'',0,0,1,'months',0,0,0,'2022-03-07',NULL,'0000-00-00',0,1),(10,'Ashal\'s Profile','ملف تعريفي بمنصة أسهل التعليمية باللغتين العربية والإنجليزية + برزنتيشن',6,0,43,'2022-02-16','',5,'to_do',3,'2022-01-30','39',0,0,1,'months',0,0,0,'2022-03-08',NULL,'0000-00-00',0,0),(11,' بروفايل منصة وشيك','بعد الإنتهاء ترفق الملفات هنا',6,0,43,'2022-03-09','',5,'to_do',3,'2022-02-27','39',0,0,1,'months',0,0,0,'2022-03-08',NULL,'0000-00-00',0,0),(12,'بروفايل استوديو مكان','بعد الانتهاء ارجو ارفاق الملفات هنا',6,0,43,'2022-03-09','',5,'to_do',3,'2022-02-27','39',0,0,1,'months',0,0,0,'2022-03-08',NULL,'0000-00-00',0,0),(13,'اجتماع المندوبين','سيعقد بمقر الشركة اجتماع اخر لمندوبي المبيعات يوم الخميس القادم  ان شاءاللة',8,0,39,'2022-03-10','',5,'to_do',3,'2022-03-08','42',0,0,1,'months',0,0,0,'2022-03-08',NULL,'0000-00-00',0,0),(14,'بروفايل الشركة الأم - اسهل','بروفايل عام للشركة \n1. نبذة\n2. رؤية\n3. رسالة\n4. أهداف\n5. القيم المضافة\n6. الشركاء\n7. الانشطة التجارية المختلفة\n8. محطات واحداث مهمة',6,0,43,'2022-03-15','',5,'to_do',2,'2022-03-08','39,1,41',0,0,1,'months',0,0,0,'2022-03-08',NULL,'0000-00-00',0,1),(15,'بروفايل الشركة الأم - أسهل','بروفايل عام للشركة\n1. نبذة\n2. رؤية\n3. رسالة\n4. أهداف\n5. القيم المضافة\n6. الشركاء\n7. الانشطة التجارية المختلفة\n8. محطات واحداث مهمة',6,0,43,'2022-03-15','',5,'to_do',1,'2022-03-08','39,1,42,41',0,0,1,'months',0,0,0,'2022-03-08',NULL,'0000-00-00',0,0),(16,'بروفايل نشاط تجاري جديد - التطوير البرمجي','بروفايل لنشاط التطوير البرمجي\n1. نبذة\n2. رؤية\n3. رسالة\n4. أهداف\n5. القيم المضافة\n6. الشركاء\n7. أنواع الخدمات',6,0,43,'2022-03-15','',5,'to_do',1,'2022-03-08','41,1',0,0,1,'months',0,0,0,'2022-03-08',NULL,'0000-00-00',0,0),(17,'تعديل صور التخرج','بحاجة الى تعديل الصور التي تم اخذها في جلسة التصوير الأخير في استوديو مكان وتجهيزها للاسخدام في الاعلانات',6,0,43,'2022-03-13','https://drive.google.com/drive/folders/1ScjqbUs77XB3li6sY_2I5czACDZ7VWNH,https://drive.google.com/drive/folders/1M_PeNJfAOs8-VVTrE9gb82U6D62m0_lz',5,'to_do',3,'2022-03-07','44',0,0,1,'months',0,0,0,'2022-03-08',NULL,'0000-00-00',0,0),(18,'مقطع تسويقي - افتخار','يوجد لقاء بودكاست الخاص بمعاوية الرواحي مع افتخار ساجواني\nالمدة لا تزيد عن 30 ث\nتطوير المقطع واضافة بعض الموشن أو الجرافيك',10,0,44,'2022-03-13','',3,'to_do',3,'2022-03-08','46,42,43',0,0,1,'months',0,0,0,'2022-03-09',NULL,'0000-00-00',0,0),(19,'مقاطع تسويقية - منصة أسهل','نحتاج إلى تزويد فريق السوشال ميديا وخدمة العملاء بمجموعة من المقاطع التسويقية من المحتوى التعليمي الخاص بمنصة اسهل التعليمية بالشروط التالية :\n1. لا تزيد مدة المقطع عن دقيقة.\n2. أن يوضع المقطع في قالب جرافيك بع توضيح للصف والسعر وعناوين الحسابات ورقم خدمة العملاء والشعار الخاص بالمنصة.\n3. المقطع يتكون من عدة لقطات من دروس مختلفة.\n4. أن تكون اللقطات ممتعة وبها شيء مميز.',10,0,44,NULL,'',3,'to_do',3,NULL,'46,42,43',0,0,1,'months',0,0,0,'2022-03-09',NULL,'0000-00-00',0,0),(20,'مقاطع تسويقية - منصة وشيك','نحتاج إلى تزويد فريق السوشال ميديا وخدمة العملاء بمجموعة من المقاطع التسويقية من المحتوى التدريبي الخاص بمنصة وشيك بالشروط التالية :\n1. لا تزيد مدة المقطع عن دقيقة.\n2. أن يوضع المقطع في قالب جرافيك به توضيح للصف والسعر وعناوين الحسابات ورقم خدمة العملاء والشعار الخاص بالمنصة (ومختلف تمااااما عن قاالب أسهل.\n3. المقطع يتكون من عدة لقطات من الدورة.\n4. أن تكون اللقطات ممتعة وبها شيء مميز.',10,0,44,NULL,'',3,'to_do',3,NULL,'46,42,43',0,0,1,'months',0,0,0,'2022-03-09',NULL,'0000-00-00',0,0),(21,'تصميم التحليل الفني لعروض الاسعار','في المرفقات نماذج لعرض أسعار لتصميم مواقع لعملاء، أرجو الاستعانة بها لاستخراج متطلبات عرض أسعار خاص بنا',5,0,40,'2022-03-09','',5,'to_do',4,'2022-03-09','',0,0,1,'months',0,0,0,'2022-03-09',NULL,'0000-00-00',0,0),(22,'تصميم التحليل الفني لعروض الاسعار','في المرفقات نماذج لعرض أسعار لتصميم مواقع لعملاء، أرجو الاستعانة بها لاستخراج متطلبات عرض أسعار خاص بنا',5,0,40,'2022-03-09','',5,'to_do',4,'2022-03-09','',0,0,1,'months',0,0,0,'2022-03-09',NULL,'0000-00-00',0,0),(23,'ترجمة العرض التقديمي الخاص بتسويق المدارس','',8,0,39,'2022-03-09','',5,'to_do',3,'2022-03-09','',0,0,1,'months',0,0,0,'2022-03-09',NULL,'0000-00-00',0,0),(24,'ترجمة موقع تجربة المستخدم الخاصة بالمدارس الخاصة الى اللغة الانجليزية','',9,0,40,'2022-03-09','',1,'to_do',3,'2022-03-09','',0,0,1,'months',0,0,0,'2022-03-09',NULL,'0000-00-00',0,0),(25,'صياغة سيناريو لحلقة وكيل العمل','',9,0,44,NULL,'',5,'to_do',3,NULL,'46',0,0,1,'months',0,0,0,'2022-03-09',NULL,'0000-00-00',0,0),(26,'\';lk\';l','/.lmk;lmj',9,0,47,NULL,'',1,'to_do',3,NULL,'',0,0,1,'months',0,0,0,'2022-03-09',NULL,'0000-00-00',0,0),(27,'اعتماد عرض الاسعار لانشاء الموقع','ارجو تحليل المكتوب في العرض ومدى امكانية تطبيقة وملاحظاتك عليه',9,0,40,'2022-03-09','',1,'to_do',3,'2022-03-09','',0,0,1,'months',0,0,0,'2022-03-09',NULL,'0000-00-00',0,0),(28,'تعديل برنامج اسهل المالي','وجود خطأ في بيانات الحساب المالي وعدم توافق الدخل مع المصروفات ',1,0,37,'2022-03-15','',3,'to_do',4,'2022-03-14','',0,0,1,'months',0,0,0,'2022-03-10',NULL,'0000-00-00',0,0),(29,'Test','',12,0,38,'2022-03-14','',1,'to_do',1,'2022-03-11','',0,0,1,'months',0,0,0,'2022-03-10',NULL,'0000-00-00',0,1),(30,'Call the Customer','',12,0,42,'2022-03-19','',1,'to_do',2,'2022-03-16','',10000000,0,1,'months',0,0,0,'2022-03-10',NULL,'0000-00-00',0,1),(31,'تصميم تجربة مستخدم وواجهة  للعيادات الخاصة','<p>أهلا أعزائي..</p><p>مطلوب تصميم ديمو للعيادات الخاصة.</p><p>إدارة الفريق : جواهر</p><p>فريق العمل: محمد سليمان، كريمة، شيماء</p><p>تقوم كربمة: بتقديم المتطلبات لمحمد</p><p>يقوم محمد بدارسة المتطلبات وامكانية تنفيذها.</p><p>تقوم شيماء باستلام النموذج من محمد وتكييف التصميم علبه.</p><p>يقوم محمد بتصميم الموقع النهائي.</p>',14,0,39,'2022-03-12','',5,'to_do',1,'2022-03-10','41,40,43,42,47',0,0,1,'months',0,0,0,'2022-03-10',NULL,'0000-00-00',0,1),(32,'تجهيز بنرات لحسابات الأنشطة التجارية في اللينكد إن والشوشال ميديا','',15,0,43,'2022-03-13','',3,'to_do',3,'2022-03-11','1',0,0,1,'months',0,0,0,'2022-03-11',NULL,'0000-00-00',0,0),(33,'تصميم صور من واقع العمل اليومي في كل نشاط على حده','<ul><li><b>هذه الصور تؤخذ من النشاطات اليومية داخل مقر الشركة، مع مراعاة أن نشط أسهل مختلف عن نشاط وشيك ومختلف عن نشاط مكان ومختلف عن نشط البرمجة</b></li></ul><p><b><br></b></p><hr><p><b><br></b></p><ul><li><b>كما أرجو رفع روابط كل مرة تتوافر صور جديدة هنا في التعليقات</b></li></ul>',15,0,43,NULL,'',5,'to_do',2,NULL,'39,1,36,46,44',0,0,1,'months',0,0,0,'2022-03-12',NULL,'0000-00-00',0,0),(34,'تنفيذ مونتاج لشركة اساور للعقارات ','',9,0,44,'2022-03-12','',5,'to_do',3,'2022-03-12','46',0,0,1,'months',0,0,0,'2022-03-12',NULL,'0000-00-00',0,0),(35,'.','/.lmk;lmj',9,0,47,NULL,'',1,'to_do',3,NULL,'',0,0,1,'months',0,0,0,'2022-03-13',NULL,'0000-00-00',0,0),(36,'تحصيل عدد معين من العيادات الخاصة','<ul><li>بناء على ما تم الاتفاق علية في الاجتماع السابق الموافق 10/3/2022، كل موظف مكلف بأن يزور عيادة من العيادات الخاصة في منطقته وتحقيق (Target) معين</li></ul>',9,0,36,'2022-03-15','',1,'to_do',1,'2022-03-10','45,37,41,39,42,38,40,44,43,1,46,36',0,0,1,'months',0,0,0,'2022-03-13',NULL,'0000-00-00',0,0),(37,'تسجيل البيانات المالية','',1,0,38,NULL,'',1,'to_do',1,NULL,'',0,0,1,'months',0,0,0,'2022-03-13',NULL,'0000-00-00',0,0),(38,'إعادة إنتاج دورتي أ. مريم الفيومي الخاصة بتدريب المعلمين على برنامح المايكروسوفت وجوجل.','<p>مدة الدورتين قرابة 6 ساعات.</p><p>تقوم كاذية وفاطمة بالتالي:</p><ol><li>اضافة الدورات في المحطة الواحدة لوشيك مع العناوين.</li><li>اقتراح تقطيع المقاطع لمقاطع اقصر تتراوح من 3 الى 10 دقائق.</li></ol><hr><p>يقوم فريق المونتاج بالتالي:</p><p>تقطيع المقاطع الى مقاطع قصير.</p><ol><li> تسجيل برومو جديد خاص بوشيك والتنسيق مع ا. مريم للحضور، علما بأنها ستحضر لتسيجيل مقاطع خاصة بها.</li><li>حذف شعار أسهل ووضع شعار وشيك مع مراعات الجوة.</li><li>تنزيل روابط المقاطع في المحطة الواحدة لرفعها في المحطة</li></ol>',9,0,38,'2022-03-20','',2,'to_do',2,'2022-03-13','44,46,41',0,0,1,'days',0,0,0,'2022-03-13',NULL,'0000-00-00',0,0),(39,'اجتماع مع أ فاطمة العريمية ','<p>اجتماع هدفه فهم آلية عمل مشروع فيديو (مجموعة مقابلات) للأستاذة فاطمة العريمية مع السيناريو الاساسي</p>',10,0,44,'2022-03-13','',1,'to_do',3,'2022-03-13','36,46',0,0,1,'months',0,0,0,'2022-03-13',NULL,'0000-00-00',0,0),(40,'العمل على البرنامج المالي ل عمانتل ','<p>ادخال بيانات شهر يناير وفبراير</p>',9,0,38,'2022-03-14','',1,'to_do',1,'2022-03-13','40',0,0,1,'months',0,0,0,'2022-03-13',NULL,'0000-00-00',0,0),(41,'تعديل برنامج أسهل المالي','<p>عدم توافق البيانات للايرادات مع المصروفات</p>',9,0,40,'2022-03-18','',3,'to_do',1,'2022-03-14','38',0,0,1,'months',0,0,0,'2022-03-13',NULL,'0000-00-00',0,0),(42,'عمل مشروع انتاجي لشركة واف','<p>عمل على انتاج 35 فيديو لشركة واف, مع التصوير خارجي ومونتاج وموشن جرافيك بالكامل مع 35 رئيس تنفيذي مختلف (في مسقط)</p><p>لكل فيديو تكون مدته دقيقتين, المدة الكاملة للمشروع ساعة واحدة</p><p>مع مدة الزمن (شهر)</p>',10,0,44,NULL,'',1,'to_do',2,NULL,'46',0,0,1,'months',0,0,0,'2022-03-13',NULL,'0000-00-00',0,0),(43,'تصميم انترو لمكان','',9,0,46,NULL,'',1,'to_do',2,NULL,'44',0,0,1,'months',0,0,0,'2022-03-13',NULL,'0000-00-00',0,0),(44,'التواصل مع أ فادي علم الدين بخصوص حجز الاستوديو','<p>التواصل مع أ فادي علم الدين من نيت ماركتنج بخصوص حجز الاستوديو وترتيب الاعمال الصوتية له وفي انتظار رده لإتمام الحجز</p>',10,0,44,'2022-03-14','',1,'to_do',3,'2022-03-14','46',0,0,1,'months',0,0,0,'2022-03-14',NULL,'0000-00-00',0,0),(45,'تسجيل فيديو خاص بالاستاذ المحامي وليد الحوسني','<p>تسجيل فيديو اليوم الاثنين تاريخ 14 / 3 / 2022 للاستاذ المحامي وليد الحوسني من مكتب وليد الحوسني للمحاماة والاستشارات القانونية وذلك بحسب اتفاق من طرف الاستاذ اسحاق الاغبري واحمد الجابري </p><p>بتسجيل 3 فيديوهات للأستاذ وليد الحوسني</p>',10,0,44,'2022-03-14','',1,'to_do',3,'2022-03-14','46',0,0,1,'months',0,0,0,'2022-03-14',NULL,'0000-00-00',0,0),(46,'Test','<p>test</p>',16,0,0,NULL,'',1,'to_do',1,NULL,'',0,0,1,'months',0,0,0,'2022-03-16',NULL,'0000-00-00',0,1),(47,'test','',1,0,1,NULL,'',1,'to_do',4,NULL,'',0,0,1,'months',0,0,0,'2022-03-16',NULL,'0000-00-00',0,0),(48,'test 2','<p>sdfsdsadfsadf</p>',13,0,38,'2022-03-16','sdfdsdf',2,'to_do',1,'2022-03-16','38',0,0,1,'months',0,0,0,'2022-03-16',NULL,'0000-00-00',0,1),(49,'test 2 ','',13,0,38,'2022-03-16','',1,'to_do',1,'2022-03-16','38',0,0,1,'months',0,0,0,'2022-03-16',NULL,'0000-00-00',0,0),(50,'sdaffdas','<p>sadfasdfasdf</p>',16,0,1,'2022-03-20','sadfsadf',1,'to_do',3,'2022-03-20','1',0,0,1,'months',0,0,0,'2022-03-20',NULL,'0000-00-00',0,0),(51,'Test','<p>test</p>',17,0,50,'2022-03-22','',1,'to_do',1,'2022-03-20','',0,0,1,'months',0,0,0,'2022-03-20',NULL,'0000-00-00',0,0),(52,'test1','',17,0,50,'2022-03-21','',1,'to_do',1,'2022-03-20','',0,0,1,'months',0,0,0,'2022-03-20',NULL,'0000-00-00',0,0);

--
-- Table structure for table `ASHAL_EDUCATION_AND__BUSINESS_LLCtaxes`
--

CREATE TABLE `ASHAL_EDUCATION_AND__BUSINESS_LLCtaxes` (
  `id` int(11) NOT NULL AUTO_INCREMENT,
  `title` tinytext CHARACTER SET utf8 COLLATE utf8_unicode_ci NOT NULL,
  `percentage` double NOT NULL,
  `deleted` tinyint(1) NOT NULL DEFAULT '0',
  PRIMARY KEY (`id`)
) ENGINE=InnoDB AUTO_INCREMENT=2 DEFAULT CHARSET=latin1;

--
-- Dumping data for table `ASHAL_EDUCATION_AND__BUSINESS_LLCtaxes`
--

INSERT INTO `ASHAL_EDUCATION_AND__BUSINESS_LLCtaxes` VALUES (1,'VAT (5%)',5,0);

--
-- Table structure for table `ASHAL_EDUCATION_AND__BUSINESS_LLCteam`
--

CREATE TABLE `ASHAL_EDUCATION_AND__BUSINESS_LLCteam` (
  `id` int(11) NOT NULL AUTO_INCREMENT,
  `title` text COLLATE utf8_unicode_ci NOT NULL,
  `members` mediumtext COLLATE utf8_unicode_ci NOT NULL,
  `deleted` int(1) NOT NULL DEFAULT '0',
  PRIMARY KEY (`id`)
) ENGINE=InnoDB AUTO_INCREMENT=8 DEFAULT CHARSET=utf8 COLLATE=utf8_unicode_ci;

--
-- Dumping data for table `ASHAL_EDUCATION_AND__BUSINESS_LLCteam`
--

INSERT INTO `ASHAL_EDUCATION_AND__BUSINESS_LLCteam` VALUES (1,'Makan Studio','36,46,44,38,41',0),(2,'فريق إدارة حجوزات Makan','44,46,38,41',1),(3,'خدمة العملاء','42,38,41',0),(4,'السوشال ميديا','1,43,42,44',0),(5,'فريق إدارة السوشال ميديا','1,43',0),(6,'التنسيق الإداري','39,1,36,37',0),(7,'التسويق الميداني - مندوب مبيعات','48,44,38,39,42,45,46,43,41',0);

--
-- Table structure for table `ASHAL_EDUCATION_AND__BUSINESS_LLCteam_member_job_info`
--

CREATE TABLE `ASHAL_EDUCATION_AND__BUSINESS_LLCteam_member_job_info` (
  `id` int(11) NOT NULL AUTO_INCREMENT,
  `user_id` int(11) NOT NULL,
  `date_of_hire` date DEFAULT NULL,
  `deleted` int(1) NOT NULL DEFAULT '0',
  `salary` double NOT NULL DEFAULT '0',
  `salary_term` varchar(20) COLLATE utf8_unicode_ci DEFAULT NULL,
  `working_hours` int(11) DEFAULT NULL,
  `yearly_leaves` int(11) DEFAULT NULL,
  `housing` float DEFAULT '0',
  `transportation` float DEFAULT '0',
  `telephone` float DEFAULT '0',
  `utility` float DEFAULT '0',
  `national` tinyint(4) DEFAULT '0',
  `pasi` tinyint(4) DEFAULT '1',
  `bank_title` text COLLATE utf8_unicode_ci,
  `account_title` text COLLATE utf8_unicode_ci,
  `account_no` text COLLATE utf8_unicode_ci,
  PRIMARY KEY (`id`),
  KEY `user_id` (`user_id`)
) ENGINE=InnoDB AUTO_INCREMENT=20 DEFAULT CHARSET=utf8 COLLATE=utf8_unicode_ci;

--
-- Dumping data for table `ASHAL_EDUCATION_AND__BUSINESS_LLCteam_member_job_info`
--

INSERT INTO `ASHAL_EDUCATION_AND__BUSINESS_LLCteam_member_job_info` VALUES (5,36,'2019-01-01',0,1500,NULL,8,60,0,0,0,0,1,1,'bank_muscat','',''),(6,37,'2019-01-01',0,1500,NULL,4,60,0,0,0,0,0,1,NULL,NULL,NULL),(7,38,'2022-01-09',0,500,NULL,8,45,0,0,0,0,0,1,NULL,NULL,NULL),(8,39,'2022-01-09',0,500,NULL,8,45,0,0,0,0,0,1,NULL,NULL,NULL),(9,40,'2022-02-01',0,0,NULL,8,45,0,0,0,0,0,1,NULL,NULL,NULL),(10,41,'2022-01-09',0,500,NULL,8,45,0,0,0,0,0,1,NULL,NULL,NULL),(11,42,'2022-01-09',0,500,NULL,8,8,0,0,0,0,0,1,NULL,NULL,NULL),(12,43,'2022-01-09',0,500,NULL,8,8,0,0,0,0,0,1,NULL,NULL,NULL),(13,44,'2022-02-20',0,0,NULL,8,45,0,0,0,0,0,1,NULL,NULL,NULL),(14,45,'2022-01-01',0,0,NULL,8,45,0,0,0,0,0,1,NULL,NULL,NULL),(15,46,'2022-02-27',0,0,NULL,8,45,0,0,0,0,0,1,NULL,NULL,NULL),(16,47,'0000-00-00',0,0,NULL,0,0,0,0,0,0,0,1,NULL,NULL,NULL),(17,48,'2022-02-27',0,20,NULL,8,0,0,0,0,0,0,1,NULL,NULL,NULL),(18,49,'2022-02-27',0,20,NULL,8,0,0,0,0,0,0,1,NULL,NULL,NULL),(19,50,'0000-00-00',0,6000,NULL,0,0,0,0,0,0,0,1,NULL,NULL,NULL);

--
-- Table structure for table `ASHAL_EDUCATION_AND__BUSINESS_LLCticket_comments`
--

CREATE TABLE `ASHAL_EDUCATION_AND__BUSINESS_LLCticket_comments` (
  `id` int(11) NOT NULL AUTO_INCREMENT,
  `created_by` int(11) NOT NULL,
  `created_at` datetime NOT NULL,
  `description` mediumtext COLLATE utf8_unicode_ci NOT NULL,
  `ticket_id` int(11) NOT NULL,
  `files` longtext COLLATE utf8_unicode_ci,
  `deleted` tinyint(1) NOT NULL DEFAULT '0',
  PRIMARY KEY (`id`)
) ENGINE=InnoDB DEFAULT CHARSET=utf8 COLLATE=utf8_unicode_ci;

--
-- Dumping data for table `ASHAL_EDUCATION_AND__BUSINESS_LLCticket_comments`
--


--
-- Table structure for table `ASHAL_EDUCATION_AND__BUSINESS_LLCticket_types`
--

CREATE TABLE `ASHAL_EDUCATION_AND__BUSINESS_LLCticket_types` (
  `id` int(11) NOT NULL AUTO_INCREMENT,
  `title` text COLLATE utf8_unicode_ci NOT NULL,
  `deleted` tinyint(1) NOT NULL DEFAULT '0',
  PRIMARY KEY (`id`)
) ENGINE=InnoDB AUTO_INCREMENT=4 DEFAULT CHARSET=utf8 COLLATE=utf8_unicode_ci;

--
-- Dumping data for table `ASHAL_EDUCATION_AND__BUSINESS_LLCticket_types`
--

INSERT INTO `ASHAL_EDUCATION_AND__BUSINESS_LLCticket_types` VALUES (1,'General Support',0),(2,'One way',0),(3,'Two way',0);

--
-- Table structure for table `ASHAL_EDUCATION_AND__BUSINESS_LLCtickets`
--

CREATE TABLE `ASHAL_EDUCATION_AND__BUSINESS_LLCtickets` (
  `id` int(11) NOT NULL AUTO_INCREMENT,
  `client_id` int(11) NOT NULL,
  `project_id` int(11) NOT NULL DEFAULT '0',
  `ticket_type_id` int(11) NOT NULL,
  `title` text COLLATE utf8_unicode_ci NOT NULL,
  `created_by` int(11) NOT NULL,
  `created_at` datetime NOT NULL,
  `status` enum('new','client_replied','open','closed') COLLATE utf8_unicode_ci NOT NULL DEFAULT 'new',
  `last_activity_at` datetime DEFAULT NULL,
  `assigned_to` int(11) NOT NULL DEFAULT '0',
  `creator_name` varchar(100) COLLATE utf8_unicode_ci NOT NULL,
  `creator_email` varchar(255) COLLATE utf8_unicode_ci NOT NULL,
  `labels` text COLLATE utf8_unicode_ci,
  `task_id` int(11) NOT NULL,
  `closed_at` datetime NOT NULL,
  `deleted` tinyint(1) NOT NULL DEFAULT '0',
  PRIMARY KEY (`id`)
) ENGINE=InnoDB DEFAULT CHARSET=utf8 COLLATE=utf8_unicode_ci;

--
-- Dumping data for table `ASHAL_EDUCATION_AND__BUSINESS_LLCtickets`
--


--
-- Table structure for table `ASHAL_EDUCATION_AND__BUSINESS_LLCto_do`
--

CREATE TABLE `ASHAL_EDUCATION_AND__BUSINESS_LLCto_do` (
  `id` int(11) NOT NULL AUTO_INCREMENT,
  `created_by` int(11) NOT NULL,
  `created_at` datetime NOT NULL,
  `title` text COLLATE utf8_unicode_ci NOT NULL,
  `description` mediumtext COLLATE utf8_unicode_ci,
  `labels` text COLLATE utf8_unicode_ci,
  `status` enum('to_do','done') COLLATE utf8_unicode_ci NOT NULL DEFAULT 'to_do',
  `start_date` date DEFAULT NULL,
  `deleted` tinyint(1) NOT NULL DEFAULT '0',
  PRIMARY KEY (`id`)
) ENGINE=InnoDB AUTO_INCREMENT=38 DEFAULT CHARSET=utf8 COLLATE=utf8_unicode_ci;

--
-- Dumping data for table `ASHAL_EDUCATION_AND__BUSINESS_LLCto_do`
--

INSERT INTO `ASHAL_EDUCATION_AND__BUSINESS_LLCto_do` VALUES (1,1,'2022-03-07 07:50:27','متابعة أعمال البرمجة','','','to_do',NULL,1),(2,40,'2022-03-07 08:06:51','إضافة ماقالات في ديمو أسهل','','','to_do',NULL,1),(3,36,'2022-03-08 10:51:46','السلامممم','سبسيبسيب','','to_do',NULL,1),(4,1,'2022-03-08 10:53:01','اهلا وسهلا','تجربة','','to_do',NULL,1),(5,47,'2022-03-10 04:32:03','الاتلسلاياتلالنتاشلايبسيب','لتامتلمناتنلاتنلتمتلامتلمابتكنمتل','','done',NULL,0),(6,47,'2022-03-10 04:37:20','drty5re','rtyrty','Important,thuraya,Mohamed Suliman','done',NULL,0),(7,48,'2022-03-10 15:51:18','زيارة ميدانية (غسان فضل)','<p>  تم مقابلة الأستاذ غسان فضل وهو شخص يعمل في البرنامج الوطني للتشغيل ومتخصص في مجال ريادة الأعمال والأبتكار ومجال التسويق واوضح الأستاذ بأنه يملك دورة متكاملة في مجال ريادة الأعمال ويرغب بالتعاون مع منصة وشيك بشكل تطوعي و بشكل تجاري في مجالين كما تم الأتفاق بأن يتم تحديد موعد مع البرنامج الوني للتشغيل لمناقشة سبل التعاون بين البرنامج ومنصة وشيك   </p><p>رقم الأستاذ غسان 71177790</p>','','to_do','2022-03-10',0),(8,48,'2022-03-12 15:50:14','صرح الجامعه الخاصه','<p><google xss=removed></google></p><table xss=removed cellspacing=\"0\" cellpadding=\"0\" dir=\"ltr\" border=\"1\" xss=removed><colgroup><col width=\"91\"><col width=\"72\"><col width=\"91\"><col width=\"186\"><col width=\"119\"><col width=\"290\"></colgroup><tbody><tr xss=removed><td rowspan=\"1\" colspan=\"4\" data-sheets-value=\"{\" xss=removed>تمت المقابلة مع الأستاذة هاله ورحبت بالفكرة من حيث افادة ان المدرسة لها توجه تقني وتملك موقع خاص بها وافادة ان المناهج الدراسية هي مناهج اجنبية في الرياضيات والعلوم والأنجليزي وطلبت ايميل رسمي من منصة اسهل يفيد جميع الخدمات</td><td data-sheets-value=\"{\" data-sheets-numberformat=\"{\" xss=removed>2022-02-16</td><td data-sheets-value=\"{\" xss=removed>السيب الخوض</td></tr></tbody></table>','','to_do','2022-02-16',0),(9,48,'2022-03-12 15:52:29','زهرة عُمان الخاصة','<p><google xss=removed></google></p><table xss=removed cellspacing=\"0\" cellpadding=\"0\" dir=\"ltr\" border=\"1\" xss=removed><colgroup><col width=\"91\"><col width=\"72\"><col width=\"91\"><col width=\"186\"><col width=\"119\"><col width=\"290\"></colgroup><tbody><tr xss=removed><td rowspan=\"1\" colspan=\"4\" data-sheets-value=\"{\" xss=removed>تمت المقابله مع مدير المدرسه الأستاذ محمد علي وتم عرض البرزنتيشن بشكل مفصل كما طلب ان يشاهد نموذج للدروس وتم ذلك وتحمس للمجال وافاد بأن المدرسة اسندت مهام حديثه للمعلمين تدعم هذا المجال وخرج الأجتماع على ان نرسل جميع البيانات في ايميل رسمي للأستاذ وسوف يناقش الموضوع مع المالك ويتم التواصل يوم الأحد</td><td data-sheets-value=\"{\" data-sheets-numberformat=\"{\" xss=removed>2022-02-16</td><td data-sheets-value=\"{\" xss=removed>السيب المعبيلة الجنوبية</td></tr></tbody></table>','','to_do','2022-02-16',0),(10,48,'2022-03-12 15:55:25','السلام الخاصه','<p><google xss=removed></google></p><table xss=removed cellspacing=\"0\" cellpadding=\"0\" dir=\"ltr\" border=\"1\" xss=removed><colgroup><col width=\"91\"><col width=\"72\"><col width=\"91\"><col width=\"186\"><col width=\"119\"><col width=\"290\"></colgroup><tbody><tr xss=removed><td rowspan=\"1\" colspan=\"4\" data-sheets-value=\"{\" xss=removed>تمت المقابلة مع الأستاذ فتحي رجب وافاد بأن المدرسة بها الفئات العمرية من الصف 1 الى 12 وتم عرض المنصه ونماذج الدروس وكان النقاش الأكبر في موضوع الأسعار واليت تحديد السعر للأشتراك كما افاد بأنه متقبل للفكرة بقوة ويرغب ان يناقش الموضوع مع ادارة المدرسة وطلب ايميل رسمي يحمل جميع التفاصيل</td><td data-sheets-value=\"{\" data-sheets-numberformat=\"{\" xss=removed>2022-02-16</td><td data-sheets-value=\"{\" xss=removed>السيب المعبيلة الجنوبية</td></tr></tbody></table>','','to_do','2022-02-16',0),(11,48,'2022-03-12 15:57:25','عزان بن قيس   ','<p><google xss=removed></google></p><table xss=removed cellspacing=\"0\" cellpadding=\"0\" dir=\"ltr\" border=\"1\" xss=removed><colgroup><col width=\"91\"><col width=\"72\"><col width=\"91\"><col width=\"186\"><col width=\"119\"><col width=\"290\"></colgroup><tbody><tr xss=removed><td rowspan=\"1\" colspan=\"4\" data-sheets-value=\"{\" xss=removed>المدرسة تستهدف جميع الفئات السنية في المراحل الدراسية من التمهيدي الى الثنوية .. من خلال المقابلة تبين ان للمدرسة توجه الى تعزيز التعليم المدمج في الظروف الطبيعيه المباشرة مما اوضحوا على رغبتهم بعرض الموضوع امام مجلس ادارة المدرسة وتنسيق موعد اجتماع اخر مع مجلس الأدارة في الأسبوع المقبلى</td><td data-sheets-value=\"{\" data-sheets-numberformat=\"{\" xss=removed>2022-02-27</td><td data-sheets-value=\"{\" xss=removed>بوشر بوشر</td></tr></tbody></table>','','to_do','2022-02-27',0),(12,48,'2022-03-12 15:58:30','العمانية العالمية','<p><google xss=removed></google></p><table xss=removed cellspacing=\"0\" cellpadding=\"0\" dir=\"ltr\" border=\"1\" xss=removed><colgroup><col width=\"91\"><col width=\"72\"><col width=\"91\"><col width=\"186\"><col width=\"119\"><col width=\"290\"></colgroup><tbody><tr xss=removed><td rowspan=\"1\" colspan=\"4\" data-sheets-value=\"{\" xss=removed>تمت المقابلة مع الأستاذ نبيل مسؤل الشؤون الخارجية للمدرسة كان اللقاء سريع في العرض والطرح بحكم ان الأستاذ ملتزم بموعد اخر لذلك تم االأتفاق بتحديد موعد للأجتماع في الأسبوع القادم</td><td data-sheets-value=\"{\" data-sheets-numberformat=\"{\" xss=removed>2022-02-28</td><td data-sheets-value=\"{\" xss=removed>بوشر بوشر</td></tr></tbody></table>','','to_do','2022-02-28',0),(13,48,'2022-03-12 15:59:46','الريان الخاصة  ','<p><google xss=removed></google></p><table xss=removed cellspacing=\"0\" cellpadding=\"0\" dir=\"ltr\" border=\"1\" xss=removed><colgroup><col width=\"91\"><col width=\"72\"><col width=\"91\"><col width=\"186\"><col width=\"119\"><col width=\"290\"></colgroup><tbody><tr xss=removed><td rowspan=\"1\" colspan=\"4\" data-sheets-value=\"{\" xss=removed>المدرسة لها تحفظ من طرح منظومه اخرى للطلاب في طريقة الشرح والطرح للطالب من قبل المعلمين لذلك تم النقاش عن امكانية تقديم خدمة التصوير والأخراج فقط على ان يكون المحتوى والمعلمين من المدرسة واوضحت عن امكانية التعاون في هذا الشئن بعد النقاش مره اخرى مع الفريق المختص</td><td data-sheets-value=\"{\" data-sheets-numberformat=\"{\" xss=removed>2022-02-28</td><td data-sheets-value=\"{\" xss=removed>السيب السيب</td></tr></tbody></table>','','to_do','2022-02-28',0),(14,48,'2022-03-12 16:00:41','الموالح الخاصة','<p><google xss=removed></google></p><table xss=removed cellspacing=\"0\" cellpadding=\"0\" dir=\"ltr\" border=\"1\" xss=removed><colgroup><col width=\"91\"><col width=\"72\"><col width=\"91\"><col width=\"186\"><col width=\"119\"><col width=\"290\"></colgroup><tbody><tr xss=removed><td rowspan=\"1\" colspan=\"4\" data-sheets-value=\"{\" xss=removed>المقابلة كانت مع مدير المدرسة اوضح المدير عن اعجابة بالمحتوى وطريقة العرض واشاد في التقنيات الالمستخدمة في الأخراج وسوف يناقش الأمر مع المجلس ويتواصل معنا بعد ذلك</td><td data-sheets-value=\"{\" data-sheets-numberformat=\"{\" xss=removed>2022-02-28</td><td data-sheets-value=\"{\" xss=removed>السيب الموالح الجنوبية</td></tr></tbody></table>','','to_do','2022-02-28',0),(15,48,'2022-03-12 16:01:41','مدارس الوطنية الخاصه  ','<p><google xss=removed></google></p><table xss=removed cellspacing=\"0\" cellpadding=\"0\" dir=\"ltr\" border=\"1\" xss=removed><colgroup><col width=\"91\"><col width=\"72\"><col width=\"91\"><col width=\"186\"><col width=\"119\"><col width=\"290\"></colgroup><tbody><tr xss=removed><td rowspan=\"1\" colspan=\"4\" data-sheets-value=\"{\" xss=removed>تم عرض المنصه بشكل تفصيلي وجل النقاش كان في مسألة التسعيرة حيث ان المدرسة ترغب في التعاون مع المنصه من انطلاق العام القادم ولكن المدير طلب التفاوض من اجل تخفضة التكلفة واوضحت ان التكلفة لا تقارن تماما في المحتوى والجودة المقدمة من المنصه حيث ان التسعيرة الحقيقية هي اعلى من ذلك ومع ذلك خرج الأجتماع بالأتفاق على موعد اخر بعد اسبوعين ننقاش التفاصيل المتعمقة في سبل التعاون</td><td data-sheets-value=\"{\" data-sheets-numberformat=\"{\" xss=removed>2022-03-02</td><td data-sheets-value=\"{\" xss=removed>الخوير</td></tr></tbody></table>','','to_do','2022-03-02',0),(16,48,'2022-03-12 16:02:29','مشاعل مسقط الخاصة  ','<p><google xss=removed></google></p><table xss=removed cellspacing=\"0\" cellpadding=\"0\" dir=\"ltr\" border=\"1\" xss=removed><colgroup><col width=\"91\"><col width=\"72\"><col width=\"91\"><col width=\"186\"><col width=\"119\"><col width=\"290\"></colgroup><tbody><tr xss=removed><td rowspan=\"1\" colspan=\"4\" data-sheets-value=\"{\" xss=removed>تمحور اللقاء عن الفترة المنصرمة وكيف تعاملت المدرسة مع الظروف التي مرت بها حيث اوضحوا ان اغلب الأجراء كان عن طريق عرض ملفات بوربوينت مما كان مدخل لعرض المنصه للمودرسة بالطريقة الفعالة كما اوضحوا عن اعجابهم بالمنصة وسوف يتم التواصل معنا في حالة قرروا التعامل مع ىالمنصة</td><td data-sheets-value=\"{\" data-sheets-numberformat=\"{\" xss=removed>2022-03-02</td><td data-sheets-value=\"{\" xss=removed>مطرح الوادي الكبير</td></tr></tbody></table>','','to_do','2022-03-02',0),(17,48,'2022-03-12 16:03:10','دار المستقبل الخاصة  ','<p><google xss=removed></google></p><table xss=removed cellspacing=\"0\" cellpadding=\"0\" dir=\"ltr\" border=\"1\" xss=removed><colgroup><col width=\"91\"><col width=\"72\"><col width=\"91\"><col width=\"186\"><col width=\"119\"><col width=\"290\"></colgroup><tbody><tr xss=removed><td rowspan=\"1\" colspan=\"4\" data-sheets-value=\"{\" xss=removed>تمت المقابلة مع مدير المدرسة وتم عرض المنصة بشكل تفصيلي مما كانت اغلب الأستفسارات في طريقة الأشتراك وطريقة عمل المنصه بين المعلم والطالب وتم شرح عمل المنصه بشكل مفصل واتضحت الصورة كاملة وسوف يتم التواصل في حالة الرغبة في التعامل</td><td data-sheets-value=\"{\" data-sheets-numberformat=\"{\" xss=removed>2022-03-02</td><td data-sheets-value=\"{\" xss=removed>مطرح الوادي الكبير</td></tr></tbody></table>','','to_do','2022-03-02',0),(18,48,'2022-03-12 16:03:55','الإيثار الخاصة  ','<p><google xss=removed></google></p><table xss=removed cellspacing=\"0\" cellpadding=\"0\" dir=\"ltr\" border=\"1\" xss=removed><colgroup><col width=\"91\"><col width=\"72\"><col width=\"91\"><col width=\"186\"><col width=\"119\"><col width=\"290\"></colgroup><tbody><tr xss=removed><td rowspan=\"1\" colspan=\"4\" data-sheets-value=\"{\" xss=removed>في بدالية الزيارة تم تبادل الحديث مع المنسقة للمدير بحكم ان المدير غير متواجد وتم شرح المنصه بشكل مفصل وبعد ذلك اتصلت في المدير ودعته للحضور وتم عرض المنصه للمدير من خلال عرض مقاطع نموذجية في مختلف المواد واقبتنع بالفكرة وسوف يتواصل معنا لتنسيق الوضع في سبل التعاون</td><td data-sheets-value=\"{\" data-sheets-numberformat=\"{\" xss=removed>2022-03-02</td><td data-sheets-value=\"{\" xss=removed>مطرح الوادي الكبير</td></tr></tbody></table>','','to_do','2022-03-02',0),(19,48,'2022-03-12 16:05:10','مدرسة الحصاد   ','<p><google xss=removed></google></p><table xss=removed cellspacing=\"0\" cellpadding=\"0\" dir=\"ltr\" border=\"1\" xss=removed><colgroup><col width=\"91\"><col width=\"72\"><col width=\"91\"><col width=\"186\"><col width=\"119\"><col width=\"290\"></colgroup><tbody><tr xss=removed><td rowspan=\"1\" colspan=\"4\" data-sheets-value=\"{\" xss=removed>المدرسة تستهدف الفئة العمرية من الصف الأول الى الرابع وبخطه الى اضافة الصف الخامس والسادس السنة المقبلة وبخصوص المنصه تم عرض الملف وشرح كافة التفاصيل بالمنصة وتم الأتفاق ان يتم من قبل مالك المدرسة الأستاذ خالد</td><td data-sheets-value=\"{\" data-sheets-numberformat=\"{\" xss=removed>2022-03-06</td><td data-sheets-value=\"{\" xss=removed>السيب الخوض</td></tr></tbody></table>','','to_do','2022-03-06',0),(20,48,'2022-03-12 16:06:10','مدرسة السيب العالمية  ','<p><google xss=removed></google></p><table xss=removed cellspacing=\"0\" cellpadding=\"0\" dir=\"ltr\" border=\"1\" xss=removed><colgroup><col width=\"91\"><col width=\"72\"><col width=\"91\"><col width=\"186\"><col width=\"119\"><col width=\"290\"></colgroup><tbody><tr xss=removed><td rowspan=\"1\" colspan=\"4\" data-sheets-value=\"{\" xss=removed>المدرسة تستهدف من التمهيدي الىلا الثاني عشر ومن خلال الزيارة تم تنسيق موعد مع الأستاذة ايمان نائبة مدير المدرسة</td><td data-sheets-value=\"{\" data-sheets-numberformat=\"{\" xss=removed>2022-03-06</td><td data-sheets-value=\"{\" xss=removed>السيب الخوض</td></tr></tbody></table>','','to_do','2022-03-06',0),(21,48,'2022-03-12 16:07:05','عزان بن قيس  ','<p><google xss=removed></google></p><table xss=removed cellspacing=\"0\" cellpadding=\"0\" dir=\"ltr\" border=\"1\" xss=removed><colgroup><col width=\"91\"><col width=\"72\"><col width=\"91\"><col width=\"186\"><col width=\"119\"><col width=\"290\"></colgroup><tbody><tr xss=removed><td rowspan=\"1\" colspan=\"4\" data-sheets-value=\"{\" xss=removed>تم من خلال الزيارة التأكيد على الخدمات المقدمة وافاد الموظف بأن الشخص المعني في اجازة لمدة اسبوع وتم الأتفاق هعلى ان يتم التواصل في مطلع الأسبوع المقبل</td><td data-sheets-value=\"{\" data-sheets-numberformat=\"{\" xss=removed>2022-03-07</td><td data-sheets-value=\"{\" xss=removed>بوشر بوشر</td></tr></tbody></table>','','to_do','2022-03-07',0),(22,48,'2022-03-12 16:07:41','المدرسة العمانية العالمية   ','<p><google xss=removed></google></p><table xss=removed cellspacing=\"0\" cellpadding=\"0\" dir=\"ltr\" border=\"1\" xss=removed><colgroup><col width=\"91\"><col width=\"72\"><col width=\"91\"><col width=\"186\"><col width=\"119\"><col width=\"290\"></colgroup><tbody><tr xss=removed><td rowspan=\"1\" colspan=\"4\" data-sheets-value=\"{\" xss=removed>تم من خلال هذه الزيارة مناقشة وضع المدرسة وموقفها اتجاه المنصه من خلال الزيارة السابقة واوضح الأستاذ سليم بأن الأمر متروك للأدارة وسوف يتم تنسيق موعد اخر للزيارة للمدرسة</td><td data-sheets-value=\"{\" data-sheets-numberformat=\"{\" xss=removed>2022-03-07</td><td data-sheets-value=\"{\" xss=removed>بوشر بوشر</td></tr></tbody></table>','','to_do','2022-03-07',0),(23,48,'2022-03-12 16:08:12','مدارس الوطنية الخاصه   ','<p><google xss=removed></google></p><table xss=removed cellspacing=\"0\" cellpadding=\"0\" dir=\"ltr\" border=\"1\" xss=removed><colgroup><col width=\"91\"><col width=\"72\"><col width=\"91\"><col width=\"186\"><col width=\"119\"><col width=\"290\"></colgroup><tbody><tr xss=removed><td rowspan=\"1\" colspan=\"4\" data-sheets-value=\"{\" xss=removed>تم من خلال هذه الزيارة عرض المنصه للأستاذ سالم منسق عام للمدرسة واوضح الأستاذ بأن المدرسة متعاقدة مع شركة هندية وقال بأن الكادر متضايق من هذه الشركة واوضح بأن اسعارنا افضل بكثير ومتشجع جدا بعد ما تم ايضاح بأن الكادر عماني وتم الأتفاق على تحديد موعد مع مجموعة موظفين من المكتب الرئيسي للمدرسة</td><td data-sheets-value=\"{\" data-sheets-numberformat=\"{\" xss=removed>2022-03-07</td><td data-sheets-value=\"{\" xss=removed>الخوير</td></tr></tbody></table>','','to_do','2022-03-07',0),(24,48,'2022-03-12 16:08:48','مدرسة السيب العالمية  ','<p><google xss=removed></google></p><table xss=removed cellspacing=\"0\" cellpadding=\"0\" dir=\"ltr\" border=\"1\" xss=removed><colgroup><col width=\"91\"><col width=\"72\"><col width=\"91\"><col width=\"186\"><col width=\"119\"><col width=\"290\"></colgroup><tbody><tr xss=removed><td rowspan=\"1\" colspan=\"4\" data-sheets-value=\"{\" xss=removed>تم من خلال هذه الزيارة التأكيد على وضع موعد للزيارة الرسمية لعرض المنصه</td><td data-sheets-value=\"{\" data-sheets-numberformat=\"{\" xss=removed>2022-03-07</td><td data-sheets-value=\"{\" xss=removed>السيب الخوض</td></tr></tbody></table>','','to_do','2022-03-07',0),(25,48,'2022-03-12 16:09:28','مدرسة السلام الخاصه  ','<p><google xss=removed></google></p><table xss=removed cellspacing=\"0\" cellpadding=\"0\" dir=\"ltr\" border=\"1\" xss=removed><colgroup><col width=\"91\"><col width=\"72\"><col width=\"91\"><col width=\"186\"><col width=\"119\"><col width=\"290\"></colgroup><tbody><tr xss=removed><td rowspan=\"1\" colspan=\"4\" data-sheets-value=\"{\" xss=removed>تم من خلال هذه الزيارة عرض موقع افتراضي بهوية المدرسة وتم توضيح كافة المميزات التي تتمتاز بها المنصه مع الدكتور رفاعي رئيس تقنية المعلومات وتمت مناقشة سبل البرمجه والية مرونة التحكم حسب المتطلبات وافاد الدكتور بأن التعاون له نسبة كبيرة للطرفين وانه سوف يرفع تقرير شامل عن المنصة للأدارة وسوف يتم التواصل معنا للمتطلبات التي سوف تطلبها المدلرسة</td><td data-sheets-value=\"{\" data-sheets-numberformat=\"{\" xss=removed>2022-03-07</td><td data-sheets-value=\"{\" xss=removed>السيب المعبيلة الجنوبية</td></tr></tbody></table>','','to_do','2022-03-07',0),(26,48,'2022-03-12 16:10:10','القرية الهندسية  ','<p><google xss=removed></google></p><table xss=removed cellspacing=\"0\" cellpadding=\"0\" dir=\"ltr\" border=\"1\" xss=removed><colgroup><col width=\"91\"><col width=\"72\"><col width=\"91\"><col width=\"186\"><col width=\"119\"><col width=\"290\"></colgroup><tbody><tr xss=removed><td rowspan=\"1\" colspan=\"4\" data-sheets-value=\"{\" xss=removed>في هذه الزيارة تم استعراض مجموعة اسهل بكافة خدماتها من قبل الأستاذ علوي وتم تبادل الحوار من الطرفين في نقاش حول تحويل المناهج اتلخاصة بالقرية الهندسية الى محتوى بصري من خلال استخدام استوديوا مكان وتم الأتفاق على ان يتم عمل عرض اسعار لكل من ٣ عروض اسعار لشركة القرية الهندسية كل عرض مستقل على حده<br><br>١- انشاء منصه الكترونية مخصصه للتدريب والمقاطع المرئيه<br><br>٢- التصوير والأخراج والمنتاج في استوديوا مكان وملكية المحتوى كامل للقرية الهندسية<br><br>٣- تصوير واخراج المحتوى التعليمي ودخول شراكة كملكية المحتوى للطرفين</td><td data-sheets-value=\"{\" data-sheets-numberformat=\"{\" xss=removed>2022-03-07</td><td data-sheets-value=\"{\" xss=removed>السيب الحيل الجنوبية</td></tr></tbody></table>','','to_do','2022-03-07',0),(27,48,'2022-03-12 16:11:03','المدرسة العمانية العالمية  ','<p><google xss=removed></google></p><table xss=removed cellspacing=\"0\" cellpadding=\"0\" dir=\"ltr\" border=\"1\" xss=removed><colgroup><col width=\"91\"><col width=\"72\"><col width=\"91\"><col width=\"186\"><col width=\"119\"><col width=\"290\"></colgroup><tbody><tr xss=removed><td rowspan=\"1\" colspan=\"4\" data-sheets-value=\"{\" xss=removed>تم اجراء اتصال هاتفي لتأكيد الخدمات واوضح الأستاذ بأن الموضوع في نقاش مع ادارة المدرسة</td><td data-sheets-value=\"{\" data-sheets-numberformat=\"{\" xss=removed>2022-03-09</td><td data-sheets-value=\"{\" xss=removed>بوشر بوشر</td></tr></tbody></table>','','to_do','2022-03-09',0),(28,48,'2022-03-12 16:11:45','مدرسة السيب العالمية   ','<p><google xss=removed></google></p><table xss=removed cellspacing=\"0\" cellpadding=\"0\" dir=\"ltr\" border=\"1\" xss=removed><colgroup><col width=\"91\"><col width=\"72\"><col width=\"91\"><col width=\"186\"><col width=\"119\"><col width=\"290\"></colgroup><tbody><tr xss=removed><td rowspan=\"1\" colspan=\"4\" data-sheets-value=\"{\" xss=removed>تم اجراء اتصال هاتفي وتم تنسيق موعد زيارة على الأسبوع المقبل مع الأستاذة ايمان نائبة مدير المدرسة</td><td data-sheets-value=\"{\" data-sheets-numberformat=\"{\" xss=removed>2022-03-09</td><td data-sheets-value=\"{\" xss=removed>السيب الخوض</td></tr></tbody></table>','','to_do','2022-03-09',0),(29,48,'2022-03-12 16:12:24','مدارس الوطنية الخاصه  ','<p><google xss=removed></google></p><table xss=removed cellspacing=\"0\" cellpadding=\"0\" dir=\"ltr\" border=\"1\" xss=removed><colgroup><col width=\"91\"><col width=\"72\"><col width=\"91\"><col width=\"186\"><col width=\"119\"><col width=\"290\"></colgroup><tbody><tr xss=removed><td rowspan=\"1\" colspan=\"4\" data-sheets-value=\"{\" xss=removed>تم اجراء اتصال هاتفي وتم تنسيق موعد على الأسبوع المقبل مع ادارة المدرسة لعرض كافة التفاصيل</td><td data-sheets-value=\"{\" data-sheets-numberformat=\"{\" xss=removed>2022-03-09</td><td data-sheets-value=\"{\" xss=removed>الخوير</td></tr></tbody></table>','','to_do','2022-03-09',0),(30,48,'2022-03-12 16:13:19','مدرسة السلام الخاصة   ','<p><google xss=removed></google></p><table xss=removed cellspacing=\"0\" cellpadding=\"0\" dir=\"ltr\" border=\"1\" xss=removed><colgroup><col width=\"91\"><col width=\"72\"><col width=\"91\"><col width=\"186\"><col width=\"119\"><col width=\"290\"></colgroup><tbody><tr xss=removed><td rowspan=\"1\" colspan=\"4\" data-sheets-value=\"{\" xss=removed>تم اجراء اتصال هاتفي وتم النقاش عن اهتمام المدرسة بالمنصة واوضح الدكتور بأن الموضوع سوف يحتاج الى وقت للوصول الى نتيجة تعاون بين الطرفين</td><td data-sheets-value=\"{\" data-sheets-numberformat=\"{\" xss=removed>2022-03-09</td><td data-sheets-value=\"{\" xss=removed>السيب المعبيلة الجنوبية</td></tr></tbody></table>','','to_do','2022-03-09',0),(31,48,'2022-03-12 16:14:08','مدرسة عزان بن قيس   ','<p><google xss=removed></google></p><table xss=removed cellspacing=\"0\" cellpadding=\"0\" dir=\"ltr\" border=\"1\" xss=removed><colgroup><col width=\"91\"><col width=\"72\"><col width=\"91\"><col width=\"186\"><col width=\"119\"><col width=\"290\"></colgroup><tbody><tr xss=removed><td rowspan=\"1\" colspan=\"4\" data-sheets-value=\"{\" xss=removed>تم اجراء اتصال هاتفي وتم تنسيق موعد على الأسبوع المقبل مع الشخص المعني في الأمر</td><td data-sheets-value=\"{\" data-sheets-numberformat=\"{\" xss=removed>2022-03-09</td><td data-sheets-value=\"{\" xss=removed>بوشر بوشر</td></tr></tbody></table>','','to_do','2022-03-09',0),(32,48,'2022-03-12 16:14:48','شركة اساور العقارية   ','<p><google xss=removed></google></p><table xss=removed cellspacing=\"0\" cellpadding=\"0\" dir=\"ltr\" border=\"1\" xss=removed><colgroup><col width=\"91\"><col width=\"72\"><col width=\"91\"><col width=\"186\"><col width=\"119\"><col width=\"290\"></colgroup><tbody><tr xss=removed><td rowspan=\"1\" colspan=\"4\" data-sheets-value=\"{\" xss=removed>تم عرض كافة الخدمات المتعلقة بمجموعة اسهل وتم النقاش حول استوديوهات مكان ومنصة وشيك وذلك لحاجتهم لهذة الخدمات مما تطرقوا الى نقاش في صنع محتى دائم للشركة من خلال استوديوهات مكان وكذلك ابدوا الرغبة في الدخول الى دورات في مجال التسويق في منصة وشيك وتم تنسيق موعد اجتماع مع الأستاذ اسحاق على الأسبوع المقبل</td><td data-sheets-value=\"{\" data-sheets-numberformat=\"{\" xss=removed>2022-03-09</td><td data-sheets-value=\"{\" xss=removed>الخوير</td></tr></tbody></table>','','to_do','2022-03-09',0),(33,48,'2022-03-12 16:15:22','هلال السيابي للمحاماه  ','<p><google xss=removed></google></p><table xss=removed cellspacing=\"0\" cellpadding=\"0\" dir=\"ltr\" border=\"1\" xss=removed><colgroup><col width=\"91\"><col width=\"72\"><col width=\"91\"><col width=\"186\"><col width=\"119\"><col width=\"290\"></colgroup><tbody><tr xss=removed><td rowspan=\"1\" colspan=\"4\" data-sheets-value=\"{\" xss=removed>تم عرض طريقة عمل منصة وشيك والية سناريوا الدورات في المنصة واوضح المكتب على اهتمامه في التعاون في منصة وشيك كما تطرقنا الى القطاع البرمجي وتم عرض نماذج مواقع الكترونية من اعمالنا واوضح المكتب على اهتمامة لأنشاء موقع الكتروني خاص به وتم تنسيق موعد اجتماع مع الأستاذ علوي المشهور</td><td data-sheets-value=\"{\" data-sheets-numberformat=\"{\" xss=removed>2022-03-09</td><td data-sheets-value=\"{\" xss=removed>بوشر العذيبة</td></tr></tbody></table>','','to_do','2022-03-09',0),(34,48,'2022-03-14 07:04:44','المدرسة الهندية ','<p>تمت في هذه الزيارة عرض منصة اسهل لمدير تقنية المعلومات في المدرسة ومن خلالها اوضح المدير بأن المدرسة تملك موقع الكتروني خاص بها مقرون بتطبيق وافاد بأن المحتوى في منصة اسهل مناسب ويحتاج ايميل رسمي من الشركة حتى يتم النقاش مع ادارة المدرسة عن سبل التعاون </p>','','to_do','2022-03-13',0),(35,48,'2022-03-14 07:21:26','مدرسة ابن خلدون','<p>في هذه الزيترة تم عرض منصة اسهل التعليمية لمدير المدرسة الأستاذ احمد الرفاعي 95931630 وافاد الأستاذ بأن المدرسة تستهدف الفئات من الصف الأول الى 12 مشير بأن عدد الطلاب بالمدرسة 221 من الصف الخامس الى 12 وقال بأنه يرغب بالتعاقد مع المنصة بحكم انه له تجربة سابقة في ادارة التعليم عن بعد مع احد المنصات ولكن غير راضي عن الأداء السابق مع الشركة لذا يرغب بالتعاقد معنا للعام الجديد وقال بأنه من المحتمل توقيع العقد في شهر 8 </p>','','to_do','2022-03-13',0),(36,48,'2022-03-14 07:28:07','مكتب وليد الحوسني للمحاماه ','<p>تم في هذا الأجتماع عرض جميع خدمات مجموعة اسهل من قطاع برمجي ومنصة وشيك وامكان واسهل التعليمية وتم النقاش حول المشاكل التي يواجهها المكتب في الفترة الحالية وما يحتاجه لخدماتنا وافاد المحامي وليد الحوسني بأن المكتب يعمل على  تنشيط التسويق في مواقع التواصل الأجتماعي حيث تم الأتفاق على توقيع عقد يخشمل مقاطع يتم تصويرها في استديو مكان تشمل محتوى قانوني ويمتد العقد طول شهر رمضان المبارك وافاد ايضا بأنه يرغب بالتعامل مع منصة وشيك  </p>','','to_do','2022-03-13',0),(37,48,'2022-03-14 07:33:23','مدرسة السيب العالمية ','<p>تم في هذه الزيارة تأكيد حجز موعد مع الأستاذة ايمان </p>','','to_do','2022-03-14',0);

--
-- Table structure for table `ASHAL_EDUCATION_AND__BUSINESS_LLCtransactions`
--

CREATE TABLE `ASHAL_EDUCATION_AND__BUSINESS_LLCtransactions` (
  `id` int(11) NOT NULL AUTO_INCREMENT,
  `date` date NOT NULL,
  `type` text NOT NULL,
  `is_manual` tinyint(1) NOT NULL DEFAULT '0',
  `reference` text,
  `bank_cash` int(11) DEFAULT '0',
  `deleted` tinyint(1) NOT NULL DEFAULT '0',
  PRIMARY KEY (`id`)
) ENGINE=InnoDB AUTO_INCREMENT=12 DEFAULT CHARSET=utf8;

--
-- Dumping data for table `ASHAL_EDUCATION_AND__BUSINESS_LLCtransactions`
--

INSERT INTO `ASHAL_EDUCATION_AND__BUSINESS_LLCtransactions` VALUES (1,'2022-01-04','payment_voucher',1,'عبدالباسط',0,0),(2,'2022-01-04','payment_voucher',1,'abdulalbasit',0,0),(3,'2022-03-07','Invoice: INVOICE #3',0,NULL,0,0),(4,'2022-03-07','journal_entry',1,'',0,0),(5,'2022-03-07','journal_entry',1,'',0,0),(6,'2022-03-10','Invoice Payment Received: INVOICE #7',0,NULL,0,0),(7,'2022-03-10','Invoice Payment Received: INVOICE #7',0,NULL,0,0),(8,'2022-03-11','Automatic General Expense: Bank',0,NULL,0,1),(9,'2022-01-04','journal_entry',1,'Short Loan From Ashal HIGHER DIMENSION TRADING',0,0),(10,'2022-03-15','Invoice: الفاتورة #10',0,NULL,0,0),(11,'2022-03-16','Invoice: الفاتورة #11',0,NULL,0,0);

--
-- Table structure for table `Adhwa_Soharaccounts`
--

CREATE TABLE `Adhwa_Soharaccounts` (
  `id` int(11) NOT NULL AUTO_INCREMENT,
  `acc_name` varchar(255) NOT NULL,
  `acc_code` varchar(255) DEFAULT NULL,
  `acc_parent` int(11) NOT NULL,
  `is_primary` tinyint(1) NOT NULL DEFAULT '0',
  `is_inactive` int(11) NOT NULL DEFAULT '0',
  `acc_description` text,
  `module_id` int(11) DEFAULT '0',
  `module` enum('suppliers','team_members','clients','expenses','assets') DEFAULT NULL,
  `deleted` int(11) NOT NULL DEFAULT '0',
  PRIMARY KEY (`id`)
) ENGINE=InnoDB AUTO_INCREMENT=1029 DEFAULT CHARSET=utf8;

--
-- Dumping data for table `Adhwa_Soharaccounts`
--

INSERT INTO `Adhwa_Soharaccounts` VALUES (1,'محمد الغيثي','1',0,0,0,NULL,NULL,NULL,0),(2,'Liabilities','2',0,1,0,NULL,0,NULL,0),(3,'Equity','3',0,1,0,NULL,0,NULL,0),(4,'Expenses','4',0,1,0,NULL,0,NULL,0),(5,'Income','5',0,1,0,NULL,0,NULL,0),(6,'Others','6',0,1,0,NULL,0,NULL,0),(7,'Receviable','1-1',1,1,0,NULL,0,NULL,0),(8,'Bank and Cash','1-2',1,1,0,NULL,0,NULL,0),(9,'Current Assets','1-3',1,1,0,NULL,0,NULL,0),(10,'Non Current Assets','1-4',1,1,0,NULL,0,NULL,0),(11,'Prepayments','1-5',1,1,0,NULL,0,NULL,0),(12,'Fixed Assets','1-6',1,1,0,NULL,0,NULL,0),(13,'Payable','2-1',2,1,0,NULL,0,NULL,0),(14,'Credit Card','2-2',2,1,0,NULL,0,NULL,0),(15,'Current Liabilities','2-3',2,1,0,NULL,0,NULL,0),(18,'Non Current Liabilities','2-4',2,1,0,NULL,0,NULL,0),(19,'Equity','3-1',3,1,0,NULL,0,NULL,0),(20,'Current Year Earnings','3-2',3,1,0,NULL,0,NULL,0),(21,'Expenses','4-1',4,1,0,NULL,0,NULL,0),(22,'Depreciation','4-2',4,1,0,NULL,0,NULL,0),(23,'Cost of Revenue','4-3',4,1,0,NULL,0,NULL,0),(24,'Income','5-1',5,1,0,NULL,0,NULL,0),(25,'Other Income','5-2',5,1,0,NULL,0,NULL,0),(26,'Off Balance Sheet','6-1',6,1,0,NULL,0,NULL,0),(38,'Advance Payments','2-5',2,1,0,NULL,0,NULL,0),(77,'Retained Earnings A/c','3-2-1',20,0,0,'',0,'clients',0),(903,'ابن الشيزاوي اشوك','2-1-1',13,0,0,NULL,0,NULL,0),(904,'أحمد علي الشبلي','1-1-1',7,0,0,NULL,0,NULL,0),(905,'شركة مجيس','1-1-2',7,0,0,NULL,0,NULL,0),(906,'Salam Plastic','1-1-3',7,0,0,NULL,0,NULL,0),(907,'Asian Paints','1-1-4',7,0,0,NULL,0,NULL,0),(908,'ETLALA JORI MUSCAT MODERN LLC (SCOTT-OMAN)','1-1-5',7,0,0,NULL,0,NULL,0),(909,'ATCO FOOD INDUSTRIES S.P.C','1-1-6',7,0,0,NULL,0,NULL,0),(910,'Oman Fasteners Company LLC','1-1-7',7,0,0,NULL,0,NULL,0),(911,'testx','4-1-1',21,0,0,NULL,0,NULL,0),(912,'ارياف الصرمي','2-1-2',13,0,0,NULL,0,NULL,0),(913,'النظافة','4-1-2',21,0,0,NULL,0,NULL,0),(914,'بترول الكهرباء','4-1-3',21,0,0,NULL,0,NULL,0),(915,'بترول النظافه','4-1-4',21,0,0,NULL,0,NULL,0),(916,'بترول المدير','4-1-5',21,0,0,NULL,0,NULL,0),(917,'بترول ادارية','4-1-6',21,0,0,NULL,0,NULL,0),(918,'السباكه','4-1-7',21,0,0,NULL,0,NULL,0),(919,'رسوم حكومية','4-1-8',21,0,0,NULL,0,NULL,0),(920,'الضرائب','4-1-9',21,0,0,NULL,0,NULL,0),(921,'المكتبة','4-1-10',21,0,0,NULL,0,NULL,0),(922,'ايجار','4-1-11',21,0,0,NULL,0,NULL,0),(923,'فواتير','4-1-12',21,0,0,NULL,0,NULL,0),(924,'اقساط','4-1-13',21,0,0,NULL,0,NULL,0),(925,'مصروفات السيارات','4-1-14',21,0,0,NULL,0,NULL,0),(926,'مصاريف اخرى','4-1-15',21,0,0,NULL,0,NULL,0),(927,'مهام عمل خارجية','4-1-16',21,0,0,NULL,0,NULL,0),(928,'الأصول','4-1-17',21,0,0,NULL,0,NULL,0),(929,'التسويق','4-1-18',21,0,0,NULL,0,NULL,0),(930,'الضيافة','4-1-19',21,0,0,NULL,0,NULL,0),(931,'التامينات','4-1-20',21,0,0,NULL,0,NULL,0),(932,'علاج','4-1-21',21,0,0,NULL,0,NULL,0),(933,'محل الوادي','2-1-3',13,0,0,NULL,0,NULL,0),(934,'شركة العيدروس للكهرباء','2-1-4',13,0,0,NULL,0,NULL,0),(935,'محل العيان','2-1-5',13,0,0,NULL,0,NULL,0),(936,'	AL Rebou Elect ','1-1-8',7,0,0,NULL,0,NULL,0),(937,'VOLTAMP Energy','1-1-9',7,0,0,NULL,0,NULL,0),(938,'Talent Electric Services	','1-1-10',7,0,0,NULL,0,NULL,0),(939,'Stars Light LLC.	','1-1-11',7,0,0,NULL,0,NULL,0),(940,'National Electrical Industries	','1-1-12',7,0,0,NULL,0,NULL,0),(941,'Sharikah Fanniyah Omaniyah (Muscat)	','1-1-13',7,0,0,NULL,0,NULL,0),(942,'ALHassan Switchgear Mfg.Co	','1-1-14',7,0,0,NULL,0,NULL,0),(943,'ASIATIC Electrical &Switchgear 	Ibn AL Shizawi Trading 	','1-1-15',7,0,0,NULL,0,NULL,0),(944,'Star Light LLC 	','1-1-16',7,0,0,NULL,0,NULL,0),(945,'Elestimold Egypt	Thilal AL Katheeb Trad. &Contracting Co.LLC	','1-1-17',7,0,0,NULL,0,NULL,0),(946,'REPL International Ltd	General Electronic &Trading Co.	','1-1-18',7,0,0,NULL,0,NULL,0),(947,'Tyco Electronics Raychem	Zawawi Trading Co.	     ','1-1-19',7,0,0,NULL,0,NULL,0),(948,'Elcon Megarad SPA 	AL Hassan Electrical Co.	','1-1-20',7,0,0,NULL,0,NULL,0),(949,'Yamuna Cables Accessories 	Diamond Rist Enterprises 	','1-1-21',7,0,0,NULL,0,NULL,0),(950,'6	REPL International Ltd	General Electronics & Trading Co. LLC','1-1-22',7,0,0,NULL,0,NULL,0),(951,'Pfisterer KontakSysteme Gmbh	Construction Services LLC	','1-1-23',7,0,0,NULL,0,NULL,0),(952,'باراس   	','1-1-24',7,0,0,NULL,0,NULL,0),(953,'محل الوادي','1-1-25',7,0,0,NULL,0,NULL,0),(954,'مسقط - الكيومي اشوك	','1-1-26',7,0,0,NULL,0,NULL,0),(955,'توريد الرمل والكنكري','1-1-27',7,0,0,NULL,0,NULL,0),(956,'الصبغ الاسود 	','1-1-28',7,0,0,NULL,0,NULL,0),(957,'ارياف الصرمي	','1-1-29',7,0,0,NULL,0,NULL,0),(958,'توريد الملح','1-1-30',7,0,0,NULL,0,NULL,0),(959,'الرقة','1-1-31',7,0,0,NULL,0,NULL,0),(960,'الكيومي صحار	','1-1-32',7,0,0,NULL,0,NULL,0),(961,'جوينت	','1-1-33',7,0,0,NULL,0,NULL,0),(962,'محمد رياض الصناعية	','1-1-34',7,0,0,NULL,0,NULL,0),(963,'Earth road  مسقط 	','1-1-35',7,0,0,NULL,0,NULL,0),(964,'Nissan','2-1-6',13,0,0,NULL,0,NULL,0),(965,'Hyundai','2-1-7',13,0,0,NULL,0,NULL,0),(966,'Tageer Finance','2-1-8',13,0,0,NULL,0,NULL,0),(967,'فاطمة البلوشي','1-1-36',7,0,0,NULL,0,NULL,0),(968,'خديجة الحمداني','1-1-37',7,0,0,NULL,0,NULL,0),(969,'هاني الغيثي','1-1-38',7,0,0,NULL,0,NULL,0),(970,'محمد الكعبي','1-1-39',7,0,0,NULL,0,NULL,0),(971,'AL Rebou Elect','2-1-9',13,0,0,NULL,0,NULL,0),(972,'VOLTAMP Energy','2-1-10',13,0,0,NULL,0,NULL,0),(973,'Talent Electric Services','2-1-11',13,0,0,NULL,0,NULL,0),(974,'Stars Light LLC','2-1-12',13,0,0,NULL,0,NULL,0),(975,'National Electrical Industries','2-1-13',13,0,0,NULL,0,NULL,0),(976,'Sharikah Fanniyah Omaniyah ','2-1-14',13,0,0,NULL,0,NULL,0),(977,'ALHassan Switchgear Mfg.Co','2-1-15',13,0,0,NULL,0,NULL,0),(978,'ASIATIC Electrical &Switchgear  Ibn AL Shizawi Trading','2-1-16',13,0,0,NULL,0,NULL,0),(979,'Star Light LLC','2-1-17',13,0,0,NULL,0,NULL,0),(980,'Elestimold Egypt Thilal AL Katheeb Trad. &Contracting Co.LLC','2-1-18',13,0,0,NULL,0,NULL,0),(981,'REPL International Ltd General Electronic &Trading Co','2-1-19',13,0,0,NULL,0,NULL,0),(982,'Tyco Electronics Raychem Zawawi Trading Co','2-1-20',13,0,0,NULL,0,NULL,0),(983,'Elcon Megarad SPA  AL Hassan Electrical Co','2-1-21',13,0,0,NULL,0,NULL,0),(984,'Yamuna Cables Accessories  Diamond Rist Enterprises','2-1-22',13,0,0,NULL,0,NULL,0),(985,'6 REPL International Ltd General Electronics & Trading Co. LLC','2-1-23',13,0,0,NULL,0,NULL,0),(986,'Pfisterer KontakSysteme Gmbh Construction Services LLC','2-1-24',13,0,0,NULL,0,NULL,0),(987,'باراس','2-1-25',13,0,0,NULL,0,NULL,0),(988,'محل الوادي','2-1-26',13,0,0,NULL,0,NULL,0),(989,' اشوك','2-1-27',13,0,0,NULL,0,NULL,0),(990,'توريد الرمل والكنكري','2-1-28',13,0,0,NULL,0,NULL,0),(991,'توريد الصبغ الاسود','2-1-29',13,0,0,NULL,0,NULL,0),(992,'توريد الملح','2-1-30',13,0,0,NULL,0,NULL,0),(993,'محل الرقة','2-1-31',13,0,0,NULL,0,NULL,0),(994,'محل الكيومي ','2-1-32',13,0,0,NULL,0,NULL,0),(995,'العيدروس لايجار الجوينت','2-1-33',13,0,0,NULL,0,NULL,0),(996,'محمد رياض توريد ألمنيوم شيت ','2-1-34',13,0,0,NULL,0,NULL,0),(997,'توريد Earth road ','2-1-35',13,0,0,NULL,0,NULL,0),(998,'مصنع الخلاوي','2-1-36',13,0,0,NULL,0,NULL,0),(999,'توريد فيدرات','2-1-37',13,0,0,NULL,0,NULL,0),(1000,'ادارية','4-1-22',21,0,0,NULL,0,NULL,0),(1001,'مصروفات عمال اخرى','4-1-23',21,0,0,NULL,0,NULL,0),(1002,'عبدالعزيز الغيثي','1-1-40',7,0,0,NULL,0,NULL,0),(1003,'البلدية','1-1-41',7,0,0,NULL,0,NULL,0),(1004,'حيا وديم','1-1-42',7,0,0,NULL,0,NULL,0),(1005,'سالم الرحيلي','1-1-43',7,0,0,NULL,0,NULL,0),(1006,'عيسى','1-1-44',7,0,0,NULL,0,NULL,0),(1007,'محمد الفارسي','1-1-45',7,0,0,NULL,0,NULL,0),(1008,'أحمد الهنائي','1-1-46',7,0,0,NULL,0,NULL,0),(1009,'عبدالعزيز اللاهوري','1-1-47',7,0,0,NULL,0,NULL,0),(1010,'نكتل الخروصي','1-1-48',7,0,0,NULL,0,NULL,0),(1011,'موسى','1-1-49',7,0,0,NULL,0,NULL,0),(1012,'محمد الكيومي','1-1-50',7,0,0,NULL,0,NULL,0),(1013,'محمد السدراني','1-1-51',7,0,0,NULL,0,NULL,0),(1014,'يوسف محمد عوض','1-1-52',7,0,0,NULL,0,NULL,0),(1015,'علي العيسائي','1-1-53',7,0,0,NULL,0,NULL,0),(1016,'عبيد المعمري','1-1-54',7,0,0,NULL,0,NULL,0),(1017,'أبو علي','1-1-55',7,0,0,NULL,0,NULL,0),(1018,'محمد المقبالي','1-1-56',7,0,0,NULL,0,NULL,0),(1019,'يونس الشبلي','1-1-57',7,0,0,NULL,0,NULL,0),(1020,'خالد الشبلي','1-1-58',7,0,0,NULL,0,NULL,0),(1021,'سعيد الحامدي','1-1-59',7,0,0,NULL,0,NULL,0),(1022,'سعيد المقبالي','1-1-60',7,0,0,NULL,0,NULL,0),(1023,'محمد المقبالي','1-1-61',7,0,0,NULL,0,NULL,0),(1024,'غيل الشبول','1-1-62',7,0,0,NULL,0,NULL,0),(1025,'بترول سباكة','4-1-24',21,0,0,NULL,0,NULL,0),(1026,'بترول الشحن والتفريغ','4-1-25',21,0,0,NULL,0,NULL,0),(1027,'سباكة','4-1-26',21,0,0,NULL,0,NULL,0),(1028,'حمد العيسائي','1-1-63',7,0,0,NULL,0,NULL,0);

--
