-- Table structure for table `erp_demoevents`
--

CREATE TABLE `erp_demoevents` (
  `id` int(11) NOT NULL AUTO_INCREMENT,
  `title` text COLLATE utf8_unicode_ci NOT NULL,
  `description` mediumtext COLLATE utf8_unicode_ci NOT NULL,
  `start_date` date NOT NULL,
  `end_date` date NOT NULL,
  `start_time` time DEFAULT NULL,
  `end_time` time DEFAULT NULL,
  `created_by` int(11) NOT NULL,
  `location` mediumtext COLLATE utf8_unicode_ci,
  `files` mediumtext COLLATE utf8_unicode_ci,
  `client_id` int(11) NOT NULL DEFAULT '0',
  `labels` text COLLATE utf8_unicode_ci NOT NULL,
  `share_with` mediumtext COLLATE utf8_unicode_ci,
  `editable_google_event` tinyint(1) NOT NULL DEFAULT '0',
  `google_event_id` text COLLATE utf8_unicode_ci NOT NULL,
  `deleted` int(1) NOT NULL DEFAULT '0',
  `color` varchar(15) COLLATE utf8_unicode_ci NOT NULL,
  `recurring` int(1) NOT NULL DEFAULT '0',
  `repeat_every` int(11) NOT NULL DEFAULT '0',
  `repeat_type` enum('days','weeks','months','years') COLLATE utf8_unicode_ci DEFAULT NULL,
  `no_of_cycles` int(11) NOT NULL DEFAULT '0',
  `last_start_date` date DEFAULT NULL,
  `recurring_dates` longtext COLLATE utf8_unicode_ci NOT NULL,
  `confirmed_by` text COLLATE utf8_unicode_ci NOT NULL,
  `rejected_by` text COLLATE utf8_unicode_ci NOT NULL,
  PRIMARY KEY (`id`),
  KEY `created_by` (`created_by`)
) ENGINE=InnoDB AUTO_INCREMENT=7 DEFAULT CHARSET=utf8 COLLATE=utf8_unicode_ci;

--
-- Dumping data for table `erp_demoevents`
--

INSERT INTO `erp_demoevents` VALUES (1,'test','test','2022-10-08','2022-10-08','00:00:00','00:00:00',1,'test','a:0:{}',0,'','',0,'',0,'#83c340',0,1,'months',0,'0000-00-00','','0','0'),(2,'meeting @ MCT office','Meeting with management ','2022-10-26','2022-10-26','04:00:00','06:00:00',1,'MCT','a:0:{}',0,'','',0,'',0,'#83c340',0,1,'months',0,'0000-00-00','','0','0'),(3,'test','test','2022-10-20','2022-10-20','00:00:00','00:00:00',1,'','a:0:{}',0,'','',0,'',1,'#83c340',0,1,'months',0,'0000-00-00','','0','0'),(4,'test','test','2022-10-21','2022-10-21','00:00:00','00:00:00',1,'','a:0:{}',0,'','',0,'',0,'#83c340',0,1,'months',0,'0000-00-00','','0','0'),(5,'Deliver main Door','Deliver main Door for ABC in seeb','2023-01-29','2023-01-30','00:00:00','00:00:00',1,'seeb','a:0:{}',0,'','',0,'',0,'#83c340',0,1,'months',0,'0000-00-00','','0','0'),(6,'بيت المعبيلة','ييي','2023-01-30','2023-01-31','00:30:00','00:20:00',1,'','a:0:{}',0,'','',0,'',0,'#83c340',0,1,'months',0,'0000-00-00','','0','0');

--
-- Table structure for table `erp_demoexpense_categories`
--

CREATE TABLE `erp_demoexpense_categories` (
  `id` int(11) NOT NULL AUTO_INCREMENT,
  `title` text COLLATE utf8_unicode_ci NOT NULL,
  `account_id` int(11) NOT NULL DEFAULT '0',
  `deleted` tinyint(1) NOT NULL DEFAULT '0',
  PRIMARY KEY (`id`)
) ENGINE=InnoDB AUTO_INCREMENT=12 DEFAULT CHARSET=utf8 COLLATE=utf8_unicode_ci;

--
-- Dumping data for table `erp_demoexpense_categories`
--

INSERT INTO `erp_demoexpense_categories` VALUES (1,'Rent',907,0),(2,'Salary',908,0),(3,'ELECTICOTY ',910,0),(4,'Comission',911,0),(5,'Telephone',914,0),(6,'fuel',917,0),(7,'Printing',922,0),(8,'Material',928,0),(9,'water',943,0),(10,'ايجار شقة العمال',950,0),(11,'رواتب موظفين',951,0);

--
-- Table structure for table `erp_demoexpenses`
--

CREATE TABLE `erp_demoexpenses` (
  `id` int(11) NOT NULL AUTO_INCREMENT,
  `expense_date` date NOT NULL,
  `category_id` int(11) NOT NULL,
  `description` mediumtext COLLATE utf8_unicode_ci,
  `amount` double NOT NULL,
  `payment_mode` enum('bank','cash_on_hand','cheque','reimbursement','pt_cash') COLLATE utf8_unicode_ci NOT NULL,
  `cheque_due_date` date DEFAULT NULL,
  `cheque_description` varchar(255) COLLATE utf8_unicode_ci DEFAULT NULL,
  `cheque_account` varchar(150) COLLATE utf8_unicode_ci DEFAULT NULL,
  `cheque_number` int(11) DEFAULT NULL,
  `cheque_transaction_id` int(11) NOT NULL DEFAULT '0',
  `files` mediumtext COLLATE utf8_unicode_ci NOT NULL,
  `title` text COLLATE utf8_unicode_ci NOT NULL,
  `project_id` int(11) NOT NULL DEFAULT '0',
  `user_id` int(11) NOT NULL DEFAULT '0',
  `client_id` int(11) NOT NULL DEFAULT '0',
  `status` enum('draft','request_approval','approved','rejected') COLLATE utf8_unicode_ci NOT NULL DEFAULT 'draft',
  `tax_id` int(11) NOT NULL DEFAULT '0',
  `tax_id2` int(11) NOT NULL DEFAULT '0',
  `transaction_id` int(11) NOT NULL DEFAULT '0',
  `deleted` tinyint(1) NOT NULL DEFAULT '0',
  PRIMARY KEY (`id`)
) ENGINE=InnoDB AUTO_INCREMENT=59 DEFAULT CHARSET=utf8 COLLATE=utf8_unicode_ci;

--
-- Dumping data for table `erp_demoexpenses`
--

INSERT INTO `erp_demoexpenses` VALUES (1,'2022-07-24',1,'rent for office',200,'cash_on_hand','2022-07-24',NULL,'',0,0,'a:1:{i:0;a:4:{s:9:\"file_name\";s:41:\"expense_file62dd5188f00cb-Pitch-deck.docx\";s:9:\"file_size\";s:6:\"484897\";s:7:\"file_id\";N;s:12:\"service_type\";N;}}','',0,1,0,'approved',1,0,8,0),(2,'2022-07-26',1,'OFFICE',300,'cash_on_hand','2022-07-26',NULL,'',0,0,'a:0:{}','',0,1,0,'approved',1,0,15,0),(3,'2022-08-02',5,'sim card 9374763',10,'cash_on_hand','2022-08-02',NULL,'',0,0,'a:1:{i:0;a:4:{s:9:\"file_name\";s:71:\"expense_file62e8e7f99e0a1-WhatsApp-Image-2022-08-01-at-10.51.06-AM.jpeg\";s:9:\"file_size\";s:5:\"38443\";s:7:\"file_id\";N;s:12:\"service_type\";N;}}','',0,1,0,'approved',0,0,62,0),(4,'2022-08-04',6,'Site vist',10,'cash_on_hand','2022-08-04',NULL,'',0,0,'a:0:{}','',4,1,0,'approved',1,0,26,0),(5,'2022-08-07',5,'SIM CARD 8`2749754',10,'cash_on_hand','2022-08-07',NULL,'',0,0,'a:0:{}','',0,1,0,'approved',0,0,77,0),(6,'2022-08-08',6,'site visit',10,'cash_on_hand','2022-08-08',NULL,'',0,0,'a:0:{}','',11,1,0,'approved',1,0,40,0),(7,'2022-08-13',3,'test',100,'cash_on_hand','2022-08-13',NULL,'',0,0,'a:0:{}','',15,1,0,'draft',0,0,0,0),(8,'2022-08-14',6,'test site visit',10,'cash_on_hand','2022-08-14',NULL,'',0,0,'a:0:{}','',0,1,0,'approved',1,0,52,0),(9,'2022-08-14',7,'book prining',30,'cash_on_hand','2022-08-14',NULL,'',0,0,'a:0:{}','',16,1,0,'approved',1,0,53,0),(10,'2022-08-17',1,';;',0,'cash_on_hand','2022-08-17',NULL,'',0,0,'a:0:{}','',1,39,6,'rejected',0,0,0,0),(11,'2022-08-20',6,'akdpaoskd',100,'bank','2022-08-20',NULL,'',0,0,'a:0:{}','',2,1,14,'draft',1,0,0,0),(12,'2022-08-22',1,'ايجار المعدات',150,'bank','2022-08-22',NULL,'',0,0,'a:0:{}','',4,1,0,'draft',0,0,0,0),(13,'2022-08-23',8,'material for villa sohar',100,'cash_on_hand','2022-08-23',NULL,'',0,0,'a:0:{}','',17,1,0,'approved',1,0,65,0),(14,'2022-08-23',6,'Ok',200,'bank','2022-08-23',NULL,'',0,0,'a:0:{}','',2,39,9,'draft',0,0,0,0),(15,'2022-09-07',6,'NADA ALRABEEI',10,'cash_on_hand','2022-09-07',NULL,'',0,0,'a:0:{}','',17,1,0,'approved',1,0,108,0),(16,'2022-09-22',3,'Ele for Room Ni:1',10,'cash_on_hand','2022-09-22',NULL,'',0,0,'a:0:{}','',0,1,0,'approved',1,0,152,0),(17,'2022-09-24',2,'salary for August22',1500,'cash_on_hand','2022-09-24',NULL,'',0,0,'a:0:{}','',2,1,12,'approved',1,0,155,0),(18,'2022-09-24',3,'room No2',150,'cash_on_hand','2022-09-24',NULL,'',0,0,'a:0:{}','',0,1,0,'approved',1,0,153,0),(19,'2022-09-24',3,'room no3\n',10,'cash_on_hand','2022-09-24',NULL,'',0,0,'a:0:{}','',0,1,0,'approved',1,0,154,0),(20,'2022-09-24',3,'room5',100,'cash_on_hand','2022-09-24',NULL,'',0,0,'a:0:{}','',0,1,0,'approved',1,0,157,0),(21,'2022-09-25',2,'salary for osama for the month 9 ',350,'bank','2022-09-25',NULL,'',0,0,'a:0:{}','',0,1,0,'draft',0,0,0,0),(22,'2022-09-25',2,'September Salary For Latifa',2500,'bank','2022-09-25',NULL,'',0,0,'a:0:{}','',0,1,0,'draft',0,0,0,0),(23,'2022-09-26',6,'fuel charges',5,'cash_on_hand','2022-09-26',NULL,'',0,0,'a:0:{}','',16,1,17,'draft',1,0,0,0),(24,'2022-09-26',8,'jhmjd',1000,'bank','2022-09-26',NULL,'',0,0,'a:0:{}','',0,1,0,'draft',1,0,0,0),(25,'2022-09-26',8,'de',1000,'bank','2022-09-26',NULL,'',0,0,'a:0:{}','',23,1,28,'approved',0,0,172,0),(26,'2022-10-10',2,'BEFOR TIME ',150,'cash_on_hand','2022-10-10',NULL,'',0,0,'a:0:{}','',14,1,2,'draft',0,0,0,1),(27,'2022-10-10',3,'ROOM NO 12',45,'bank','2022-10-10',NULL,'',0,0,'a:0:{}','',16,1,24,'draft',1,0,0,1),(28,'2022-10-11',2,'befor due ',200,'bank','2022-10-11',NULL,'',0,0,'a:0:{}','',0,1,13,'approved',0,0,179,0),(29,'2022-10-12',3,'electiy bill ',150,'bank','2022-10-11',NULL,'',0,0,'a:0:{}','',0,1,5,'approved',1,0,181,0),(30,'2022-10-11',6,'cash on hand ',200,'cash_on_hand','2022-10-11',NULL,'',0,0,'a:0:{}','',14,1,8,'approved',1,0,182,0),(31,'2022-10-11',1,'paid before  time ',120,'cash_on_hand','2022-10-11',NULL,'',0,0,'a:0:{}','',22,1,3,'approved',0,0,184,0),(32,'2022-10-14',6,'fuel',200,'cash_on_hand','2022-10-14',NULL,'',0,0,'a:0:{}','',0,1,0,'approved',1,0,220,0),(33,'2022-10-14',6,'Hi',200,'cash_on_hand','2022-10-14',NULL,'',0,0,'a:0:{}','',10,43,25,'draft',1,0,0,0),(34,'2022-10-18',6,'4505',50,'cash_on_hand','2022-10-18',NULL,'',0,0,'a:0:{}','',0,1,25,'draft',0,0,0,0),(35,'2022-10-19',6,'fuel',20,'cash_on_hand','2022-10-19',NULL,'',0,0,'a:0:{}','',16,1,16,'approved',0,0,206,0),(36,'2022-10-22',8,'purchase steel',2000,'cash_on_hand','2022-10-22',NULL,'',0,0,'a:0:{}','',24,1,24,'draft',1,0,0,0),(37,'2022-10-22',6,'petrol',15,'cash_on_hand','2022-10-22',NULL,'',0,0,'a:0:{}','',24,1,24,'draft',0,0,0,0),(38,'2022-10-22',3,'temporary power for site ',50,'bank','2022-10-22',NULL,'',0,0,'a:0:{}','',24,1,24,'draft',1,0,0,0),(39,'2022-10-22',6,'aaaaa',100,'cheque','2022-10-22',NULL,'',123465,311,'a:0:{}','',0,1,0,'approved',0,0,211,0),(40,'2022-10-23',6,'hgvf',10,'cash_on_hand','2022-10-23',NULL,'',0,0,'a:0:{}','',15,1,0,'approved',0,0,215,0),(41,'2022-10-27',8,'materials for naser house ',50,'cash_on_hand','2022-10-27',NULL,'',0,0,'a:0:{}','',24,1,34,'draft',0,0,0,0),(42,'2022-10-27',1,'hdcbj,dcmdmc,',1000,'bank','2022-10-27',NULL,'',0,0,'a:0:{}','',0,1,0,'draft',1,0,0,0),(43,'2022-10-27',6,'fnm.sd',20,'bank','2022-10-27',NULL,'',0,0,'a:0:{}','',26,49,7,'approved',0,0,223,0),(44,'2022-10-27',6,'hmvngfds',20,'bank','2022-10-27',NULL,'',0,0,'a:0:{}','',0,1,0,'approved',1,0,246,0),(45,'2022-11-03',6,'site vist',20,'cash_on_hand','2022-11-03',NULL,'',0,0,'a:0:{}','',27,1,0,'approved',1,0,275,0),(46,'2022-11-13',6,'site vist t hospital',20,'bank','2022-11-13',NULL,'',0,0,'a:0:{}','',28,1,0,'approved',1,0,319,0),(47,'2022-11-14',6,'Fuel for car',10,'bank','2022-11-14',NULL,'',0,0,'a:0:{}','',0,1,0,'draft',1,0,0,0),(48,'2022-11-15',1,'office rent',1000,'bank','2022-11-15',NULL,'',0,0,'a:0:{}','',0,1,0,'approved',1,0,327,0),(49,'2022-11-15',1,'building',2000,'bank','2022-11-15',NULL,'',0,0,'a:0:{}','',0,1,0,'draft',0,0,0,0),(50,'2022-11-27',6,'fuel visit client',20,'bank','2022-11-27',NULL,'',0,0,'a:0:{}','',0,1,0,'draft',1,0,0,0),(51,'2023-01-29',1,'workshop',300,'cash_on_hand','2023-01-29',NULL,'',0,0,'a:0:{}','',32,1,32,'approved',0,0,386,0),(52,'2023-01-29',6,'test',20,'bank','2023-01-29',NULL,'',0,0,'a:0:{}','',33,53,0,'draft',1,0,0,0),(53,'2023-01-30',1,'office rent',300,'bank','2023-01-30',NULL,'',0,0,'a:0:{}','',0,1,0,'approved',1,0,389,0),(54,'2023-01-31',6,'TEST',10,'cash_on_hand','2023-01-31',NULL,'',0,0,'a:0:{}','',34,1,0,'approved',0,0,392,0),(55,'2023-02-06',6,'tset',10,'cash_on_hand','2023-02-06',NULL,'',0,0,'a:1:{i:0;a:4:{s:9:\"file_name\";s:44:\"expense_file63e0bb6a87014-سند-قبض.docx\";s:9:\"file_size\";s:5:\"11844\";s:7:\"file_id\";N;s:12:\"service_type\";N;}}','',0,1,0,'approved',1,0,394,0),(56,'2023-03-10',6,'ءبلغاعتبغتع',50,'bank','2023-03-10',NULL,'',0,0,'a:0:{}','',14,54,73,'draft',0,0,0,0),(57,'2023-04-13',6,'test',10,'cash_on_hand','2023-04-13',NULL,'',0,0,'a:0:{}','',0,1,0,'draft',0,0,0,0),(58,'2023-04-18',1,'TEST',400,'cash_on_hand','2023-04-18',NULL,'',0,0,'a:0:{}','',28,1,0,'draft',1,0,0,0);

--
-- Table structure for table `erp_demogeneral_files`
--

CREATE TABLE `erp_demogeneral_files` (
  `id` int(11) NOT NULL AUTO_INCREMENT,
  `file_name` text COLLATE utf8_unicode_ci NOT NULL,
  `file_id` text COLLATE utf8_unicode_ci,
  `service_type` varchar(20) COLLATE utf8_unicode_ci DEFAULT NULL,
  `description` mediumtext COLLATE utf8_unicode_ci,
  `file_size` double NOT NULL,
  `created_at` datetime NOT NULL,
  `client_id` int(11) NOT NULL DEFAULT '0',
  `user_id` int(11) NOT NULL DEFAULT '0',
  `eroom_id` int(11) NOT NULL DEFAULT '0',
  `uploaded_by` int(11) NOT NULL,
  `deleted` tinyint(1) NOT NULL DEFAULT '0',
  PRIMARY KEY (`id`)
) ENGINE=InnoDB AUTO_INCREMENT=5 DEFAULT CHARSET=utf8 COLLATE=utf8_unicode_ci;

--
-- Dumping data for table `erp_demogeneral_files`
--

INSERT INTO `erp_demogeneral_files` VALUES (1,'_file6303b84e85262-ثناء-2.jpg',NULL,NULL,'موقع عوقد',470773,'2022-08-22 17:09:34',0,0,1,1,1),(2,'_file63189e0789b1e-Delivery_Note-11.pdf',NULL,NULL,'DESIGN',76230,'2022-09-07 13:35:03',20,0,0,1,0),(3,'_file635026667840b-ـ-25-قصة-نجاح-ـ-رءوف-شبايك.pdf',NULL,NULL,'',2409825,'2022-10-19 16:31:34',0,0,1,1,1),(4,'_file635384131dd9a-NASER-PROJECT.docx',NULL,NULL,'NSN AGREMENT FILE ',55530,'2022-10-22 05:48:03',34,0,0,1,0);

--
-- Table structure for table `erp_demohelp_articles`
--

CREATE TABLE `erp_demohelp_articles` (
  `id` int(11) NOT NULL AUTO_INCREMENT,
  `title` text COLLATE utf8_unicode_ci NOT NULL,
  `description` longtext COLLATE utf8_unicode_ci NOT NULL,
  `category_id` int(11) NOT NULL,
  `created_by` int(11) NOT NULL,
  `created_at` datetime DEFAULT NULL,
  `status` enum('active','inactive') COLLATE utf8_unicode_ci NOT NULL DEFAULT 'active',
  `files` text COLLATE utf8_unicode_ci NOT NULL,
  `total_views` int(11) NOT NULL DEFAULT '0',
  `deleted` tinyint(1) NOT NULL DEFAULT '0',
  PRIMARY KEY (`id`)
) ENGINE=InnoDB DEFAULT CHARSET=utf8 COLLATE=utf8_unicode_ci;

--
-- Dumping data for table `erp_demohelp_articles`
--


--
-- Table structure for table `erp_demohelp_categories`
--

CREATE TABLE `erp_demohelp_categories` (
  `id` int(11) NOT NULL AUTO_INCREMENT,
  `title` text COLLATE utf8_unicode_ci NOT NULL,
  `description` text COLLATE utf8_unicode_ci NOT NULL,
  `type` enum('help','knowledge_base') COLLATE utf8_unicode_ci NOT NULL,
  `sort` int(11) NOT NULL,
  `status` enum('active','inactive') COLLATE utf8_unicode_ci NOT NULL DEFAULT 'active',
  `deleted` tinyint(1) NOT NULL DEFAULT '0',
  PRIMARY KEY (`id`)
) ENGINE=InnoDB DEFAULT CHARSET=utf8 COLLATE=utf8_unicode_ci;

--
-- Dumping data for table `erp_demohelp_categories`
--


--
-- Table structure for table `erp_demointernal_transactions`
--

CREATE TABLE `erp_demointernal_transactions` (
  `id` int(11) NOT NULL AUTO_INCREMENT,
  `date` date NOT NULL,
  `from_employee` int(11) NOT NULL,
  `to_employee` int(11) NOT NULL,
  `amount` float(10,3) NOT NULL,
  `note` text COLLATE utf8_bin NOT NULL,
  `status` enum('draft','approved') COLLATE utf8_bin NOT NULL DEFAULT 'draft',
  `transaction_id` int(11) NOT NULL DEFAULT '0',
  `deleted` tinyint(1) NOT NULL DEFAULT '0',
  PRIMARY KEY (`id`)
) ENGINE=MyISAM DEFAULT CHARSET=utf8 COLLATE=utf8_bin;

--
-- Dumping data for table `erp_demointernal_transactions`
--


--
-- Table structure for table `erp_demoinvoice_items`
--

CREATE TABLE `erp_demoinvoice_items` (
  `id` int(11) NOT NULL AUTO_INCREMENT,
  `item_id` int(11) NOT NULL DEFAULT '0',
  `title` text COLLATE utf8_unicode_ci NOT NULL,
  `description` text COLLATE utf8_unicode_ci,
  `quantity` double NOT NULL,
  `unit_type` varchar(20) COLLATE utf8_unicode_ci NOT NULL DEFAULT '',
  `rate` double NOT NULL,
  `total` double NOT NULL,
  `sort` int(11) NOT NULL DEFAULT '0',
  `invoice_id` int(11) NOT NULL,
  `tax_id` int(11) DEFAULT '0',
  `tax_id2` int(11) DEFAULT '0',
  `deleted` tinyint(1) NOT NULL DEFAULT '0',
  PRIMARY KEY (`id`)
) ENGINE=InnoDB AUTO_INCREMENT=176 DEFAULT CHARSET=utf8 COLLATE=utf8_unicode_ci;

--
-- Dumping data for table `erp_demoinvoice_items`
--

INSERT INTO `erp_demoinvoice_items` VALUES (1,1,'Smart Lock','Smart Lock 123',1,'Piece',200,200,0,1,0,0,0),(2,1,'Smart Lock','Smart Lock 123',1,'Piece',200,200,0,2,0,0,0),(3,2,'Smart Curtain','Smart Curtain',1,'Piece',350,350,0,2,0,0,0),(4,3,'Live translation 1','Test\n10 sessions a year',1,'Yearly ',1000,1000,0,3,1,0,0),(5,4,'Kid headset','kids',1,'Piece',0,0,0,4,0,0,0),(6,3,'Live translation 1','Test\n10 sessions a year',9,'Yearly ',100,900,0,5,1,0,1),(7,1,'Smart Lock','Smart Lock 123',6,'Piece',20,120,0,6,1,0,0),(8,5,'Flat 54','area \nrooms',1,'fLAT',20000,20000,0,7,1,0,0),(9,4,'Kid headset','kids',5,'Piece',300,1500,0,11,0,0,0),(10,4,'Kid headset','kids',8,'Piece',300,2400,0,12,0,0,0),(11,6,'NIDA ','test ',4,'Piece ',400,1600,0,13,1,0,0),(12,8,'Drilling','drilling kcjkfqc',1,'',1000,1000,0,14,1,0,0),(13,9,'Smoke detector installation','smoke',1,'',100,100,0,15,1,0,0),(14,10,'Skating','ghxghcfjj',3,'',50,150,0,16,1,0,0),(15,2,'Smart Curtain','Smart Curtain',4,'Piece',350,1400,0,8,0,0,0),(16,11,'Survey','test',3,'',300,900,0,17,1,0,0),(17,11,'Survey','test',4,'',300,1200,0,18,0,0,0),(18,10,'Skating','ghxghcfjj',7,'',50,350,0,19,0,0,0),(19,13,'Course Level 1','test',1,'',300,300,0,20,1,0,0),(20,8,'Drilling','drilling kcjkfqc',2,'',1000,2000,0,22,0,0,0),(21,17,'Electrical service ','1 service per year ',3,'',200,600,0,103,1,0,0),(22,13,'Course Level 1','test',1,'',300,300,0,104,0,0,0),(23,14,'WIRE 20MM','',1,'',180,180,0,105,0,0,0),(24,16,'Incense Salalah ','',1,'Pc',12,12,0,105,0,0,0),(25,15,'WIRE12MM','',1,'',110,110,0,105,0,0,0),(26,17,'Electrical service ','1 service per year ',3,'',200,600,0,106,1,0,0),(27,15,'WIRE12MM','',2,'',110,220,0,107,0,0,0),(28,17,'Electrical service ','Pole 9mtr DCRP approved',10,'Nos',110,1100,0,108,1,0,0),(29,14,'WIRE 20MM','',1,'',180,180,0,102,1,0,0),(30,17,'Electrical service ','1 service per year ',1,'',200,200,0,109,0,0,0),(31,17,'Electrical service ','POLE',20,'Nos',200,4000,0,109,1,0,0),(32,14,'WIRE 20MM','',2,'',180,360,0,110,0,0,0),(33,14,'WIRE 20MM','',2,'',180,360,3,110,0,0,0),(34,12,'website design','',1,'',200,200,1,110,0,0,0),(35,14,'WIRE 20MM','',1,'',180,180,2,110,0,0,0),(36,14,'WIRE 20MM','',10,'',180,1800,0,111,0,0,0),(37,13,'Course Level 1','test',2,'',300,600,0,111,0,0,0),(38,13,'Course Level 1','test',3,'',300,900,0,112,0,0,0),(39,14,'WIRE 20MM','',2,'Pc',12,24,0,112,0,0,0),(40,15,'WIRE12MM','',3,'',110,330,0,114,0,0,0),(41,17,'Electrical service ','1 service per year ',1,'',200,200,0,115,0,0,0),(42,13,'Course Level 1','test',3,'',300,900,0,116,0,0,0),(43,15,'WIRE12MM','',1,'',110,110,0,117,0,0,0),(44,12,'website design','',1,'',200,200,0,118,0,0,0),(45,14,'WIRE 20MM','',4,'',180,720,0,120,0,0,0),(46,20,'model 1','test',4,'',500,2000,0,121,1,0,0),(47,12,'website design','',1,'',200,200,0,122,0,0,0),(48,13,'Course Level 1','test',1,'',300,300,0,122,0,0,0),(49,15,'WIRE12MM','',1,'',110,110,0,122,0,0,0),(50,12,'website design','',1,'',200,200,0,124,0,0,0),(51,15,'WIRE12MM','',1,'',110,110,0,124,0,0,0),(52,18,'pipe type 3','jdfKNJHC',1,'',200,200,0,124,0,0,0),(53,12,'website design','',5,'unit',200,1000,0,126,0,0,0),(54,12,'website design','',1,'',200,200,0,126,0,0,0),(55,25,'Solid','650/10 5.00 STD ECOMASTER ',10,'pcs',70,700,0,130,0,0,0),(56,23,'Deestone','300/15 20PR D301 TTF',4,'SET',100,400,0,130,0,0,0),(57,25,'Solid','650/10 5.00 STD ECOMASTER ',2,'pcs',70,140,0,131,0,0,0),(58,23,'Deestone','300/15 20PR D301 TTF',20,'SET',100,2000,0,132,0,0,0),(59,26,'Solid','700/12 5.00 STD SOLID DEESTONE Thailand',10,'unit',85,850,0,133,0,0,0),(60,26,'Solid','700/12 5.00 STD SOLID DEESTONE Thailand',5,'unit',85,425,0,134,0,0,0),(61,23,'Deestone','300/15 20PR D301 TTF',1,'SET',50,50,0,134,0,0,1),(62,23,'Deestone','300/15 20PR D301 TTF',4,'SET',100,400,0,134,0,0,0),(63,26,'Solid','700/12 5.00 STD SOLID DEESTONE Thailand',2,'unit',85,170,0,136,0,0,0),(64,23,'Deestone','300/15 20PR D301 TTF',4,'SET',100,400,0,136,0,0,0),(65,22,'Solid','300/15 8.00 SOLID DEESTONE Thailand ',10,'unit',180,1800,0,138,0,0,0),(66,23,'Deestone','300/15 20PR D301 TTF',4,'SET',100,400,0,138,0,0,0),(67,26,'Solid','700/12 5.00 STD SOLID DEESTONE Thailand',2,'unit',85,170,0,138,0,0,0),(68,23,'Deestone','300/15 20PR D301 TTF',5,'SET',100,500,0,139,0,0,0),(69,26,'Solid','700/12 5.00 STD SOLID DEESTONE Thailand',2,'unit',85,170,0,140,0,0,0),(70,26,'Solid','700/12 5.00 STD SOLID DEESTONE Thailand',1,'unit',85,85,0,141,0,0,0),(71,26,'Solid','700/12 5.00 STD SOLID DEESTONE Thailand',2,'unit',85,170,0,142,1,0,0),(72,30,'Door Installation 1 mtr* 1mtr','ghdur,',2,'',200,400,0,143,1,0,0),(73,30,'Door Installation 1 mtr* 1mtr','ghdur,',2,'',200,400,0,146,0,0,0),(74,23,'Deestone','300/15 20PR D301 TTF',10,'SET',50,500,0,147,0,0,0),(75,28,'OTR','20.5R5 ** GCBB5 E3L3 CHINA TL',1,'pcs',430,430,0,148,0,0,0),(76,29,'1600/25 32PR D313 TL DEESOTNE THAILAND ','1600/25 32PR D313 TL DEESOTNE THAILAND ',2,'unit',450,900,0,150,1,0,0),(77,29,'1600/25 32PR D313 TL DEESOTNE THAILAND ','1600/25 32PR D313 TL DEESOTNE THAILAND ',1,'unit',450,450,0,151,1,0,0),(78,26,'Solid','700/12 5.00 STD SOLID DEESTONE Thailand',2,'unit',85,170,0,152,0,0,0),(79,28,'OTR','20.5R5 ** GCBB5 E3L3 CHINA TL',1,'pcs',430,430,0,153,0,0,0),(80,23,'Deestone','300/15 20PR D301 TTF',2,'SET',50,100,0,154,0,0,0),(81,26,'Solid','700/12 5.00 STD SOLID DEESTONE Thailand',2,'unit',85,170,0,155,0,0,0),(82,23,'Deestone','300/15 20PR D301 TTF',2,'SET',100,200,0,155,0,0,0),(83,31,'خاتم','',1,'',20,20,0,156,0,0,0),(84,28,'OTR','20.5R5 ** GCBB5 E3L3 CHINA TL',1,'pcs',50,50,0,156,0,0,0),(85,31,'خاتم','',2,'',10,20,0,157,0,0,0),(86,27,'OTR','325/95R24 22PR BT666 BOTO TL CHINA',1,'PCS',120,120,0,157,0,0,0),(87,25,'Solid','650/10 5.00 STD ECOMASTER ',1,'pcs',70,70,0,157,0,0,0),(88,22,'Solid','300/15 8.00 SOLID DEESTONE Thailand ',1,'unit',180,180,0,161,0,0,0),(89,30,'Door Installation 1 mtr* 1mtr','ghdur,',5,'',200,1000,0,162,0,0,0),(90,26,'Solid','700/12 5.00 STD SOLID DEESTONE Thailand',20,'unit',85,1700,0,163,1,0,0),(91,33,'Ac samusung','jdnc,.',3,'',300,900,0,164,0,0,0),(92,32,'Maintance 1 moth','hdsaj,fkjv',1,'',100,100,0,164,0,0,0),(93,34,'cat d8r','j.kmx,./z',10,'Hour',200,2000,0,165,0,0,0),(94,32,'Maintance 1 moth','hdsaj,fkjv',1,'',100,100,0,166,0,0,0),(95,35,'slicing','Test',3,'',3000,9000,0,167,1,0,0),(96,26,'Solid','700/12 5.00 STD SOLID DEESTONE Thailand',1,'unit',85,85,0,169,0,0,0),(97,37,'مكافحة حشرات زاحفة ( صراصير,نمل )','المكافحة داخل المنزل تشمل:-\nالمطبخ ( لاداعي لاخراج الاغراض نستخدم مادة تسبب عقم للصراصير (بدون روائح)\nالغرف (رش حواف الابواب داخل الغرف وحوافها (بدون روائح)\nدورات المياة (رش حواف دورات المياة وفتحات التصريف وماخلف المغاسل (بدون روائح)\nحواف الابواب (رش حواف الابواب من الجانبين (بدون روائح)\nالحواف الداخلية (رش جميع الحواف الداخلية للبيت (بدون روائح)\nالبواليع الخارجية (فتح البواليع الخارجية ورشها (يوجد روائح)\nالمنطقة الخارجية للحوش (رش الحواف الخارجية للحوش والفتحات واي ثقوب متواجدة (يوجد روائح)',1,'PEST CONTROL',30,30,0,170,0,0,0),(98,37,'مكافحة حشرات زاحفة ( صراصير,نمل )','المكافحة داخل المنزل تشمل:-\nالمطبخ ( لاداعي لاخراج الاغراض نستخدم مادة تسبب عقم للصراصير (بدون روائح)\nالغرف (رش حواف الابواب داخل الغرف وحوافها (بدون روائح)\nدورات المياة (رش حواف دورات المياة وفتحات التصريف وماخلف المغاسل (بدون روائح)\nحواف الابواب (رش حواف الابواب من الجانبين (بدون روائح)\nالحواف الداخلية (رش جميع الحواف الداخلية للبيت (بدون روائح)\nالبواليع الخارجية (فتح البواليع الخارجية ورشها (يوجد روائح)\nالمنطقة الخارجية للحوش (رش الحواف الخارجية للحوش والفتحات واي ثقوب متواجدة (يوجد روائح)',1,'PEST CONTROL',30,30,0,170,0,0,1),(99,36,'معالجة رمة (شرح)','معالجة الرمة عن طريق الحقن ( عمل ثقوب في الارضيات عمق الثقب 30 سم و القطر 12 مم على بعد كل متر من داخل الموقع والخارج لوصول المادة الى الارضيات والقضاء على النمل الابيض تماماُ)',1,'PEST CONTROL',130,130,0,170,0,0,1),(100,36,'معالجة رمة (شرح)','معالجة الرمة عن طريق الحقن ( عمل ثقوب في الارضيات عمق الثقب 30 سم و القطر 12 مم على بعد كل متر من داخل الموقع والخارج لوصول المادة الى الارضيات والقضاء على النمل الابيض تماماُ)',1,'PEST CONTROL',130,130,0,171,0,0,0),(101,39,'VR ','VR..........',2,'PC',300,600,0,172,1,0,0),(102,40,'AI Toy','AI......',3,'',500,1500,0,172,1,0,0),(103,36,'معالجة رمة ','معالجة الرمة عن طريق الحقن ( عمل ثقوب في الارضيات عمق الثقب 30 سم و القطر 12 مم على بعد كل متر من داخل الموقع والخارج لوصول المادة الى الارضيات والقضاء على النمل الابيض تماماُ)',5,'معالجة رمة',130,650,0,175,0,0,0),(104,36,'معالجة رمة ','معالجة الرمة عن طريق الحقن ( عمل ثقوب في الارضيات عمق الثقب 30 سم و القطر 12 مم على بعد كل متر من داخل الموقع والخارج لوصول المادة الى الارضيات والقضاء على النمل الابيض تماماُ)',1,'معالجة رمة',70,70,0,177,0,0,0),(105,42,'خدمات مطابقة منتجات التجميل','خدمات.............',2,'',200,400,0,178,1,0,0),(106,43,'متطابقة منتج تجميل (كريم)','رقم شهادة 6754',1,'',200,200,0,179,0,0,0),(107,43,'متطابقة منتج تجميل (كريم)','رقم شهادة 6754',1,'',200,200,0,180,0,0,0),(108,44,'فحص منتج','تست',2,'',500,1000,0,1000,0,0,0),(109,43,'متطابقة منتج تجميل (كريم)','رقم شهادة 6754',3,'',200,600,0,1000,0,0,0),(110,36,'معالجة رمة ','معالجة الرمة عن طريق الحقن ( عمل ثقوب في الارضيات عمق الثقب 30 سم و القطر 12 مم على بعد كل متر من داخل الموقع والخارج لوصول المادة الى الارضيات والقضاء على النمل الابيض تماماُ)',1,'معالجة رمة',150,150,0,1001,0,0,0),(111,36,'معالجة رمة ','معالجة الرمة عن طريق الحقن ( عمل ثقوب في الارضيات عمق الثقب 30 سم و القطر 12 مم على بعد كل متر من داخل الموقع والخارج لوصول المادة الى الارضيات والقضاء على النمل الابيض تماماُ)',1,'معالجة رمة',70,70,0,1002,0,0,0),(112,37,'مكافحة حشرات','',1,'مكافحة حشرات',20,20,0,1003,0,0,0),(113,37,'مكافحة حشرات','',1,'مكافحة حشرات',100,100,0,1004,0,0,0),(114,38,'مكافحة قوارض','مبيد يسبب تجلط دم للفئران والجرزان خلال يومي يتم القضاء على الفئران او الجرزان',1,'مكافحة قوارض',20,20,0,1005,0,0,0),(115,36,'معالجة رمة ','معالجة الرمة عن طريق الحقن ( عمل ثقوب في الارضيات عمق الثقب 30 سم و القطر 12 مم على بعد كل متر من داخل الموقع والخارج لوصول المادة الى الارضيات والقضاء على النمل الابيض تماماُ)',2,'غرفة',32.5,65,0,1006,0,0,0),(116,37,'مكافحة حشرات','غرفتين وصاله مكافحة بق فراش',1,'مكافحة بق فراش',40,40,0,1008,0,0,0),(117,46,'تنظيف (عميق)','',1,'شقة',50,50,0,1008,0,0,0),(118,46,'تنظيف (عميق)','تنظيف عميق',1,'شقة',55,55,0,1009,0,0,0),(119,46,'تنظيف (عميق)','',1,'تنظيف عميق',130,130,0,1011,0,0,0),(120,37,'مكافحة حشرات','المكافحة داخل المنزل تشمل:-\nالمطبخ ( لاداعي لاخراج الاغراض نستخدم مادة تسبب عقم للصراصير (بدون روائح)\nالغرف (رش حواف الابواب داخل الغرف وحوافها (بدون روائح)\nدورات المياة (رش حواف دورات المياة وفتحات التصريف وماخلف المغاسل (بدون روائح)\nحواف الابواب (رش حواف الابواب من الجانبين (بدون روائح)\nالحواف الداخلية (رش جميع الحواف الداخلية للبيت (بدون روائح)\nالبواليع الخارجية (فتح البواليع الخارجية ورشها (يوجد روائح)\nالمنطقة الخارجية للحوش (رش الحواف الخارجية للحوش والفتحات واي ثقوب متواجدة (يوجد روائح)',1,'مكافحة حشرات ',20,20,0,1011,0,0,0),(121,46,'تنظيف (عميق)','',1,'تنظيف',130,130,0,1012,0,0,0),(122,37,'مكافحة حشرات','المكافحة داخل المنزل تشمل:-\nالمطبخ ( لاداعي لاخراج الاغراض نستخدم مادة تسبب عقم للصراصير (بدون روائح)\nالغرف (رش حواف الابواب داخل الغرف وحوافها (بدون روائح)\nدورات المياة (رش حواف دورات المياة وفتحات التصريف وماخلف المغاسل (بدون روائح)\nحواف الابواب (رش حواف الابواب من الجانبين (بدون روائح)\nالحواف الداخلية (رش جميع الحواف الداخلية للبيت (بدون روائح)\nالبواليع الخارجية (فتح البواليع الخارجية ورشها (يوجد روائح)\nالمنطقة الخارجية للحوش (رش الحواف الخارجية للحوش والفتحات واي ثقوب متواجدة (يوجد روائح)',1,'مكافحة حشرات',20,20,0,1012,0,0,0),(123,42,'خدمات مطابقة منتجات التجميل','cosmetics',3,'',50,150,0,1013,0,0,0),(124,43,'متطابقة منتج تجميل (كريم)','jjjjl',1,'',50,50,0,1013,0,0,0),(125,43,'متطابقة منتج تجميل (كريم)','رقم شهادة 6754',1,'',200,200,0,1014,1,0,0),(126,41,'Installation','service ......',3,'',50,150,0,1016,0,0,0),(127,38,'مكافحة قوارض','مبيد يسبب تجلط دم للفئران والجرزان خلال يومي يتم القضاء على الفئران او الجرزان',2,'مكافحة قوارض',25,50,0,1015,0,0,0),(128,38,'مكافحة قوارض','مبيد يسبب تجلط دم للفئران والجرزان خلال يومي يتم القضاء على الفئران او الجرزان',2,'مكافحة قوارض',25,50,0,1017,0,0,0),(129,37,'مكافحة حشرات','المكافحة داخل المنزل تشمل:-\nالمطبخ ( لاداعي لاخراج الاغراض نستخدم مادة تسبب عقم للصراصير (بدون روائح)\nالغرف (رش حواف الابواب داخل الغرف وحوافها (بدون روائح)\nدورات المياة (رش حواف دورات المياة وفتحات التصريف وماخلف المغاسل (بدون روائح)\nحواف الابواب (رش حواف الابواب من الجانبين (بدون روائح)\nالحواف الداخلية (رش جميع الحواف الداخلية للبيت (بدون روائح)\nالبواليع الخارجية (فتح البواليع الخارجية ورشها (يوجد روائح)\nالمنطقة الخارجية للحوش (رش الحواف الخارجية للحوش والفتحات واي ثقوب متواجدة (يوجد روائح)',4,'مكافحة حشرات زاحفة (',30,120,0,173,0,0,0),(130,41,'Installation','service ......',3,'',50,150,0,173,0,0,0),(131,42,'خدمات مطابقة منتجات التجميل','المكافحة داخل المنزل تشمل:-\nالمطبخ ( لاداعي لاخراج الاغراض نستخدم مادة تسبب عقم للصراصير (بدون روائح)\nالغرف (رش حواف الابواب داخل الغرف وحوافها (بدون روائح)\nدورات المياة (رش حواف دورات المياة وفتحات التصريف وماخلف المغاسل (بدون روائح)\nحواف الابواب (رش حواف الابواب من الجانبين (بدون روائح)\nالحواف الداخلية (رش جميع الحواف الداخلية للبيت (بدون روائح)\nالبواليع الخارجية (فتح البواليع الخارجية ورشها (يوجد روائح)\nالمنطقة الخارجية للحوش (رش الحواف الخارجية للحوش والفتحات واي ثقوب متواجدة (يوجد روائح)',3,'مكافحة حشرات زاحفة (',30,90,0,1019,0,0,0),(132,41,'Installation','service ......',2,'',50,100,0,1024,0,0,0),(133,53,'sapelli door','Sapele door with handle',10,'m2',100,1000,0,1024,0,0,0),(134,55,'تنظيف الفرف','',2,'متر',250,500,0,1025,0,0,0),(135,37,'مكافحة حشرات','المكافحة داخل المنزل تشمل:-\nالمطبخ ( لاداعي لاخراج الاغراض نستخدم مادة تسبب عقم للصراصير (بدون روائح)\nالغرف (رش حواف الابواب داخل الغرف وحوافها (بدون روائح)\nدورات المياة (رش حواف دورات المياة وفتحات التصريف وماخلف المغاسل (بدون روائح)\nحواف الابواب (رش حواف الابواب من الجانبين (بدون روائح)\nالحواف الداخلية (رش جميع الحواف الداخلية للبيت (بدون روائح)\nالبواليع الخارجية (فتح البواليع الخارجية ورشها (يوجد روائح)\nالمنطقة الخارجية للحوش (رش الحواف الخارجية للحوش والفتحات واي ثقوب متواجدة (يوجد روائح)',2,'مكافحة حشرات زاحفة (',30,60,0,1027,0,0,0),(136,39,'VR ','VR..........',4,'PC',300,1200,0,1028,0,0,0),(137,41,'Installation','service ......',4,'',50,200,0,1029,0,0,0),(138,40,'AI Toy','AI......',2,'',500,1000,0,1029,0,0,0),(139,36,'معالجة رمة ','معالجة الرمة عن طريق الحقن ( عمل ثقوب في الارضيات عمق الثقب 30 سم و القطر 12 مم على بعد كل متر من داخل الموقع والخارج لوصول المادة الى الارضيات والقضاء على النمل الابيض تماماُ)',1,'معالجة رمة',130,130,0,1030,0,0,1),(140,44,'فحص منتج','تست',10,'',2,20,0,1030,0,0,0),(141,57,'توصيل','',5,'',2,10,0,1031,0,0,0),(142,57,'توصيل','',1,'',2,2,0,1031,0,0,0),(143,37,'مكافحة حشرات','المكافحة داخل المنزل تشمل:-\nالمطبخ ( لاداعي لاخراج الاغراض نستخدم مادة تسبب عقم للصراصير (بدون روائح)\nالغرف (رش حواف الابواب داخل الغرف وحوافها (بدون روائح)\nدورات المياة (رش حواف دورات المياة وفتحات التصريف وماخلف المغاسل (بدون روائح)\nحواف الابواب (رش حواف الابواب من الجانبين (بدون روائح)\nالحواف الداخلية (رش جميع الحواف الداخلية للبيت (بدون روائح)\nالبواليع الخارجية (فتح البواليع الخارجية ورشها (يوجد روائح)\nالمنطقة الخارجية للحوش (رش الحواف الخارجية للحوش والفتحات واي ثقوب متواجدة (يوجد روائح)',1,'مكافحة حشرات زاحفة (',30,30,0,1031,0,0,1),(144,36,'معالجة رمة ','معالجة الرمة عن طريق الحقن ( عمل ثقوب في الارضيات عمق الثقب 30 سم و القطر 12 مم على بعد كل متر من داخل الموقع والخارج لوصول المادة الى الارضيات والقضاء على النمل الابيض تماماُ)',1,'معالجة رمة',130,130,0,1031,0,0,1),(145,37,'مكافحة حشرات','المكافحة داخل المنزل تشمل:-\nالمطبخ ( لاداعي لاخراج الاغراض نستخدم مادة تسبب عقم للصراصير (بدون روائح)\nالغرف (رش حواف الابواب داخل الغرف وحوافها (بدون روائح)\nدورات المياة (رش حواف دورات المياة وفتحات التصريف وماخلف المغاسل (بدون روائح)\nحواف الابواب (رش حواف الابواب من الجانبين (بدون روائح)\nالحواف الداخلية (رش جميع الحواف الداخلية للبيت (بدون روائح)\nالبواليع الخارجية (فتح البواليع الخارجية ورشها (يوجد روائح)\nالمنطقة الخارجية للحوش (رش الحواف الخارجية للحوش والفتحات واي ثقوب متواجدة (يوجد روائح)',1,'مكافحة حشرات زاحفة (',30,30,0,1031,0,0,1),(146,36,'معالجة رمة ','معالجة الرمة عن طريق الحقن ( عمل ثقوب في الارضيات عمق الثقب 30 سم و القطر 12 مم على بعد كل متر من داخل الموقع والخارج لوصول المادة الى الارضيات والقضاء على النمل الابيض تماماُ)',1,'معالجة رمة',130,130,0,1031,0,0,1),(147,39,'VR ','VR..........',3,'PC',300,900,0,1032,0,0,0),(148,58,'تصوير فيديو','test ',3,'',300,900,0,1033,1,0,0),(149,37,'مكافحة حشرات','',1,'مكافحة حشرات زاحفة ',50,50,0,1036,0,0,0),(150,51,'Paper  cups 8os','test',1,'Cartoon',6,6,0,1037,0,0,0),(151,43,'متطابقة منتج تجميل (كريم)','رقم شهادة 6754',1,'',200,200,0,1037,0,0,0),(152,46,'تنظيف (عميق)','',1,'التنظيف فيلا',160,160,0,1038,0,0,0),(153,36,'معالجة رمة ','معالجة الرمة عن طريق الحقن ( عمل ثقوب في الارضيات عمق الثقب 30 سم و القطر 12 مم على بعد كل متر من داخل الموقع والخارج لوصول المادة الى الارضيات والقضاء على النمل الابيض تماماُ)',1,'معالجة رمة',90,90,0,1039,0,0,0),(154,36,'معالجة رمة ','معالجة الرمة عن طريق الحقن ( عمل ثقوب في الارضيات عمق الثقب 30 سم و القطر 12 مم على بعد كل متر من داخل الموقع والخارج لوصول المادة الى الارضيات والقضاء على النمل الابيض تماماُ)',1,'معالجة رمة',290,290,0,1040,0,0,0),(155,36,'معالجة رمة ','',1,'معالجة رمة',135,135,0,1041,0,0,0),(156,36,'معالجة رمة ','',1,'معالجة رمة',135,135,0,1042,0,0,0),(157,36,'معالجة رمة ','معالجة الرمة عن طريق الحقن ( عمل ثقوب في الارضيات عمق الثقب 30 سم و القطر 12 مم على بعد كل متر من داخل الموقع والخارج لوصول المادة الى الارضيات والقضاء على النمل الابيض تماماُ) ضمان 10 سنوات',1,'معالجة رمة',350,350,0,1043,0,0,0),(158,37,'مكافحة حشرات','المكافحة داخل تشمل:-\nالمطبخ ( لاداعي لاخراج الاغراض نستخدم مادة تسبب عقم للصراصير (بدون روائح)\nالغرف (رش حواف الابواب داخل الغرف وحوافها (بدون روائح)\nدورات المياة (رش حواف دورات المياة وفتحات التصريف وماخلف المغاسل (بدون روائح)\nحواف الابواب (رش حواف الابواب من الجانبين (بدون روائح)\nالحواف الداخلية (رش جميع الحواف الداخلية للبيت (بدون روائح)\nالبواليع الخارجية (فتح البواليع الخارجية ورشها (يوجد روائح)\nالمنطقة الخارجية للحوش (رش الحواف الخارجية للحوش والفتحات واي ثقوب متواجدة (يوجد روائح)',10,'0',9,90,0,1044,0,0,0),(159,37,'مكافحة حشرات','المكافحة داخل تشمل:-\nالمطبخ ( لاداعي لاخراج الاغراض نستخدم مادة تسبب عقم للصراصير (بدون روائح)\nالغرف (رش حواف الابواب داخل الغرف وحوافها (بدون روائح)\nدورات المياة (رش حواف دورات المياة وفتحات التصريف وماخلف المغاسل (بدون روائح)\nحواف الابواب (رش حواف الابواب من الجانبين (بدون روائح)\nالحواف الداخلية (رش جميع الحواف الداخلية للبيت (بدون روائح)\nالبواليع الخارجية (فتح البواليع الخارجية ورشها (يوجد روائح)\nالمنطقة الخارجية للحوش (رش الحواف الخارجية للحوش والفتحات واي ثقوب متواجدة (يوجد روائح)',12,'مكافحة حشرات زاحفة ',10,120,0,1045,0,0,0),(160,37,'مكافحة حشرات','المكافحة داخل تشمل:-\nالمطبخ ( لاداعي لاخراج الاغراض نستخدم مادة تسبب عقم للصراصير (بدون روائح)\nالغرف (رش حواف الابواب داخل الغرف وحوافها (بدون روائح)\nدورات المياة (رش حواف دورات المياة وفتحات التصريف وماخلف المغاسل (بدون روائح)\nحواف الابواب (رش حواف الابواب من الجانبين (بدون روائح)\nالحواف الداخلية (رش جميع الحواف الداخلية للبيت (بدون روائح)\nالبواليع الخارجية (فتح البواليع الخارجية ورشها (يوجد روائح)\nالمنطقة الخارجية للحوش (رش الحواف الخارجية للحوش والفتحات واي ثقوب متواجدة (يوجد روائح)',1,'مكافحة حشرات زاحفة',30,30,0,1046,0,0,0),(161,46,'تنظيف (عميق)','',1,'التنظيف',200,200,0,1046,0,0,0),(162,37,'مكافحة حشرات','المكافحة داخل  تشمل:-\nالمطبخ ( لاداعي لاخراج الاغراض نستخدم مادة تسبب عقم للصراصير (بدون روائح)\nالغرف (رش حواف الابواب داخل الغرف وحوافها (بدون روائح)\nدورات المياة (رش حواف دورات المياة وفتحات التصريف وماخلف المغاسل (بدون روائح)\nحواف الابواب (رش حواف الابواب من الجانبين (بدون روائح)\nالحواف الداخلية (رش جميع الحواف الداخلية للبيت (بدون روائح)\n',1,'مكافحة حشرات ',20,20,0,1047,0,0,0),(163,37,'مكافحة حشرات','',1,'مكافحة حشرات',15,15,0,1048,0,0,0),(164,36,'معالجة رمة ','',1,'معالجة رمة',140,140,0,1049,0,0,0),(165,36,'معالجة رمة ','',100,'معالجة رمة',130,13000,0,1050,0,0,0),(166,36,'معالجة رمة ','',1,'معالجة رمة',100,100,0,1051,0,0,0),(167,46,'تنظيف (عميق)','',1,'التنظيف العامل',80,80,0,1052,0,0,0),(168,36,'معالجة رمة ','',1,'معالجة رمة',130,130,0,1054,0,0,0),(169,37,'مكافحة حشرات','',25,'مكافحة حشرات زاحفة ',8,200,0,1054,0,0,0),(170,46,'تنظيف (عميق)','',25,'تنظيف',30,750,0,1054,0,0,0),(171,46,'تنظيف (عميق)','',1,'تنظيف',50,50,0,1055,0,0,0),(172,46,'تنظيف (عميق)','',1,'تنظيف',50,50,0,1056,0,0,0),(173,46,'تنظيف (عميق)','',1,'تنظيف',70,70,0,1057,0,0,0),(174,37,'مكافحة حشرات','المكافحة داخل المنزل تشمل:-\nالمطبخ ( لاداعي لاخراج الاغراض نستخدم مادة تسبب عقم للصراصير (بدون روائح)\nالغرف (رش حواف الابواب داخل الغرف وحوافها (بدون روائح)\nدورات المياة (رش حواف دورات المياة وفتحات التصريف وماخلف المغاسل (بدون روائح)\nحواف الابواب (رش حواف الابواب من الجانبين (بدون روائح)\nالحواف الداخلية (رش جميع الحواف الداخلية للبيت (بدون روائح)\nالبواليع الخارجية (فتح البواليع الخارجية ورشها (يوجد روائح)\nالمنطقة الخارجية للحوش (رش الحواف الخارجية للحوش والفتحات واي ثقوب متواجدة (يوجد روائح)',1,'مكافحة حشرات زاحفة (',30,30,0,1058,0,0,0),(175,36,'معالجة رمة ','VR..........',1,'PC',300,300,0,1059,0,0,0);

--
-- Table structure for table `erp_demoinvoice_payments`
--

CREATE TABLE `erp_demoinvoice_payments` (
  `id` int(11) NOT NULL AUTO_INCREMENT,
  `amount` double NOT NULL,
  `payment_date` date NOT NULL,
  `payment_method_id` int(11) NOT NULL,
  `cheque_due_date` date DEFAULT NULL,
  `cheque_description` varchar(150) COLLATE utf8_unicode_ci DEFAULT NULL,
  `cheque_account` varchar(150) COLLATE utf8_unicode_ci DEFAULT NULL,
  `cheque_number` varchar(150) COLLATE utf8_unicode_ci DEFAULT NULL,
  `cheque_transaction_id` int(11) NOT NULL DEFAULT '0',
  `note` text COLLATE utf8_unicode_ci,
  `invoice_id` int(11) NOT NULL,
  `status` enum('draft','request_approval','approved') COLLATE utf8_unicode_ci NOT NULL DEFAULT 'draft',
  `deleted` tinyint(1) NOT NULL DEFAULT '0',
  `transaction_id` tinytext COLLATE utf8_unicode_ci,
  `account_transaction_id` int(11) NOT NULL DEFAULT '0',
  `advance_transaction_id` int(11) NOT NULL DEFAULT '0',
  `created_by` int(11) DEFAULT '1',
  `created_at` datetime DEFAULT NULL,
  PRIMARY KEY (`id`),
  KEY `id` (`id`),
  KEY `id_2` (`id`)
) ENGINE=InnoDB AUTO_INCREMENT=98 DEFAULT CHARSET=utf8 COLLATE=utf8_unicode_ci;

--
-- Dumping data for table `erp_demoinvoice_payments`
--

INSERT INTO `erp_demoinvoice_payments` VALUES (1,200,'2022-07-22',4,'2022-07-21','','','',0,'',1,'approved',0,NULL,2,0,1,'2022-07-21 06:49:39'),(2,700,'2022-07-25',4,'2022-07-24','','','',0,'',3,'approved',0,NULL,3,0,1,'2022-07-24 13:59:52'),(3,350,'2022-07-27',4,'2022-07-24','','','',0,'',3,'approved',0,NULL,4,0,1,'2022-07-24 14:00:32'),(4,77,'2022-07-27',4,'2022-07-26','','','',0,'',6,'approved',0,NULL,16,0,1,'2022-07-25 21:08:50'),(5,10000,'2022-07-27',1,'2022-07-26','','','',0,'',7,'approved',0,NULL,12,0,1,'2022-07-26 06:20:07'),(6,11000,'2022-07-29',4,'2022-07-26','','','',0,'',7,'approved',0,NULL,13,0,1,'2022-07-26 06:20:43'),(7,43,'2022-07-27',4,'2022-07-27','','','',0,'completed ',6,'approved',0,NULL,17,0,1,'2022-07-27 10:08:18'),(8,1680,'2022-08-03',4,'2022-08-02','','','',0,'',13,'approved',0,NULL,63,0,1,'2022-08-02 08:58:31'),(9,50,'2022-08-05',4,'2022-08-04','','','',0,'',15,'draft',0,NULL,0,0,1,'2022-08-04 08:38:34'),(10,55,'2022-08-10',4,'2022-08-04','','','',0,'',15,'approved',0,NULL,27,0,1,'2022-08-04 08:51:37'),(11,100,'2022-08-08',1,'2022-08-07','','','',0,'',16,'approved',0,NULL,33,0,1,'2022-08-07 07:59:46'),(12,57.5,'2022-08-16',4,'2022-08-07','','','',0,'',16,'approved',0,NULL,34,0,1,'2022-08-07 08:00:29'),(13,500,'2022-08-08',4,'2022-08-08','','','',0,'',17,'approved',0,NULL,38,0,1,'2022-08-08 07:29:04'),(14,445,'2022-08-15',4,'2022-08-08','','','',0,'',17,'approved',0,NULL,39,0,1,'2022-08-08 07:29:49'),(15,200,'2022-08-14',4,'2022-08-14','','','',0,'',20,'approved',0,NULL,50,0,1,'2022-08-14 12:18:44'),(16,115,'2022-08-15',4,'2022-08-14','','','',0,'',20,'approved',0,NULL,51,0,1,'2022-08-14 12:19:29'),(17,1000,'2022-08-17',4,'2022-08-17','','','',0,'',22,'approved',0,NULL,54,0,1,'2022-08-17 09:40:43'),(18,1000,'2022-08-18',4,'2022-08-17','','','',0,'',22,'approved',0,NULL,55,0,1,'2022-08-17 09:41:11'),(19,500,'2022-08-24',4,'2022-08-23','','','',0,'',103,'approved',0,NULL,66,0,1,'2022-08-23 07:19:50'),(20,500,'2022-08-25',4,'2022-08-24','','','',0,'',106,'approved',0,NULL,68,0,1,'2022-08-24 07:40:12'),(21,200,'2022-08-25',4,'2022-08-24','','','',0,'',105,'approved',0,NULL,69,0,1,'2022-08-24 12:01:03'),(22,100,'2022-08-25',4,'2022-08-24','','','',0,'',107,'approved',0,NULL,71,0,1,'2022-08-24 12:03:33'),(23,1155,'2022-08-24',4,'2022-08-24','','','',0,'',108,'approved',0,NULL,73,0,1,'2022-08-24 14:33:45'),(24,4400,'2022-08-25',4,'2022-08-25','','','',0,'',109,'draft',0,NULL,0,0,1,'2022-08-25 13:01:40'),(25,50,'2022-09-01',4,'2022-08-31','','','',0,'',115,'approved',0,NULL,79,0,1,'2022-08-31 12:45:12'),(26,50,'2022-09-02',4,'2022-08-31','','','',0,'',115,'approved',0,NULL,80,0,1,'2022-08-31 12:46:47'),(27,110,'2022-09-03',4,'2022-08-31','','','',0,'',115,'approved',0,NULL,81,0,1,'2022-08-31 12:47:13'),(28,150,'2022-09-02',4,'2022-09-01','','','',0,'',114,'approved',0,NULL,136,0,1,'2022-09-01 12:35:47'),(29,196.5,'2022-09-03',4,'2022-09-01','','','',0,'',114,'approved',0,NULL,84,0,1,'2022-09-01 12:36:18'),(30,720,'2022-09-20',4,'2022-09-06','','','',0,'',120,'approved',0,NULL,104,0,1,'2022-09-06 07:20:22'),(31,1000,'2022-09-14',4,'2022-09-07','','','',0,'',121,'approved',0,NULL,105,0,1,'2022-09-07 13:32:26'),(32,1100,'2022-09-15',4,'2022-09-07','','','',0,'',121,'approved',0,NULL,106,0,1,'2022-09-07 13:32:56'),(33,200,'2022-09-09',4,'2022-09-08','','','',0,'',122,'approved',0,NULL,115,0,1,'2022-09-08 08:12:49'),(34,440.5,'2022-09-10',4,'2022-09-08','','','',0,'',122,'approved',0,NULL,116,0,1,'2022-09-08 08:13:21'),(35,1200,'2022-09-22',1,'2022-09-22','','','',0,'',126,'approved',0,NULL,135,0,1,'2022-09-22 13:38:25'),(36,60,'2022-09-22',4,'2022-09-22','','','',0,'',126,'approved',0,NULL,137,0,1,'2022-09-22 13:49:35'),(37,1000,'2022-09-24',1,'2022-09-24','','','',0,'',130,'approved',0,NULL,139,0,1,'2022-09-24 05:00:08'),(38,147,'2022-09-24',1,'2022-09-24','','','',0,'CASH paid',131,'approved',0,NULL,142,0,1,'2022-09-24 05:17:45'),(39,2100,'2022-09-30',4,'2022-09-24','','','',0,'Cheque recieved on 30/09/2022',132,'approved',0,NULL,144,0,1,'2022-09-24 07:47:40'),(40,570,'2022-09-30',4,'2022-09-24','','','',0,'cheque',136,'approved',0,NULL,165,0,1,'2022-09-24 17:09:06'),(41,400,'2022-09-30',1,'2022-09-24','','','',0,'cash',138,'approved',0,NULL,160,0,1,'2022-09-24 17:44:45'),(42,1800,'2022-10-05',4,'2022-09-24','','','',0,'cheque',138,'approved',0,NULL,162,0,1,'2022-09-24 17:45:08'),(43,525,'2022-09-25',1,'2022-09-25','','','',0,'',139,'approved',0,NULL,166,0,1,'2022-09-25 07:31:55'),(44,100,'2022-09-27',4,'2022-09-26','','','',0,'',142,'approved',0,NULL,168,0,1,'2022-09-26 07:18:21'),(45,78.5,'2022-09-28',4,'2022-09-26','','','',0,'',142,'approved',0,NULL,169,0,1,'2022-09-26 07:19:29'),(46,400,'2022-09-27',4,'2022-09-26','','','',0,'',143,'approved',0,NULL,170,0,1,'2022-09-26 08:56:31'),(47,20,'2022-09-27',4,'2022-09-26','','','',0,'',143,'approved',0,NULL,171,0,1,'2022-09-26 08:57:13'),(48,100,'2022-10-15',4,'2022-10-08','','','',0,'',148,'draft',0,NULL,0,0,1,'2022-10-08 10:12:38'),(49,400,'2022-10-10',4,'2022-10-10','','','',0,'',153,'draft',0,NULL,0,0,1,'2022-10-10 10:48:48'),(50,100,'2022-10-11',4,'2022-10-11','','','',0,'form mohammed',154,'approved',0,NULL,178,0,1,'2022-10-11 05:48:59'),(51,178,'2022-10-11',1,'2022-10-11','','','',0,'pay cash ',155,'approved',0,NULL,180,0,1,'2022-10-11 06:13:09'),(52,210.5,'2022-10-11',1,'2022-10-11','','','',0,'',155,'approved',0,NULL,183,0,1,'2022-10-11 07:01:56'),(53,70,'2022-10-16',1,'2022-10-16','','','',0,'',156,'draft',0,NULL,0,0,1,'2022-10-16 11:04:12'),(54,70,'2022-10-16',1,'2022-10-16','','','',0,'f',156,'draft',1,NULL,0,0,1,'2022-10-16 11:05:31'),(55,210,'2022-10-18',1,'2022-10-18','','','',0,'CASH',157,'approved',0,NULL,203,0,1,'2022-10-18 15:21:00'),(56,100,'2022-10-22',4,'2022-10-22','','','',0,'ADVANCE',159,'approved',0,NULL,207,0,1,'2022-10-22 05:55:40'),(57,120,'2022-10-22',4,'2022-10-22','','','',0,'',161,'approved',0,NULL,210,0,1,'2022-10-22 11:43:29'),(58,500,'2022-10-24',4,'2022-10-23','','','',0,'',162,'approved',0,NULL,214,0,1,'2022-10-23 08:35:15'),(59,1000,'2022-10-28',4,'2022-10-27','','','',0,'',163,'approved',0,NULL,219,0,1,'2022-10-27 07:11:56'),(60,500,'2022-10-28',4,'2022-10-27','','','',0,'',164,'approved',0,NULL,221,0,1,'2022-10-27 09:03:39'),(61,1000,'2022-10-28',4,'2022-10-27','','','',0,'',165,'approved',0,NULL,244,0,1,'2022-10-27 14:09:23'),(62,1100,'2022-10-28',4,'2022-10-27','','','',0,'',165,'approved',0,NULL,245,0,1,'2022-10-27 14:10:01'),(63,100,'2022-11-01',4,'2022-11-01','','','',0,'',166,'approved',0,NULL,272,0,1,'2022-11-01 12:36:06'),(64,9000,'2022-11-09',4,'2022-11-03','','','',0,'',167,'approved',0,NULL,273,0,1,'2022-11-03 08:18:23'),(65,450,'2022-11-10',4,'2022-11-03','','','',0,'',167,'approved',0,NULL,274,0,1,'2022-11-03 08:19:07'),(66,50,'2022-11-11',4,'2022-11-11','','','',0,'',169,'approved',0,NULL,321,0,1,'2022-11-11 09:34:42'),(67,2205,'2022-11-14',1,'2022-11-13','','','',0,'',172,'approved',0,NULL,317,0,1,'2022-11-13 09:58:44'),(68,136.5,'2022-11-14',4,'2022-11-14','','','',0,'Paid',171,'approved',0,NULL,320,0,1,'2022-11-14 08:50:52'),(69,220,'2022-11-15',4,'2022-11-15','','','',0,'',178,'approved',0,NULL,325,0,1,'2022-11-15 10:48:53'),(70,200,'2022-11-17',4,'2022-11-15','','','',0,'',178,'approved',0,NULL,326,0,1,'2022-11-15 10:49:42'),(71,30,'2022-11-22',4,'2022-11-23','','','',0,'عربون',1011,'draft',0,NULL,0,0,1,'2022-11-23 10:50:48'),(72,30,'2022-11-23',4,'2022-11-23','','','',0,'عربون',1011,'approved',0,NULL,357,0,1,'2022-11-23 10:52:03'),(73,30,'2022-11-23',4,'2022-11-23','','','',0,'عربون',1012,'draft',0,NULL,0,0,1,'2022-11-23 14:46:12'),(74,200,'2022-11-28',4,'2022-11-27','','','',0,'',1014,'approved',0,NULL,359,0,1,'2022-11-27 09:45:45'),(75,10,'2022-11-27',1,'2022-11-27','','','',0,'',1014,'approved',0,NULL,360,0,1,'2022-11-27 09:46:34'),(76,100,'2022-11-29',4,'2022-11-28','','','',0,'',1016,'approved',0,NULL,373,0,1,'2022-11-28 08:00:45'),(77,50,'2022-12-02',4,'2022-11-28','','','',0,'',1016,'approved',0,NULL,374,0,1,'2022-11-28 08:02:05'),(78,30,'2022-12-11',4,'2022-12-11','','','',0,'Advance along with the order suppose to pay 20',1015,'approved',0,NULL,376,0,1,'2022-12-11 12:20:33'),(79,10,'2022-12-26',1,'2022-12-11','','','',0,'After delivery of AC 20',1015,'approved',0,NULL,377,0,1,'2022-12-11 12:21:20'),(80,10,'2023-01-01',4,'2022-12-11','','','',0,'Before testing and commissioning ',1015,'draft',1,NULL,0,0,1,'2022-12-11 12:09:18'),(81,5,'2022-12-11',4,'2022-12-11','','','',0,'after completion of AC',1015,'draft',0,NULL,0,0,1,'2022-12-11 12:19:30'),(82,5,'2022-12-12',4,'2022-12-12','','','',0,'Installation Phase',1015,'draft',0,NULL,0,0,1,'2022-12-12 09:23:24'),(83,5,'2022-12-19',4,'2022-12-12','','','',0,'Implementaion Phase',1015,'draft',1,NULL,0,0,1,'2022-12-12 09:23:43'),(84,1000,'2023-01-31',4,'2023-01-29','','','',0,'',1024,'approved',0,NULL,383,0,1,'2023-01-29 11:13:25'),(85,100,'2023-01-30',4,'2023-01-29','','','',0,'',1024,'approved',0,NULL,385,0,1,'2023-01-29 11:14:25'),(86,400,'2023-01-31',1,'2023-01-30','','','',0,'',1025,'approved',0,NULL,387,0,1,'2023-01-30 07:15:28'),(87,125,'2023-02-02',4,'2023-01-30','','','',0,'',1025,'approved',0,NULL,388,0,1,'2023-01-30 07:16:14'),(88,30,'2023-02-01',4,'2023-01-31','','','',0,'',1027,'approved',0,NULL,390,0,1,'2023-01-31 07:18:52'),(89,30,'2023-02-01',1,'2023-01-31','','','',0,'',1027,'approved',0,NULL,391,0,1,'2023-01-31 07:19:36'),(90,10,'2023-02-10',1,'2023-02-10','','','',0,'',1031,'draft',0,NULL,0,0,1,'2023-02-09 22:41:51'),(91,500,'2023-04-14',4,'2023-04-13','','','',0,'',1033,'approved',0,NULL,416,0,1,'2023-04-13 09:24:21'),(92,445,'2023-04-16',4,'2023-04-13','','','',0,'',1033,'approved',0,NULL,417,0,1,'2023-04-13 09:25:18'),(93,200,'2023-04-19',4,'2023-04-18','','','',0,'',1037,'approved',0,NULL,419,0,1,'2023-04-18 10:28:14'),(94,6,'2023-04-19',4,'2023-04-18','','','',0,'',1037,'approved',0,NULL,420,0,1,'2023-04-18 10:28:44'),(95,50,'2023-06-06',4,'2023-06-08','','','',0,'دفعة مقدمة',1039,'draft',0,NULL,0,0,1,'2023-06-08 04:21:41'),(96,135,'2023-06-08',4,'2023-06-08','','','',0,'',1040,'draft',0,NULL,0,0,1,'2023-06-08 05:36:02'),(97,135,'2023-06-08',4,'2023-06-08','','','',0,'',1040,'draft',0,NULL,0,0,1,'2023-06-08 05:36:28');

--
-- Table structure for table `erp_demoinvoices`
--

CREATE TABLE `erp_demoinvoices` (
  `id` int(11) NOT NULL AUTO_INCREMENT,
  `client_id` int(11) NOT NULL,
  `project_id` int(11) NOT NULL DEFAULT '0',
  `bill_date` date NOT NULL,
  `due_date` date NOT NULL,
  `note` mediumtext COLLATE utf8_unicode_ci,
  `labels` text COLLATE utf8_unicode_ci,
  `last_email_sent_date` date DEFAULT NULL,
  `status` enum('draft','not_paid','cancelled') COLLATE utf8_unicode_ci NOT NULL DEFAULT 'draft',
  `delivery_status` enum('delivered','not_delivered') COLLATE utf8_unicode_ci NOT NULL DEFAULT 'not_delivered',
  `approval_status` enum('not_approved','request_approval','approved') COLLATE utf8_unicode_ci NOT NULL DEFAULT 'not_approved',
  `tax_id` int(11) NOT NULL DEFAULT '0',
  `tax_id2` int(11) NOT NULL DEFAULT '0',
  `recurring` tinyint(4) NOT NULL DEFAULT '0',
  `recurring_invoice_id` int(11) NOT NULL DEFAULT '0',
  `repeat_every` int(11) NOT NULL DEFAULT '0',
  `repeat_type` enum('days','weeks','months','years') COLLATE utf8_unicode_ci DEFAULT NULL,
  `no_of_cycles` int(11) NOT NULL DEFAULT '0',
  `next_recurring_date` date DEFAULT NULL,
  `no_of_cycles_completed` int(11) NOT NULL DEFAULT '0',
  `due_reminder_date` date DEFAULT NULL,
  `recurring_reminder_date` date DEFAULT NULL,
  `discount_amount` double NOT NULL,
  `discount_amount_type` enum('percentage','fixed_amount') COLLATE utf8_unicode_ci NOT NULL,
  `discount_type` enum('before_tax','after_tax') COLLATE utf8_unicode_ci NOT NULL,
  `cancelled_at` datetime DEFAULT NULL,
  `cancelled_by` int(11) NOT NULL,
  `revised` int(11) NOT NULL,
  `transaction_id` int(11) DEFAULT '0',
  `deleted` tinyint(1) NOT NULL DEFAULT '0',
  PRIMARY KEY (`id`)
) ENGINE=InnoDB AUTO_INCREMENT=1061 DEFAULT CHARSET=utf8 COLLATE=utf8_unicode_ci;

--
-- Dumping data for table `erp_demoinvoices`
--

INSERT INTO `erp_demoinvoices` VALUES (1,1,0,'2022-07-21','2022-07-22','','',NULL,'not_paid','not_delivered','approved',0,0,0,0,0,NULL,0,NULL,0,NULL,NULL,0,'percentage','before_tax',NULL,0,0,0,0),(2,1,0,'2022-07-24','2022-07-31','','',NULL,'draft','not_delivered','not_approved',0,0,0,0,0,NULL,0,NULL,0,NULL,NULL,0,'percentage','before_tax',NULL,0,0,0,0),(3,4,0,'2022-07-24','2022-07-24','','',NULL,'not_paid','not_delivered','approved',0,0,0,0,0,NULL,0,NULL,0,NULL,NULL,0,'percentage','before_tax',NULL,0,0,0,0),(4,5,0,'2022-07-24','2022-07-25','','',NULL,'draft','not_delivered','approved',0,0,0,0,0,NULL,0,NULL,0,NULL,NULL,0,'percentage','before_tax',NULL,0,0,0,0),(5,1,1,'2022-07-26','2022-06-27','','',NULL,'draft','not_delivered','approved',0,0,0,0,0,NULL,0,NULL,0,NULL,NULL,50,'percentage','',NULL,0,0,0,0),(6,5,0,'2022-07-26','2022-07-04','','',NULL,'not_paid','not_delivered','approved',0,0,0,0,0,NULL,0,NULL,0,NULL,NULL,5,'percentage','',NULL,0,0,0,0),(7,1,0,'2022-07-26','2022-08-02','','',NULL,'not_paid','delivered','approved',0,0,0,0,0,NULL,0,NULL,0,NULL,NULL,0,'percentage','before_tax',NULL,0,0,0,0),(8,4,2,'2022-07-27','2022-08-03','','',NULL,'not_paid','not_delivered','approved',0,0,0,0,0,NULL,0,NULL,0,NULL,NULL,0,'percentage','before_tax',NULL,0,0,0,0),(9,5,0,'2022-07-27','2022-08-03','','',NULL,'draft','not_delivered','not_approved',0,0,0,0,0,NULL,0,NULL,0,NULL,NULL,0,'percentage','before_tax',NULL,0,0,0,0),(10,1,0,'2022-07-28','2022-08-04','','',NULL,'draft','not_delivered','approved',0,0,0,0,0,NULL,0,NULL,0,NULL,NULL,0,'percentage','before_tax',NULL,0,0,0,0),(11,4,0,'2022-07-28','2022-08-04','','',NULL,'draft','not_delivered','approved',0,0,0,0,0,NULL,0,NULL,0,NULL,NULL,0,'percentage','before_tax',NULL,0,0,0,0),(12,1,0,'2022-07-28','2022-08-04','','',NULL,'draft','not_delivered','approved',0,0,0,0,0,NULL,0,NULL,0,NULL,NULL,0,'percentage','before_tax',NULL,0,0,0,0),(13,7,0,'2022-08-02','2022-08-02','','',NULL,'not_paid','delivered','approved',0,0,0,0,0,NULL,0,NULL,0,NULL,NULL,0,'percentage','before_tax',NULL,0,0,0,0),(14,8,0,'2022-08-02','2022-08-03','','',NULL,'draft','not_delivered','approved',0,0,0,0,0,NULL,0,NULL,0,NULL,NULL,0,'percentage','before_tax',NULL,0,0,0,0),(15,9,4,'2022-08-04','2022-08-04','','',NULL,'not_paid','delivered','approved',0,0,0,0,0,NULL,0,NULL,0,NULL,NULL,0,'percentage','before_tax',NULL,0,0,0,0),(16,11,0,'2022-08-07','2022-08-07','','',NULL,'not_paid','not_delivered','approved',0,0,0,0,0,NULL,0,NULL,0,NULL,NULL,0,'percentage','before_tax',NULL,0,0,0,0),(17,12,0,'2022-08-08','2022-08-09','kljfdKFNJS','',NULL,'not_paid','delivered','approved',0,0,0,0,0,NULL,0,NULL,0,NULL,NULL,0,'percentage','before_tax',NULL,0,0,0,0),(18,12,11,'2022-08-08','2022-08-15','tyDJSFdmg','',NULL,'draft','not_delivered','approved',0,0,0,0,0,NULL,0,NULL,0,NULL,NULL,0,'percentage','before_tax',NULL,0,0,0,0),(19,12,15,'2022-08-13','2022-08-13','','',NULL,'draft','not_delivered','not_approved',0,0,0,0,0,NULL,0,NULL,0,NULL,NULL,0,'percentage','before_tax',NULL,0,0,0,0),(20,13,0,'2022-08-14','2022-08-14','','',NULL,'not_paid','delivered','approved',0,0,0,0,0,NULL,0,NULL,0,NULL,NULL,0,'percentage','before_tax',NULL,0,0,0,0),(21,12,0,'2022-08-15','2022-08-15','','',NULL,'draft','not_delivered','not_approved',0,0,0,0,0,NULL,0,NULL,0,NULL,NULL,0,'percentage','before_tax',NULL,0,0,0,0),(22,1,0,'2022-08-17','2022-08-17','','',NULL,'not_paid','not_delivered','approved',0,0,0,0,0,NULL,0,NULL,0,NULL,NULL,0,'percentage','before_tax',NULL,0,0,0,0),(100,11,0,'2022-08-18','2022-08-25','','',NULL,'draft','not_delivered','not_approved',0,0,0,0,0,NULL,0,NULL,0,NULL,NULL,0,'percentage','before_tax',NULL,0,0,0,0),(101,11,6,'2022-08-21','2022-08-03','aaa','',NULL,'cancelled','not_delivered','not_approved',0,0,0,0,0,NULL,0,NULL,0,NULL,NULL,0,'percentage','before_tax','2022-08-21 06:35:07',1,0,0,0),(102,11,16,'2022-08-22','2022-08-22','','',NULL,'draft','not_delivered','not_approved',0,0,0,0,0,NULL,0,NULL,0,NULL,NULL,10,'percentage','',NULL,0,0,0,0),(103,16,17,'2022-08-23','2022-08-23','','',NULL,'not_paid','delivered','approved',0,0,0,0,0,NULL,0,NULL,0,NULL,NULL,0,'percentage','before_tax',NULL,0,0,0,0),(104,11,0,'2022-08-23','2022-08-30','','',NULL,'draft','not_delivered','approved',0,0,0,0,0,NULL,0,NULL,0,NULL,NULL,0,'percentage','before_tax',NULL,0,0,0,0),(105,5,0,'2022-08-23','2022-08-23','','',NULL,'not_paid','not_delivered','approved',0,0,0,0,0,NULL,0,NULL,0,NULL,NULL,0,'percentage','before_tax',NULL,0,0,0,0),(106,5,0,'2022-08-24','2022-08-24','','',NULL,'not_paid','delivered','approved',0,0,0,0,0,NULL,0,NULL,0,NULL,NULL,0,'percentage','before_tax',NULL,0,0,0,0),(107,7,0,'2022-08-24','2022-08-26','','',NULL,'not_paid','not_delivered','approved',0,0,0,0,0,NULL,0,NULL,0,NULL,NULL,0,'percentage','before_tax',NULL,0,0,0,0),(108,17,0,'2022-08-24','2022-08-24','','',NULL,'not_paid','delivered','approved',0,0,0,0,0,NULL,0,NULL,0,NULL,NULL,0,'percentage','before_tax',NULL,0,0,0,0),(109,17,0,'2022-08-25','2022-08-25','','',NULL,'not_paid','delivered','approved',0,0,0,0,0,NULL,0,NULL,0,NULL,NULL,0,'percentage','before_tax',NULL,0,0,0,0),(110,18,0,'2022-08-28','2022-08-28','','',NULL,'draft','not_delivered','approved',0,0,0,0,0,NULL,0,NULL,0,NULL,NULL,19,'percentage','',NULL,0,0,0,0),(111,17,0,'2022-08-29','2022-08-30','','',NULL,'draft','not_delivered','not_approved',0,0,0,0,0,NULL,0,NULL,0,NULL,NULL,0,'percentage','before_tax',NULL,0,0,0,0),(112,11,0,'2022-08-30','2022-08-31','','',NULL,'draft','not_delivered','not_approved',1,0,0,0,0,NULL,0,NULL,0,NULL,NULL,10,'percentage','',NULL,0,0,0,0),(113,12,13,'2022-08-31','2022-09-07','','',NULL,'draft','not_delivered','not_approved',1,0,0,0,0,NULL,0,NULL,0,NULL,NULL,0,'percentage','before_tax',NULL,0,0,0,0),(114,11,0,'2022-08-31','2022-09-07','','',NULL,'not_paid','not_delivered','approved',1,0,0,0,0,NULL,0,NULL,0,NULL,NULL,0,'percentage','before_tax',NULL,0,0,0,0),(115,12,20,'2022-08-31','2022-09-07','','',NULL,'not_paid','delivered','approved',1,0,0,0,0,NULL,0,NULL,0,NULL,NULL,0,'percentage','before_tax',NULL,0,0,0,0),(116,12,0,'2022-09-01','2022-09-21','','',NULL,'draft','not_delivered','not_approved',1,0,0,0,0,NULL,0,NULL,0,NULL,NULL,20,'percentage','',NULL,0,0,0,0),(117,11,0,'2022-09-01','2022-09-15','','',NULL,'draft','not_delivered','not_approved',1,0,0,0,0,NULL,0,NULL,0,NULL,NULL,10,'fixed_amount','',NULL,0,0,0,0),(118,11,0,'2022-09-01','2022-09-08','','',NULL,'draft','not_delivered','not_approved',0,0,0,0,0,NULL,0,NULL,0,NULL,NULL,0,'percentage','before_tax',NULL,0,0,0,0),(119,19,0,'2022-09-03','2022-09-03','','',NULL,'draft','not_delivered','not_approved',1,0,0,0,0,NULL,0,NULL,0,NULL,NULL,0,'percentage','before_tax',NULL,0,0,0,0),(120,12,0,'2022-09-06','2022-09-13','','',NULL,'not_paid','not_delivered','approved',0,0,0,0,0,NULL,0,NULL,0,NULL,NULL,0,'percentage','before_tax',NULL,0,0,0,0),(121,20,22,'2022-09-07','2022-09-07','','',NULL,'not_paid','delivered','approved',1,0,0,0,0,NULL,0,NULL,0,NULL,NULL,0,'percentage','before_tax',NULL,0,0,0,0),(122,12,14,'2022-09-08','2022-09-22','','',NULL,'not_paid','delivered','approved',1,0,0,0,0,NULL,0,NULL,0,NULL,NULL,0,'percentage','before_tax',NULL,0,0,0,0),(123,11,0,'2022-09-18','2022-09-20','','',NULL,'draft','not_delivered','not_approved',1,0,0,0,0,NULL,0,NULL,0,NULL,NULL,0,'percentage','before_tax',NULL,0,0,0,0),(124,5,0,'2022-09-19','2022-09-19','','',NULL,'draft','not_delivered','approved',0,0,0,0,0,NULL,0,NULL,0,NULL,NULL,0,'percentage','before_tax',NULL,0,0,0,0),(125,1,1,'2022-09-22','2022-09-22','1. Serial No:\n2. Veh. No:','',NULL,'draft','not_delivered','not_approved',1,0,0,0,0,NULL,0,NULL,0,NULL,NULL,0,'percentage','before_tax',NULL,0,0,0,0),(126,22,0,'2022-09-22','2022-09-29','300','',NULL,'not_paid','not_delivered','approved',1,0,0,0,0,NULL,0,NULL,0,NULL,NULL,0,'percentage','before_tax',NULL,0,0,0,0),(127,20,22,'2022-09-22','2022-09-22','','',NULL,'draft','not_delivered','not_approved',1,0,0,0,0,NULL,0,NULL,0,NULL,NULL,0,'percentage','before_tax',NULL,0,0,0,0),(128,12,0,'2022-09-22','2022-09-20','','',NULL,'draft','not_delivered','not_approved',0,0,0,0,0,NULL,0,NULL,0,NULL,NULL,0,'percentage','before_tax',NULL,0,0,0,0),(129,20,22,'2022-09-24','2022-09-24','','',NULL,'draft','not_delivered','not_approved',1,0,0,0,0,NULL,0,NULL,0,NULL,NULL,0,'percentage','before_tax',NULL,0,0,0,0),(130,20,22,'2022-09-24','2022-09-24','','',NULL,'not_paid','not_delivered','approved',1,0,0,0,0,NULL,0,NULL,0,NULL,NULL,0,'percentage','before_tax',NULL,0,0,0,0),(131,24,0,'2022-09-24','2022-10-01','','',NULL,'not_paid','not_delivered','approved',1,0,0,0,0,NULL,0,NULL,0,NULL,NULL,0,'percentage','before_tax',NULL,0,0,0,0),(132,22,0,'2022-09-24','2022-09-24','1. Serial No: G22AA54560, G22 AC54565\n2. Vhe. No:456MY','',NULL,'not_paid','not_delivered','approved',1,0,0,0,0,NULL,0,NULL,0,NULL,NULL,0,'percentage','before_tax',NULL,0,0,0,0),(133,22,0,'2022-09-24','2022-09-30','1. Seria No:\n2. Forklift NO:\n3. R, Hrs:','',NULL,'draft','not_delivered','not_approved',1,0,0,0,0,NULL,0,NULL,0,NULL,NULL,0,'percentage','before_tax',NULL,0,0,0,0),(134,23,0,'2022-09-24','2022-09-24','','',NULL,'draft','delivered','approved',1,0,0,0,0,NULL,0,NULL,0,NULL,NULL,0,'percentage','before_tax',NULL,0,0,0,0),(135,12,0,'2022-09-24','2022-09-24','','',NULL,'draft','not_delivered','not_approved',1,0,0,0,0,NULL,0,NULL,0,NULL,NULL,0,'percentage','before_tax',NULL,0,0,0,0),(136,22,0,'2022-09-24','2022-09-30','cheque','',NULL,'not_paid','not_delivered','approved',1,0,0,0,0,NULL,0,NULL,0,NULL,NULL,0,'percentage','before_tax',NULL,0,0,0,0),(137,22,0,'2022-09-24','2022-09-24','cash','',NULL,'draft','not_delivered','not_approved',1,0,0,0,0,NULL,0,NULL,0,NULL,NULL,0,'percentage','before_tax',NULL,0,0,0,0),(138,26,0,'2022-09-24','2022-10-05','','',NULL,'not_paid','delivered','approved',1,0,0,0,0,NULL,0,NULL,0,NULL,NULL,0,'percentage','before_tax',NULL,0,0,0,0),(139,22,0,'2022-09-25','2022-09-25','','',NULL,'not_paid','not_delivered','not_approved',1,0,0,0,0,NULL,0,NULL,0,NULL,NULL,10,'fixed_amount','',NULL,0,0,0,0),(140,11,0,'2022-09-25','2022-10-02','','',NULL,'draft','not_delivered','not_approved',1,0,0,0,0,NULL,0,NULL,0,NULL,NULL,0,'percentage','before_tax',NULL,0,0,0,0),(141,1,0,'2022-09-25','2022-09-25','','',NULL,'draft','not_delivered','approved',1,0,0,0,0,NULL,0,NULL,0,NULL,NULL,0,'percentage','before_tax',NULL,0,0,0,0),(142,1,0,'2022-09-26','2022-09-26','','',NULL,'not_paid','delivered','approved',0,0,0,0,0,NULL,0,NULL,0,NULL,NULL,0,'percentage','before_tax',NULL,0,0,0,0),(143,28,23,'2022-09-26','2022-09-26','','',NULL,'not_paid','not_delivered','approved',1,0,0,0,0,NULL,0,NULL,0,NULL,NULL,0,'percentage','before_tax',NULL,0,0,0,0),(144,17,0,'2022-09-29','2022-10-05','','',NULL,'draft','not_delivered','not_approved',0,0,0,0,0,NULL,0,NULL,0,NULL,NULL,0,'percentage','before_tax',NULL,0,0,0,0),(145,11,0,'2022-09-29','2022-10-06','','',NULL,'draft','not_delivered','not_approved',0,0,0,0,0,NULL,0,NULL,0,NULL,NULL,0,'percentage','before_tax',NULL,0,0,0,0),(146,11,0,'2022-09-29','2022-10-06','','',NULL,'draft','not_delivered','not_approved',0,0,0,0,0,NULL,0,NULL,0,NULL,NULL,0,'percentage','before_tax',NULL,0,0,0,0),(147,11,0,'2022-10-04','2022-10-04','','',NULL,'draft','not_delivered','approved',0,0,0,0,0,NULL,0,NULL,0,NULL,NULL,0,'percentage','before_tax',NULL,0,0,0,0),(148,12,0,'2022-10-04','2022-10-05','','',NULL,'not_paid','not_delivered','approved',0,0,0,0,0,NULL,0,NULL,0,NULL,NULL,0,'percentage','before_tax',NULL,0,0,0,0),(149,17,0,'2022-10-10','2022-10-17','','',NULL,'draft','not_delivered','not_approved',0,0,0,0,0,NULL,0,NULL,0,NULL,NULL,0,'percentage','before_tax',NULL,0,0,0,0),(150,3,0,'2022-10-10','2022-10-10','','',NULL,'draft','not_delivered','approved',0,0,0,0,0,NULL,0,NULL,0,NULL,NULL,0,'percentage','before_tax',NULL,0,0,0,0),(151,1,0,'2022-10-10','2022-10-10','','',NULL,'draft','not_delivered','approved',1,0,0,0,0,NULL,0,NULL,0,NULL,NULL,0,'percentage','before_tax',NULL,0,0,0,0),(152,11,5,'2022-10-10','2022-10-16','','',NULL,'draft','not_delivered','not_approved',1,0,0,0,0,NULL,0,NULL,0,NULL,NULL,0,'percentage','before_tax',NULL,0,0,0,0),(153,17,0,'2022-10-10','2022-10-11','not pay any amount ','',NULL,'not_paid','not_delivered','not_approved',1,0,0,0,0,NULL,0,NULL,0,NULL,NULL,0,'percentage','before_tax',NULL,0,0,0,0),(154,20,22,'2022-10-11','2022-10-12','pay in cash ','',NULL,'not_paid','not_delivered','not_approved',1,0,0,0,0,NULL,0,NULL,0,NULL,NULL,0,'percentage','before_tax',NULL,0,0,0,0),(155,15,0,'2022-10-11','2022-10-12','cash on hand ','',NULL,'not_paid','not_delivered','not_approved',1,0,0,0,0,NULL,0,NULL,0,NULL,NULL,0,'percentage','before_tax',NULL,0,0,0,0),(156,12,21,'2022-10-16','2022-10-16','','',NULL,'not_paid','not_delivered','approved',0,0,0,0,0,NULL,0,NULL,0,NULL,NULL,0,'percentage','before_tax',NULL,0,0,0,0),(157,32,0,'2022-10-18','2022-10-18','','',NULL,'not_paid','not_delivered','approved',0,0,0,0,0,NULL,0,NULL,0,NULL,NULL,0,'percentage','before_tax',NULL,0,0,0,0),(158,19,24,'2022-10-22','2022-10-22','Advance payment ','',NULL,'draft','not_delivered','not_approved',0,0,0,0,0,NULL,0,NULL,0,NULL,NULL,0,'percentage','before_tax',NULL,0,0,0,0),(159,34,25,'2022-10-22','2022-10-22','ADVANCE ','',NULL,'not_paid','not_delivered','not_approved',1,0,0,0,0,NULL,0,NULL,0,NULL,NULL,0,'percentage','before_tax',NULL,0,0,0,0),(160,34,25,'2022-10-23','2022-10-23','TEST','',NULL,'draft','not_delivered','not_approved',1,0,0,0,0,NULL,0,NULL,0,NULL,NULL,0,'percentage','before_tax',NULL,0,0,0,1),(161,35,0,'2022-10-22','2022-10-24','','',NULL,'not_paid','delivered','approved',0,0,0,0,0,NULL,0,NULL,0,NULL,NULL,0,'percentage','before_tax',NULL,0,0,0,0),(162,4,0,'2022-10-23','2022-10-30','','',NULL,'not_paid','delivered','approved',0,0,0,0,0,NULL,0,NULL,0,NULL,NULL,0,'percentage','before_tax',NULL,0,0,0,0),(163,3,0,'2022-10-27','2022-10-27','kjchaj','',NULL,'not_paid','delivered','approved',0,0,0,0,0,NULL,0,NULL,0,NULL,NULL,0,'percentage','before_tax',NULL,0,0,0,0),(164,7,26,'2022-10-27','2022-10-27','','Civil',NULL,'not_paid','delivered','approved',1,0,0,0,0,NULL,0,NULL,0,NULL,NULL,0,'percentage','before_tax',NULL,0,0,0,0),(165,1,0,'2022-10-27','2022-12-01','','',NULL,'not_paid','delivered','approved',1,0,0,0,0,NULL,0,NULL,0,NULL,NULL,0,'percentage','before_tax',NULL,0,0,0,0),(166,1,0,'2022-11-01','2022-11-01','','',NULL,'not_paid','not_delivered','approved',0,0,0,0,0,NULL,0,NULL,0,NULL,NULL,0,'percentage','before_tax',NULL,0,0,0,0),(167,37,27,'2022-11-03','2022-12-01','','',NULL,'not_paid','delivered','approved',0,0,0,0,0,NULL,0,NULL,0,NULL,NULL,0,'percentage','before_tax',NULL,0,0,0,0),(168,32,0,'2022-11-10','2022-11-11','','',NULL,'draft','not_delivered','not_approved',1,0,0,0,0,NULL,0,NULL,0,NULL,NULL,0,'percentage','before_tax',NULL,0,0,0,0),(169,39,0,'2022-11-10','2022-11-11','','',NULL,'not_paid','not_delivered','approved',0,0,0,0,0,NULL,0,NULL,0,NULL,NULL,0,'percentage','before_tax',NULL,0,0,0,0),(170,39,0,'2022-11-11','2022-11-11','','Civil',NULL,'draft','not_delivered','approved',1,0,0,0,0,NULL,0,NULL,0,NULL,NULL,1.425,'fixed_amount','',NULL,0,0,0,0),(171,39,0,'2022-11-12','2022-11-12','','Civil',NULL,'not_paid','not_delivered','approved',1,0,0,0,0,NULL,0,NULL,0,NULL,NULL,0,'percentage','before_tax',NULL,0,0,0,0),(172,1,28,'2022-11-13','2022-11-13','','',NULL,'not_paid','delivered','approved',1,0,0,0,0,NULL,0,NULL,0,NULL,NULL,0,'percentage','before_tax',NULL,0,0,0,0),(173,45,0,'2022-11-14','2023-01-01','To be paid ','',NULL,'draft','not_delivered','approved',0,0,0,0,0,NULL,0,NULL,0,NULL,NULL,0,'percentage','before_tax',NULL,0,0,0,0),(174,45,0,'2022-09-01','2022-11-14','','Civil',NULL,'draft','not_delivered','not_approved',1,0,0,0,0,NULL,0,NULL,0,NULL,NULL,0,'percentage','before_tax',NULL,0,0,0,0),(175,47,0,'2022-11-14','2022-11-14','','',NULL,'draft','not_delivered','approved',1,0,0,0,0,NULL,0,NULL,0,NULL,NULL,0,'percentage','before_tax',NULL,0,0,0,0),(176,32,0,'2022-11-15','2022-11-15','','',NULL,'draft','not_delivered','not_approved',0,0,0,0,0,NULL,0,NULL,0,NULL,NULL,0,'percentage','before_tax',NULL,0,0,0,0),(177,50,0,'2022-11-15','2022-11-15','عميل جديد (الداخلية)','',NULL,'draft','not_delivered','approved',1,0,0,0,0,NULL,0,NULL,0,NULL,NULL,0,'percentage','before_tax',NULL,0,0,0,0),(178,51,0,'2022-11-15','2022-11-15','','',NULL,'not_paid','delivered','approved',0,0,0,0,0,NULL,0,NULL,0,NULL,NULL,0,'percentage','before_tax',NULL,0,0,0,0),(179,12,0,'2022-11-15','2022-11-22','','',NULL,'draft','not_delivered','not_approved',0,0,0,0,0,NULL,0,NULL,0,NULL,NULL,0,'percentage','before_tax',NULL,0,0,0,0),(180,12,0,'2022-11-15','2022-11-22','','',NULL,'draft','not_delivered','not_approved',0,0,0,0,0,NULL,0,NULL,0,NULL,NULL,5,'fixed_amount','',NULL,0,0,0,0),(1000,11,0,'2022-11-15','2022-11-22','','',NULL,'draft','not_delivered','not_approved',0,0,0,0,0,NULL,0,NULL,0,NULL,NULL,0,'percentage','before_tax',NULL,0,0,0,0),(1001,56,0,'2022-11-16','2022-11-30','','',NULL,'draft','not_delivered','approved',0,0,0,0,0,NULL,0,NULL,0,NULL,NULL,0,'percentage','before_tax',NULL,0,0,0,0),(1002,57,0,'2022-11-16','2022-11-16','','',NULL,'draft','not_delivered','approved',0,0,0,0,0,NULL,0,NULL,0,NULL,NULL,0,'percentage','before_tax',NULL,0,0,0,0),(1003,58,0,'2022-11-16','2022-11-30','','',NULL,'draft','not_delivered','approved',0,0,0,0,0,NULL,0,NULL,0,NULL,NULL,0,'percentage','before_tax',NULL,0,0,0,0),(1004,61,0,'2022-11-17','2022-11-17','','',NULL,'draft','not_delivered','approved',0,0,0,0,0,NULL,0,NULL,0,NULL,NULL,0,'percentage','before_tax',NULL,0,0,0,0),(1005,61,0,'2022-11-17','2022-11-17','','',NULL,'draft','not_delivered','approved',0,0,0,0,0,NULL,0,NULL,0,NULL,NULL,0,'percentage','before_tax',NULL,0,0,0,0),(1006,63,0,'2022-11-19','2022-11-19','','',NULL,'draft','not_delivered','approved',0,0,0,0,0,NULL,0,NULL,0,NULL,NULL,0,'percentage','before_tax',NULL,0,0,0,0),(1007,64,0,'2022-11-19','2022-11-19','عميل جديد','',NULL,'draft','not_delivered','approved',0,0,0,0,0,NULL,0,NULL,0,NULL,NULL,0,'percentage','before_tax',NULL,0,0,0,0),(1008,65,0,'2022-11-19','2022-11-19','','',NULL,'draft','not_delivered','approved',0,0,0,0,0,NULL,0,NULL,0,NULL,NULL,0,'percentage','before_tax',NULL,0,0,0,0),(1009,67,0,'2022-11-21','2022-11-21','','',NULL,'draft','not_delivered','not_approved',0,0,0,0,0,NULL,0,NULL,0,NULL,NULL,0,'percentage','before_tax',NULL,0,0,0,0),(1010,68,0,'2022-11-21','2022-11-21','','',NULL,'draft','not_delivered','not_approved',0,0,0,0,0,NULL,0,NULL,0,NULL,NULL,0,'percentage','before_tax',NULL,0,0,0,0),(1011,69,0,'2022-11-22','2022-11-22','','',NULL,'not_paid','not_delivered','approved',0,0,0,0,0,NULL,0,NULL,0,NULL,NULL,0,'percentage','before_tax',NULL,0,0,0,0),(1012,70,0,'2022-11-22','2022-11-22','','',NULL,'not_paid','not_delivered','approved',0,0,0,0,0,NULL,0,NULL,0,NULL,NULL,0,'percentage','before_tax',NULL,0,0,0,0),(1013,35,0,'2022-11-27','2022-12-27','cosmetics','',NULL,'draft','not_delivered','not_approved',1,0,0,0,0,NULL,0,NULL,0,NULL,NULL,0,'percentage','before_tax',NULL,0,0,0,0),(1014,2,0,'2022-11-27','2022-11-27','','',NULL,'not_paid','delivered','approved',0,0,0,0,0,NULL,0,NULL,0,NULL,NULL,0,'percentage','before_tax',NULL,0,0,0,0),(1015,70,29,'2022-11-27','2022-11-28','','',NULL,'not_paid','not_delivered','approved',0,0,0,0,0,NULL,0,NULL,0,NULL,NULL,0,'percentage','before_tax',NULL,0,0,0,0),(1016,76,0,'2022-11-28','2022-11-28','','',NULL,'not_paid','delivered','approved',0,0,0,0,0,NULL,0,NULL,0,NULL,NULL,0,'percentage','before_tax',NULL,0,0,0,0),(1017,70,29,'2022-12-21','2022-12-28','','Civil',NULL,'draft','not_delivered','approved',0,0,0,0,0,NULL,0,NULL,0,NULL,NULL,0,'percentage','before_tax',NULL,0,0,0,0),(1018,70,30,'2023-01-01','2023-01-17','','',NULL,'draft','not_delivered','not_approved',1,0,0,0,0,NULL,0,NULL,0,NULL,NULL,0,'percentage','before_tax',NULL,0,0,0,1),(1019,88,0,'2023-01-09','2023-01-09','','',NULL,'draft','not_delivered','not_approved',0,0,0,0,0,NULL,0,NULL,0,NULL,NULL,0,'percentage','before_tax',NULL,0,0,0,0),(1020,51,0,'2023-01-25','2023-01-26','','',NULL,'draft','not_delivered','not_approved',1,0,0,0,0,NULL,0,NULL,0,NULL,NULL,0,'percentage','before_tax',NULL,0,0,0,0),(1021,93,31,'2023-01-29','2023-01-30','','',NULL,'draft','not_delivered','not_approved',1,0,0,0,0,NULL,0,NULL,0,NULL,NULL,0,'percentage','before_tax',NULL,0,0,0,0),(1022,94,0,'2023-01-29','2023-01-29','','',NULL,'draft','not_delivered','not_approved',0,0,0,0,0,NULL,0,NULL,0,NULL,NULL,0,'percentage','before_tax',NULL,0,0,0,0),(1023,70,0,'2023-01-29','2023-01-30','','Civil',NULL,'draft','not_delivered','not_approved',1,0,0,0,0,NULL,0,NULL,0,NULL,NULL,0,'percentage','before_tax',NULL,0,0,0,0),(1024,35,33,'2023-01-29','2023-01-29','','',NULL,'not_paid','delivered','approved',0,0,0,0,0,NULL,0,NULL,0,NULL,NULL,0,'percentage','before_tax',NULL,0,0,0,0),(1025,99,0,'2023-01-30','2023-01-30','','',NULL,'not_paid','delivered','approved',1,0,0,0,0,NULL,0,NULL,0,NULL,NULL,0,'percentage','before_tax',NULL,0,0,0,0),(1026,70,0,'2022-12-26','2023-01-31','','',NULL,'draft','not_delivered','not_approved',0,0,0,0,0,NULL,0,NULL,0,NULL,NULL,0,'percentage','before_tax',NULL,0,0,0,0),(1027,70,34,'2023-01-31','2023-01-31','TC','',NULL,'not_paid','delivered','approved',0,0,0,0,0,NULL,0,NULL,0,NULL,NULL,0,'percentage','before_tax',NULL,0,0,0,0),(1028,70,0,'2022-01-02','2022-04-12','','',NULL,'draft','not_delivered','not_approved',0,0,0,0,0,NULL,0,NULL,0,NULL,NULL,0,'percentage','before_tax',NULL,0,0,0,0),(1029,4,0,'2023-02-06','2023-02-06','','',NULL,'draft','not_delivered','approved',0,0,0,0,0,NULL,0,NULL,0,NULL,NULL,0,'percentage','before_tax',NULL,0,0,0,0),(1030,47,0,'2023-02-10','2023-02-17','','',NULL,'draft','not_delivered','not_approved',0,0,0,0,0,NULL,0,NULL,0,NULL,NULL,0,'fixed_amount','',NULL,0,0,0,0),(1031,106,0,'2023-02-10','2023-02-10','','',NULL,'not_paid','delivered','approved',0,0,0,0,0,NULL,0,NULL,0,NULL,NULL,0,'percentage','before_tax',NULL,0,0,0,0),(1032,1,0,'2023-02-16','2023-02-16','','',NULL,'draft','not_delivered','approved',0,0,0,0,0,NULL,0,NULL,0,NULL,NULL,0,'percentage','before_tax',NULL,0,0,0,0),(1033,1,0,'2023-04-13','2023-04-13','','',NULL,'not_paid','delivered','approved',0,0,0,0,0,NULL,0,NULL,0,NULL,NULL,0,'percentage','before_tax',NULL,0,0,0,0),(1034,137,0,'2023-01-05','2023-01-05','','',NULL,'draft','not_delivered','not_approved',0,0,0,0,0,NULL,0,NULL,0,NULL,NULL,0,'percentage','before_tax',NULL,0,0,0,0),(1035,35,0,'2023-04-16','2023-05-03','لق','',NULL,'draft','not_delivered','not_approved',0,0,0,0,0,NULL,0,NULL,0,NULL,NULL,0,'percentage','before_tax',NULL,0,0,0,0),(1036,139,0,'2023-01-05','2023-01-05','','',NULL,'draft','not_delivered','approved',0,0,0,0,0,NULL,0,NULL,0,NULL,NULL,0,'percentage','before_tax',NULL,0,0,0,0),(1037,1,28,'2023-04-18','2023-04-18','','',NULL,'not_paid','delivered','approved',0,0,0,0,0,NULL,0,NULL,0,NULL,NULL,0,'percentage','before_tax',NULL,0,0,0,0),(1038,161,0,'2023-05-31','2023-06-01','عميل جديد','',NULL,'draft','not_delivered','approved',0,0,0,0,0,NULL,0,NULL,0,NULL,NULL,0,'percentage','before_tax',NULL,0,0,0,0),(1039,167,0,'2023-06-08','2023-06-08','','',NULL,'not_paid','not_delivered','approved',0,0,0,0,0,NULL,0,NULL,0,NULL,NULL,0,'percentage','before_tax',NULL,0,0,0,0),(1040,170,0,'2023-06-08','2023-06-30','','',NULL,'not_paid','not_delivered','approved',0,0,0,0,0,NULL,0,NULL,0,NULL,NULL,0,'percentage','before_tax',NULL,0,0,0,0),(1041,171,0,'2023-06-08','2023-06-08','','',NULL,'draft','not_delivered','approved',0,0,0,0,0,NULL,0,NULL,0,NULL,NULL,0,'percentage','before_tax',NULL,0,0,0,0),(1042,170,0,'2023-06-18','2023-06-18','','',NULL,'draft','not_delivered','approved',0,0,0,0,0,NULL,0,NULL,0,NULL,NULL,0,'percentage','before_tax',NULL,0,0,0,0),(1043,177,0,'2023-06-24','2023-06-24','','',NULL,'draft','not_delivered','approved',0,0,0,0,0,NULL,0,NULL,0,NULL,NULL,0,'percentage','before_tax',NULL,0,0,0,0),(1044,179,0,'2023-07-02','2023-07-02','','',NULL,'draft','not_delivered','approved',0,0,0,0,0,NULL,0,NULL,0,NULL,NULL,0,'percentage','before_tax',NULL,0,0,0,0),(1045,180,0,'2023-07-02','2023-07-03','','',NULL,'draft','not_delivered','approved',0,0,0,0,0,NULL,0,NULL,0,NULL,NULL,0,'percentage','before_tax',NULL,0,0,0,0),(1046,181,0,'2023-07-03','2023-07-03','','',NULL,'draft','not_delivered','approved',0,0,0,0,0,NULL,0,NULL,0,NULL,NULL,30,'fixed_amount','',NULL,0,0,0,0),(1047,194,0,'2023-07-10','2023-07-10','','',NULL,'draft','not_delivered','approved',0,0,0,0,0,NULL,0,NULL,0,NULL,NULL,5,'fixed_amount','',NULL,0,0,0,0),(1048,203,0,'2023-07-20','2023-07-20','','',NULL,'draft','not_delivered','approved',0,0,0,0,0,NULL,0,NULL,0,NULL,NULL,0,'percentage','before_tax',NULL,0,0,0,0),(1049,216,0,'2023-08-02','2023-08-31','','',NULL,'draft','not_delivered','approved',0,0,0,0,0,NULL,0,NULL,0,NULL,NULL,0,'percentage','before_tax',NULL,0,0,0,0),(1050,217,0,'2023-08-03','2023-08-03','','',NULL,'draft','not_delivered','approved',0,0,0,0,0,NULL,0,NULL,0,NULL,NULL,0,'percentage','before_tax',NULL,0,0,0,0),(1051,218,0,'2023-08-03','2023-08-03','','',NULL,'draft','not_delivered','approved',0,0,0,0,0,NULL,0,NULL,0,NULL,NULL,0,'percentage','before_tax',NULL,0,0,0,0),(1052,222,0,'2023-08-04','2023-08-31','','',NULL,'draft','not_delivered','approved',0,0,0,0,0,NULL,0,NULL,0,NULL,NULL,0,'percentage','before_tax',NULL,0,0,0,0),(1053,232,0,'2023-08-09','2023-08-09','','',NULL,'draft','not_delivered','not_approved',0,0,0,0,0,NULL,0,NULL,0,NULL,NULL,0,'percentage','before_tax',NULL,0,0,0,0),(1054,239,0,'2023-08-22','2023-08-23','','',NULL,'draft','not_delivered','approved',0,0,0,0,0,NULL,0,NULL,0,NULL,NULL,0,'percentage','before_tax',NULL,0,0,0,0),(1055,170,0,'2023-09-01','2023-09-01','','',NULL,'draft','not_delivered','approved',0,0,0,0,0,NULL,0,NULL,0,NULL,NULL,0,'percentage','before_tax',NULL,0,0,0,0),(1056,241,0,'2023-09-01','2023-09-01','','',NULL,'draft','not_delivered','approved',0,0,0,0,0,NULL,0,NULL,0,NULL,NULL,0,'percentage','before_tax',NULL,0,0,0,0),(1057,242,0,'2023-09-05','2023-09-05','عميل جديد','',NULL,'draft','not_delivered','approved',0,0,0,0,0,NULL,0,NULL,0,NULL,NULL,0,'percentage','before_tax',NULL,0,0,0,0),(1058,70,0,'2023-11-01','2023-11-01','','',NULL,'draft','not_delivered','not_approved',0,0,0,0,0,NULL,0,NULL,0,NULL,NULL,0,'percentage','before_tax',NULL,0,0,0,0),(1059,232,0,'2023-11-02','2023-11-15','dsadsd','',NULL,'draft','not_delivered','not_approved',0,0,0,0,0,NULL,0,NULL,0,NULL,NULL,0,'percentage','before_tax',NULL,0,0,0,0),(1060,249,0,'2025-04-14','2025-04-15','','',NULL,'draft','not_delivered','not_approved',0,0,0,0,0,NULL,0,NULL,0,NULL,NULL,0,'percentage','before_tax',NULL,0,0,0,0);

--
-- Table structure for table `erp_demoitem_categories`
--

CREATE TABLE `erp_demoitem_categories` (
  `id` int(11) NOT NULL AUTO_INCREMENT,
  `title` varchar(255) COLLATE utf8_unicode_ci NOT NULL,
  `deleted` tinyint(1) NOT NULL DEFAULT '0',
  PRIMARY KEY (`id`)
) ENGINE=MyISAM AUTO_INCREMENT=59 DEFAULT CHARSET=utf8 COLLATE=utf8_unicode_ci;

--
-- Dumping data for table `erp_demoitem_categories`
--

INSERT INTO `erp_demoitem_categories` VALUES (1,'Smart Home',1),(2,'live Translation ',1),(3,'Recorded translation',1),(4,'Headset',1),(5,'Flat 54',1),(6,'Alliwan',1),(7,'Headset ',1),(8,'Hearing Aids',1),(9,'MOLD',1),(10,'Hearing test',1),(11,'Oil & Gas',1),(12,'Installation',1),(13,'Skating',1),(14,'Consultaion ',1),(15,'Graphic design',1),(16,'signbook courses',1),(17,'ELECTRICAL ITEMS',1),(18,'Raw material',1),(19,'Electirical ',1),(20,'Pipe',1),(21,'Manahol',1),(22,'Commercial filter',1),(23,'RO Plant',1),(24,'Deestone',1),(25,'tyres',1),(26,'BOTO CHINA OTR & BTR',1),(27,'Construction ',1),(28,'Doors',1),(29,'Wages ',1),(30,'loan (bank)',1),(31,'AC',1),(32,'Maintance',1),(33,'Installtaion',1),(34,'Equipment',1),(35,'CIVIL WORK',1),(36,'مكافحة حشرات',0),(44,'خدمات المطابقة ',0),(37,'مكافحة حشرات طائرة ( زباب,باعوض,ام 44,ناموس )',0),(38,'مكافحة قوارض ( فئران,جرزان )',0),(39,'معالجة رمة ( النمل الابيض )',0),(40,'مكافحة بق الفراش ( عث الفراش )',0),(41,'مكافحة ( عقارب,افاعي,ثعابين )',0),(42,'Education',1),(43,'AI Engeneering',1),(45,'توفير عامل ',0),(46,'تنظيف',0),(47,'تلميع (متخصص)',1),(48,'مبيد ( الماني ) تركيز18%',0),(49,'مبيد (هندي) تركيز 50%',0),(50,'مبيد (استرالي) تركيز 50%',0),(51,'Cups',1),(52,'Doors',1),(53,'خدمات تنظيف',0),(54,'صيانة أجهزة تبريد وتكييف',0),(55,'تصوير',1),(56,'مونتاج',0),(57,'مطاعم',0),(58,'معالجة رمة ',0);

--
-- Table structure for table `erp_demoitems`
--

CREATE TABLE `erp_demoitems` (
  `id` int(11) NOT NULL AUTO_INCREMENT,
  `title` text COLLATE utf8_unicode_ci NOT NULL,
  `description` text COLLATE utf8_unicode_ci,
  `unit_type` varchar(20) COLLATE utf8_unicode_ci NOT NULL DEFAULT '',
  `cost` double NOT NULL,
  `rate` double NOT NULL,
  `category_id` int(11) NOT NULL,
  `item_type` enum('product','service') COLLATE utf8_unicode_ci NOT NULL DEFAULT 'product',
  `deleted` tinyint(1) NOT NULL DEFAULT '0',
  PRIMARY KEY (`id`)
) ENGINE=InnoDB AUTO_INCREMENT=71 DEFAULT CHARSET=utf8 COLLATE=utf8_unicode_ci;

--
-- Dumping data for table `erp_demoitems`
--

INSERT INTO `erp_demoitems` VALUES (1,'Smart Lock','Smart Lock 123','Piece',150,200,1,'product',1),(2,'Smart Curtain','Smart Curtain','Piece',300,350,1,'product',1),(3,'Live translation 1','Test\n10 sessions a year','Yearly ',500,1000,2,'service',1),(4,'Kid headset','kids','Piece',250,300,4,'product',1),(5,'Flat 54','area \nrooms','fLAT',10000,20000,6,'product',1),(6,'NIDA ','test ','Piece ',200,400,8,'product',1),(7,'PTA ','test','',200,300,10,'service',1),(8,'Drilling','drilling kcjkfqc','',500,1000,11,'service',1),(9,'Smoke detector installation','smoke','',50,100,12,'service',1),(10,'Skating','ghxghcfjj','',30,50,13,'service',1),(11,'Survey','test','',100,300,14,'service',1),(12,'website design','','',100,200,15,'service',1),(13,'Course Level 1','test','',200,300,16,'service',1),(14,'WIRE 20MM','','',125,180,17,'product',1),(15,'WIRE12MM','','',90,110,17,'product',1),(16,'Incense Salalah ','','Pc',2,12,18,'product',1),(17,'Electrical service ','1 service per year ','',100,200,19,'service',1),(18,'pipe type 3','jdfKNJHC','',100,200,20,'service',1),(19,'Mnahol 1','','',200,300,21,'service',1),(20,'model 1','test','',200,500,22,'product',1),(21,'RO PLANT 3000 GPD','IJDIEKJDFVCHf,djfjruh','',100000,200000,23,'product',1),(22,'Solid','300/15 8.00 SOLID DEESTONE Thailand ','unit',102,180,24,'service',1),(23,'Deestone','300/15 20PR D301 TTF','SET',0,50,25,'product',1),(24,'Solid','300/15','unit',50,105,24,'service',1),(25,'Solid','650/10 5.00 STD ECOMASTER ','pcs',33,70,24,'product',1),(26,'Solid','700/12 5.00 STD SOLID DEESTONE Thailand','unit',45,85,24,'service',1),(27,'OTR','325/95R24 22PR BT666 BOTO TL CHINA','PCS',86,120,26,'service',1),(28,'OTR','20.5R5 ** GCBB5 E3L3 CHINA TL','pcs',350,430,26,'product',1),(29,'1600/25 32PR D313 TL DEESOTNE THAILAND ','1600/25 32PR D313 TL DEESOTNE THAILAND ','unit',334.2,450,24,'product',1),(30,'Door Installation 1 mtr* 1mtr','ghdur,','',100,200,28,'service',1),(31,'خاتم','','',0,0,14,'product',1),(32,'Maintance 1 moth','hdsaj,fkjv','',50,100,32,'service',1),(33,'Ac samusung','jdnc,.','',100,200,31,'product',1),(34,'cat d8r','j.kmx,./z','Hour',100,200,34,'service',1),(35,'slicing','Test','',2000,3000,35,'service',1),(36,'معالجة رمة ','معالجة الرمة عن طريق الحقن ( عمل ثقوب في الارضيات عمق الثقب 30 سم و القطر 12 مم على بعد كل متر من داخل الموقع والخارج لوصول المادة الى الارضيات والقضاء على النمل الابيض تماماُ)','معالجة رمة',50,130,39,'service',0),(37,'مكافحة حشرات','المكافحة داخل المنزل تشمل:-\nالمطبخ ( لاداعي لاخراج الاغراض نستخدم مادة تسبب عقم للصراصير (بدون روائح)\nالغرف (رش حواف الابواب داخل الغرف وحوافها (بدون روائح)\nدورات المياة (رش حواف دورات المياة وفتحات التصريف وماخلف المغاسل (بدون روائح)\nحواف الابواب (رش حواف الابواب من الجانبين (بدون روائح)\nالحواف الداخلية (رش جميع الحواف الداخلية للبيت (بدون روائح)\nالبواليع الخارجية (فتح البواليع الخارجية ورشها (يوجد روائح)\nالمنطقة الخارجية للحوش (رش الحواف الخارجية للحوش والفتحات واي ثقوب متواجدة (يوجد روائح)','مكافحة حشرات زاحفة (',10,30,36,'service',0),(38,'مكافحة قوارض','مبيد يسبب تجلط دم للفئران والجرزان خلال يومي يتم القضاء على الفئران او الجرزان','مكافحة قوارض',7,25,38,'service',0),(39,'VR ','VR..........','PC',200,300,42,'product',0),(40,'AI Toy','AI......','',400,500,43,'product',0),(41,'Installation','service ......','',20,50,43,'service',0),(42,'خدمات مطابقة منتجات التجميل','خدمات.............','',100,200,44,'service',0),(43,'متطابقة منتج تجميل (كريم)','رقم شهادة 6754','',100,200,44,'service',0),(44,'فحص منتج','تست','',300,400,44,'service',0),(45,'توفير عامل نظافة','•	يلتزم الطرف الأول بأعمال النظافة وأعمال الخدمات في الشركة بتوفير ععد (1) عامل نظافة للقيام بكل ما يمت الأعمال النظافة بصلة وخدمة الموظفين واي اعمال اخرى لصالح الطرف الثاني مع احقية الطرف الثاني بطلب زيادة او نقصان\n•	يقوم الطرف الاول بتوفير العمالة المؤقتة اللازمة لنشاط الطرف الثاني بالمواصفات والمؤهلات المطلوبة \n•	يكون الطرف الاول مسؤول مسؤولية كاملة عن العمالة أمام كافة الجهات حتى إنهاء كل عملية على حده\n•	في المقابل يلتزم الطرف الثاني بأن يؤدي للطرف الاول مبلغ (000 ر.ع) بالأضافة الى توفير سكن للعامل و في حالة رغبة الطرف الثاني في طلب العمل لساعات إضافية يتم إحتسابها بمقابل معين يتم الاتفاق علية خطيا\n•	للطرف الثاني الحق في استبدال أحد أفراد العمالة المؤقتة وبدون إبداء أسباب \n•	في حالة إخلال الطرف الاول بالتزاماتة يحق للطرف الثاني إحضار عمالة دون الرجوع للطرف الاول.\n•	مدة العقد عامين من تاريخ  0000 الى  0000  ويجدد لمدة أخرى ما لم يخطر أحد الطرفين لعدم رغبتة في تجديد العقد قبل انتهائة بثلاثة اشهر على الاقل \n•	حرر العقد من نسختين بيد كل طرف نسخة للعمل بموجبة.\n','1',120,200,45,'service',0),(46,'تنظيف (عميق)','','التنظيف العامل',50,130,46,'service',0),(47,'تلميع (متخصص)','','',50,120,47,'service',0),(48,'مبيد ( الماني ) تركيز18%','','Termite',40,165,48,'service',0),(49,'مبيد (استرالي) تركيز 50%','','Termite',30,140,50,'service',0),(50,'مبيد (هندي) تركيز 50%','','Termite',30,120,49,'service',0),(51,'Paper  cups 8os','test','Cartoon',4,6,51,'product',0),(52,'2mp camera analog','fddfef','hd',6,12,43,'product',0),(53,'sapelli door','Sapele door with handle','m2',50,100,52,'product',0),(54,'Handle black','steel handle black','NOS',15,20,52,'product',0),(55,'تنظيف الفرف','','متر',100,250,53,'service',0),(56,'Door 10cm','','sqm',100,300,52,'product',0),(57,'توصيل','','',1,2,43,'service',0),(58,'تصوير فيديو','test ','',200,300,55,'service',0),(59,'موشن جرافيك ','tset ','',300,400,56,'service',0),(60,'مطاعم','زيارة شهرية للمطعم  + تركيب محطات طعم للفئران + اصدار شهادة كل زيارة تم فيها العمل \nعدد الزيارات في السنة 12 زيارة \nتواقيت الزيارات بعد انتهاء العمل الرسمي','',30,130,57,'service',0),(61,'premise sc 200','','',190,200,39,'product',0),(62,'presor tc','','',100,100,39,'product',0),(63,'solfa ew 050','','',20,24,36,'product',0),(64,'racumim sd','','',90,100,39,'product',0),(65,'klerat uk','','',10,50,38,'product',0),(66,'maxe force gel','','',8,9,36,'product',0),(67,'coleat gel','','',7,8,36,'product',0),(68,'cleam bit pwer','','',7,8,36,'product',0),(69,'طارد عقارب وافاعي','','',22,25,41,'product',0),(70,'BOX','','',2,3,38,'product',0);

--
-- Table structure for table `erp_demolead_source`
--

CREATE TABLE `erp_demolead_source` (
  `id` int(11) NOT NULL AUTO_INCREMENT,
  `title` varchar(100) COLLATE utf8_unicode_ci NOT NULL,
  `sort` int(11) NOT NULL,
  `deleted` tinyint(1) NOT NULL DEFAULT '0',
  PRIMARY KEY (`id`)
) ENGINE=InnoDB AUTO_INCREMENT=6 DEFAULT CHARSET=utf8 COLLATE=utf8_unicode_ci;

--
-- Dumping data for table `erp_demolead_source`
--

INSERT INTO `erp_demolead_source` VALUES (1,'Google',1,0),(2,'Facebook',2,0),(3,'Twitter',3,0),(4,'Youtube',4,0),(5,'Elsewhere',5,0);

--
-- Table structure for table `erp_demolead_status`
--

CREATE TABLE `erp_demolead_status` (
  `id` int(11) NOT NULL AUTO_INCREMENT,
  `title` varchar(100) COLLATE utf8_unicode_ci NOT NULL,
  `color` varchar(7) COLLATE utf8_unicode_ci NOT NULL,
  `sort` int(11) NOT NULL,
  `deleted` tinyint(1) NOT NULL DEFAULT '0',
  PRIMARY KEY (`id`)
) ENGINE=InnoDB AUTO_INCREMENT=7 DEFAULT CHARSET=utf8 COLLATE=utf8_unicode_ci;

--
-- Dumping data for table `erp_demolead_status`
--

INSERT INTO `erp_demolead_status` VALUES (1,'New','#f1c40f',0,0),(2,'Qualified','#2d9cdb',1,0),(3,'Discussion','#29c2c2',2,0),(4,'Negotiation','#2d9cdb',3,0),(5,'Won','#83c340',4,0),(6,'Lost','#e74c3c',5,0);

--
-- Table structure for table `erp_demoleads`
--

CREATE TABLE `erp_demoleads` (
  `id` int(11) NOT NULL AUTO_INCREMENT,
  `company_name` varchar(150) COLLATE utf8_unicode_ci NOT NULL,
  `first_name` varchar(150) COLLATE utf8_unicode_ci NOT NULL,
  `last_name` varchar(150) COLLATE utf8_unicode_ci NOT NULL,
  `email` varchar(150) COLLATE utf8_unicode_ci NOT NULL,
  `address` text COLLATE utf8_unicode_ci,
  `city` varchar(50) COLLATE utf8_unicode_ci DEFAULT NULL,
  `state` varchar(50) COLLATE utf8_unicode_ci DEFAULT NULL,
  `zip` varchar(50) COLLATE utf8_unicode_ci DEFAULT NULL,
  `country` varchar(50) COLLATE utf8_unicode_ci DEFAULT NULL,
  `created_date` date NOT NULL,
  `website` text COLLATE utf8_unicode_ci,
  `phone` varchar(20) COLLATE utf8_unicode_ci DEFAULT NULL,
  `deleted` tinyint(1) NOT NULL DEFAULT '0',
  PRIMARY KEY (`id`)
) ENGINE=InnoDB DEFAULT CHARSET=utf8 COLLATE=utf8_unicode_ci;

--
-- Dumping data for table `erp_demoleads`
--


--
-- Table structure for table `erp_demoleave_applications`
--

CREATE TABLE `erp_demoleave_applications` (
  `id` int(11) NOT NULL AUTO_INCREMENT,
  `leave_type_id` int(11) NOT NULL,
  `start_date` date NOT NULL,
  `end_date` date NOT NULL,
  `total_hours` decimal(7,2) NOT NULL,
  `total_days` decimal(5,2) NOT NULL,
  `applicant_id` int(11) NOT NULL,
  `reason` mediumtext COLLATE utf8_unicode_ci NOT NULL,
  `status` enum('pending','approved','rejected','canceled') COLLATE utf8_unicode_ci NOT NULL DEFAULT 'pending',
  `created_at` datetime NOT NULL,
  `created_by` int(11) NOT NULL,
  `checked_at` datetime DEFAULT NULL,
  `checked_by` int(11) NOT NULL DEFAULT '0',
  `paid_unpaid` tinyint(1) DEFAULT '1',
  `deleted` int(1) NOT NULL DEFAULT '0',
  PRIMARY KEY (`id`),
  KEY `leave_type_id` (`leave_type_id`),
  KEY `user_id` (`applicant_id`),
  KEY `checked_by` (`checked_by`)
) ENGINE=InnoDB AUTO_INCREMENT=14 DEFAULT CHARSET=utf8 COLLATE=utf8_unicode_ci;

--
-- Dumping data for table `erp_demoleave_applications`
--

INSERT INTO `erp_demoleave_applications` VALUES (1,2,'2022-07-26','2022-07-26',8.00,1.00,37,'THYTH','approved','2022-07-26 06:47:41',1,'2022-07-26 06:47:41',1,1,0),(2,2,'2022-08-08','2022-08-21',112.00,14.00,38,'GFHGGBF','approved','2022-08-07 08:33:28',1,'2022-08-07 08:33:28',1,1,0),(3,2,'2022-08-23','2022-08-23',8.00,1.00,39,'test','rejected','2022-08-07 09:50:06',0,'2022-08-07 09:51:53',1,0,1),(4,2,'2022-08-07','2022-08-14',64.00,8.00,39,'test','approved','2022-08-07 09:52:44',0,'2022-08-07 09:53:16',1,0,0),(5,2,'2022-08-16','2022-08-16',8.00,1.00,38,'test','approved','2022-08-14 12:27:45',1,'2022-08-14 12:27:45',1,1,0),(6,2,'2022-09-21','2022-09-22',16.00,2.00,39,'ccc','approved','2022-09-19 06:34:53',1,'2022-09-19 06:34:53',1,1,0),(7,2,'2022-10-10','2022-10-20',88.00,11.00,47,'dwdqwe','approved','2022-10-10 13:26:06',0,'2022-10-10 13:26:33',1,1,0),(8,2,'2022-10-10','2022-10-10',8.00,1.00,47,'ewawret','approved','2022-10-10 13:26:59',0,'2022-10-18 14:58:12',1,0,0),(9,2,'2022-10-18','2022-10-31',112.00,14.00,39,'LOCAL','','2022-10-18 14:57:08',1,'2022-10-18 14:57:08',1,1,0),(10,2,'2022-11-10','2022-11-10',8.00,1.00,38,'test','','2022-11-03 08:41:08',1,'2022-11-03 08:41:08',1,1,1),(11,2,'2022-11-15','2022-11-29',120.00,15.00,53,'test','','2022-11-15 11:08:24',1,'2022-11-15 11:08:24',1,1,0),(12,2,'2022-11-21','2022-11-21',8.00,1.00,56,'annual leave','','2022-11-20 11:10:03',1,'2022-11-20 11:10:03',1,1,0),(13,2,'2023-01-30','2023-02-13',120.00,15.00,56,'annual ','','2023-01-30 09:22:56',1,'2023-01-30 09:22:56',1,1,0);

--
-- Table structure for table `erp_demoleave_types`
--

CREATE TABLE `erp_demoleave_types` (
  `id` int(11) NOT NULL AUTO_INCREMENT,
  `title` varchar(100) COLLATE utf8_unicode_ci NOT NULL,
  `status` enum('active','inactive') COLLATE utf8_unicode_ci NOT NULL DEFAULT 'active',
  `color` varchar(7) COLLATE utf8_unicode_ci NOT NULL,
  `description` text COLLATE utf8_unicode_ci,
  `max_allowed` int(11) DEFAULT '1',
  `deleted` int(1) NOT NULL DEFAULT '0',
  PRIMARY KEY (`id`)
) ENGINE=InnoDB AUTO_INCREMENT=6 DEFAULT CHARSET=utf8 COLLATE=utf8_unicode_ci;

--
-- Dumping data for table `erp_demoleave_types`
--

INSERT INTO `erp_demoleave_types` VALUES (1,'Casual Leave','active','#83c340','',25,1),(2,'Annual Leave','active','#83c340','',30,0),(3,'Emergency leave','active','#29c2c2','',15,0),(4,'Eid Vacation','active','#83c340','',2,0),(5,'Maturnity Leave','active','#83c340','',40,1);

--
-- Table structure for table `erp_demoloans`
--

CREATE TABLE `erp_demoloans` (
  `id` int(11) NOT NULL AUTO_INCREMENT,
  `user_id` int(11) DEFAULT NULL,
  `amount` double DEFAULT NULL,
  `date` date DEFAULT NULL,
  `deleted` tinyint(1) NOT NULL DEFAULT '0',
  PRIMARY KEY (`id`)
) ENGINE=InnoDB AUTO_INCREMENT=3 DEFAULT CHARSET=utf8 COLLATE=utf8_unicode_ci;

--
-- Dumping data for table `erp_demoloans`
--

INSERT INTO `erp_demoloans` VALUES (1,42,300,'2022-08-12',0),(2,58,20,'2023-07-14',0);

--
-- Table structure for table `erp_demomessages`
--

CREATE TABLE `erp_demomessages` (
  `id` int(11) NOT NULL AUTO_INCREMENT,
  `subject` varchar(255) COLLATE utf8_unicode_ci NOT NULL DEFAULT 'Untitled',
  `message` mediumtext COLLATE utf8_unicode_ci NOT NULL,
  `created_at` datetime NOT NULL,
  `from_user_id` int(11) NOT NULL,
  `to_user_id` int(11) NOT NULL,
  `status` enum('unread','read') COLLATE utf8_unicode_ci NOT NULL DEFAULT 'unread',
  `message_id` int(11) NOT NULL DEFAULT '0',
  `deleted` int(1) NOT NULL DEFAULT '0',
  `files` longtext COLLATE utf8_unicode_ci NOT NULL,
  `deleted_by_users` text COLLATE utf8_unicode_ci NOT NULL,
  PRIMARY KEY (`id`),
  KEY `message_from` (`from_user_id`),
  KEY `message_to` (`to_user_id`)
) ENGINE=InnoDB AUTO_INCREMENT=18 DEFAULT CHARSET=utf8 COLLATE=utf8_unicode_ci;

--
-- Dumping data for table `erp_demomessages`
--

INSERT INTO `erp_demomessages` VALUES (1,'fggg','fsagdgf','2022-07-26 06:56:04',1,38,'unread',0,0,'a:0:{}',''),(2,'','\\cv\\fvfvv','2022-07-26 06:56:10',1,38,'unread',1,0,'a:0:{}',''),(3,'','HDhdsv','2022-08-02 09:06:42',1,38,'unread',1,0,'a:0:{}',''),(4,'','JNJDHF','2022-08-08 08:01:37',1,38,'unread',1,0,'a:0:{}',''),(5,'','JKDhnFJDHF','2022-08-08 08:01:39',1,38,'unread',1,0,'a:0:{}',''),(6,'','hi','2022-08-14 12:38:52',1,38,'unread',1,0,'a:0:{}',''),(7,'j,FBM','JQ,ANF','2022-08-23 07:41:26',1,42,'unread',0,0,'a:0:{}',''),(8,'','AVMJF','2022-08-23 07:42:18',1,42,'unread',7,0,'a:0:{}',''),(9,'','JNVJNDFV,','2022-08-23 07:42:20',1,42,'unread',7,0,'a:0:{}',''),(10,'','jjhj','2022-08-24 07:45:52',1,38,'unread',1,0,'a:0:{}',''),(11,'','السلام عليكم ','2022-09-24 13:25:25',1,38,'unread',1,0,'a:0:{}',''),(12,'','كيف نعمل مشف حساب للخزنه','2022-09-24 13:26:24',1,38,'unread',1,0,'a:0:{}',''),(13,'','كشف','2022-09-24 13:26:52',1,38,'unread',1,0,'a:0:{}',''),(14,'','السلام عليكم ورحمة الله صباح الخير','2022-09-25 05:09:29',1,38,'unread',1,0,'a:0:{}',''),(15,'','الشيخ علي خبرك','2022-09-25 05:10:00',1,38,'unread',1,0,'a:0:{}',''),(16,'Hi','Hi','2022-09-26 17:14:15',1,41,'unread',0,0,'a:0:{}',''),(17,'','jn,jhbh','2022-10-27 09:43:31',1,41,'unread',16,0,'a:0:{}','');

--
-- Table structure for table `erp_demomilestones`
--

CREATE TABLE `erp_demomilestones` (
  `id` int(11) NOT NULL AUTO_INCREMENT,
  `title` text COLLATE utf8_unicode_ci NOT NULL,
  `project_id` int(11) NOT NULL,
  `due_date` date NOT NULL,
  `description` text COLLATE utf8_unicode_ci NOT NULL,
  `deleted` tinyint(11) NOT NULL DEFAULT '0',
  PRIMARY KEY (`id`)
) ENGINE=InnoDB AUTO_INCREMENT=6 DEFAULT CHARSET=utf8 COLLATE=utf8_unicode_ci;

--
-- Dumping data for table `erp_demomilestones`
--

INSERT INTO `erp_demomilestones` VALUES (1,'Phase',4,'2022-08-11','',0),(2,'phase 2',4,'2022-08-18','',0),(3,'Foundation',33,'2023-02-12','',0),(4,'Foundation 2',33,'2023-04-02','',0),(5,'Stage',17,'2023-01-30','',0);

--
-- Table structure for table `erp_demonotes`
--

CREATE TABLE `erp_demonotes` (
  `id` int(11) NOT NULL AUTO_INCREMENT,
  `created_by` int(11) NOT NULL,
  `created_at` datetime NOT NULL,
  `title` text COLLATE utf8_unicode_ci NOT NULL,
  `description` mediumtext COLLATE utf8_unicode_ci,
  `project_id` int(11) NOT NULL DEFAULT '0',
  `client_id` int(11) NOT NULL DEFAULT '0',
  `user_id` int(11) NOT NULL DEFAULT '0',
  `labels` text COLLATE utf8_unicode_ci,
  `files` mediumtext COLLATE utf8_unicode_ci NOT NULL,
  `is_public` tinyint(1) NOT NULL DEFAULT '0',
  `deleted` tinyint(1) NOT NULL DEFAULT '0',
  PRIMARY KEY (`id`)
) ENGINE=InnoDB AUTO_INCREMENT=5 DEFAULT CHARSET=utf8 COLLATE=utf8_unicode_ci;

--
-- Dumping data for table `erp_demonotes`
--

INSERT INTO `erp_demonotes` VALUES (1,1,'2022-08-22 17:08:02','موقع بيت سهيل','يتم تجهيز الموقع للعمل على اعمال السقف يوم غد',0,0,0,'','a:0:{}',0,0),(2,1,'2022-10-19 16:26:01','خطة العمل لشهر 11 ','',0,0,0,'Important','a:1:{i:0;a:4:{s:9:\"file_name\";s:71:\"note_file635025471e019-ـ-25-قصة-نجاح-ـ-رءوف-شبايك.pdf\";s:9:\"file_size\";s:7:\"2409825\";s:7:\"file_id\";N;s:12:\"service_type\";N;}}',0,1),(3,1,'2022-10-19 16:30:29','متابعة منزل فهد ','متابعة الدفعات في البنك وتقديم تقرير الاستشاري ',0,0,0,'','a:0:{}',0,0),(4,1,'2022-10-22 05:47:23','HVAC DRAWING ','NEED TO DO DRAWING AND SEND IT TO COSULTANT ',0,34,0,'','a:1:{i:0;a:4:{s:9:\"file_name\";s:41:\"note_file635383eb1d8dd-NASER-PROJECT.docx\";s:9:\"file_size\";s:5:\"55530\";s:7:\"file_id\";N;s:12:\"service_type\";N;}}',0,0);

--
-- Table structure for table `erp_demonotification_settings`
--

CREATE TABLE `erp_demonotification_settings` (
  `id` int(11) NOT NULL AUTO_INCREMENT,
  `event` varchar(250) NOT NULL,
  `category` varchar(50) NOT NULL,
  `enable_email` int(1) NOT NULL DEFAULT '0',
  `enable_web` int(1) NOT NULL DEFAULT '0',
  `notify_to_team` text NOT NULL,
  `notify_to_team_members` text NOT NULL,
  `notify_to_terms` text NOT NULL,
  `sort` int(11) NOT NULL,
  `deleted` int(1) NOT NULL DEFAULT '0',
  PRIMARY KEY (`id`),
  KEY `event` (`event`)
) ENGINE=InnoDB AUTO_INCREMENT=53 DEFAULT CHARSET=latin1;

--
-- Dumping data for table `erp_demonotification_settings`
--

INSERT INTO `erp_demonotification_settings` VALUES (1,'project_created','project',0,1,'1','5','client_primary_contact,client_all_contacts',1,0),(2,'project_deleted','project',0,1,'1','5','project_members,client_primary_contact,client_all_contacts',2,0),(3,'project_task_created','project',0,1,'','5','project_members,task_assignee',3,0),(4,'project_task_updated','project',0,1,'','','task_assignee',4,0),(5,'project_task_assigned','project',0,1,'','','task_assignee',5,0),(7,'project_task_started','project',0,1,'','5','project_members,client_primary_contact,client_all_contacts',7,0),(8,'project_task_finished','project',0,0,'','','',8,0),(9,'project_task_reopened','project',0,0,'','','',9,0),(10,'project_task_deleted','project',0,1,'','','task_assignee',10,0),(11,'project_task_commented','project',0,1,'','','task_assignee',11,0),(12,'project_member_added','project',0,1,'','','project_members',12,0),(13,'project_member_deleted','project',0,1,'','','project_members',13,0),(14,'project_file_added','project',0,1,'','','project_members',14,0),(15,'project_file_deleted','project',0,1,'','','project_members',15,0),(16,'project_file_commented','project',0,1,'','','project_members',16,0),(17,'project_comment_added','project',0,1,'','','project_members',17,0),(18,'project_comment_replied','project',0,1,'','','project_members,comment_creator',18,0),(19,'project_customer_feedback_added','project',0,1,'','','project_members',19,0),(20,'project_customer_feedback_replied','project',0,1,'','','project_members,comment_creator',20,0),(21,'client_signup','client',0,0,'','','',21,0),(22,'invoice_online_payment_received','invoice',0,0,'','','',22,0),(23,'leave_application_submitted','leave',0,0,'','','',23,0),(24,'leave_approved','leave',0,1,'','','leave_applicant',24,0),(25,'leave_assigned','leave',0,1,'','','leave_applicant',25,0),(26,'leave_rejected','leave',0,1,'','','leave_applicant',26,0),(27,'leave_canceled','leave',0,0,'','','',27,0),(28,'ticket_created','ticket',0,1,'','6,7,5,11,12,1','client_all_contacts',28,0),(29,'ticket_commented','ticket',0,1,'','','client_primary_contact,ticket_creator',29,0),(30,'ticket_closed','ticket',0,1,'','','client_primary_contact,ticket_creator',30,0),(31,'ticket_reopened','ticket',0,1,'','','client_primary_contact,ticket_creator',31,0),(32,'estimate_request_received','estimate',0,0,'','','',32,0),(33,'estimate_sent','estimate',0,0,'','','',33,0),(34,'estimate_accepted','estimate',0,0,'','','',34,0),(35,'estimate_rejected','estimate',0,0,'','','',35,0),(36,'new_message_sent','message',0,0,'','','',36,0),(37,'message_reply_sent','message',0,0,'','','',37,0),(38,'invoice_payment_confirmation','invoice',0,0,'','','',22,0),(39,'new_event_added_in_calendar','event',0,0,'','','',39,0),(40,'recurring_invoice_created_vai_cron_job','invoice',0,0,'','','',22,0),(41,'new_announcement_created','announcement',1,1,'','','recipient',41,0),(42,'invoice_due_reminder_before_due_date','invoice',0,0,'','','',22,0),(43,'invoice_overdue_reminder','invoice',0,0,'','','',22,0),(44,'recurring_invoice_creation_reminder','invoice',0,0,'','','',22,0),(45,'project_completed','project',0,0,'','','',2,0),(46,'lead_created','lead',0,0,'','','',21,0),(47,'client_created_from_lead','lead',0,0,'','','',21,0),(48,'project_task_deadline_pre_reminder','project',0,1,'','','task_assignee',20,0),(49,'project_task_reminder_on_the_day_of_deadline','project',0,1,'','','task_assignee',20,0),(50,'project_task_deadline_overdue_reminder','project',0,1,'','','task_assignee',20,0),(51,'recurring_task_created_via_cron_job','project',0,1,'','','project_members,task_assignee',20,0),(52,'calendar_event_modified','event',0,0,'','','',39,0);

--
-- Table structure for table `erp_demonotifications`
--

CREATE TABLE `erp_demonotifications` (
  `id` int(11) NOT NULL AUTO_INCREMENT,
  `user_id` int(11) NOT NULL,
  `description` longtext COLLATE utf8_unicode_ci NOT NULL,
  `created_at` datetime NOT NULL,
  `notify_to` mediumtext COLLATE utf8_unicode_ci NOT NULL,
  `read_by` mediumtext COLLATE utf8_unicode_ci NOT NULL,
  `event` varchar(250) COLLATE utf8_unicode_ci NOT NULL,
  `project_id` int(11) NOT NULL,
  `task_id` int(11) NOT NULL,
  `project_comment_id` int(11) NOT NULL,
  `ticket_id` int(11) NOT NULL,
  `ticket_comment_id` int(11) NOT NULL,
  `project_file_id` int(11) NOT NULL,
  `leave_id` int(11) NOT NULL,
  `post_id` int(11) NOT NULL,
  `to_user_id` int(11) NOT NULL,
  `activity_log_id` int(11) NOT NULL,
  `client_id` int(11) NOT NULL,
  `lead_id` int(11) NOT NULL,
  `invoice_payment_id` int(11) NOT NULL,
  `invoice_id` int(11) NOT NULL,
  `estimate_id` int(11) NOT NULL,
  `estimate_request_id` int(11) NOT NULL,
  `actual_message_id` int(11) NOT NULL,
  `parent_message_id` int(11) NOT NULL,
  `event_id` int(11) NOT NULL,
  `announcement_id` int(11) NOT NULL,
  `deleted` int(1) NOT NULL DEFAULT '0',
  PRIMARY KEY (`id`),
  KEY `user_id` (`user_id`)
) ENGINE=InnoDB AUTO_INCREMENT=198 DEFAULT CHARSET=utf8 COLLATE=utf8_unicode_ci;

--
-- Dumping data for table `erp_demonotifications`
--

INSERT INTO `erp_demonotifications` VALUES (1,1,'','2022-07-24 14:13:47','','','project_created',1,0,0,0,0,0,0,0,0,0,0,0,0,0,0,0,0,0,0,0,0),(2,1,'','2022-07-24 14:14:23','37','','project_member_added',1,0,0,0,0,0,0,0,37,0,0,0,0,0,0,0,0,0,0,0,0),(3,1,'','2022-07-24 14:14:48','37','','project_task_created',1,1,0,0,0,0,0,0,0,0,0,0,0,0,0,0,0,0,0,0,0),(4,1,'','2022-07-27 09:08:21','37','','project_task_created',1,2,0,0,0,0,0,0,0,0,0,0,0,0,0,0,0,0,0,0,0),(5,1,'','2022-07-27 09:08:53','37','','project_task_updated',1,2,0,0,0,0,0,0,0,152,0,0,0,0,0,0,0,0,0,0,0),(6,1,'','2022-07-27 09:26:47','36','','project_created',2,0,0,0,0,0,0,0,0,0,0,0,0,0,0,0,0,0,0,0,0),(7,1,'','2022-07-27 09:29:26','37','','project_member_added',2,0,0,0,0,0,0,0,37,0,0,0,0,0,0,0,0,0,0,0,0),(8,1,'','2022-07-27 09:33:51','','','project_created',3,0,0,0,0,0,0,0,0,0,0,0,0,0,0,0,0,0,0,0,1),(9,1,'','2022-07-27 09:45:46','37','','project_task_created',1,3,0,0,0,0,0,0,0,0,0,0,0,0,0,0,0,0,0,0,0),(10,1,'','2022-07-27 09:46:58','37','','project_task_commented',1,3,1,0,0,0,0,0,0,0,0,0,0,0,0,0,0,0,0,0,0),(11,1,'','2022-07-27 09:47:27','37','','project_task_updated',1,3,0,0,0,0,0,0,0,159,0,0,0,0,0,0,0,0,0,0,0),(12,1,'','2022-07-27 09:48:21','37','','project_task_commented',1,3,2,0,0,0,0,0,0,0,0,0,0,0,0,0,0,0,0,0,0),(13,1,'','2022-07-27 09:48:30','37','','project_task_updated',1,3,0,0,0,0,0,0,0,161,0,0,0,0,0,0,0,0,0,0,0),(14,1,'','2022-08-04 08:37:44','','','project_created',4,0,0,0,0,0,0,0,0,0,0,0,0,0,0,0,0,0,0,0,0),(15,1,'','2022-08-04 08:53:31','38','','project_member_added',4,0,0,0,0,0,0,0,38,0,0,0,0,0,0,0,0,0,0,0,0),(16,1,'','2022-08-04 08:55:20','38','','project_task_created',4,4,0,0,0,0,0,0,0,0,0,0,0,0,0,0,0,0,0,0,0),(17,1,'','2022-08-04 08:55:29','','','project_task_updated',4,4,0,0,0,0,0,0,0,250,0,0,0,0,0,0,0,0,0,0,0),(18,1,'','2022-08-04 08:55:33','','','project_task_updated',4,4,0,0,0,0,0,0,0,251,0,0,0,0,0,0,0,0,0,0,0),(19,1,'','2022-08-07 08:14:40','','','project_created',5,0,0,0,0,0,0,0,0,0,0,0,0,0,0,0,0,0,0,0,0),(20,1,'','2022-08-07 08:15:08','38','','project_member_added',5,0,0,0,0,0,0,0,38,0,0,0,0,0,0,0,0,0,0,0,0),(21,1,'','2022-08-07 08:15:08','38,39','','project_member_added',5,0,0,0,0,0,0,0,39,0,0,0,0,0,0,0,0,0,0,0,0),(22,1,'','2022-08-07 08:15:09','38,39,40','','project_member_added',5,0,0,0,0,0,0,0,40,0,0,0,0,0,0,0,0,0,0,0,0),(23,1,'','2022-08-07 08:16:15','38,39,40','','project_task_created',5,5,0,0,0,0,0,0,0,0,0,0,0,0,0,0,0,0,0,0,0),(24,1,'','2022-08-07 08:17:24','39','','project_task_updated',5,5,0,0,0,0,0,0,0,277,0,0,0,0,0,0,0,0,0,0,0),(25,1,'','2022-08-07 08:17:34','39','','project_task_updated',5,5,0,0,0,0,0,0,0,278,0,0,0,0,0,0,0,0,0,0,0),(26,1,'','2022-08-07 08:17:37','39','','project_task_updated',5,5,0,0,0,0,0,0,0,279,0,0,0,0,0,0,0,0,0,0,0),(27,1,'','2022-08-07 08:17:48','39','','project_task_updated',5,5,0,0,0,0,0,0,0,280,0,0,0,0,0,0,0,0,0,0,0),(28,1,'','2022-08-07 08:18:05','38,39,40','','project_comment_added',5,0,3,0,0,0,0,0,0,0,0,0,0,0,0,0,0,0,0,0,0),(29,1,'','2022-08-07 08:18:32','39','','project_task_commented',5,5,4,0,0,0,0,0,0,0,0,0,0,0,0,0,0,0,0,0,0),(30,1,'','2022-08-07 08:48:41','','','project_created',6,0,0,0,0,0,0,0,0,0,0,0,0,0,0,0,0,0,0,0,0),(31,1,'','2022-08-07 08:50:35','','','project_task_created',6,6,0,0,0,0,0,0,0,0,0,0,0,0,0,0,0,0,0,0,0),(32,1,'','2022-08-07 08:50:52','','','project_task_created',6,7,0,0,0,0,0,0,0,0,0,0,0,0,0,0,0,0,0,0,0),(33,1,'','2022-08-07 08:52:07','','','project_task_created',6,8,0,0,0,0,0,0,0,0,0,0,0,0,0,0,0,0,0,0,0),(34,1,'','2022-08-07 08:53:58','','','project_task_updated',6,7,0,0,0,0,0,0,0,287,0,0,0,0,0,0,0,0,0,0,0),(35,1,'','2022-08-07 08:54:00','','','project_task_updated',6,7,0,0,0,0,0,0,0,288,0,0,0,0,0,0,0,0,0,0,0),(36,1,'','2022-08-07 08:54:03','','','project_task_updated',6,7,0,0,0,0,0,0,0,289,0,0,0,0,0,0,0,0,0,0,0),(37,1,'','2022-08-07 08:56:15','','','project_created',7,0,0,0,0,0,0,0,0,0,0,0,0,0,0,0,0,0,0,0,1),(38,1,'','2022-08-07 08:56:26','','','project_created',8,0,0,0,0,0,0,0,0,0,0,0,0,0,0,0,0,0,0,0,1),(39,1,'','2022-08-07 08:56:44','','','project_created',9,0,0,0,0,0,0,0,0,0,0,0,0,0,0,0,0,0,0,0,0),(40,1,'','2022-08-07 08:56:51','','','project_created',10,0,0,0,0,0,0,0,0,0,0,0,0,0,0,0,0,0,0,0,0),(41,1,'','2022-08-07 08:57:03','40','','project_member_added',10,0,0,0,0,0,0,0,40,0,0,0,0,0,0,0,0,0,0,0,0),(42,1,'','2022-08-07 08:57:03','38,40','','project_member_added',10,0,0,0,0,0,0,0,38,0,0,0,0,0,0,0,0,0,0,0,0),(43,1,'','2022-08-07 09:51:53','39','','leave_rejected',0,0,0,0,0,0,3,0,39,0,0,0,0,0,0,0,0,0,0,0,0),(44,1,'','2022-08-07 09:53:16','39','','leave_approved',0,0,0,0,0,0,4,0,39,0,0,0,0,0,0,0,0,0,0,0,0),(45,1,'','2022-08-08 07:34:44','','','project_created',11,0,0,0,0,0,0,0,0,0,0,0,0,0,0,0,0,0,0,0,0),(46,1,'','2022-08-08 07:53:04','41','','project_member_added',11,0,0,0,0,0,0,0,41,0,0,0,0,0,0,0,0,0,0,0,0),(47,1,'','2022-08-08 07:57:24','41','','project_task_created',11,9,0,0,0,0,0,0,0,0,0,0,0,0,0,0,0,0,0,0,0),(48,1,'','2022-08-08 07:57:41','41','','project_task_updated',11,9,0,0,0,0,0,0,0,332,0,0,0,0,0,0,0,0,0,0,0),(49,1,'','2022-08-08 07:57:46','41','','project_task_updated',11,9,0,0,0,0,0,0,0,333,0,0,0,0,0,0,0,0,0,0,0),(50,1,'','2022-08-08 07:57:49','41','','project_task_updated',11,9,0,0,0,0,0,0,0,334,0,0,0,0,0,0,0,0,0,0,0),(51,1,'','2022-08-08 07:58:36','41','','project_comment_added',11,0,5,0,0,0,0,0,0,0,0,0,0,0,0,0,0,0,0,0,0),(52,1,'','2022-08-08 08:01:18','37,38,39,40,41','','new_announcement_created',0,0,0,0,0,0,0,0,0,0,0,0,0,0,0,0,0,0,0,1,0),(53,1,'','2022-08-08 09:07:37','','','project_created',12,0,0,0,0,0,0,0,0,0,0,0,0,0,0,0,0,0,0,0,0),(54,1,'','2022-08-09 10:36:56','','','project_deleted',7,0,0,0,0,0,0,0,0,0,0,0,0,0,0,0,0,0,0,0,0),(55,1,'','2022-08-09 10:37:00','','','project_deleted',8,0,0,0,0,0,0,0,0,0,0,0,0,0,0,0,0,0,0,0,0),(56,1,'','2022-08-09 10:37:04','','','project_deleted',3,0,0,0,0,0,0,0,0,0,0,0,0,0,0,0,0,0,0,0,0),(57,1,'','2022-08-09 10:38:08','','','project_created',13,0,0,0,0,0,0,0,0,0,0,0,0,0,0,0,0,0,0,0,0),(58,1,'','2022-08-09 10:39:14','','','project_created',14,0,0,0,0,0,0,0,0,0,0,0,0,0,0,0,0,0,0,0,0),(59,1,'','2022-08-13 11:46:19','','','project_created',15,0,0,0,0,0,0,0,0,0,0,0,0,0,0,0,0,0,0,0,0),(60,1,'','2022-08-14 12:34:11','','','project_created',16,0,0,0,0,0,0,0,0,0,0,0,0,0,0,0,0,0,0,0,0),(61,1,'','2022-08-14 12:34:32','38','','project_member_added',16,0,0,0,0,0,0,0,38,0,0,0,0,0,0,0,0,0,0,0,0),(62,1,'','2022-08-14 12:34:38','38,39','','project_member_added',16,0,0,0,0,0,0,0,39,0,0,0,0,0,0,0,0,0,0,0,0),(63,1,'','2022-08-14 12:34:39','38,39,43','','project_member_added',16,0,0,0,0,0,0,0,43,0,0,0,0,0,0,0,0,0,0,0,0),(64,1,'','2022-08-14 12:35:23','38,39,43','','project_task_created',16,10,0,0,0,0,0,0,0,0,0,0,0,0,0,0,0,0,0,0,0),(65,1,'','2022-08-14 12:35:48','38','','project_task_updated',16,10,0,0,0,0,0,0,0,411,0,0,0,0,0,0,0,0,0,0,0),(66,1,'','2022-08-14 12:35:56','38','','project_task_updated',16,10,0,0,0,0,0,0,0,412,0,0,0,0,0,0,0,0,0,0,0),(67,1,'','2022-08-17 09:42:01','38','','project_member_added',15,0,0,0,0,0,0,0,38,0,0,0,0,0,0,0,0,0,0,0,0),(68,1,'','2022-08-17 16:13:34','41','','project_task_updated',11,9,0,0,0,0,0,0,0,432,0,0,0,0,0,0,0,0,0,0,0),(69,1,'','2022-08-17 16:13:36','41','','project_task_updated',11,9,0,0,0,0,0,0,0,433,0,0,0,0,0,0,0,0,0,0,0),(70,1,'','2022-08-17 16:13:44','41','','project_task_updated',11,9,0,0,0,0,0,0,0,434,0,0,0,0,0,0,0,0,0,0,0),(71,1,'','2022-08-17 16:13:50','','','project_task_updated',6,8,0,0,0,0,0,0,0,435,0,0,0,0,0,0,0,0,0,0,0),(72,1,'','2022-08-17 17:01:23','','','project_task_updated',6,8,0,0,0,0,0,0,0,436,0,0,0,0,0,0,0,0,0,0,0),(73,1,'','2022-08-17 17:01:24','','','project_task_updated',6,8,0,0,0,0,0,0,0,0,0,0,0,0,0,0,0,0,0,0,0),(74,1,'','2022-08-17 17:01:25','','','project_task_updated',6,8,0,0,0,0,0,0,0,437,0,0,0,0,0,0,0,0,0,0,0),(75,1,'','2022-08-21 15:04:53','','','project_task_created',13,11,0,0,0,0,0,0,0,0,0,0,0,0,0,0,0,0,0,0,0),(76,1,'','2022-08-23 07:13:29','','','project_created',17,0,0,0,0,0,0,0,0,0,0,0,0,0,0,0,0,0,0,0,0),(77,1,'','2022-08-23 07:14:01','38','','project_member_added',17,0,0,0,0,0,0,0,38,0,0,0,0,0,0,0,0,0,0,0,0),(78,1,'','2022-08-23 07:14:02','38,43','','project_member_added',17,0,0,0,0,0,0,0,43,0,0,0,0,0,0,0,0,0,0,0,0),(79,1,'','2022-08-23 07:22:32','38,43','','project_task_created',17,12,0,0,0,0,0,0,0,0,0,0,0,0,0,0,0,0,0,0,0),(80,1,'','2022-08-23 07:23:02','43','','project_task_updated',17,12,0,0,0,0,0,0,0,535,0,0,0,0,0,0,0,0,0,0,0),(81,1,'','2022-08-23 07:23:08','43','','project_task_updated',17,12,0,0,0,0,0,0,0,536,0,0,0,0,0,0,0,0,0,0,0),(82,1,'','2022-08-23 07:23:11','43','','project_task_updated',17,12,0,0,0,0,0,0,0,537,0,0,0,0,0,0,0,0,0,0,0),(83,1,'','2022-08-24 07:27:28','43','','project_task_updated',17,12,0,0,0,0,0,0,0,557,0,0,0,0,0,0,0,0,0,0,0),(84,1,'','2022-08-24 07:43:55','38,43,44','','project_member_added',17,0,0,0,0,0,0,0,44,0,0,0,0,0,0,0,0,0,0,0,0),(85,1,'','2022-08-24 08:20:33','','','project_created',18,0,0,0,0,0,0,0,0,0,0,0,0,0,0,0,0,0,0,0,0),(86,1,'','2022-08-24 08:40:55','38,43,44','','project_comment_added',17,0,6,0,0,0,0,0,0,0,0,0,0,0,0,0,0,0,0,0,0),(87,1,'','2022-08-31 09:51:55','37,39,41,42','','project_created',19,0,0,0,0,0,0,0,0,0,0,0,0,0,0,0,0,0,0,0,0),(88,1,'','2022-08-31 12:43:19','37,39,41,42','','project_created',20,0,0,0,0,0,0,0,0,0,0,0,0,0,0,0,0,0,0,0,0),(89,1,'','2022-09-01 09:30:34','37,39,41,42','','project_created',21,0,0,0,0,0,0,0,0,0,0,0,0,0,0,0,0,0,0,0,0),(90,1,'','2022-09-01 09:32:04','','','project_task_updated',6,6,0,0,0,0,0,0,0,669,0,0,0,0,0,0,0,0,0,0,0),(91,1,'','2022-09-01 09:32:06','','','project_task_updated',6,6,0,0,0,0,0,0,0,670,0,0,0,0,0,0,0,0,0,0,0),(92,1,'','2022-09-01 09:51:09','','','project_task_created',21,13,0,0,0,0,0,0,0,0,0,0,0,0,0,0,0,0,0,0,0),(93,1,'','2022-09-01 09:52:10','','','project_task_updated',21,13,0,0,0,0,0,0,0,0,0,0,0,0,0,0,0,0,0,0,0),(94,1,'','2022-09-07 13:31:16','37,39,41,42','','project_created',22,0,0,0,0,0,0,0,0,0,0,0,0,0,0,0,0,0,0,0,0),(95,1,'','2022-09-07 13:38:00','43','','project_member_added',22,0,0,0,0,0,0,0,43,0,0,0,0,0,0,0,0,0,0,0,0),(96,1,'','2022-09-07 13:38:00','39,43','','project_member_added',22,0,0,0,0,0,0,0,39,0,0,0,0,0,0,0,0,0,0,0,0),(97,1,'','2022-09-07 13:38:01','38,39,43','','project_member_added',22,0,0,0,0,0,0,0,38,0,0,0,0,0,0,0,0,0,0,0,0),(98,1,'','2022-09-07 13:39:09','38,39,43','','project_task_created',22,14,0,0,0,0,0,0,0,0,0,0,0,0,0,0,0,0,0,0,0),(99,1,'','2022-09-07 13:39:25','43','','project_task_updated',22,14,0,0,0,0,0,0,0,748,0,0,0,0,0,0,0,0,0,0,0),(100,1,'','2022-09-19 05:56:32','43','','project_task_updated',17,12,0,0,0,0,0,0,0,829,0,0,0,0,0,0,0,0,0,0,0),(101,1,'','2022-09-19 05:56:36','43','','project_task_updated',17,12,0,0,0,0,0,0,0,830,0,0,0,0,0,0,0,0,0,0,0),(102,1,'','2022-09-19 05:56:36','43','','project_task_updated',17,12,0,0,0,0,0,0,0,831,0,0,0,0,0,0,0,0,0,0,0),(103,1,'','2022-09-19 05:56:38','43','','project_task_updated',17,12,0,0,0,0,0,0,0,832,0,0,0,0,0,0,0,0,0,0,0),(104,1,'','2022-09-19 06:30:06','43','','project_task_updated',17,12,0,0,0,0,0,0,0,833,0,0,0,0,0,0,0,0,0,0,0),(105,1,'','2022-09-19 06:52:12','43','','project_task_updated',17,12,0,0,0,0,0,0,0,838,0,0,0,0,0,0,0,0,0,0,0),(106,1,'','2022-09-19 08:38:07','43','','project_task_updated',17,12,0,0,0,0,0,0,0,842,0,0,0,0,0,0,0,0,0,0,0),(107,1,'','2022-09-19 08:38:08','43','','project_task_updated',17,12,0,0,0,0,0,0,0,843,0,0,0,0,0,0,0,0,0,0,0),(108,1,'','2022-09-19 08:38:09','43','','project_task_updated',17,12,0,0,0,0,0,0,0,844,0,0,0,0,0,0,0,0,0,0,0),(109,1,'','2022-09-19 08:38:10','43','','project_task_updated',17,12,0,0,0,0,0,0,0,845,0,0,0,0,0,0,0,0,0,0,0),(110,1,'','2022-09-19 08:38:10','43','','project_task_updated',17,12,0,0,0,0,0,0,0,846,0,0,0,0,0,0,0,0,0,0,0),(111,1,'','2022-09-19 08:38:11','43','','project_task_updated',17,12,0,0,0,0,0,0,0,847,0,0,0,0,0,0,0,0,0,0,0),(112,1,'','2022-09-19 08:38:19','43','','project_task_updated',17,12,0,0,0,0,0,0,0,848,0,0,0,0,0,0,0,0,0,0,0),(113,1,'','2022-09-19 08:41:07','43','','project_task_updated',17,12,0,0,0,0,0,0,0,849,0,0,0,0,0,0,0,0,0,0,0),(114,1,'','2022-09-19 08:41:08','43','','project_task_updated',17,12,0,0,0,0,0,0,0,850,0,0,0,0,0,0,0,0,0,0,0),(115,1,'','2022-09-26 08:55:37','37,39,41,42','','project_created',23,0,0,0,0,0,0,0,0,0,0,0,0,0,0,0,0,0,0,0,0),(116,1,'','2022-09-26 09:22:44','39','','project_member_added',23,0,0,0,0,0,0,0,39,0,0,0,0,0,0,0,0,0,0,0,0),(117,1,'','2022-10-10 13:26:33','47','','leave_approved',0,0,0,0,0,0,7,0,47,0,0,0,0,0,0,0,0,0,0,0,0),(118,1,'','2022-10-18 14:58:12','47','','leave_approved',0,0,0,0,0,0,8,0,47,0,0,0,0,0,0,0,0,0,0,0,0),(119,1,'','2022-10-22 05:00:27','37,39,41,42','','project_created',24,0,0,0,0,0,0,0,0,0,0,0,0,0,0,0,0,0,0,0,0),(120,1,'','2022-10-22 05:07:30','','','project_task_created',24,15,0,0,0,0,0,0,0,0,0,0,0,0,0,0,0,0,0,0,0),(121,1,'','2022-10-22 05:10:30','','','project_task_commented',24,15,7,0,0,0,0,0,0,0,0,0,0,0,0,0,0,0,0,0,0),(122,1,'','2022-10-22 05:12:36','','','project_task_updated',24,15,0,0,0,0,0,0,0,0,0,0,0,0,0,0,0,0,0,0,0),(123,1,'','2022-10-22 05:12:46','','','project_task_updated',24,15,0,0,0,0,0,0,0,0,0,0,0,0,0,0,0,0,0,0,0),(124,1,'','2022-10-22 05:14:44','','','project_task_created',24,16,0,0,0,0,0,0,0,0,0,0,0,0,0,0,0,0,0,0,0),(125,1,'','2022-10-22 05:15:17','','','project_task_commented',24,16,8,0,0,0,0,0,0,0,0,0,0,0,0,0,0,0,0,0,0),(126,1,'','2022-10-22 05:16:43','','','project_file_added',24,0,0,0,0,1,0,0,0,0,0,0,0,0,0,0,0,0,0,0,0),(127,1,'','2022-10-22 05:17:31','','','project_comment_added',24,0,9,0,0,0,0,0,0,0,0,0,0,0,0,0,0,0,0,0,0),(128,1,'','2022-10-22 05:28:08','','','project_task_updated',24,16,0,0,0,0,0,0,0,1320,0,0,0,0,0,0,0,0,0,0,0),(129,1,'','2022-10-22 05:28:15','','','project_task_updated',24,16,0,0,0,0,0,0,0,1321,0,0,0,0,0,0,0,0,0,0,0),(130,1,'','2022-10-22 05:28:20','','','project_task_updated',24,16,0,0,0,0,0,0,0,1322,0,0,0,0,0,0,0,0,0,0,0),(131,1,'','2022-10-22 05:28:24','','','project_task_updated',24,16,0,0,0,0,0,0,0,1323,0,0,0,0,0,0,0,0,0,0,0),(132,1,'','2022-10-22 05:45:36','37,39,41,42','','project_created',25,0,0,0,0,0,0,0,0,0,0,0,0,0,0,0,0,0,0,0,0),(133,1,'','2022-10-23 08:37:24','38,44','','project_member_added',15,0,0,0,0,0,0,0,44,0,0,0,0,0,0,0,0,0,0,0,0),(134,1,'','2022-10-23 08:37:25','38,39,44','','project_member_added',15,0,0,0,0,0,0,0,39,0,0,0,0,0,0,0,0,0,0,0,0),(135,1,'','2022-10-27 09:02:09','37,39,41,42','','project_created',26,0,0,0,0,0,0,0,0,0,0,0,0,0,0,0,0,0,0,0,0),(136,1,'','2022-10-27 09:28:12','43','','project_member_added',26,0,0,0,0,0,0,0,43,0,0,0,0,0,0,0,0,0,0,0,0),(137,1,'','2022-10-27 09:28:13','38,43','','project_member_added',26,0,0,0,0,0,0,0,38,0,0,0,0,0,0,0,0,0,0,0,0),(138,1,'','2022-10-27 09:29:25','38,43','','project_task_created',26,17,0,0,0,0,0,0,0,0,0,0,0,0,0,0,0,0,0,0,0),(139,1,'','2022-10-27 09:29:46','43','','project_task_updated',26,17,0,0,0,0,0,0,0,1438,0,0,0,0,0,0,0,0,0,0,0),(140,1,'','2022-10-27 09:29:52','43','','project_task_updated',26,17,0,0,0,0,0,0,0,1439,0,0,0,0,0,0,0,0,0,0,0),(141,1,'','2022-10-27 09:30:02','43','','project_task_updated',26,17,0,0,0,0,0,0,0,1440,0,0,0,0,0,0,0,0,0,0,0),(142,1,'','2022-10-27 09:30:57','38,43','','project_comment_added',26,0,10,0,0,0,0,0,0,0,0,0,0,0,0,0,0,0,0,0,0),(143,1,'','2022-10-27 14:13:13','43','','project_task_updated',17,12,0,0,0,0,0,0,0,1471,0,0,0,0,0,0,0,0,0,0,0),(144,1,'','2022-10-27 14:13:16','43','','project_task_updated',17,12,0,0,0,0,0,0,0,1472,0,0,0,0,0,0,0,0,0,0,0),(145,1,'','2022-10-27 14:13:19','43','','project_task_updated',17,12,0,0,0,0,0,0,0,1473,0,0,0,0,0,0,0,0,0,0,0),(146,1,'','2022-11-03 08:15:35','37,39,41,42','','project_created',27,0,0,0,0,0,0,0,0,0,0,0,0,0,0,0,0,0,0,0,0),(147,1,'','2022-11-03 08:28:12','39','','project_member_added',27,0,0,0,0,0,0,0,39,0,0,0,0,0,0,0,0,0,0,0,0),(148,1,'','2022-11-03 08:28:12','39,43','','project_member_added',27,0,0,0,0,0,0,0,43,0,0,0,0,0,0,0,0,0,0,0,0),(149,1,'','2022-11-10 10:46:26','37,38,39,40,41,42,43,44,47,50,51,52','','new_announcement_created',0,0,0,0,0,0,0,0,0,0,0,0,0,0,0,0,0,0,0,2,0),(150,1,'','2022-11-13 09:57:37','','','project_created',28,0,0,0,0,0,0,0,0,0,0,0,0,0,0,0,0,0,0,0,0),(151,1,'','2022-11-13 10:02:57','53','','project_member_added',28,0,0,0,0,0,0,0,53,0,0,0,0,0,0,0,0,0,0,0,0),(152,1,'','2022-11-13 10:04:25','53','','project_task_created',28,18,0,0,0,0,0,0,0,0,0,0,0,0,0,0,0,0,0,0,0),(153,1,'','2022-11-13 10:04:35','53','','project_task_updated',28,18,0,0,0,0,0,0,0,1759,0,0,0,0,0,0,0,0,0,0,0),(154,1,'','2022-11-13 10:04:39','53','','project_task_updated',28,18,0,0,0,0,0,0,0,1760,0,0,0,0,0,0,0,0,0,0,0),(155,1,'','2022-11-27 09:58:58','','','project_created',29,0,0,0,0,0,0,0,0,0,0,0,0,0,0,0,0,0,0,0,0),(156,1,'','2022-12-21 06:13:57','','','project_created',30,0,0,0,0,0,0,0,0,0,0,0,0,0,0,0,0,0,0,0,0),(157,1,'','2022-12-21 06:16:56','','','project_task_created',30,20,0,0,0,0,0,0,0,0,0,0,0,0,0,0,0,0,0,0,0),(158,1,'','2023-01-25 12:44:34','','','project_task_updated',17,12,0,0,0,0,0,0,0,2184,0,0,0,0,0,0,0,0,0,0,0),(159,1,'','2023-01-25 12:44:36','','','project_task_updated',17,12,0,0,0,0,0,0,0,2185,0,0,0,0,0,0,0,0,0,0,0),(160,1,'','2023-01-25 12:44:38','','','project_task_updated',17,12,0,0,0,0,0,0,0,2186,0,0,0,0,0,0,0,0,0,0,0),(161,1,'','2023-01-29 06:25:15','','','project_task_created',17,21,0,0,0,0,0,0,0,0,0,0,0,0,0,0,0,0,0,0,0),(162,1,'','2023-01-29 06:25:29','','','project_task_updated',17,21,0,0,0,0,0,0,0,2205,0,0,0,0,0,0,0,0,0,0,0),(163,1,'','2023-01-29 06:26:15','','','project_task_commented',17,21,11,0,0,0,0,0,0,0,0,0,0,0,0,0,0,0,0,0,0),(164,1,'','2023-01-29 06:27:33','','','project_task_assigned',17,21,0,0,0,0,0,0,1,0,0,0,0,0,0,0,0,0,0,0,0),(165,1,'','2023-01-29 06:34:50','','','project_created',31,0,0,0,0,0,0,0,0,0,0,0,0,0,0,0,0,0,0,0,1),(166,1,'','2023-01-29 06:35:48','','','project_task_created',31,22,0,0,0,0,0,0,0,0,0,0,0,0,0,0,0,0,0,0,1),(167,1,'','2023-01-29 06:36:32','','','project_task_created',31,23,0,0,0,0,0,0,0,0,0,0,0,0,0,0,0,0,0,0,1),(168,1,'','2023-01-29 06:37:29','','','project_task_created',31,24,0,0,0,0,0,0,0,0,0,0,0,0,0,0,0,0,0,0,1),(169,1,'','2023-01-29 06:37:56','','','project_task_created',31,25,0,0,0,0,0,0,0,0,0,0,0,0,0,0,0,0,0,0,1),(170,1,'','2023-01-29 06:39:42','','','project_task_updated',31,22,0,0,0,0,0,0,0,2214,0,0,0,0,0,0,0,0,0,0,1),(171,1,'','2023-01-29 06:40:39','','','project_task_commented',31,22,12,0,0,0,0,0,0,0,0,0,0,0,0,0,0,0,0,0,1),(172,1,'','2023-01-29 06:45:15','','','project_comment_added',31,0,13,0,0,0,0,0,0,0,0,0,0,0,0,0,0,0,0,0,1),(173,1,'','2023-01-29 06:46:30','','','project_customer_feedback_added',31,0,14,0,0,0,0,0,0,0,0,0,0,0,0,0,0,0,0,0,1),(174,1,'','2023-01-29 07:54:47','','','project_created',32,0,0,0,0,0,0,0,0,0,0,0,0,0,0,0,0,0,0,0,1),(175,1,'','2023-01-29 08:22:02','','','project_deleted',31,0,0,0,0,0,0,0,0,0,0,0,0,0,0,0,0,0,0,0,0),(176,1,'','2023-01-29 08:22:06','','','project_deleted',32,0,0,0,0,0,0,0,0,0,0,0,0,0,0,0,0,0,0,0,0),(177,1,'','2023-01-29 11:07:03','','','project_created',33,0,0,0,0,0,0,0,0,0,0,0,0,0,0,0,0,0,0,0,0),(178,1,'','2023-01-29 11:07:25','53','','project_member_added',33,0,0,0,0,0,0,0,53,0,0,0,0,0,0,0,0,0,0,0,0),(179,1,'','2023-01-29 11:07:34','53,56','','project_member_added',33,0,0,0,0,0,0,0,56,0,0,0,0,0,0,0,0,0,0,0,0),(180,1,'','2023-01-29 11:09:13','53,56','','project_task_created',33,26,0,0,0,0,0,0,0,0,0,0,0,0,0,0,0,0,0,0,0),(181,1,'','2023-01-29 11:09:26','56','','project_task_updated',33,26,0,0,0,0,0,0,0,2264,0,0,0,0,0,0,0,0,0,0,0),(182,1,'','2023-01-29 11:09:33','56','','project_task_updated',33,26,0,0,0,0,0,0,0,2265,0,0,0,0,0,0,0,0,0,0,0),(183,1,'','2023-01-30 09:24:26','','','project_task_updated',17,21,0,0,0,0,0,0,0,2338,0,0,0,0,0,0,0,0,0,0,0),(184,1,'','2023-01-31 07:11:48','','','project_created',34,0,0,0,0,0,0,0,0,0,0,0,0,0,0,0,0,0,0,0,0),(185,1,'','2023-01-31 07:28:50','56','','project_member_added',34,0,0,0,0,0,0,0,56,0,0,0,0,0,0,0,0,0,0,0,0),(186,1,'','2023-01-31 07:29:52','56','','project_task_created',34,27,0,0,0,0,0,0,0,0,0,0,0,0,0,0,0,0,0,0,0),(187,1,'','2023-01-31 07:30:42','56','','project_task_updated',34,27,0,0,0,0,0,0,0,2365,0,0,0,0,0,0,0,0,0,0,0),(188,1,'','2023-02-06 08:19:49','56','','project_task_updated',33,26,0,0,0,0,0,0,0,2404,0,0,0,0,0,0,0,0,0,0,0),(189,1,'','2023-02-16 08:52:12','','','project_task_updated',17,21,0,0,0,0,0,0,0,2511,0,0,0,0,0,0,0,0,0,0,0),(190,1,'','2023-02-16 08:52:14','','','project_task_updated',17,21,0,0,0,0,0,0,0,2512,0,0,0,0,0,0,0,0,0,0,0),(191,1,'','2023-04-13 09:30:21','60','','project_member_added',29,0,0,0,0,0,0,0,60,0,0,0,0,0,0,0,0,0,0,0,0),(192,1,'','2023-04-13 09:30:25','56,60','','project_member_added',29,0,0,0,0,0,0,0,56,0,0,0,0,0,0,0,0,0,0,0,0),(193,1,'','2023-04-13 09:32:05','56,60','','project_task_created',29,28,0,0,0,0,0,0,0,0,0,0,0,0,0,0,0,0,0,0,0),(194,1,'','2023-04-13 09:32:32','60','','project_task_updated',29,28,0,0,0,0,0,0,0,2690,0,0,0,0,0,0,0,0,0,0,0),(195,1,'','2023-04-13 09:32:37','60','','project_task_updated',29,28,0,0,0,0,0,0,0,2691,0,0,0,0,0,0,0,0,0,0,0),(196,1,'','2023-07-14 10:31:39','','','project_task_updated',17,12,0,0,0,0,0,0,0,3021,0,0,0,0,0,0,0,0,0,0,0),(197,1,'','2023-07-14 10:31:41','','','project_task_updated',17,12,0,0,0,0,0,0,0,3022,0,0,0,0,0,0,0,0,0,0,0);

--
-- Table structure for table `erp_demopayment_methods`
--

CREATE TABLE `erp_demopayment_methods` (
  `id` int(11) NOT NULL AUTO_INCREMENT,
  `title` text COLLATE utf8_unicode_ci NOT NULL,
  `type` varchar(100) COLLATE utf8_unicode_ci NOT NULL DEFAULT 'custom',
  `description` text COLLATE utf8_unicode_ci NOT NULL,
  `online_payable` tinyint(1) NOT NULL DEFAULT '0',
  `available_on_invoice` tinyint(1) NOT NULL DEFAULT '0',
  `minimum_payment_amount` double NOT NULL DEFAULT '0',
  `settings` longtext COLLATE utf8_unicode_ci NOT NULL,
  `deleted` tinyint(1) NOT NULL DEFAULT '0',
  PRIMARY KEY (`id`)
) ENGINE=InnoDB AUTO_INCREMENT=6 DEFAULT CHARSET=utf8 COLLATE=utf8_unicode_ci;

--
-- Dumping data for table `erp_demopayment_methods`
--

INSERT INTO `erp_demopayment_methods` VALUES (1,'Cash','custom','',0,0,0,'a:0:{}',0),(4,'Bank transfer / Card','custom','',0,0,0,'a:0:{}',0),(5,'Cheque','custom','',0,0,0,'a:0:{}',0);

--
-- Table structure for table `erp_demopaypal_ipn`
--

CREATE TABLE `erp_demopaypal_ipn` (
  `id` int(11) NOT NULL AUTO_INCREMENT,
  `transaction_id` tinytext COLLATE utf8_unicode_ci,
  `ipn_hash` longtext COLLATE utf8_unicode_ci NOT NULL,
  `ipn_data` longtext COLLATE utf8_unicode_ci NOT NULL,
  `deleted` tinyint(1) NOT NULL DEFAULT '0',
  PRIMARY KEY (`id`)
) ENGINE=InnoDB DEFAULT CHARSET=utf8 COLLATE=utf8_unicode_ci;

--
-- Dumping data for table `erp_demopaypal_ipn`
--


--
-- Table structure for table `erp_demopayroll`
--

CREATE TABLE `erp_demopayroll` (
  `id` int(11) NOT NULL AUTO_INCREMENT,
  `month` date NOT NULL,
  `status` varchar(255) COLLATE utf8_unicode_ci NOT NULL DEFAULT 'draft',
  `deleted` int(11) NOT NULL DEFAULT '0',
  PRIMARY KEY (`id`)
) ENGINE=MyISAM AUTO_INCREMENT=25 DEFAULT CHARSET=utf8 COLLATE=utf8_unicode_ci;

--
-- Dumping data for table `erp_demopayroll`
--

INSERT INTO `erp_demopayroll` VALUES (1,'2022-08-01','pending',1),(2,'2022-08-01','draft',1),(3,'2022-07-01','approved',0),(4,'2022-08-01','draft',1),(5,'2022-09-01','processed',0),(6,'2022-05-01','draft',1),(7,'2022-09-05','processed',0),(8,'2022-10-01','processed',0),(9,'2022-10-01','approved',0),(10,'2022-10-01','draft',1),(11,'2022-10-01','draft',1),(12,'2022-10-01','draft',1),(13,'2022-11-01','processed',0),(14,'2022-11-01','processed',0),(15,'2022-12-01','processed',0),(16,'2022-11-01','draft',1),(17,'2022-12-01','draft',1),(18,'2022-12-01','processed',0),(19,'2022-11-01','processed',0),(20,'2022-11-01','processed',0),(21,'2022-12-01','draft',0),(22,'2023-01-01','draft',0),(23,'2023-04-01','processed',0),(24,'2023-07-01','draft',0);

--
-- Table structure for table `erp_demopayroll_detail`
--

CREATE TABLE `erp_demopayroll_detail` (
  `id` int(11) NOT NULL AUTO_INCREMENT,
  `payroll_id` int(11) NOT NULL,
  `employee_id` int(11) NOT NULL,
  `salary` float(8,3) NOT NULL,
  `manual_deduction` float(8,3) NOT NULL,
  `manual_deduction_reason` text COLLATE utf8_unicode_ci,
  `manual_bounce` float(8,3) NOT NULL,
  `manual_bonus_reason` text COLLATE utf8_unicode_ci,
  `advance` float(10,3) NOT NULL,
  `loan` float(10,3) NOT NULL,
  `pasi_company` double DEFAULT '0',
  `pasi_employee` double DEFAULT '0',
  `job_s_company` double DEFAULT '0',
  `job_s_employee` double DEFAULT '0',
  `deleted` int(11) NOT NULL DEFAULT '0',
  PRIMARY KEY (`id`)
) ENGINE=MyISAM AUTO_INCREMENT=164 DEFAULT CHARSET=utf8 COLLATE=utf8_unicode_ci;

--
-- Dumping data for table `erp_demopayroll_detail`
--

INSERT INTO `erp_demopayroll_detail` VALUES (1,1,1,0.000,0.000,NULL,0.000,NULL,0.000,0.000,0,0,0,0,0),(2,2,1,0.000,0.000,NULL,0.000,NULL,0.000,0.000,0,0,0,0,0),(3,2,38,1000.000,0.000,NULL,0.000,NULL,0.000,0.000,0,0,0,0,0),(4,2,39,500.000,0.000,NULL,0.000,NULL,0.000,0.000,0,0,0,0,0),(5,2,37,1000.000,0.000,NULL,0.000,NULL,0.000,0.000,0,0,0,0,0),(6,3,1,0.000,0.000,NULL,0.000,NULL,0.000,0.000,0,0,0,0,0),(7,3,38,1000.000,0.000,NULL,0.000,NULL,0.000,0.000,0,0,0,0,0),(8,3,39,500.000,0.000,'',50.000,'',0.000,0.000,0,0,0,0,0),(9,3,40,1000.000,0.000,NULL,0.000,NULL,0.000,0.000,0,0,0,0,0),(10,3,37,1000.000,0.000,NULL,0.000,NULL,0.000,0.000,0,0,0,0,0),(11,4,1,0.000,0.000,NULL,0.000,NULL,0.000,0.000,0,0,0,0,0),(12,4,38,1000.000,0.000,NULL,0.000,NULL,0.000,0.000,0,0,0,0,0),(13,4,39,500.000,0.000,NULL,0.000,NULL,0.000,0.000,0,0,0,0,0),(14,4,42,350.000,0.000,NULL,0.000,NULL,0.000,300.000,0,0,0,0,0),(15,4,40,1000.000,0.000,NULL,0.000,NULL,0.000,0.000,0,0,0,0,0),(16,4,37,1000.000,0.000,NULL,0.000,NULL,0.000,0.000,0,0,0,0,0),(17,4,41,1000.000,0.000,NULL,0.000,NULL,0.000,0.000,0,0,0,0,0),(18,5,1,0.000,0.000,NULL,0.000,NULL,0.000,0.000,0,0,0,0,0),(19,5,38,1000.000,0.000,NULL,0.000,NULL,0.000,0.000,0,0,0,0,0),(20,5,39,500.000,0.000,NULL,0.000,NULL,0.000,0.000,0,0,0,0,0),(21,5,42,350.000,0.000,NULL,0.000,NULL,0.000,300.000,0,0,0,0,0),(22,5,40,1000.000,0.000,NULL,0.000,NULL,0.000,0.000,0,0,0,0,0),(23,5,37,1000.000,0.000,NULL,0.000,NULL,0.000,0.000,0,0,0,0,0),(24,5,41,1000.000,0.000,NULL,0.000,NULL,0.000,0.000,0,0,0,0,0),(25,6,1,0.000,0.000,NULL,0.000,NULL,0.000,0.000,0,0,0,0,0),(26,6,38,1000.000,0.000,NULL,0.000,NULL,0.000,0.000,0,0,0,0,0),(27,6,39,500.000,0.000,NULL,0.000,NULL,0.000,0.000,0,0,0,0,0),(28,6,42,350.000,0.000,NULL,0.000,NULL,0.000,300.000,0,0,0,0,0),(29,6,40,1000.000,0.000,NULL,0.000,NULL,0.000,0.000,0,0,0,0,0),(30,6,37,1000.000,0.000,NULL,0.000,NULL,0.000,0.000,0,0,0,0,0),(31,6,41,1000.000,0.000,NULL,0.000,NULL,0.000,0.000,0,0,0,0,0),(32,7,1,0.000,0.000,NULL,0.000,NULL,0.000,0.000,0,0,0,0,0),(33,7,38,1000.000,0.000,NULL,0.000,NULL,0.000,0.000,0,0,0,0,0),(34,7,39,500.000,0.000,NULL,0.000,NULL,0.000,0.000,0,0,0,0,0),(35,7,43,300.000,0.000,NULL,0.000,NULL,0.000,0.000,0,0,0,0,0),(36,7,42,350.000,0.000,NULL,0.000,NULL,0.000,300.000,0,0,0,0,0),(37,7,40,1000.000,0.000,NULL,0.000,NULL,0.000,0.000,0,0,0,0,0),(38,7,37,1000.000,0.000,NULL,0.000,NULL,0.000,0.000,0,0,0,0,0),(39,7,41,1000.000,0.000,NULL,0.000,NULL,0.000,0.000,0,0,0,0,0),(40,8,1,0.000,0.000,NULL,0.000,NULL,0.000,0.000,0,0,0,0,0),(41,8,38,1000.000,0.000,NULL,0.000,NULL,0.000,0.000,0,0,0,0,0),(42,8,39,500.000,0.000,NULL,0.000,NULL,0.000,0.000,0,0,0,0,0),(43,8,44,1000.000,0.000,NULL,0.000,NULL,0.000,0.000,0,0,0,0,0),(44,8,43,300.000,0.000,NULL,0.000,NULL,0.000,0.000,0,0,0,0,0),(45,8,42,350.000,0.000,NULL,0.000,NULL,0.000,300.000,0,0,0,0,0),(46,8,40,1000.000,0.000,NULL,0.000,NULL,0.000,0.000,0,0,0,0,0),(47,8,37,1000.000,0.000,NULL,0.000,NULL,0.000,0.000,0,0,0,0,0),(48,8,41,1000.000,0.000,NULL,0.000,NULL,0.000,0.000,0,0,0,0,0),(49,9,1,0.000,0.000,NULL,0.000,NULL,0.000,0.000,0,0,0,0,0),(50,9,38,1000.000,0.000,NULL,0.000,NULL,0.000,0.000,0,0,0,0,0),(51,9,39,500.000,0.000,NULL,0.000,NULL,0.000,0.000,0,0,0,0,0),(52,9,44,1000.000,0.000,NULL,0.000,NULL,0.000,0.000,0,0,0,0,0),(53,9,43,300.000,0.000,NULL,0.000,NULL,0.000,0.000,0,0,0,0,0),(54,9,42,350.000,0.000,NULL,0.000,NULL,0.000,0.000,0,0,0,0,0),(55,9,40,1000.000,0.000,NULL,0.000,NULL,0.000,0.000,0,0,0,0,0),(56,9,37,1000.000,0.000,NULL,0.000,NULL,0.000,0.000,0,0,0,0,0),(57,9,41,1000.000,0.000,NULL,0.000,NULL,0.000,0.000,0,0,0,0,0),(58,10,1,0.000,0.000,NULL,0.000,NULL,0.000,0.000,0,0,0,0,0),(59,10,38,1000.000,0.000,NULL,0.000,NULL,0.000,0.000,0,0,0,0,0),(60,10,39,500.000,0.000,NULL,0.000,NULL,0.000,0.000,0,0,0,0,0),(61,10,44,1000.000,0.000,NULL,0.000,NULL,0.000,0.000,0,0,0,0,0),(62,10,43,300.000,0.000,NULL,0.000,NULL,0.000,0.000,0,0,0,0,0),(63,10,42,350.000,0.000,NULL,0.000,NULL,0.000,0.000,0,0,0,0,0),(64,10,40,1000.000,0.000,NULL,0.000,NULL,0.000,0.000,0,0,0,0,0),(65,10,37,1000.000,0.000,NULL,0.000,NULL,0.000,0.000,0,0,0,0,0),(66,10,41,1000.000,0.000,NULL,0.000,NULL,0.000,0.000,0,0,0,0,0),(67,11,1,0.000,0.000,NULL,0.000,NULL,0.000,0.000,0,0,0,0,0),(68,11,38,1000.000,0.000,NULL,0.000,NULL,0.000,0.000,0,0,0,0,0),(69,11,39,545.000,0.000,NULL,0.000,NULL,0.000,0.000,0,0,0,0,0),(70,11,44,1000.000,0.000,NULL,0.000,NULL,0.000,0.000,0,0,0,0,0),(71,11,43,300.000,0.000,NULL,0.000,NULL,0.000,0.000,0,0,0,0,0),(72,11,42,350.000,0.000,NULL,0.000,NULL,0.000,-600.000,0,0,0,0,0),(73,11,47,22222.000,0.000,NULL,0.000,NULL,0.000,0.000,0,0,0,0,0),(74,11,40,1000.000,0.000,NULL,0.000,NULL,0.000,0.000,0,0,0,0,0),(75,11,37,1000.000,0.000,NULL,0.000,NULL,0.000,0.000,0,0,0,0,0),(76,11,41,1000.000,0.000,NULL,0.000,NULL,0.000,0.000,0,0,0,0,0),(77,12,1,0.000,0.000,NULL,0.000,NULL,0.000,0.000,0,0,0,0,0),(78,12,38,1000.000,0.000,NULL,0.000,NULL,0.000,0.000,0,0,0,0,0),(79,12,39,545.000,0.000,NULL,0.000,NULL,0.000,0.000,0,0,0,0,0),(80,12,44,1000.000,0.000,NULL,0.000,NULL,0.000,0.000,0,0,0,0,0),(81,12,43,300.000,0.000,NULL,0.000,NULL,0.000,0.000,0,0,0,0,0),(82,12,42,350.000,0.000,NULL,0.000,NULL,0.000,-600.000,0,0,0,0,0),(83,12,47,22222.000,0.000,NULL,0.000,NULL,0.000,0.000,0,0,0,0,0),(84,12,40,1000.000,0.000,NULL,0.000,NULL,0.000,0.000,0,0,0,0,0),(85,12,37,1000.000,0.000,NULL,0.000,NULL,0.000,0.000,0,0,0,0,0),(86,12,41,1000.000,0.000,NULL,0.000,NULL,0.000,0.000,0,0,0,0,0),(87,13,1,0.000,0.000,NULL,0.000,NULL,0.000,0.000,0,0,0,0,0),(88,13,38,1000.000,0.000,NULL,0.000,NULL,0.000,0.000,0,0,0,0,0),(89,13,39,545.000,0.000,NULL,0.000,NULL,0.000,0.000,0,0,0,0,0),(90,13,44,1000.000,0.000,NULL,0.000,NULL,0.000,0.000,0,0,0,0,0),(91,13,43,300.000,0.000,NULL,0.000,NULL,0.000,0.000,0,0,0,0,0),(92,13,42,350.000,0.000,NULL,0.000,NULL,0.000,-600.000,0,0,0,0,0),(93,13,47,22222.000,0.000,NULL,0.000,NULL,0.000,0.000,0,0,0,0,0),(94,13,40,1000.000,0.000,NULL,0.000,NULL,0.000,0.000,0,0,0,0,0),(95,13,37,1000.000,0.000,NULL,0.000,NULL,0.000,0.000,0,0,0,0,0),(96,13,41,1000.000,0.000,NULL,0.000,NULL,0.000,0.000,0,0,0,0,0),(97,14,1,0.000,0.000,NULL,0.000,NULL,0.000,0.000,0,0,0,0,0),(98,14,38,1000.000,0.000,NULL,0.000,NULL,0.000,0.000,0,0,0,0,0),(99,14,39,545.000,0.000,NULL,0.000,NULL,0.000,0.000,0,0,0,0,0),(100,14,44,1000.000,0.000,NULL,0.000,NULL,0.000,0.000,0,0,0,0,0),(101,14,43,300.000,0.000,NULL,0.000,NULL,0.000,0.000,0,0,0,0,0),(102,14,42,350.000,0.000,NULL,0.000,NULL,0.000,-600.000,0,0,0,0,0),(103,14,47,22222.000,0.000,NULL,0.000,NULL,0.000,0.000,0,0,0,0,0),(104,14,40,1000.000,0.000,NULL,0.000,NULL,0.000,0.000,0,0,0,0,0),(105,14,37,1000.000,0.000,NULL,0.000,NULL,0.000,0.000,0,0,0,0,0),(106,14,41,1000.000,0.000,NULL,0.000,NULL,0.000,0.000,0,0,0,0,0),(107,15,1,0.000,0.000,NULL,0.000,NULL,0.000,0.000,0,0,0,0,0),(108,15,38,1000.000,0.000,NULL,0.000,NULL,0.000,0.000,0,0,0,0,0),(109,15,39,545.000,0.000,NULL,0.000,NULL,0.000,0.000,0,0,0,0,0),(110,15,44,1000.000,0.000,NULL,0.000,NULL,0.000,0.000,0,0,0,0,0),(111,15,43,300.000,0.000,NULL,0.000,NULL,0.000,0.000,0,0,0,0,0),(112,15,42,350.000,0.000,NULL,0.000,NULL,0.000,0.000,0,0,0,0,0),(113,15,47,22222.000,0.000,NULL,0.000,NULL,0.000,0.000,0,0,0,0,0),(114,15,40,1000.000,0.000,NULL,0.000,NULL,0.000,0.000,0,0,0,0,0),(115,15,37,1000.000,0.000,NULL,0.000,NULL,0.000,0.000,0,0,0,0,0),(116,15,50,0.000,0.000,NULL,0.000,NULL,0.000,0.000,0,0,0,0,0),(117,15,41,1000.000,0.000,NULL,0.000,NULL,0.000,0.000,0,0,0,0,0),(118,16,1,0.000,0.000,NULL,0.000,NULL,0.000,0.000,0,0,0,0,0),(119,17,1,0.000,0.000,NULL,0.000,NULL,0.000,0.000,0,0,0,0,0),(120,18,1,0.000,0.000,NULL,0.000,NULL,0.000,0.000,0,0,0,0,0),(121,18,53,620.000,0.000,'',200.000,'commison',0.000,0.000,0,0,0,0,0),(122,18,55,0.000,0.000,NULL,0.000,NULL,0.000,0.000,0,0,0,0,0),(123,18,54,0.000,0.000,NULL,0.000,NULL,0.000,0.000,0,0,0,0,0),(124,19,1,0.000,0.000,NULL,0.000,NULL,0.000,0.000,0,0,0,0,0),(125,19,56,250.000,50.000,'late',0.000,'',0.000,0.000,0,0,0,0,0),(126,19,53,620.000,0.000,NULL,0.000,NULL,0.000,0.000,0,0,0,0,0),(127,19,55,0.000,0.000,NULL,0.000,NULL,0.000,0.000,0,0,0,0,0),(128,19,54,0.000,0.000,NULL,0.000,NULL,0.000,0.000,0,0,0,0,0),(129,20,1,0.000,0.000,NULL,0.000,NULL,0.000,0.000,0,0,0,0,0),(130,20,56,250.000,0.000,NULL,0.000,NULL,0.000,0.000,0,0,0,0,0),(131,20,58,0.000,0.000,NULL,0.000,NULL,0.000,0.000,0,0,0,0,0),(132,20,53,620.000,0.000,NULL,0.000,NULL,0.000,0.000,0,0,0,0,0),(133,20,55,0.000,0.000,NULL,0.000,NULL,0.000,0.000,0,0,0,0,0),(134,20,54,0.000,0.000,NULL,0.000,NULL,0.000,0.000,0,0,0,0,0),(135,21,1,0.000,0.000,NULL,0.000,NULL,0.000,0.000,0,0,0,0,0),(136,21,56,250.000,0.000,NULL,0.000,NULL,0.000,0.000,0,0,0,0,0),(137,21,58,0.000,0.000,NULL,0.000,NULL,0.000,0.000,0,0,0,0,0),(138,21,53,620.000,0.000,NULL,0.000,NULL,0.000,0.000,0,0,0,0,0),(139,21,55,0.000,0.000,NULL,0.000,NULL,0.000,0.000,0,0,0,0,0),(140,21,54,0.000,0.000,NULL,0.000,NULL,0.000,0.000,0,0,0,0,0),(141,22,1,0.000,0.000,NULL,0.000,NULL,0.000,0.000,0,0,0,0,0),(142,22,56,250.000,0.000,NULL,0.000,NULL,0.000,0.000,0,0,0,0,0),(143,22,58,0.000,0.000,NULL,0.000,NULL,0.000,0.000,0,0,0,0,0),(144,22,53,620.000,0.000,'',100.000,'project',0.000,0.000,0,0,0,0,0),(145,22,55,0.000,0.000,NULL,0.000,NULL,0.000,0.000,0,0,0,0,0),(146,22,54,0.000,0.000,NULL,0.000,NULL,0.000,0.000,0,0,0,0,0),(147,23,1,0.000,0.000,NULL,0.000,NULL,0.000,0.000,0,0,0,0,0),(148,23,56,250.000,0.000,'',0.000,'',0.000,0.000,0,0,0,0,0),(149,23,58,0.000,0.000,NULL,0.000,NULL,0.000,0.000,0,0,0,0,0),(150,23,60,500.000,0.000,NULL,0.000,NULL,0.000,0.000,0,0,0,0,0),(151,23,53,620.000,0.000,NULL,0.000,NULL,0.000,0.000,0,0,0,0,0),(152,23,55,0.000,0.000,NULL,0.000,NULL,0.000,0.000,0,0,0,0,0),(153,23,59,20000.000,0.000,NULL,0.000,NULL,0.000,0.000,0,0,0,0,0),(154,23,54,0.000,0.000,NULL,0.000,NULL,0.000,0.000,0,0,0,0,0),(155,24,1,0.000,0.000,NULL,0.000,NULL,0.000,0.000,0,0,0,0,0),(156,24,56,250.000,0.000,NULL,0.000,NULL,0.000,0.000,0,0,0,0,0),(157,24,58,0.000,0.000,NULL,0.000,NULL,0.000,20.000,0,0,0,0,0),(158,24,60,500.000,0.000,NULL,0.000,NULL,0.000,0.000,0,0,0,0,0),(159,24,53,620.000,0.000,NULL,0.000,NULL,0.000,0.000,0,0,0,0,0),(160,24,55,0.000,0.000,NULL,0.000,NULL,0.000,0.000,0,0,0,0,0),(161,24,59,20000.000,0.000,NULL,0.000,NULL,0.000,0.000,0,0,0,0,0),(162,24,61,0.000,0.000,NULL,0.000,NULL,0.000,0.000,0,0,0,0,0),(163,24,54,0.000,0.000,NULL,0.000,NULL,0.000,0.000,0,0,0,0,0);

--
-- Table structure for table `erp_demoposts`
--

CREATE TABLE `erp_demoposts` (
  `id` int(11) NOT NULL AUTO_INCREMENT,
  `created_by` int(11) NOT NULL,
  `created_at` datetime NOT NULL,
  `description` mediumtext COLLATE utf8_unicode_ci NOT NULL,
  `post_id` int(11) NOT NULL,
  `share_with` text COLLATE utf8_unicode_ci,
  `files` longtext COLLATE utf8_unicode_ci,
  `deleted` tinyint(1) NOT NULL DEFAULT '0',
  PRIMARY KEY (`id`)
) ENGINE=InnoDB AUTO_INCREMENT=6 DEFAULT CHARSET=utf8 COLLATE=utf8_unicode_ci;

--
-- Dumping data for table `erp_demoposts`
--

INSERT INTO `erp_demoposts` VALUES (1,1,'2022-08-08 08:00:40','kdjnfjdf',0,'','a:0:{}',0),(2,1,'2022-08-24 08:44:02','jhDBjacB.D\n',0,'','a:0:{}',0),(3,1,'2022-09-26 17:07:33','مرحبا',0,'','a:0:{}',0),(4,1,'2022-11-11 09:41:11','وعليكم السلام والرحمة \n',3,'','a:0:{}',0),(5,1,'2022-11-11 09:41:30','ؤلا',0,'','a:1:{i:0;a:4:{s:9:\"file_name\";s:40:\"timeline_post_file636e18ca8b45d-_-46.pdf\";s:9:\"file_size\";s:5:\"87427\";s:7:\"file_id\";N;s:12:\"service_type\";N;}}',0);

--
-- Table structure for table `erp_demoproject_comments`
--

CREATE TABLE `erp_demoproject_comments` (
  `id` int(11) NOT NULL AUTO_INCREMENT,
  `created_by` int(11) NOT NULL,
  `created_at` datetime NOT NULL,
  `description` mediumtext COLLATE utf8_unicode_ci NOT NULL,
  `project_id` int(11) NOT NULL DEFAULT '0',
  `comment_id` int(11) NOT NULL DEFAULT '0',
  `task_id` int(11) NOT NULL DEFAULT '0',
  `file_id` int(11) NOT NULL DEFAULT '0',
  `customer_feedback_id` int(11) NOT NULL DEFAULT '0',
  `files` longtext COLLATE utf8_unicode_ci,
  `deleted` tinyint(1) NOT NULL DEFAULT '0',
  PRIMARY KEY (`id`)
) ENGINE=InnoDB AUTO_INCREMENT=15 DEFAULT CHARSET=utf8 COLLATE=utf8_unicode_ci;

--
-- Dumping data for table `erp_demoproject_comments`
--

INSERT INTO `erp_demoproject_comments` VALUES (1,1,'2022-07-27 09:46:57','aaa',1,0,3,0,0,'a:0:{}',0),(2,1,'2022-07-27 09:48:20','done',1,0,3,0,0,'a:0:{}',0),(3,1,'2022-08-07 08:18:05','KFJDKJFFF',5,0,0,0,0,'a:0:{}',0),(4,1,'2022-08-07 08:18:32','KGKLFJGKG',5,0,5,0,0,'a:0:{}',0),(5,1,'2022-08-08 07:58:36','KJDhkcdjk\n',11,0,0,0,0,'a:0:{}',0),(6,1,'2022-08-24 08:40:55','progress',17,0,0,0,0,'a:0:{}',0),(7,1,'2022-10-22 05:10:30','purchase order',24,0,15,0,0,'a:1:{i:0;a:4:{s:9:\"file_name\";s:51:\"project_comment_file63537b467467d-teamway-test.docx\";s:9:\"file_size\";s:5:\"11948\";s:7:\"file_id\";N;s:12:\"service_type\";N;}}',0),(8,1,'2022-10-22 05:15:17','blocks ',24,0,16,0,0,'a:1:{i:0;a:4:{s:9:\"file_name\";s:51:\"project_comment_file63537c654db7f-teamway-test.docx\";s:9:\"file_size\";s:5:\"11948\";s:7:\"file_id\";N;s:12:\"service_type\";N;}}',0),(9,1,'2022-10-22 05:17:31','test program for Naser house project ',24,0,0,0,0,'a:0:{}',0),(10,1,'2022-10-27 09:30:57','.kdmN>fkm\n',26,0,0,0,0,'a:0:{}',0),(11,1,'2023-01-29 06:26:15','paint again',17,0,21,0,0,'a:0:{}',0),(12,1,'2023-01-29 06:40:39','design',31,0,22,0,0,'a:1:{i:0;a:4:{s:9:\"file_name\";s:46:\"project_comment_file63d614e78e18e-DOOR-NO8.pdf\";s:9:\"file_size\";s:6:\"282766\";s:7:\"file_id\";N;s:12:\"service_type\";N;}}',1),(13,1,'2023-01-29 06:45:15','Nice',31,0,0,0,0,'a:0:{}',1),(14,1,'2023-01-29 06:46:30','dust collector',31,0,0,0,31,'a:0:{}',1);

--
-- Table structure for table `erp_demoproject_files`
--

CREATE TABLE `erp_demoproject_files` (
  `id` int(11) NOT NULL AUTO_INCREMENT,
  `file_name` text COLLATE utf8_unicode_ci NOT NULL,
  `file_id` text COLLATE utf8_unicode_ci,
  `service_type` varchar(20) COLLATE utf8_unicode_ci DEFAULT NULL,
  `description` mediumtext COLLATE utf8_unicode_ci,
  `file_size` double NOT NULL,
  `created_at` datetime NOT NULL,
  `project_id` int(11) NOT NULL,
  `uploaded_by` int(11) NOT NULL,
  `deleted` tinyint(1) NOT NULL DEFAULT '0',
  PRIMARY KEY (`id`)
) ENGINE=InnoDB AUTO_INCREMENT=2 DEFAULT CHARSET=utf8 COLLATE=utf8_unicode_ci;

--
-- Dumping data for table `erp_demoproject_files`
--

INSERT INTO `erp_demoproject_files` VALUES (1,'_file63537cbb6da68-teamway-test.docx','','','agreement file',11948,'2022-10-22 05:16:43',24,1,0);

--
-- Table structure for table `erp_demoproject_members`
--

CREATE TABLE `erp_demoproject_members` (
  `id` int(11) NOT NULL AUTO_INCREMENT,
  `user_id` int(11) NOT NULL,
  `project_id` int(11) NOT NULL,
  `is_leader` tinyint(1) DEFAULT '0',
  `deleted` tinyint(1) NOT NULL DEFAULT '0',
  PRIMARY KEY (`id`)
) ENGINE=InnoDB AUTO_INCREMENT=67 DEFAULT CHARSET=utf8 COLLATE=utf8_unicode_ci;

--
-- Dumping data for table `erp_demoproject_members`
--

INSERT INTO `erp_demoproject_members` VALUES (1,1,1,1,0),(2,37,1,0,0),(3,1,2,1,0),(4,37,2,0,0),(5,1,3,1,0),(6,1,4,1,0),(7,38,4,0,0),(8,1,5,1,0),(9,38,5,0,0),(10,39,5,0,0),(11,40,5,0,0),(12,1,6,1,0),(13,1,7,1,0),(14,1,8,1,0),(15,1,9,1,0),(16,1,10,1,0),(17,40,10,0,0),(18,38,10,0,0),(19,1,11,1,0),(20,41,11,0,0),(21,1,12,1,0),(22,1,13,1,0),(23,1,14,1,0),(24,1,15,1,0),(25,1,16,1,0),(26,38,16,0,0),(27,39,16,0,0),(28,43,16,0,0),(29,38,15,0,0),(30,1,17,1,0),(31,38,17,0,0),(32,43,17,0,0),(33,44,17,0,0),(34,1,18,1,0),(35,1,19,1,0),(36,1,20,1,0),(37,1,21,1,0),(38,1,22,1,0),(39,43,22,0,0),(40,39,22,0,0),(41,38,22,0,0),(42,1,23,1,0),(43,39,23,0,0),(44,1,24,1,0),(45,1,25,1,0),(46,44,15,0,0),(47,39,15,0,0),(48,1,26,1,0),(49,43,26,0,0),(50,38,26,0,0),(51,1,27,1,0),(52,39,27,0,0),(53,43,27,0,0),(54,1,28,1,0),(55,53,28,0,0),(56,1,29,1,0),(57,1,30,1,0),(58,1,31,1,0),(59,1,32,1,0),(60,1,33,1,0),(61,53,33,0,0),(62,56,33,0,0),(63,1,34,1,0),(64,56,34,0,0),(65,60,29,0,0),(66,56,29,0,0);

--
-- Table structure for table `erp_demoproject_settings`
--

CREATE TABLE `erp_demoproject_settings` (
  `project_id` int(11) NOT NULL,
  `setting_name` varchar(100) COLLATE utf8_unicode_ci NOT NULL,
  `setting_value` mediumtext COLLATE utf8_unicode_ci NOT NULL,
  `deleted` tinyint(1) NOT NULL DEFAULT '0',
  UNIQUE KEY `unique_index` (`project_id`,`setting_name`)
) ENGINE=InnoDB DEFAULT CHARSET=utf8 COLLATE=utf8_unicode_ci;

--
-- Dumping data for table `erp_demoproject_settings`
--


--
-- Table structure for table `erp_demoproject_time`
--

CREATE TABLE `erp_demoproject_time` (
  `id` int(11) NOT NULL AUTO_INCREMENT,
  `project_id` int(11) NOT NULL,
  `user_id` int(11) NOT NULL,
  `start_time` datetime NOT NULL,
  `end_time` datetime DEFAULT NULL,
  `status` enum('open','logged','approved') COLLATE utf8_unicode_ci NOT NULL DEFAULT 'logged',
  `note` text COLLATE utf8_unicode_ci,
  `task_id` int(11) NOT NULL DEFAULT '0',
  `deleted` tinyint(1) NOT NULL DEFAULT '0',
  PRIMARY KEY (`id`)
) ENGINE=InnoDB DEFAULT CHARSET=utf8 COLLATE=utf8_unicode_ci;

--
-- Dumping data for table `erp_demoproject_time`
--


--
-- Table structure for table `erp_demoprojects`
--

CREATE TABLE `erp_demoprojects` (
  `id` int(11) NOT NULL AUTO_INCREMENT,
  `title` text COLLATE utf8_unicode_ci NOT NULL,
  `description` mediumtext COLLATE utf8_unicode_ci,
  `start_date` date DEFAULT NULL,
  `deadline` date DEFAULT NULL,
  `client_id` int(11) NOT NULL,
  `created_date` date DEFAULT NULL,
  `created_by` int(11) NOT NULL DEFAULT '0',
  `status` enum('open','completed','hold','canceled','pending','') COLLATE utf8_unicode_ci NOT NULL DEFAULT 'pending',
  `labels` text COLLATE utf8_unicode_ci,
  `price` double NOT NULL DEFAULT '0',
  `starred_by` mediumtext COLLATE utf8_unicode_ci NOT NULL,
  `estimate_id` int(11) NOT NULL,
  `geo_location` varchar(255) COLLATE utf8_unicode_ci DEFAULT NULL,
  `deleted` tinyint(1) NOT NULL DEFAULT '0',
  PRIMARY KEY (`id`)
) ENGINE=InnoDB AUTO_INCREMENT=35 DEFAULT CHARSET=utf8 COLLATE=utf8_unicode_ci;

--
-- Dumping data for table `erp_demoprojects`
--

INSERT INTO `erp_demoprojects` VALUES (1,'Internal Tasks','','2022-07-24','2022-08-21',1,'2022-07-24',1,'open','MEP',0,'',0,NULL,0),(2,'Alliwan','','2022-07-27',NULL,4,'2022-07-27',1,'open','',0,'',0,NULL,0),(3,'fdhgbz','','2022-01-31','2022-11-25',1,'2022-07-27',1,'open','',0,'',0,NULL,1),(4,'Intelligent Building','','2022-08-04','2022-09-01',9,'2022-08-04',1,'open','',2000,'',0,NULL,0),(5,'SIGN BOARD DIRECT','JHFDHFJ,VNFJVK','2022-08-08','2022-08-20',11,'2022-08-07',1,'completed','',0,'',0,NULL,0),(6,'Bathroom hallway','','2022-08-07','2022-08-14',11,'2022-08-07',1,'open','MEP',0,'',0,NULL,0),(7,'efsas','',NULL,NULL,11,'2022-08-07',1,'open','',0,'',0,NULL,1),(8,'fgbsbgbg','',NULL,NULL,11,'2022-08-07',1,'open','',0,'',0,NULL,1),(9,'signbaor','',NULL,NULL,11,'2022-08-07',1,'open','',0,'',0,NULL,0),(10,'bathromm','',NULL,NULL,11,'2022-08-07',1,'open','',0,'',0,NULL,0),(11,'Mouj ','hdjHhdkf','2022-08-08','2022-08-31',12,'2022-08-08',1,'open','',5000,'',0,NULL,0),(12,'jkfhjfmv','',NULL,NULL,12,'2022-08-08',1,'open','swimming pool',0,'',0,NULL,0),(13,'Salalah','test','2022-08-09','2022-08-16',12,'2022-08-09',1,'open','civil',0,'',0,NULL,0),(14,'Airport','test','2022-08-09','2022-08-16',12,'2022-08-09',1,'open','civil',0,'',0,NULL,0),(15,'Veichle 1','',NULL,NULL,12,'2022-08-13',1,'open','',0,'',0,NULL,0),(16,'Course ','','2022-08-14','2022-09-04',11,'2022-08-14',1,'open','',6000,'',0,NULL,0),(17,'Sohar villa','interior design','2022-08-23','2022-09-23',16,'2022-08-23',1,'open','',50000,'',0,'',0),(18,'Civill salah ','','2022-08-24','2022-08-31',12,'2022-08-24',1,'open','maintance',1000,'',0,NULL,0),(19,'NC','Pipevhjknzjfv','2022-08-31','2022-09-07',12,'2022-08-31',1,'open','',10000,'',0,NULL,0),(20,'Doaa const','','2022-08-31','2022-09-07',12,'2022-08-31',1,'open','',10000,'',0,NULL,0),(21,'NC 1234','Construction of two MH','2022-09-01','2022-09-08',12,'2022-09-01',1,'open','',0,'',0,NULL,0),(22,'Sohar RO','JKDHFKJDFCDN','2022-09-07','2022-09-14',20,'2022-09-07',1,'open','',10000,'',0,NULL,0),(23,'IP Building','','2022-09-26','2022-10-17',28,'2022-09-26',1,'open','',3000,'',0,NULL,0),(24,'NASER SALIM HOUSE','Building house at samad ','2022-10-20','2023-12-01',19,'2022-10-22',1,'open','civil',45000,'',0,NULL,0),(25,'HVAC WORK ','HVAC WORK ','2022-10-22','2022-10-28',34,'2022-10-22',1,'open','MEP',5000,'',0,NULL,0),(26,'Building 1','','2022-10-27','2022-12-08',7,'2022-10-27',1,'open','',0,'',0,NULL,0),(27,'SOHAR PROJECT','TEST','2022-11-03','2022-12-01',37,'2022-11-03',1,'open','SOHAR',50000,'',0,NULL,0),(28,'Hospital ','teste','2022-11-13','2022-12-04',1,'2022-11-13',1,'open','',30000,'',0,NULL,0),(29,'Tadqeeq website','',NULL,NULL,70,'2022-11-27',1,'open','',0,'',0,NULL,0),(30,'install cctv for test hose','we should install 16 camera fir test house within 2days at list.\nowner of project: Majid\nsup owner: Mustafa\nsupirvisure: zaheer\ntech:Bilal ','2022-12-25','2022-12-27',70,'2022-12-21',1,'open','',500,'',0,NULL,0),(31,'Hotel','Full Room','2023-01-29','2023-02-28',93,'2023-01-29',1,'open','civil',5000,'',0,NULL,1),(32,'Door','','2023-01-29','2023-02-05',94,'2023-01-29',1,'open','',520,'',0,NULL,1),(33,'ZARA','DTGHJKLK','2023-01-29','2023-10-31',35,'2023-01-29',1,'open','',5000,'',0,NULL,0),(34,'IP','','2023-01-31','2023-02-01',70,'2023-01-31',1,'open','',20000,'',0,NULL,0);

--
-- Table structure for table `erp_demopurchase_order_items`
--

CREATE TABLE `erp_demopurchase_order_items` (
  `id` int(11) NOT NULL AUTO_INCREMENT,
  `item_id` int(11) NOT NULL DEFAULT '0',
  `title` text COLLATE utf8_unicode_ci NOT NULL,
  `description` text COLLATE utf8_unicode_ci,
  `quantity` double NOT NULL,
  `unit_type` varchar(20) COLLATE utf8_unicode_ci NOT NULL DEFAULT '',
  `rate` double NOT NULL,
  `total` double NOT NULL,
  `sort` int(11) NOT NULL DEFAULT '0',
  `purchase_order_id` int(11) NOT NULL,
  `tax_id` int(11) DEFAULT '0',
  `tax_id2` int(11) DEFAULT '0',
  `deleted` tinyint(1) NOT NULL DEFAULT '0',
  PRIMARY KEY (`id`)
) ENGINE=InnoDB AUTO_INCREMENT=51 DEFAULT CHARSET=utf8 COLLATE=utf8_unicode_ci;

--
-- Dumping data for table `erp_demopurchase_order_items`
--

INSERT INTO `erp_demopurchase_order_items` VALUES (1,4,'Kid headset','kids',10,'Piece',250,2500,0,2,0,0,0),(2,1,'Smart Lock','Smart Lock 123',4,'Piece',150,600,0,3,0,0,0),(3,2,'Smart Curtain','Smart Curtain',12,'Piece',300,3600,0,4,0,0,0),(4,6,'NIDA ','test ',40,'Piece ',200,8000,0,5,0,0,0),(5,2,'Smart Curtain','Smart Curtain',4,'Piece',300,1200,0,6,0,0,0),(6,4,'Kid headset','kids',1000,'Piece',1,1000,0,7,1,0,0),(7,2,'Smart Curtain','Smart Curtain',1,'Piece',300,300,0,7,0,0,0),(8,5,'Flat 54','area \nrooms',1,'fLAT',10000,10000,0,7,0,0,0),(9,6,'NIDA ','test ',1,'Piece ',200,200,0,7,0,0,0),(10,1,'Smart Lock','Smart Lock 123',1,'Piece',150,150,0,7,0,0,0),(11,14,'WIRE 20MM','',31,'',125,3875,0,8,0,0,0),(12,0,'WIRE12MM','',52,'',90,4680,0,8,0,0,0),(13,15,'WIRE12MM','',70,'',90,6300,0,9,0,0,0),(14,0,'Incense Salalah ','',100,'Pc',2,200,0,10,1,0,0),(15,15,'WIRE12MM','',6,'',90,540,0,6,0,0,0),(16,16,'Incense Salalah ','',5,'Pc',200,1000,0,11,0,0,0),(17,15,'WIRE12MM','',1,'',90,90,0,11,0,0,0),(18,20,'model 1','test',3,'',200,600,0,12,0,0,0),(19,21,'RO PLANT 3000 GPD','IJDIEKJDFVCHf,djfjruh',5,'',100000,500000,0,12,0,0,0),(20,14,'WIRE 20MM','',1,'',125,125,0,13,0,0,0),(21,20,'model 1','test',1,'',200,200,0,13,0,0,0),(22,23,'Deestone','300/15 20PR D301 TTF',100,'SET',100,10000,0,16,1,0,0),(23,0,'Solid','650/10 5.00 STD ECOMASTER ',50,'pcs',33,1650,0,16,1,0,0),(24,25,'Solid','650/10 5.00 STD ECOMASTER ',50,'pcs',33,1650,0,16,1,0,0),(25,26,'Solid','700/12 5.00 STD SOLID DEESTONE Thailand',50,'unit',45,2250,0,17,0,0,0),(26,26,'Solid','700/12 5.00 STD SOLID DEESTONE Thailand',20,'unit',45,900,0,18,1,0,0),(27,0,'OTR','20.5R5 ** GCBB5 E3L3 CHINA TL',100,'pcs',350,35000,0,19,1,0,0),(28,28,'OTR','20.5R5 ** GCBB5 E3L3 CHINA TL',1,'pcs',350,350,0,21,0,0,0),(29,23,'Deestone','300/15 20PR D301 TTF',1,'SET',0,0,0,21,0,0,0),(30,25,'Solid','650/10 5.00 STD ECOMASTER ',1,'pcs',33,33,0,21,0,0,0),(31,29,'1600/25 32PR D313 TL DEESOTNE THAILAND ','1600/25 32PR D313 TL DEESOTNE THAILAND ',1,'unit',334.2,334.2,0,21,0,0,0),(32,29,'1600/25 32PR D313 TL DEESOTNE THAILAND ','1600/25 32PR D313 TL DEESOTNE THAILAND ',3,'unit',334.2,1002.6,0,22,0,0,0),(33,26,'Solid','700/12 5.00 STD SOLID DEESTONE Thailand',10,'unit',45,450,0,24,1,0,0),(34,28,'OTR','20.5R5 ** GCBB5 E3L3 CHINA TL',20,'pcs',350,7000,0,25,0,0,0),(35,25,'Solid','650/10 5.00 STD ECOMASTER ',1,'pcs',40,40,0,26,1,0,0),(36,33,'Ac samusung','jdnc,.',1,'',100,100,0,26,0,0,0),(37,28,'OTR','20.5R5 ** GCBB5 E3L3 CHINA TL',10,'pcs',350,3500,0,27,0,0,0),(38,39,'VR ','VR..........',10,'PC',200,2000,0,28,0,0,0),(39,40,'AI Toy','AI......',1,'',400,400,0,29,0,0,0),(40,54,'Handle black','steel handle black',10,'NOS',15,150,0,30,1,0,0),(41,53,'sapelli door','Sapele door with handle',10,'m2',50,500,0,31,0,0,0),(42,51,'Paper  cups 8os','test',100,'Cartoon',4,400,0,32,0,0,0),(43,56,'Door 10cm','',10,'sqm',50,500,0,33,1,0,0),(44,40,'AI Toy','AI......',2,'',400,800,0,34,0,0,0),(45,51,'Paper  cups 8os','test',3,'Cartoon',4,12,0,34,0,0,0),(46,40,'AI Toy','AI......',1,'',400,400,0,35,0,0,0),(47,39,'VR ','VR..........',1,'PC',200,200,0,35,0,0,0),(48,39,'VR ','VR..........',1,'PC',200,200,0,35,0,0,1),(49,40,'AI Toy','AI......',1,'',400,400,0,35,0,0,1),(50,40,'AI Toy','AI......',2,'',1,2,0,36,1,0,0);

--
-- Table structure for table `erp_demopurchase_order_payments`
--

CREATE TABLE `erp_demopurchase_order_payments` (
  `id` int(11) NOT NULL AUTO_INCREMENT,
  `amount` double NOT NULL,
  `payment_date` date NOT NULL,
  `payment_method_id` int(11) NOT NULL,
  `cheque_due_date` date DEFAULT NULL,
  `cheque_description` varchar(255) COLLATE utf8_unicode_ci DEFAULT NULL,
  `cheque_account` varchar(150) COLLATE utf8_unicode_ci DEFAULT NULL,
  `cheque_number` varchar(150) COLLATE utf8_unicode_ci DEFAULT NULL,
  `cheque_transaction_id` int(11) NOT NULL DEFAULT '0',
  `note` text COLLATE utf8_unicode_ci,
  `purchase_order_id` int(11) NOT NULL,
  `status` enum('draft','request_approval','approved') COLLATE utf8_unicode_ci NOT NULL DEFAULT 'draft',
  `deleted` tinyint(1) NOT NULL DEFAULT '0',
  `transaction_id` int(11) DEFAULT '0',
  `prepayment_transaction_id` int(11) NOT NULL DEFAULT '0',
  `created_by` int(11) DEFAULT '1',
  `created_at` datetime DEFAULT NULL,
  PRIMARY KEY (`id`),
  KEY `id` (`id`),
  KEY `id_2` (`id`)
) ENGINE=InnoDB AUTO_INCREMENT=20 DEFAULT CHARSET=utf8 COLLATE=utf8_unicode_ci;

--
-- Dumping data for table `erp_demopurchase_order_payments`
--

INSERT INTO `erp_demopurchase_order_payments` VALUES (1,2500,'2022-07-24',4,'2022-07-24','','','',0,'',2,'draft',0,0,0,1,'2022-07-24 14:44:07'),(2,4000,'2022-08-03',4,'2022-08-02','','','',0,'',5,'approved',0,21,0,1,'2022-08-02 08:54:03'),(3,4000,'2022-08-02',4,'2022-08-02','','','',0,'',5,'approved',0,22,0,1,'2022-08-02 08:54:35'),(4,210,'2022-08-16',4,'2022-08-21','','','',0,'',10,'draft',0,0,0,1,'2022-08-21 15:17:59'),(5,1000,'2022-09-08',4,'2022-09-07','','','',0,'',11,'draft',1,0,0,1,'2022-09-07 14:15:26'),(6,325,'2022-09-07',4,'2022-09-07','','','',0,'',13,'approved',0,113,0,1,'2022-09-07 14:23:55'),(7,2250,'2022-09-24',4,'2022-09-24','','','',0,'TT',17,'approved',0,147,0,1,'2022-09-24 08:11:19'),(8,945,'2022-09-24',4,'2022-09-24','','','',0,'TT',18,'approved',0,149,0,1,'2022-09-24 08:13:48'),(9,36750,'2022-09-30',4,'2022-09-24','','','',0,'tt',19,'draft',0,0,0,1,'2022-09-24 18:05:49'),(10,500,'2022-09-27',4,'2022-09-26','','','',0,'',21,'approved',0,174,0,1,'2022-09-26 09:17:41'),(11,100,'2022-11-08',4,'2022-11-01','','','',0,'',26,'approved',0,271,0,1,'2022-11-01 12:16:06'),(12,3500,'2022-11-04',4,'2022-11-03','','','',0,'',27,'approved',0,277,0,1,'2022-11-03 08:23:49'),(13,1000,'2022-11-10',5,'2022-11-03','bnm,','vghcdj','3456',0,'',6,'approved',0,308,0,1,'2022-11-03 08:55:05'),(14,1000,'2022-11-14',4,'2022-11-13','','','',0,'',28,'approved',0,315,0,1,'2022-11-13 09:34:25'),(15,1000,'2022-11-14',4,'2022-11-13','','','',0,'',28,'approved',0,316,0,1,'2022-11-13 09:40:31'),(16,500,'2023-02-07',4,'2023-02-06','','','',0,'',33,'approved',0,396,0,1,'2023-02-06 12:23:18'),(17,500,'2023-02-17',4,'2023-02-16','','','',0,'',34,'approved',0,399,0,1,'2023-02-16 08:58:59'),(18,600,'2023-04-19',4,'2023-04-18','','','',0,'',35,'approved',0,423,0,1,'2023-04-18 10:35:17'),(19,2,'2023-07-13',1,'2023-07-14','','','',0,'',36,'draft',0,0,0,1,'2023-07-14 10:21:50');

--
-- Table structure for table `erp_demopurchase_orders`
--

CREATE TABLE `erp_demopurchase_orders` (
  `id` int(11) NOT NULL AUTO_INCREMENT,
  `supplier_id` int(11) NOT NULL,
  `purchase_order_date` date NOT NULL,
  `project_id` int(11) NOT NULL DEFAULT '0',
  `labels` text COLLATE utf8_unicode_ci NOT NULL,
  `note` mediumtext COLLATE utf8_unicode_ci,
  `status` enum('draft','not_paid') COLLATE utf8_unicode_ci NOT NULL DEFAULT 'draft',
  `approval_status` enum('not_approved','request_approval','approved') COLLATE utf8_unicode_ci NOT NULL DEFAULT 'not_approved',
  `deleted` tinyint(1) NOT NULL DEFAULT '0',
  PRIMARY KEY (`id`)
) ENGINE=InnoDB AUTO_INCREMENT=37 DEFAULT CHARSET=utf8 COLLATE=utf8_unicode_ci;

--
-- Dumping data for table `erp_demopurchase_orders`
--

INSERT INTO `erp_demopurchase_orders` VALUES (1,1,'2022-07-20',0,'','','draft','not_approved',0),(2,1,'2022-07-24',0,'','','not_paid','approved',0),(3,1,'2022-07-26',0,'','','draft','not_approved',0),(4,1,'2022-07-27',0,'','','draft','not_approved',0),(5,2,'2022-08-02',0,'','','not_paid','approved',0),(6,3,'2022-08-09',0,'','','not_paid','not_approved',0),(7,2,'2022-08-13',6,'','','draft','approved',0),(8,4,'2022-08-18',0,'','','draft','approved',0),(9,5,'2022-08-18',12,'','','draft','approved',0),(10,6,'2022-08-21',5,'','','not_paid','approved',0),(11,4,'2022-09-04',17,'','','not_paid','approved',0),(12,4,'2022-09-07',22,'','','draft','approved',0),(13,5,'2022-09-07',0,'','','not_paid','approved',0),(14,6,'2022-09-22',14,'','300/15 8.00 SOLID DEESTONE','draft','approved',0),(15,6,'2022-09-22',20,'','300/15','draft','approved',0),(16,7,'2022-09-24',22,'','','draft','approved',0),(17,7,'2022-09-24',15,'','SOLID Tyres','not_paid','approved',0),(18,7,'2022-09-24',0,'','payment CASH','not_paid','approved',0),(19,7,'2022-09-24',22,'','CASH','not_paid','approved',0),(20,8,'2022-09-26',23,'','','draft','not_approved',0),(21,8,'2022-09-26',23,'','','not_paid','approved',0),(22,4,'2022-10-04',0,'','','draft','approved',0),(23,5,'2022-10-22',24,'','steel','draft','not_approved',0),(24,4,'2022-10-26',0,'','','draft','approved',0),(25,4,'2022-10-27',0,'','','draft','approved',0),(26,4,'2022-11-01',17,'','payemnt','not_paid','approved',0),(27,4,'2022-11-03',27,'','','not_paid','approved',0),(28,9,'2022-11-13',0,'','','not_paid','approved',0),(29,4,'2022-11-15',14,'','','draft','approved',0),(30,4,'2023-01-29',31,'','','draft','approved',0),(31,6,'2023-01-29',31,'','','draft','approved',0),(32,4,'2023-01-31',34,'','','draft','approved',0),(33,4,'2023-02-02',0,'','','not_paid','approved',0),(34,4,'2023-02-16',17,'','','not_paid','approved',0),(35,4,'2023-04-18',28,'','','not_paid','approved',0),(36,4,'2023-07-14',14,'','','not_paid','approved',0);

--
-- Table structure for table `erp_demopurchase_return_items`
--

CREATE TABLE `erp_demopurchase_return_items` (
  `id` int(11) NOT NULL AUTO_INCREMENT,
  `item_id` int(11) NOT NULL,
  `po_item_id` int(11) NOT NULL,
  `quantity` double NOT NULL DEFAULT '0',
  `deleted` int(1) NOT NULL DEFAULT '0',
  `purchase_return_id` int(11) NOT NULL,
  `sort` int(11) NOT NULL DEFAULT '0',
  PRIMARY KEY (`id`)
) ENGINE=InnoDB AUTO_INCREMENT=2 DEFAULT CHARSET=utf8 COLLATE=utf8_unicode_ci;

--
-- Dumping data for table `erp_demopurchase_return_items`
--

INSERT INTO `erp_demopurchase_return_items` VALUES (1,0,14,100,0,1,0);

--
-- Table structure for table `erp_demopurchase_returns`
--

CREATE TABLE `erp_demopurchase_returns` (
  `id` int(11) NOT NULL AUTO_INCREMENT,
  `purchase_order_id` int(11) NOT NULL,
  `shipment_id` int(11) DEFAULT NULL,
  `supplier_id` int(11) NOT NULL DEFAULT '0',
  `payment_method_id` int(11) DEFAULT '0',
  `transaction_id` int(11) DEFAULT '0',
  `date` date NOT NULL,
  `status` enum('draft','approved') COLLATE utf8_unicode_ci DEFAULT 'draft',
  `note` text COLLATE utf8_unicode_ci,
  `deleted` int(1) NOT NULL DEFAULT '0',
  PRIMARY KEY (`id`)
) ENGINE=InnoDB AUTO_INCREMENT=2 DEFAULT CHARSET=utf8 COLLATE=utf8_unicode_ci;

--
-- Dumping data for table `erp_demopurchase_returns`
--

INSERT INTO `erp_demopurchase_returns` VALUES (1,10,NULL,6,1,0,'2022-09-25','draft','',0);

--
-- Table structure for table `erp_demoroles`
--

CREATE TABLE `erp_demoroles` (
  `id` int(11) NOT NULL AUTO_INCREMENT,
  `title` varchar(100) COLLATE utf8_unicode_ci NOT NULL,
  `permissions` mediumtext COLLATE utf8_unicode_ci,
  `deleted` tinyint(1) NOT NULL DEFAULT '0',
  PRIMARY KEY (`id`)
) ENGINE=InnoDB AUTO_INCREMENT=19 DEFAULT CHARSET=utf8 COLLATE=utf8_unicode_ci;

--
-- Dumping data for table `erp_demoroles`
--

INSERT INTO `erp_demoroles` VALUES (1,'test','a:115:{s:5:\"leave\";N;s:14:\"leave_specific\";s:0:\"\";s:10:\"attendance\";N;s:19:\"attendance_specific\";s:0:\"\";s:7:\"invoice\";N;s:8:\"estimate\";N;s:7:\"expense\";N;s:6:\"client\";N;s:4:\"lead\";N;s:6:\"ticket\";N;s:15:\"ticket_specific\";s:0:\"\";s:12:\"announcement\";N;s:23:\"help_and_knowledge_base\";N;s:23:\"can_manage_all_projects\";N;s:19:\"can_create_projects\";N;s:17:\"can_edit_projects\";N;s:19:\"can_delete_projects\";N;s:30:\"can_add_remove_project_members\";N;s:16:\"can_create_tasks\";N;s:14:\"can_edit_tasks\";N;s:16:\"can_delete_tasks\";N;s:20:\"can_comment_on_tasks\";N;s:24:\"show_assigned_tasks_only\";N;s:21:\"can_create_milestones\";N;s:19:\"can_edit_milestones\";N;s:21:\"can_delete_milestones\";N;s:16:\"can_delete_files\";N;s:34:\"can_view_team_members_contact_info\";N;s:34:\"can_view_team_members_social_links\";N;s:29:\"team_member_update_permission\";N;s:38:\"team_member_update_permission_specific\";s:0:\"\";s:27:\"timesheet_manage_permission\";N;s:36:\"timesheet_manage_permission_specific\";s:0:\"\";s:21:\"disable_event_sharing\";N;s:22:\"hide_team_members_list\";N;s:28:\"can_delete_leave_application\";N;s:10:\"accounting\";N;s:7:\"payroll\";N;s:5:\"eroom\";N;s:4:\"logs\";N;s:7:\"reports\";N;s:25:\"can_access_delivery_notes\";N;s:25:\"can_create_delivery_notes\";N;s:23:\"can_edit_delivery_notes\";N;s:25:\"can_delete_delivery_notes\";N;s:31:\"delivery_note_manage_permission\";N;s:40:\"delivery_note_manage_permission_specific\";s:0:\"\";s:20:\"can_access_suppliers\";N;s:20:\"can_create_suppliers\";N;s:18:\"can_edit_suppliers\";N;s:20:\"can_delete_suppliers\";N;s:26:\"supplier_manage_permission\";N;s:35:\"supplier_manage_permission_specific\";s:0:\"\";s:26:\"can_access_purchase_orders\";N;s:26:\"can_create_purchase_orders\";N;s:24:\"can_edit_purchase_orders\";N;s:26:\"can_delete_purchase_orders\";N;s:32:\"purchase_order_manage_permission\";N;s:41:\"purchase_order_manage_permission_specific\";s:0:\"\";s:16:\"can_access_items\";N;s:16:\"can_create_items\";N;s:14:\"can_edit_items\";N;s:16:\"can_delete_items\";N;s:22:\"item_manage_permission\";N;s:31:\"item_manage_permission_specific\";s:0:\"\";s:19:\"can_access_expenses\";N;s:19:\"can_create_expenses\";N;s:17:\"can_edit_expenses\";N;s:19:\"can_delete_expenses\";N;s:25:\"expense_manage_permission\";N;s:34:\"expense_manage_permission_specific\";s:0:\"\";s:20:\"internal_transaction\";N;s:27:\"can_access_invoice_payments\";N;s:27:\"can_create_invoice_payments\";N;s:25:\"can_edit_invoice_payments\";N;s:27:\"can_delete_invoice_payments\";N;s:34:\"can_access_purchase_order_payments\";N;s:34:\"can_create_purchase_order_payments\";N;s:32:\"can_edit_purchase_order_payments\";N;s:34:\"can_delete_purchase_order_payments\";N;s:19:\"can_access_contacts\";s:1:\"1\";s:19:\"can_create_contacts\";s:1:\"1\";s:17:\"can_edit_contacts\";s:1:\"1\";s:19:\"can_delete_contacts\";N;s:25:\"contact_manage_permission\";N;s:34:\"contact_manage_permission_specific\";s:0:\"\";s:18:\"can_access_clients\";s:1:\"1\";s:18:\"can_create_clients\";N;s:16:\"can_edit_clients\";N;s:18:\"can_delete_clients\";N;s:24:\"client_manage_permission\";N;s:33:\"client_manage_permission_specific\";s:0:\"\";s:19:\"can_access_invoices\";s:1:\"1\";s:19:\"can_create_invoices\";N;s:17:\"can_edit_invoices\";N;s:19:\"can_delete_invoices\";N;s:25:\"invoice_manage_permission\";N;s:34:\"invoice_manage_permission_specific\";s:0:\"\";s:20:\"can_access_estimates\";N;s:20:\"can_create_estimates\";N;s:18:\"can_edit_estimates\";N;s:20:\"can_delete_estimates\";N;s:26:\"estimate_manage_permission\";N;s:35:\"estimate_manage_permission_specific\";s:0:\"\";s:16:\"estimate_request\";N;s:8:\"discount\";i:0;s:8:\"expenses\";N;s:9:\"estimates\";N;s:8:\"invoices\";N;s:16:\"invoice_payments\";N;s:14:\"delivery_notes\";N;s:15:\"purchase_orders\";N;s:23:\"purchase_order_payments\";N;s:8:\"payrolls\";N;s:21:\"internal_transactions\";N;}',0),(2,'test',NULL,0),(3,'Director','a:115:{s:5:\"leave\";N;s:14:\"leave_specific\";s:0:\"\";s:10:\"attendance\";N;s:19:\"attendance_specific\";s:0:\"\";s:7:\"invoice\";N;s:8:\"estimate\";N;s:7:\"expense\";N;s:6:\"client\";N;s:4:\"lead\";N;s:6:\"ticket\";N;s:15:\"ticket_specific\";s:0:\"\";s:12:\"announcement\";N;s:23:\"help_and_knowledge_base\";N;s:23:\"can_manage_all_projects\";N;s:19:\"can_create_projects\";s:1:\"1\";s:17:\"can_edit_projects\";s:1:\"1\";s:19:\"can_delete_projects\";N;s:30:\"can_add_remove_project_members\";N;s:16:\"can_create_tasks\";s:1:\"1\";s:14:\"can_edit_tasks\";N;s:16:\"can_delete_tasks\";N;s:20:\"can_comment_on_tasks\";N;s:24:\"show_assigned_tasks_only\";N;s:21:\"can_create_milestones\";N;s:19:\"can_edit_milestones\";N;s:21:\"can_delete_milestones\";N;s:16:\"can_delete_files\";N;s:34:\"can_view_team_members_contact_info\";N;s:34:\"can_view_team_members_social_links\";N;s:29:\"team_member_update_permission\";N;s:38:\"team_member_update_permission_specific\";s:0:\"\";s:27:\"timesheet_manage_permission\";N;s:36:\"timesheet_manage_permission_specific\";s:0:\"\";s:21:\"disable_event_sharing\";N;s:22:\"hide_team_members_list\";N;s:28:\"can_delete_leave_application\";N;s:10:\"accounting\";N;s:7:\"payroll\";N;s:5:\"eroom\";N;s:4:\"logs\";N;s:7:\"reports\";N;s:25:\"can_access_delivery_notes\";N;s:25:\"can_create_delivery_notes\";N;s:23:\"can_edit_delivery_notes\";N;s:25:\"can_delete_delivery_notes\";N;s:31:\"delivery_note_manage_permission\";N;s:40:\"delivery_note_manage_permission_specific\";s:0:\"\";s:20:\"can_access_suppliers\";N;s:20:\"can_create_suppliers\";N;s:18:\"can_edit_suppliers\";N;s:20:\"can_delete_suppliers\";N;s:26:\"supplier_manage_permission\";N;s:35:\"supplier_manage_permission_specific\";s:0:\"\";s:26:\"can_access_purchase_orders\";N;s:26:\"can_create_purchase_orders\";N;s:24:\"can_edit_purchase_orders\";N;s:26:\"can_delete_purchase_orders\";N;s:32:\"purchase_order_manage_permission\";N;s:41:\"purchase_order_manage_permission_specific\";s:0:\"\";s:16:\"can_access_items\";N;s:16:\"can_create_items\";N;s:14:\"can_edit_items\";N;s:16:\"can_delete_items\";N;s:22:\"item_manage_permission\";N;s:31:\"item_manage_permission_specific\";s:0:\"\";s:19:\"can_access_expenses\";N;s:19:\"can_create_expenses\";N;s:17:\"can_edit_expenses\";N;s:19:\"can_delete_expenses\";N;s:25:\"expense_manage_permission\";N;s:34:\"expense_manage_permission_specific\";s:0:\"\";s:20:\"internal_transaction\";N;s:27:\"can_access_invoice_payments\";N;s:27:\"can_create_invoice_payments\";N;s:25:\"can_edit_invoice_payments\";N;s:27:\"can_delete_invoice_payments\";N;s:34:\"can_access_purchase_order_payments\";N;s:34:\"can_create_purchase_order_payments\";N;s:32:\"can_edit_purchase_order_payments\";N;s:34:\"can_delete_purchase_order_payments\";N;s:19:\"can_access_contacts\";s:1:\"1\";s:19:\"can_create_contacts\";s:1:\"1\";s:17:\"can_edit_contacts\";s:1:\"1\";s:19:\"can_delete_contacts\";N;s:25:\"contact_manage_permission\";N;s:34:\"contact_manage_permission_specific\";s:0:\"\";s:18:\"can_access_clients\";s:1:\"1\";s:18:\"can_create_clients\";s:1:\"1\";s:16:\"can_edit_clients\";s:1:\"1\";s:18:\"can_delete_clients\";s:1:\"1\";s:24:\"client_manage_permission\";N;s:33:\"client_manage_permission_specific\";s:0:\"\";s:19:\"can_access_invoices\";s:1:\"1\";s:19:\"can_create_invoices\";s:1:\"1\";s:17:\"can_edit_invoices\";N;s:19:\"can_delete_invoices\";N;s:25:\"invoice_manage_permission\";N;s:34:\"invoice_manage_permission_specific\";s:0:\"\";s:20:\"can_access_estimates\";s:1:\"1\";s:20:\"can_create_estimates\";N;s:18:\"can_edit_estimates\";N;s:20:\"can_delete_estimates\";N;s:26:\"estimate_manage_permission\";N;s:35:\"estimate_manage_permission_specific\";s:0:\"\";s:16:\"estimate_request\";N;s:8:\"discount\";i:0;s:8:\"expenses\";N;s:9:\"estimates\";N;s:8:\"invoices\";N;s:16:\"invoice_payments\";N;s:14:\"delivery_notes\";N;s:15:\"purchase_orders\";N;s:23:\"purchase_order_payments\";N;s:8:\"payrolls\";N;s:21:\"internal_transactions\";N;}',0),(4,'Sales','a:115:{s:5:\"leave\";N;s:14:\"leave_specific\";s:0:\"\";s:10:\"attendance\";N;s:19:\"attendance_specific\";s:0:\"\";s:7:\"invoice\";N;s:8:\"estimate\";N;s:7:\"expense\";N;s:6:\"client\";N;s:4:\"lead\";N;s:6:\"ticket\";N;s:15:\"ticket_specific\";s:0:\"\";s:12:\"announcement\";N;s:23:\"help_and_knowledge_base\";N;s:23:\"can_manage_all_projects\";N;s:19:\"can_create_projects\";s:1:\"1\";s:17:\"can_edit_projects\";N;s:19:\"can_delete_projects\";N;s:30:\"can_add_remove_project_members\";N;s:16:\"can_create_tasks\";N;s:14:\"can_edit_tasks\";N;s:16:\"can_delete_tasks\";N;s:20:\"can_comment_on_tasks\";N;s:24:\"show_assigned_tasks_only\";N;s:21:\"can_create_milestones\";N;s:19:\"can_edit_milestones\";N;s:21:\"can_delete_milestones\";N;s:16:\"can_delete_files\";N;s:34:\"can_view_team_members_contact_info\";N;s:34:\"can_view_team_members_social_links\";N;s:29:\"team_member_update_permission\";N;s:38:\"team_member_update_permission_specific\";s:0:\"\";s:27:\"timesheet_manage_permission\";N;s:36:\"timesheet_manage_permission_specific\";s:0:\"\";s:21:\"disable_event_sharing\";N;s:22:\"hide_team_members_list\";N;s:28:\"can_delete_leave_application\";N;s:10:\"accounting\";N;s:7:\"payroll\";N;s:5:\"eroom\";N;s:4:\"logs\";N;s:7:\"reports\";N;s:25:\"can_access_delivery_notes\";N;s:25:\"can_create_delivery_notes\";N;s:23:\"can_edit_delivery_notes\";N;s:25:\"can_delete_delivery_notes\";N;s:31:\"delivery_note_manage_permission\";N;s:40:\"delivery_note_manage_permission_specific\";s:0:\"\";s:20:\"can_access_suppliers\";N;s:20:\"can_create_suppliers\";N;s:18:\"can_edit_suppliers\";N;s:20:\"can_delete_suppliers\";N;s:26:\"supplier_manage_permission\";N;s:35:\"supplier_manage_permission_specific\";s:0:\"\";s:26:\"can_access_purchase_orders\";N;s:26:\"can_create_purchase_orders\";N;s:24:\"can_edit_purchase_orders\";N;s:26:\"can_delete_purchase_orders\";N;s:32:\"purchase_order_manage_permission\";N;s:41:\"purchase_order_manage_permission_specific\";s:0:\"\";s:16:\"can_access_items\";N;s:16:\"can_create_items\";N;s:14:\"can_edit_items\";N;s:16:\"can_delete_items\";N;s:22:\"item_manage_permission\";N;s:31:\"item_manage_permission_specific\";s:0:\"\";s:19:\"can_access_expenses\";N;s:19:\"can_create_expenses\";N;s:17:\"can_edit_expenses\";N;s:19:\"can_delete_expenses\";N;s:25:\"expense_manage_permission\";N;s:34:\"expense_manage_permission_specific\";s:0:\"\";s:20:\"internal_transaction\";N;s:27:\"can_access_invoice_payments\";N;s:27:\"can_create_invoice_payments\";N;s:25:\"can_edit_invoice_payments\";N;s:27:\"can_delete_invoice_payments\";N;s:34:\"can_access_purchase_order_payments\";N;s:34:\"can_create_purchase_order_payments\";N;s:32:\"can_edit_purchase_order_payments\";N;s:34:\"can_delete_purchase_order_payments\";N;s:19:\"can_access_contacts\";N;s:19:\"can_create_contacts\";N;s:17:\"can_edit_contacts\";N;s:19:\"can_delete_contacts\";N;s:25:\"contact_manage_permission\";N;s:34:\"contact_manage_permission_specific\";s:0:\"\";s:18:\"can_access_clients\";s:1:\"1\";s:18:\"can_create_clients\";s:1:\"1\";s:16:\"can_edit_clients\";s:1:\"1\";s:18:\"can_delete_clients\";N;s:24:\"client_manage_permission\";N;s:33:\"client_manage_permission_specific\";s:0:\"\";s:19:\"can_access_invoices\";s:1:\"1\";s:19:\"can_create_invoices\";s:1:\"1\";s:17:\"can_edit_invoices\";s:1:\"1\";s:19:\"can_delete_invoices\";N;s:25:\"invoice_manage_permission\";N;s:34:\"invoice_manage_permission_specific\";s:0:\"\";s:20:\"can_access_estimates\";s:1:\"1\";s:20:\"can_create_estimates\";s:1:\"1\";s:18:\"can_edit_estimates\";s:1:\"1\";s:20:\"can_delete_estimates\";N;s:26:\"estimate_manage_permission\";N;s:35:\"estimate_manage_permission_specific\";s:0:\"\";s:16:\"estimate_request\";N;s:8:\"discount\";i:0;s:8:\"expenses\";N;s:9:\"estimates\";N;s:8:\"invoices\";N;s:16:\"invoice_payments\";N;s:14:\"delivery_notes\";N;s:15:\"purchase_orders\";N;s:23:\"purchase_order_payments\";N;s:8:\"payrolls\";N;s:21:\"internal_transactions\";N;}',0),(5,'PROJECT MANAGER','a:115:{s:5:\"leave\";N;s:14:\"leave_specific\";s:0:\"\";s:10:\"attendance\";N;s:19:\"attendance_specific\";s:0:\"\";s:7:\"invoice\";N;s:8:\"estimate\";N;s:7:\"expense\";N;s:6:\"client\";N;s:4:\"lead\";N;s:6:\"ticket\";N;s:15:\"ticket_specific\";s:0:\"\";s:12:\"announcement\";N;s:23:\"help_and_knowledge_base\";N;s:23:\"can_manage_all_projects\";N;s:19:\"can_create_projects\";s:1:\"1\";s:17:\"can_edit_projects\";s:1:\"1\";s:19:\"can_delete_projects\";s:1:\"1\";s:30:\"can_add_remove_project_members\";N;s:16:\"can_create_tasks\";s:1:\"1\";s:14:\"can_edit_tasks\";s:1:\"1\";s:16:\"can_delete_tasks\";N;s:20:\"can_comment_on_tasks\";N;s:24:\"show_assigned_tasks_only\";N;s:21:\"can_create_milestones\";s:1:\"1\";s:19:\"can_edit_milestones\";s:1:\"1\";s:21:\"can_delete_milestones\";N;s:16:\"can_delete_files\";N;s:34:\"can_view_team_members_contact_info\";N;s:34:\"can_view_team_members_social_links\";N;s:29:\"team_member_update_permission\";N;s:38:\"team_member_update_permission_specific\";s:0:\"\";s:27:\"timesheet_manage_permission\";N;s:36:\"timesheet_manage_permission_specific\";s:0:\"\";s:21:\"disable_event_sharing\";N;s:22:\"hide_team_members_list\";N;s:28:\"can_delete_leave_application\";N;s:10:\"accounting\";N;s:7:\"payroll\";N;s:5:\"eroom\";N;s:4:\"logs\";N;s:7:\"reports\";N;s:25:\"can_access_delivery_notes\";N;s:25:\"can_create_delivery_notes\";N;s:23:\"can_edit_delivery_notes\";N;s:25:\"can_delete_delivery_notes\";N;s:31:\"delivery_note_manage_permission\";N;s:40:\"delivery_note_manage_permission_specific\";s:0:\"\";s:20:\"can_access_suppliers\";N;s:20:\"can_create_suppliers\";N;s:18:\"can_edit_suppliers\";N;s:20:\"can_delete_suppliers\";N;s:26:\"supplier_manage_permission\";N;s:35:\"supplier_manage_permission_specific\";s:0:\"\";s:26:\"can_access_purchase_orders\";N;s:26:\"can_create_purchase_orders\";N;s:24:\"can_edit_purchase_orders\";N;s:26:\"can_delete_purchase_orders\";N;s:32:\"purchase_order_manage_permission\";N;s:41:\"purchase_order_manage_permission_specific\";s:0:\"\";s:16:\"can_access_items\";N;s:16:\"can_create_items\";N;s:14:\"can_edit_items\";N;s:16:\"can_delete_items\";N;s:22:\"item_manage_permission\";N;s:31:\"item_manage_permission_specific\";s:0:\"\";s:19:\"can_access_expenses\";N;s:19:\"can_create_expenses\";N;s:17:\"can_edit_expenses\";N;s:19:\"can_delete_expenses\";N;s:25:\"expense_manage_permission\";N;s:34:\"expense_manage_permission_specific\";s:0:\"\";s:20:\"internal_transaction\";N;s:27:\"can_access_invoice_payments\";N;s:27:\"can_create_invoice_payments\";N;s:25:\"can_edit_invoice_payments\";N;s:27:\"can_delete_invoice_payments\";N;s:34:\"can_access_purchase_order_payments\";N;s:34:\"can_create_purchase_order_payments\";N;s:32:\"can_edit_purchase_order_payments\";N;s:34:\"can_delete_purchase_order_payments\";N;s:19:\"can_access_contacts\";N;s:19:\"can_create_contacts\";N;s:17:\"can_edit_contacts\";N;s:19:\"can_delete_contacts\";N;s:25:\"contact_manage_permission\";N;s:34:\"contact_manage_permission_specific\";s:0:\"\";s:18:\"can_access_clients\";s:1:\"1\";s:18:\"can_create_clients\";N;s:16:\"can_edit_clients\";N;s:18:\"can_delete_clients\";N;s:24:\"client_manage_permission\";N;s:33:\"client_manage_permission_specific\";s:0:\"\";s:19:\"can_access_invoices\";s:1:\"1\";s:19:\"can_create_invoices\";N;s:17:\"can_edit_invoices\";N;s:19:\"can_delete_invoices\";N;s:25:\"invoice_manage_permission\";N;s:34:\"invoice_manage_permission_specific\";s:0:\"\";s:20:\"can_access_estimates\";s:1:\"1\";s:20:\"can_create_estimates\";N;s:18:\"can_edit_estimates\";N;s:20:\"can_delete_estimates\";N;s:26:\"estimate_manage_permission\";N;s:35:\"estimate_manage_permission_specific\";s:0:\"\";s:16:\"estimate_request\";N;s:8:\"discount\";i:0;s:8:\"expenses\";s:0:\"\";s:9:\"estimates\";s:0:\"\";s:8:\"invoices\";s:0:\"\";s:16:\"invoice_payments\";N;s:14:\"delivery_notes\";N;s:15:\"purchase_orders\";N;s:23:\"purchase_order_payments\";N;s:8:\"payrolls\";N;s:21:\"internal_transactions\";N;}',0),(6,'Marketing Manger','a:115:{s:5:\"leave\";N;s:14:\"leave_specific\";s:0:\"\";s:10:\"attendance\";N;s:19:\"attendance_specific\";s:0:\"\";s:7:\"invoice\";N;s:8:\"estimate\";N;s:7:\"expense\";N;s:6:\"client\";N;s:4:\"lead\";N;s:6:\"ticket\";N;s:15:\"ticket_specific\";s:0:\"\";s:12:\"announcement\";N;s:23:\"help_and_knowledge_base\";N;s:23:\"can_manage_all_projects\";N;s:19:\"can_create_projects\";s:1:\"1\";s:17:\"can_edit_projects\";s:1:\"1\";s:19:\"can_delete_projects\";N;s:30:\"can_add_remove_project_members\";N;s:16:\"can_create_tasks\";s:1:\"1\";s:14:\"can_edit_tasks\";N;s:16:\"can_delete_tasks\";N;s:20:\"can_comment_on_tasks\";N;s:24:\"show_assigned_tasks_only\";N;s:21:\"can_create_milestones\";s:1:\"1\";s:19:\"can_edit_milestones\";N;s:21:\"can_delete_milestones\";N;s:16:\"can_delete_files\";N;s:34:\"can_view_team_members_contact_info\";N;s:34:\"can_view_team_members_social_links\";N;s:29:\"team_member_update_permission\";N;s:38:\"team_member_update_permission_specific\";s:0:\"\";s:27:\"timesheet_manage_permission\";N;s:36:\"timesheet_manage_permission_specific\";s:0:\"\";s:21:\"disable_event_sharing\";N;s:22:\"hide_team_members_list\";N;s:28:\"can_delete_leave_application\";N;s:10:\"accounting\";N;s:7:\"payroll\";N;s:5:\"eroom\";N;s:4:\"logs\";N;s:7:\"reports\";N;s:25:\"can_access_delivery_notes\";N;s:25:\"can_create_delivery_notes\";N;s:23:\"can_edit_delivery_notes\";N;s:25:\"can_delete_delivery_notes\";N;s:31:\"delivery_note_manage_permission\";N;s:40:\"delivery_note_manage_permission_specific\";s:0:\"\";s:20:\"can_access_suppliers\";N;s:20:\"can_create_suppliers\";N;s:18:\"can_edit_suppliers\";N;s:20:\"can_delete_suppliers\";N;s:26:\"supplier_manage_permission\";N;s:35:\"supplier_manage_permission_specific\";s:0:\"\";s:26:\"can_access_purchase_orders\";N;s:26:\"can_create_purchase_orders\";N;s:24:\"can_edit_purchase_orders\";N;s:26:\"can_delete_purchase_orders\";N;s:32:\"purchase_order_manage_permission\";N;s:41:\"purchase_order_manage_permission_specific\";s:0:\"\";s:16:\"can_access_items\";N;s:16:\"can_create_items\";N;s:14:\"can_edit_items\";N;s:16:\"can_delete_items\";N;s:22:\"item_manage_permission\";N;s:31:\"item_manage_permission_specific\";s:0:\"\";s:19:\"can_access_expenses\";N;s:19:\"can_create_expenses\";N;s:17:\"can_edit_expenses\";N;s:19:\"can_delete_expenses\";N;s:25:\"expense_manage_permission\";N;s:34:\"expense_manage_permission_specific\";s:0:\"\";s:20:\"internal_transaction\";N;s:27:\"can_access_invoice_payments\";N;s:27:\"can_create_invoice_payments\";N;s:25:\"can_edit_invoice_payments\";N;s:27:\"can_delete_invoice_payments\";N;s:34:\"can_access_purchase_order_payments\";N;s:34:\"can_create_purchase_order_payments\";N;s:32:\"can_edit_purchase_order_payments\";N;s:34:\"can_delete_purchase_order_payments\";N;s:19:\"can_access_contacts\";N;s:19:\"can_create_contacts\";N;s:17:\"can_edit_contacts\";N;s:19:\"can_delete_contacts\";N;s:25:\"contact_manage_permission\";N;s:34:\"contact_manage_permission_specific\";s:0:\"\";s:18:\"can_access_clients\";N;s:18:\"can_create_clients\";N;s:16:\"can_edit_clients\";N;s:18:\"can_delete_clients\";N;s:24:\"client_manage_permission\";N;s:33:\"client_manage_permission_specific\";s:0:\"\";s:19:\"can_access_invoices\";s:1:\"1\";s:19:\"can_create_invoices\";s:1:\"1\";s:17:\"can_edit_invoices\";s:1:\"1\";s:19:\"can_delete_invoices\";N;s:25:\"invoice_manage_permission\";N;s:34:\"invoice_manage_permission_specific\";s:0:\"\";s:20:\"can_access_estimates\";s:1:\"1\";s:20:\"can_create_estimates\";N;s:18:\"can_edit_estimates\";N;s:20:\"can_delete_estimates\";N;s:26:\"estimate_manage_permission\";N;s:35:\"estimate_manage_permission_specific\";s:0:\"\";s:16:\"estimate_request\";N;s:8:\"discount\";i:0;s:8:\"expenses\";s:0:\"\";s:9:\"estimates\";s:3:\"all\";s:8:\"invoices\";N;s:16:\"invoice_payments\";N;s:14:\"delivery_notes\";N;s:15:\"purchase_orders\";N;s:23:\"purchase_order_payments\";N;s:8:\"payrolls\";N;s:21:\"internal_transactions\";N;}',0),(7,'project manger',NULL,0),(8,'Clients','a:116:{s:5:\"leave\";N;s:14:\"leave_specific\";s:0:\"\";s:10:\"attendance\";N;s:19:\"attendance_specific\";s:0:\"\";s:7:\"invoice\";N;s:8:\"estimate\";N;s:7:\"expense\";N;s:6:\"client\";N;s:4:\"lead\";N;s:6:\"ticket\";N;s:15:\"ticket_specific\";s:0:\"\";s:12:\"announcement\";N;s:23:\"help_and_knowledge_base\";N;s:23:\"can_manage_all_projects\";s:1:\"1\";s:19:\"can_create_projects\";s:1:\"1\";s:17:\"can_edit_projects\";s:1:\"1\";s:19:\"can_delete_projects\";s:1:\"1\";s:30:\"can_add_remove_project_members\";N;s:16:\"can_create_tasks\";N;s:14:\"can_edit_tasks\";N;s:16:\"can_delete_tasks\";N;s:20:\"can_comment_on_tasks\";N;s:24:\"show_assigned_tasks_only\";N;s:21:\"can_create_milestones\";N;s:19:\"can_edit_milestones\";N;s:21:\"can_delete_milestones\";N;s:16:\"can_delete_files\";N;s:34:\"can_view_team_members_contact_info\";N;s:34:\"can_view_team_members_social_links\";N;s:29:\"team_member_update_permission\";N;s:38:\"team_member_update_permission_specific\";s:0:\"\";s:27:\"timesheet_manage_permission\";N;s:36:\"timesheet_manage_permission_specific\";s:0:\"\";s:21:\"disable_event_sharing\";N;s:22:\"hide_team_members_list\";N;s:28:\"can_delete_leave_application\";N;s:10:\"accounting\";N;s:7:\"payroll\";N;s:5:\"eroom\";N;s:4:\"logs\";N;s:13:\"expires_alert\";N;s:7:\"reports\";N;s:25:\"can_access_delivery_notes\";N;s:25:\"can_create_delivery_notes\";N;s:23:\"can_edit_delivery_notes\";N;s:25:\"can_delete_delivery_notes\";N;s:31:\"delivery_note_manage_permission\";N;s:40:\"delivery_note_manage_permission_specific\";s:0:\"\";s:20:\"can_access_suppliers\";N;s:20:\"can_create_suppliers\";N;s:18:\"can_edit_suppliers\";N;s:20:\"can_delete_suppliers\";N;s:26:\"supplier_manage_permission\";N;s:35:\"supplier_manage_permission_specific\";s:0:\"\";s:26:\"can_access_purchase_orders\";N;s:26:\"can_create_purchase_orders\";N;s:24:\"can_edit_purchase_orders\";N;s:26:\"can_delete_purchase_orders\";N;s:32:\"purchase_order_manage_permission\";N;s:41:\"purchase_order_manage_permission_specific\";s:0:\"\";s:16:\"can_access_items\";N;s:16:\"can_create_items\";N;s:14:\"can_edit_items\";N;s:16:\"can_delete_items\";N;s:22:\"item_manage_permission\";N;s:31:\"item_manage_permission_specific\";s:0:\"\";s:19:\"can_access_expenses\";N;s:19:\"can_create_expenses\";N;s:17:\"can_edit_expenses\";N;s:19:\"can_delete_expenses\";N;s:25:\"expense_manage_permission\";N;s:34:\"expense_manage_permission_specific\";s:0:\"\";s:20:\"internal_transaction\";N;s:27:\"can_access_invoice_payments\";N;s:27:\"can_create_invoice_payments\";N;s:25:\"can_edit_invoice_payments\";N;s:27:\"can_delete_invoice_payments\";N;s:34:\"can_access_purchase_order_payments\";N;s:34:\"can_create_purchase_order_payments\";N;s:32:\"can_edit_purchase_order_payments\";N;s:34:\"can_delete_purchase_order_payments\";N;s:19:\"can_access_contacts\";N;s:19:\"can_create_contacts\";N;s:17:\"can_edit_contacts\";N;s:19:\"can_delete_contacts\";N;s:25:\"contact_manage_permission\";N;s:34:\"contact_manage_permission_specific\";s:0:\"\";s:18:\"can_access_clients\";s:1:\"1\";s:18:\"can_create_clients\";s:1:\"1\";s:16:\"can_edit_clients\";s:1:\"1\";s:18:\"can_delete_clients\";N;s:24:\"client_manage_permission\";N;s:33:\"client_manage_permission_specific\";s:0:\"\";s:19:\"can_access_invoices\";N;s:19:\"can_create_invoices\";N;s:17:\"can_edit_invoices\";N;s:19:\"can_delete_invoices\";N;s:25:\"invoice_manage_permission\";N;s:34:\"invoice_manage_permission_specific\";s:0:\"\";s:20:\"can_access_estimates\";N;s:20:\"can_create_estimates\";N;s:18:\"can_edit_estimates\";N;s:20:\"can_delete_estimates\";N;s:26:\"estimate_manage_permission\";N;s:35:\"estimate_manage_permission_specific\";s:0:\"\";s:16:\"estimate_request\";N;s:8:\"discount\";i:0;s:8:\"expenses\";s:0:\"\";s:9:\"estimates\";N;s:8:\"invoices\";N;s:16:\"invoice_payments\";N;s:14:\"delivery_notes\";N;s:15:\"purchase_orders\";N;s:23:\"purchase_order_payments\";N;s:8:\"payrolls\";N;s:21:\"internal_transactions\";N;}',0),(9,'Project manger (Maintance)',NULL,0),(10,'Sales Manager Team A','a:115:{s:5:\"leave\";N;s:14:\"leave_specific\";s:0:\"\";s:10:\"attendance\";N;s:19:\"attendance_specific\";s:0:\"\";s:7:\"invoice\";N;s:8:\"estimate\";N;s:7:\"expense\";N;s:6:\"client\";N;s:4:\"lead\";N;s:6:\"ticket\";N;s:15:\"ticket_specific\";s:0:\"\";s:12:\"announcement\";N;s:23:\"help_and_knowledge_base\";N;s:23:\"can_manage_all_projects\";N;s:19:\"can_create_projects\";N;s:17:\"can_edit_projects\";N;s:19:\"can_delete_projects\";N;s:30:\"can_add_remove_project_members\";N;s:16:\"can_create_tasks\";N;s:14:\"can_edit_tasks\";N;s:16:\"can_delete_tasks\";N;s:20:\"can_comment_on_tasks\";N;s:24:\"show_assigned_tasks_only\";N;s:21:\"can_create_milestones\";N;s:19:\"can_edit_milestones\";N;s:21:\"can_delete_milestones\";N;s:16:\"can_delete_files\";N;s:34:\"can_view_team_members_contact_info\";N;s:34:\"can_view_team_members_social_links\";N;s:29:\"team_member_update_permission\";N;s:38:\"team_member_update_permission_specific\";s:0:\"\";s:27:\"timesheet_manage_permission\";N;s:36:\"timesheet_manage_permission_specific\";s:0:\"\";s:21:\"disable_event_sharing\";N;s:22:\"hide_team_members_list\";N;s:28:\"can_delete_leave_application\";N;s:10:\"accounting\";N;s:7:\"payroll\";N;s:5:\"eroom\";N;s:4:\"logs\";N;s:7:\"reports\";N;s:25:\"can_access_delivery_notes\";N;s:25:\"can_create_delivery_notes\";N;s:23:\"can_edit_delivery_notes\";N;s:25:\"can_delete_delivery_notes\";N;s:31:\"delivery_note_manage_permission\";N;s:40:\"delivery_note_manage_permission_specific\";s:0:\"\";s:20:\"can_access_suppliers\";N;s:20:\"can_create_suppliers\";N;s:18:\"can_edit_suppliers\";N;s:20:\"can_delete_suppliers\";N;s:26:\"supplier_manage_permission\";N;s:35:\"supplier_manage_permission_specific\";s:0:\"\";s:26:\"can_access_purchase_orders\";N;s:26:\"can_create_purchase_orders\";N;s:24:\"can_edit_purchase_orders\";N;s:26:\"can_delete_purchase_orders\";N;s:32:\"purchase_order_manage_permission\";N;s:41:\"purchase_order_manage_permission_specific\";s:0:\"\";s:16:\"can_access_items\";N;s:16:\"can_create_items\";N;s:14:\"can_edit_items\";N;s:16:\"can_delete_items\";N;s:22:\"item_manage_permission\";N;s:31:\"item_manage_permission_specific\";s:0:\"\";s:19:\"can_access_expenses\";N;s:19:\"can_create_expenses\";N;s:17:\"can_edit_expenses\";N;s:19:\"can_delete_expenses\";N;s:25:\"expense_manage_permission\";N;s:34:\"expense_manage_permission_specific\";s:0:\"\";s:20:\"internal_transaction\";N;s:27:\"can_access_invoice_payments\";N;s:27:\"can_create_invoice_payments\";N;s:25:\"can_edit_invoice_payments\";N;s:27:\"can_delete_invoice_payments\";N;s:34:\"can_access_purchase_order_payments\";N;s:34:\"can_create_purchase_order_payments\";N;s:32:\"can_edit_purchase_order_payments\";N;s:34:\"can_delete_purchase_order_payments\";N;s:19:\"can_access_contacts\";s:1:\"1\";s:19:\"can_create_contacts\";N;s:17:\"can_edit_contacts\";N;s:19:\"can_delete_contacts\";N;s:25:\"contact_manage_permission\";N;s:34:\"contact_manage_permission_specific\";s:0:\"\";s:18:\"can_access_clients\";s:1:\"1\";s:18:\"can_create_clients\";N;s:16:\"can_edit_clients\";N;s:18:\"can_delete_clients\";N;s:24:\"client_manage_permission\";N;s:33:\"client_manage_permission_specific\";s:0:\"\";s:19:\"can_access_invoices\";s:1:\"1\";s:19:\"can_create_invoices\";s:1:\"1\";s:17:\"can_edit_invoices\";s:1:\"1\";s:19:\"can_delete_invoices\";s:1:\"1\";s:25:\"invoice_manage_permission\";s:8:\"specific\";s:34:\"invoice_manage_permission_specific\";s:6:\"team:1\";s:20:\"can_access_estimates\";N;s:20:\"can_create_estimates\";N;s:18:\"can_edit_estimates\";N;s:20:\"can_delete_estimates\";N;s:26:\"estimate_manage_permission\";N;s:35:\"estimate_manage_permission_specific\";s:0:\"\";s:16:\"estimate_request\";N;s:8:\"discount\";i:0;s:8:\"expenses\";N;s:9:\"estimates\";N;s:8:\"invoices\";N;s:16:\"invoice_payments\";N;s:14:\"delivery_notes\";N;s:15:\"purchase_orders\";N;s:23:\"purchase_order_payments\";N;s:8:\"payrolls\";N;s:21:\"internal_transactions\";N;}',0),(11,'Project Engineer',NULL,0),(12,'Faince',NULL,0),(13,'Accountant','a:115:{s:5:\"leave\";N;s:14:\"leave_specific\";s:0:\"\";s:10:\"attendance\";N;s:19:\"attendance_specific\";s:0:\"\";s:7:\"invoice\";N;s:8:\"estimate\";N;s:7:\"expense\";N;s:6:\"client\";N;s:4:\"lead\";N;s:6:\"ticket\";N;s:15:\"ticket_specific\";s:0:\"\";s:12:\"announcement\";N;s:23:\"help_and_knowledge_base\";N;s:23:\"can_manage_all_projects\";N;s:19:\"can_create_projects\";N;s:17:\"can_edit_projects\";N;s:19:\"can_delete_projects\";N;s:30:\"can_add_remove_project_members\";N;s:16:\"can_create_tasks\";N;s:14:\"can_edit_tasks\";N;s:16:\"can_delete_tasks\";N;s:20:\"can_comment_on_tasks\";N;s:24:\"show_assigned_tasks_only\";N;s:21:\"can_create_milestones\";N;s:19:\"can_edit_milestones\";N;s:21:\"can_delete_milestones\";N;s:16:\"can_delete_files\";N;s:34:\"can_view_team_members_contact_info\";N;s:34:\"can_view_team_members_social_links\";N;s:29:\"team_member_update_permission\";N;s:38:\"team_member_update_permission_specific\";s:0:\"\";s:27:\"timesheet_manage_permission\";N;s:36:\"timesheet_manage_permission_specific\";s:0:\"\";s:21:\"disable_event_sharing\";N;s:22:\"hide_team_members_list\";N;s:28:\"can_delete_leave_application\";N;s:10:\"accounting\";N;s:7:\"payroll\";N;s:5:\"eroom\";N;s:4:\"logs\";N;s:7:\"reports\";N;s:25:\"can_access_delivery_notes\";N;s:25:\"can_create_delivery_notes\";N;s:23:\"can_edit_delivery_notes\";N;s:25:\"can_delete_delivery_notes\";N;s:31:\"delivery_note_manage_permission\";N;s:40:\"delivery_note_manage_permission_specific\";s:0:\"\";s:20:\"can_access_suppliers\";s:1:\"1\";s:20:\"can_create_suppliers\";N;s:18:\"can_edit_suppliers\";N;s:20:\"can_delete_suppliers\";N;s:26:\"supplier_manage_permission\";N;s:35:\"supplier_manage_permission_specific\";s:0:\"\";s:26:\"can_access_purchase_orders\";s:1:\"1\";s:26:\"can_create_purchase_orders\";s:1:\"1\";s:24:\"can_edit_purchase_orders\";s:1:\"1\";s:26:\"can_delete_purchase_orders\";N;s:32:\"purchase_order_manage_permission\";N;s:41:\"purchase_order_manage_permission_specific\";s:0:\"\";s:16:\"can_access_items\";N;s:16:\"can_create_items\";N;s:14:\"can_edit_items\";N;s:16:\"can_delete_items\";N;s:22:\"item_manage_permission\";N;s:31:\"item_manage_permission_specific\";s:0:\"\";s:19:\"can_access_expenses\";N;s:19:\"can_create_expenses\";N;s:17:\"can_edit_expenses\";N;s:19:\"can_delete_expenses\";N;s:25:\"expense_manage_permission\";N;s:34:\"expense_manage_permission_specific\";s:0:\"\";s:20:\"internal_transaction\";N;s:27:\"can_access_invoice_payments\";N;s:27:\"can_create_invoice_payments\";N;s:25:\"can_edit_invoice_payments\";N;s:27:\"can_delete_invoice_payments\";N;s:34:\"can_access_purchase_order_payments\";N;s:34:\"can_create_purchase_order_payments\";N;s:32:\"can_edit_purchase_order_payments\";N;s:34:\"can_delete_purchase_order_payments\";N;s:19:\"can_access_contacts\";N;s:19:\"can_create_contacts\";N;s:17:\"can_edit_contacts\";N;s:19:\"can_delete_contacts\";N;s:25:\"contact_manage_permission\";N;s:34:\"contact_manage_permission_specific\";s:0:\"\";s:18:\"can_access_clients\";N;s:18:\"can_create_clients\";N;s:16:\"can_edit_clients\";N;s:18:\"can_delete_clients\";N;s:24:\"client_manage_permission\";N;s:33:\"client_manage_permission_specific\";s:0:\"\";s:19:\"can_access_invoices\";s:1:\"1\";s:19:\"can_create_invoices\";s:1:\"1\";s:17:\"can_edit_invoices\";s:1:\"1\";s:19:\"can_delete_invoices\";N;s:25:\"invoice_manage_permission\";N;s:34:\"invoice_manage_permission_specific\";s:0:\"\";s:20:\"can_access_estimates\";s:1:\"1\";s:20:\"can_create_estimates\";s:1:\"1\";s:18:\"can_edit_estimates\";N;s:20:\"can_delete_estimates\";N;s:26:\"estimate_manage_permission\";N;s:35:\"estimate_manage_permission_specific\";s:0:\"\";s:16:\"estimate_request\";N;s:8:\"discount\";i:0;s:8:\"expenses\";N;s:9:\"estimates\";N;s:8:\"invoices\";N;s:16:\"invoice_payments\";N;s:14:\"delivery_notes\";N;s:15:\"purchase_orders\";N;s:23:\"purchase_order_payments\";N;s:8:\"payrolls\";N;s:21:\"internal_transactions\";N;}',1),(14,'Purchase','a:115:{s:5:\"leave\";N;s:14:\"leave_specific\";s:0:\"\";s:10:\"attendance\";N;s:19:\"attendance_specific\";s:0:\"\";s:7:\"invoice\";N;s:8:\"estimate\";N;s:7:\"expense\";N;s:6:\"client\";N;s:4:\"lead\";N;s:6:\"ticket\";N;s:15:\"ticket_specific\";s:0:\"\";s:12:\"announcement\";N;s:23:\"help_and_knowledge_base\";N;s:23:\"can_manage_all_projects\";N;s:19:\"can_create_projects\";N;s:17:\"can_edit_projects\";N;s:19:\"can_delete_projects\";N;s:30:\"can_add_remove_project_members\";N;s:16:\"can_create_tasks\";N;s:14:\"can_edit_tasks\";N;s:16:\"can_delete_tasks\";N;s:20:\"can_comment_on_tasks\";N;s:24:\"show_assigned_tasks_only\";N;s:21:\"can_create_milestones\";N;s:19:\"can_edit_milestones\";N;s:21:\"can_delete_milestones\";N;s:16:\"can_delete_files\";N;s:34:\"can_view_team_members_contact_info\";N;s:34:\"can_view_team_members_social_links\";N;s:29:\"team_member_update_permission\";N;s:38:\"team_member_update_permission_specific\";s:0:\"\";s:27:\"timesheet_manage_permission\";N;s:36:\"timesheet_manage_permission_specific\";s:0:\"\";s:21:\"disable_event_sharing\";N;s:22:\"hide_team_members_list\";N;s:28:\"can_delete_leave_application\";N;s:10:\"accounting\";N;s:7:\"payroll\";N;s:5:\"eroom\";N;s:4:\"logs\";N;s:7:\"reports\";N;s:25:\"can_access_delivery_notes\";N;s:25:\"can_create_delivery_notes\";N;s:23:\"can_edit_delivery_notes\";N;s:25:\"can_delete_delivery_notes\";N;s:31:\"delivery_note_manage_permission\";N;s:40:\"delivery_note_manage_permission_specific\";s:0:\"\";s:20:\"can_access_suppliers\";N;s:20:\"can_create_suppliers\";N;s:18:\"can_edit_suppliers\";N;s:20:\"can_delete_suppliers\";N;s:26:\"supplier_manage_permission\";N;s:35:\"supplier_manage_permission_specific\";s:0:\"\";s:26:\"can_access_purchase_orders\";N;s:26:\"can_create_purchase_orders\";N;s:24:\"can_edit_purchase_orders\";N;s:26:\"can_delete_purchase_orders\";N;s:32:\"purchase_order_manage_permission\";N;s:41:\"purchase_order_manage_permission_specific\";s:0:\"\";s:16:\"can_access_items\";N;s:16:\"can_create_items\";N;s:14:\"can_edit_items\";N;s:16:\"can_delete_items\";N;s:22:\"item_manage_permission\";N;s:31:\"item_manage_permission_specific\";s:0:\"\";s:19:\"can_access_expenses\";N;s:19:\"can_create_expenses\";N;s:17:\"can_edit_expenses\";N;s:19:\"can_delete_expenses\";N;s:25:\"expense_manage_permission\";N;s:34:\"expense_manage_permission_specific\";s:0:\"\";s:20:\"internal_transaction\";N;s:27:\"can_access_invoice_payments\";N;s:27:\"can_create_invoice_payments\";N;s:25:\"can_edit_invoice_payments\";N;s:27:\"can_delete_invoice_payments\";N;s:34:\"can_access_purchase_order_payments\";N;s:34:\"can_create_purchase_order_payments\";N;s:32:\"can_edit_purchase_order_payments\";N;s:34:\"can_delete_purchase_order_payments\";N;s:19:\"can_access_contacts\";N;s:19:\"can_create_contacts\";N;s:17:\"can_edit_contacts\";N;s:19:\"can_delete_contacts\";N;s:25:\"contact_manage_permission\";N;s:34:\"contact_manage_permission_specific\";s:0:\"\";s:18:\"can_access_clients\";N;s:18:\"can_create_clients\";N;s:16:\"can_edit_clients\";N;s:18:\"can_delete_clients\";N;s:24:\"client_manage_permission\";N;s:33:\"client_manage_permission_specific\";s:0:\"\";s:19:\"can_access_invoices\";N;s:19:\"can_create_invoices\";N;s:17:\"can_edit_invoices\";N;s:19:\"can_delete_invoices\";N;s:25:\"invoice_manage_permission\";N;s:34:\"invoice_manage_permission_specific\";s:0:\"\";s:20:\"can_access_estimates\";N;s:20:\"can_create_estimates\";N;s:18:\"can_edit_estimates\";N;s:20:\"can_delete_estimates\";N;s:26:\"estimate_manage_permission\";N;s:35:\"estimate_manage_permission_specific\";s:0:\"\";s:16:\"estimate_request\";N;s:8:\"discount\";i:0;s:8:\"expenses\";N;s:9:\"estimates\";N;s:8:\"invoices\";N;s:16:\"invoice_payments\";N;s:14:\"delivery_notes\";N;s:15:\"purchase_orders\";N;s:23:\"purchase_order_payments\";N;s:8:\"payrolls\";N;s:21:\"internal_transactions\";N;}',0),(15,'Coordinator',NULL,0),(16,'Sales Executive',NULL,0),(17,'تاجر',NULL,0),(18,'Worker',NULL,0);

--
-- Table structure for table `erp_demosalary_advance`
--

CREATE TABLE `erp_demosalary_advance` (
  `id` int(11) NOT NULL AUTO_INCREMENT,
  `user_id` int(11) DEFAULT NULL,
  `amount` float NOT NULL DEFAULT '0',
  `date` date DEFAULT NULL,
  `deleted` tinyint(1) DEFAULT '0',
  PRIMARY KEY (`id`)
) ENGINE=InnoDB AUTO_INCREMENT=5 DEFAULT CHARSET=utf8 COLLATE=utf8_unicode_ci;

--
-- Dumping data for table `erp_demosalary_advance`
--

INSERT INTO `erp_demosalary_advance` VALUES (1,41,500,'2022-08-09',0),(2,53,100,'2022-11-17',0),(3,56,100,'2022-11-22',0),(4,55,50,'2023-07-11',0);

--
-- Table structure for table `erp_demosale_return_items`
--

CREATE TABLE `erp_demosale_return_items` (
  `id` int(11) NOT NULL AUTO_INCREMENT,
  `sale_return_id` int(11) NOT NULL,
  `item_id` int(11) NOT NULL,
  `invoice_item_id` int(11) NOT NULL,
  `quantity` double NOT NULL DEFAULT '0',
  `deleted` int(1) NOT NULL DEFAULT '0',
  `sort` int(11) NOT NULL DEFAULT '0',
  PRIMARY KEY (`id`)
) ENGINE=InnoDB AUTO_INCREMENT=7 DEFAULT CHARSET=utf8 COLLATE=utf8_unicode_ci;

--
-- Dumping data for table `erp_demosale_return_items`
--

INSERT INTO `erp_demosale_return_items` VALUES (1,1,1,1,1,0,0),(2,2,1,1,1,0,0),(3,3,1,1,1,0,0),(4,4,31,85,2,0,0),(5,4,27,86,1,0,0),(6,4,25,87,1,0,0);

--
-- Table structure for table `erp_demosale_returns`
--

CREATE TABLE `erp_demosale_returns` (
  `id` int(11) NOT NULL AUTO_INCREMENT,
  `invoice_id` int(11) NOT NULL,
  `client_id` int(11) NOT NULL DEFAULT '0',
  `payment_method_id` int(11) DEFAULT '0',
  `transaction_id` int(11) DEFAULT '0',
  `date` date NOT NULL,
  `status` enum('draft','approved') COLLATE utf8_unicode_ci DEFAULT 'draft',
  `note` text COLLATE utf8_unicode_ci,
  `deleted` int(1) NOT NULL DEFAULT '0',
  PRIMARY KEY (`id`)
) ENGINE=InnoDB AUTO_INCREMENT=5 DEFAULT CHARSET=utf8 COLLATE=utf8_unicode_ci;

--
-- Dumping data for table `erp_demosale_returns`
--

INSERT INTO `erp_demosale_returns` VALUES (1,1,1,4,0,'2022-07-25','approved','dammage',0),(2,1,1,4,0,'2022-08-15','approved','',0),(3,1,1,4,0,'2022-08-15','draft','',0),(4,157,32,1,0,'2022-10-18','approved','',0);

--
-- Table structure for table `erp_demosettings`
--

CREATE TABLE `erp_demosettings` (
  `setting_name` varchar(100) COLLATE utf8_unicode_ci NOT NULL,
  `setting_value` mediumtext COLLATE utf8_unicode_ci NOT NULL,
  `type` varchar(20) COLLATE utf8_unicode_ci NOT NULL DEFAULT 'app',
  `deleted` tinyint(1) NOT NULL DEFAULT '0',
  UNIQUE KEY `setting_name` (`setting_name`)
) ENGINE=InnoDB DEFAULT CHARSET=utf8 COLLATE=utf8_unicode_ci;

--
-- Dumping data for table `erp_demosettings`
--

INSERT INTO `erp_demosettings` VALUES ('accepted_file_formats','jpg,jpeg,doc,pdf,csv,pptx,xlsx,docx,png,rar','app',0),('allow_partial_invoice_payment_from_clients','','app',0),('allowed_ip_addresses','','app',0),('app_title','Teamway ERP','app',0),('attendance_password','94269935','app',0),('client_can_add_project_files','1','app',0),('client_can_comment_on_files','1','app',0),('client_can_comment_on_tasks','1','app',0),('client_can_create_projects','1','app',0),('client_can_create_tasks','1','app',0),('client_can_edit_tasks','1','app',0),('client_can_view_activity','1','app',0),('client_can_view_gantt','1','app',0),('client_can_view_milestones','1','app',0),('client_can_view_overview','1','app',0),('client_can_view_project_files','1','app',0),('client_can_view_tasks','1','app',0),('client_default_dashboard','','app',0),('client_message_own_contacts','1','app',0),('client_message_users','5','app',0),('company_address','CR:1502140   P.CODE:111   P.O.BOX:2929   GSM:79119561   E-MAIL:INFO@ALARABIYADATE.COM\nالمقر الرئيسي للشركة - رقم البناية000, رقم القطعة311, رقم الشارع 63, الموالح الجنوبية - السيب, ص.ب 2929, الرمز البريدي 111, روي, سلطنة عمان - هاتف +96879119561 فاكس: +96824703016','app',0),('company_email','info@alarabiyadate.com','app',0),('company_name','ALARABIYA COMPANY','app',0),('company_phone','79119561 - 24287926','app',0),('company_vat_number','','app',0),('company_website','https://alarabiyadate.com/','app',0),('cost_of_goods_sold','1','app',0),('currency_position','right','app',0),('currency_symbol',' /OMR','app',0),('date_format','d-m-Y','app',0),('decimal_separator','.','app',0),('default_bank','923','app',0),('default_cash_on_hand','931','app',0),('default_currency','OMR','app',0),('default_due_date_after_billing_date','','app',0),('default_inventory','10','app',0),('default_sales','20','app',0),('disable_client_login','1','app',0),('disable_client_signup','1','app',0),('discount','4','app',0),('email_protocol','','app',0),('email_sent_from_address','info@teamway.om','app',0),('email_sent_from_name','Teamway','app',0),('email_smtp_host','','app',0),('email_smtp_pass','','app',0),('email_smtp_port','','app',0),('email_smtp_security_type','none','app',0),('email_smtp_user','','app',0),('enable_attendance','','app',0),('enable_email_piping','','app',0),('enable_google_calendar_api','','app',0),('enable_push_notification','','app',0),('enable_rich_text_editor','0','app',0),('estimate_color','#ADD8E6','app',0),('estimate_logo','a:1:{s:9:\"file_name\";s:36:\"_file639cae77dd94d-estimate-logo.png\";}','app',0),('favicon','a:1:{s:9:\"file_name\";s:30:\"_file636f9c5175a88-favicon.png\";}','app',0),('financial_year_end','2022-01-01','app',0),('first_day_of_week','6','app',0),('hidden_client_menus','','app',0),('imap_email','info@teamway.om','app',0),('imap_host','','app',0),('imap_password','00000','app',0),('imap_port','','app',0),('imap_ssl_enabled','1','app',0),('initial_number_of_the_estimate','87','app',0),('initial_number_of_the_invoice','1036','app',0),('invoice_color','#0096FF','app',0),('invoice_footer','<p><br></p>','app',0),('invoice_logo','a:1:{s:9:\"file_name\";s:35:\"_file643bc8408da50-invoice-logo.png\";}','app',0),('invoice_prefix','Taadq/','app',0),('item_purchase_code','53434654','app',0),('language','english','app',0),('leave_salary_expenses','21','app',0),('module_announcement','1','app',0),('module_attendance','','app',0),('module_chat','1','app',0),('module_estimate','1','app',0),('module_estimate_request','','app',0),('module_event','1','app',0),('module_expense','1','app',0),('module_help','','app',0),('module_invoice','1','app',0),('module_knowledge_base','1','app',0),('module_lead','1','app',0),('module_leave','1','app',0),('module_message','1','app',0),('module_note','1','app',0),('module_project_timesheet','','app',0),('module_ticket','','app',0),('module_timeline','1','app',0),('module_todo','1','app',0),('no_of_decimals','2','app',0),('payable_cheques','13','app',0),('payable_EOS_benefits','21','app',0),('payable_job_security','21','app',0),('payable_leave_salaries','21','app',0),('payable_PASI','21','app',0),('payable_salaries','21','app',0),('project_reference_in_tickets','1','app',0),('pusher_app_id','929038','app',0),('pusher_cluster','eu','app',0),('pusher_key','2cbc86a72bfa9a85b0e5','app',0),('pusher_secret','53077cbb420c5e79c8f6','app',0),('receivable_cheques','5','app',0),('rows_per_page','100','app',0),('salary_advances','21','app',0),('salary_expenses','21','app',0),('scrollbar','native','app',0),('send_bcc_to','','app',0),('send_estimate_bcc_to','info@alarabiyadate.com','app',0),('show_background_image_in_signin_page','yes','app',0),('show_logo_in_signin_page','yes','app',0),('show_recent_ticket_comments_at_the_top','1','app',0),('signin_page_background','a:4:{s:9:\"file_name\";s:42:\"system_file636f9c517cb0b-Teamway-Logo.jpeg\";s:9:\"file_size\";s:5:\"23170\";s:7:\"file_id\";N;s:12:\"service_type\";N;}','app',0),('site_logo','a:1:{s:9:\"file_name\";s:32:\"_file636f9c5174fd1-site-logo.png\";}','app',0),('ticket_prefix','','app',0),('time_format','24_hours','app',0),('timezone','Asia/Muscat','app',0),('user_1_allowed_distance','100000','user',0),('user_1_dashboard','','user',0),('user_1_disable_push_notification','0','user',0),('user_1_hidden_topbar_menus','','user',0),('user_1_location','23.620058326708097,58.24233084570313','user',0),('user_1_notification_sound_volume','4','user',0),('user_1_personal_language','english','user',0),('user_10_dashboard','','user',0),('user_10_personal_language','english','user',0),('user_11_dashboard','','user',0),('user_2_dashboard','','user',0),('user_21_dashboard','','user',0),('user_21_personal_language','english','user',0),('user_23_dashboard','','user',0),('user_24_dashboard','','user',0),('user_24_personal_language','arabic','user',0),('user_25_dashboard','','user',0),('user_25_personal_language','english','user',0),('user_3_dashboard','','user',0),('user_37_dashboard','','user',0),('user_39_dashboard','','user',0),('user_4_dashboard','','user',0),('user_47_dashboard','','user',0),('user_47_personal_language','english','user',0),('user_5_allowed_distance','100000000','user',0),('user_5_dashboard','6','user',0),('user_5_disable_push_notification','1','user',0),('user_5_hidden_topbar_menus','','user',0),('user_5_location','23.673522614041882,57.680654820312505','user',0),('user_5_notification_sound_volume','7','user',0),('user_5_personal_language','english','user',0),('user_6_dashboard','','user',0),('user_6_personal_language','english','user',0),('VAT_expense','21','app',0),('VAT_in','5','app',0),('VAT_out','21','app',0),('weekend','0','app',0);

--
-- Table structure for table `erp_demoshipment_items`
--

CREATE TABLE `erp_demoshipment_items` (
  `id` int(11) NOT NULL AUTO_INCREMENT,
  `item_id` int(11) NOT NULL,
  `po_item_id` int(11) NOT NULL,
  `quantity` double NOT NULL DEFAULT '0',
  `deleted` int(1) NOT NULL DEFAULT '0',
  `shipment_id` int(11) NOT NULL,
  `sort` int(11) NOT NULL DEFAULT '0',
  PRIMARY KEY (`id`)
) ENGINE=InnoDB AUTO_INCREMENT=24 DEFAULT CHARSET=utf8 COLLATE=utf8_unicode_ci;

--
-- Dumping data for table `erp_demoshipment_items`
--

INSERT INTO `erp_demoshipment_items` VALUES (1,4,1,10,0,1,0),(2,4,6,998,0,2,0),(3,2,7,0,0,2,0),(4,5,8,0,0,2,0),(5,6,9,1,0,2,0),(6,1,10,1,0,2,0),(7,20,18,3,0,3,0),(8,21,19,5,0,3,0),(9,16,16,2,0,4,1),(10,15,17,1,0,4,0),(11,0,27,100,0,6,0),(12,25,35,1,0,7,0),(13,33,36,0,0,7,0),(14,28,37,10,0,8,0),(15,39,38,5,0,9,0),(16,39,38,5,0,10,0),(17,53,41,5,0,11,0),(18,53,41,5,0,12,0),(19,56,43,4,0,13,0),(20,40,44,2,0,14,0),(21,51,45,1,0,14,0),(22,40,46,1,0,15,0),(23,39,47,1,0,15,0);

--
-- Table structure for table `erp_demoshipments`
--

CREATE TABLE `erp_demoshipments` (
  `id` int(11) NOT NULL AUTO_INCREMENT,
  `purchase_order_id` int(11) NOT NULL,
  `supplier_id` int(11) NOT NULL DEFAULT '0',
  `date` date NOT NULL,
  `invoice_number` varchar(255) COLLATE utf8_unicode_ci DEFAULT NULL,
  `invoice_date` date DEFAULT NULL,
  `delivery_note_number` varchar(255) COLLATE utf8_unicode_ci DEFAULT NULL,
  `delivery_note_date` date DEFAULT NULL,
  `status` enum('draft','approved') COLLATE utf8_unicode_ci DEFAULT NULL,
  `note` text COLLATE utf8_unicode_ci,
  `deleted` int(1) NOT NULL DEFAULT '0',
  PRIMARY KEY (`id`)
) ENGINE=InnoDB AUTO_INCREMENT=16 DEFAULT CHARSET=utf8 COLLATE=utf8_unicode_ci;

--
-- Dumping data for table `erp_demoshipments`
--

INSERT INTO `erp_demoshipments` VALUES (1,2,1,'2022-07-25','234124545','2022-07-25','41545545','2022-07-25','approved','',0),(2,7,2,'2022-08-13','','0000-00-00','','0000-00-00','approved','',0),(3,12,4,'2022-09-08','5665767','2022-09-08','2','2022-09-08','approved','HGJGHJ',0),(4,11,4,'2022-09-07','54Q','2022-09-08','5356','2022-09-08','approved','',0),(5,15,6,'2022-09-22','15','2022-09-22','','0000-00-00','approved','',0),(6,19,7,'2022-09-24','#19','2022-09-24','','0000-00-00','draft','',0),(7,26,4,'2022-11-01','3819050','2022-11-02','8494','2022-11-08','approved','',0),(8,27,4,'2022-11-03','4567','2022-11-10','23','2022-11-10','approved','',0),(9,28,9,'2022-11-14','1234','2022-11-14','122','2022-11-14','approved','',0),(10,28,9,'2022-11-15','1343','2022-11-15','5315','2022-11-15','approved','',0),(11,31,6,'2023-01-29','123','2023-01-29','222','2023-01-29','approved','123',0),(12,31,6,'2023-01-29','123','2023-01-29','123123','2023-01-29','approved','123123',0),(13,33,4,'2023-02-07','123','2023-02-07','123','2023-02-07','approved','',0),(14,34,4,'2023-02-16','13445','2023-02-16','22','2023-02-16','approved','tc',0),(15,35,4,'2023-04-18','123','2023-04-18','12','2023-04-18','approved','',0);

--
-- Table structure for table `erp_demosocial_links`
--

CREATE TABLE `erp_demosocial_links` (
  `id` int(11) NOT NULL,
  `user_id` int(11) NOT NULL,
  `facebook` text COLLATE utf8_unicode_ci,
  `twitter` text COLLATE utf8_unicode_ci,
  `linkedin` text COLLATE utf8_unicode_ci,
  `googleplus` text COLLATE utf8_unicode_ci,
  `digg` text COLLATE utf8_unicode_ci,
  `youtube` text COLLATE utf8_unicode_ci,
  `pinterest` text COLLATE utf8_unicode_ci,
  `instagram` text COLLATE utf8_unicode_ci,
  `github` text COLLATE utf8_unicode_ci,
  `tumblr` text COLLATE utf8_unicode_ci,
  `vine` text COLLATE utf8_unicode_ci,
  `deleted` tinyint(1) NOT NULL DEFAULT '0',
  PRIMARY KEY (`id`)
) ENGINE=InnoDB DEFAULT CHARSET=utf8 COLLATE=utf8_unicode_ci;

--
-- Dumping data for table `erp_demosocial_links`
--


--
-- Table structure for table `erp_demostock_adjustments`
--

CREATE TABLE `erp_demostock_adjustments` (
  `id` int(11) NOT NULL AUTO_INCREMENT,
  `item_id` int(11) NOT NULL,
  `quantity` double NOT NULL DEFAULT '0',
  `note` text COLLATE utf8_unicode_ci,
  `deleted` int(11) NOT NULL DEFAULT '0',
  PRIMARY KEY (`id`)
) ENGINE=InnoDB AUTO_INCREMENT=8 DEFAULT CHARSET=utf8 COLLATE=utf8_unicode_ci;

--
-- Dumping data for table `erp_demostock_adjustments`
--

INSERT INTO `erp_demostock_adjustments` VALUES (1,28,100,'',0),(2,27,20,'',0),(3,26,-51,'',0),(4,25,-26,'',0),(5,27,-10,'',0),(6,31,10,'',0),(7,36,5,'',0);

--
-- Table structure for table `erp_demosuppliers`
--

CREATE TABLE `erp_demosuppliers` (
  `id` int(11) NOT NULL AUTO_INCREMENT,
  `company_name` varchar(150) COLLATE utf8_unicode_ci NOT NULL,
  `contact_name` varchar(150) COLLATE utf8_unicode_ci DEFAULT NULL,
  `address` text COLLATE utf8_unicode_ci,
  `city` varchar(50) COLLATE utf8_unicode_ci DEFAULT NULL,
  `state` varchar(50) COLLATE utf8_unicode_ci DEFAULT NULL,
  `zip` varchar(50) COLLATE utf8_unicode_ci DEFAULT NULL,
  `country` varchar(20) COLLATE utf8_unicode_ci DEFAULT NULL,
  `created_date` date DEFAULT NULL,
  `website` text COLLATE utf8_unicode_ci,
  `phone` varchar(20) COLLATE utf8_unicode_ci DEFAULT NULL,
  `alternative_phone` varchar(20) COLLATE utf8_unicode_ci DEFAULT NULL,
  `currency_symbol` varchar(20) COLLATE utf8_unicode_ci DEFAULT NULL,
  `currency` varchar(3) COLLATE utf8_unicode_ci DEFAULT NULL,
  `vat_number` text COLLATE utf8_unicode_ci,
  `note` mediumtext COLLATE utf8_unicode_ci NOT NULL,
  `account_id` int(11) NOT NULL DEFAULT '0',
  `advance_account_id` int(11) NOT NULL DEFAULT '0',
  `deleted` tinyint(4) NOT NULL DEFAULT '0',
  PRIMARY KEY (`id`)
) ENGINE=MyISAM AUTO_INCREMENT=10 DEFAULT CHARSET=utf8 COLLATE=utf8_unicode_ci;

--
-- Dumping data for table `erp_demosuppliers`
--

INSERT INTO `erp_demosuppliers` VALUES (1,'test','44444','','','','','','2022-07-20','','343343','','','','','',904,0,1),(2,'xx company','mohammed','test','','','','','2022-08-02','','8i763356','84734763','','','','',912,0,1),(3,'civil company','mohammed','','','','','','2022-08-08','','343487585','','','','','',920,0,1),(4,'AB COMPANY','','','','','','','2022-08-18','','9777777','','','','12345678','',924,0,0),(5,'XY COMPANY','','','','','','','2022-08-18','','95555','','','','154654','',925,0,0),(6,'Amriya incense ','98777777','Muscat ','','','','','2022-08-21','','98777760','','','','','',926,0,0),(7,'Deestone Tyres Company LTD','Mr. Tum','Thailand ','','','','','2022-09-22','','0066951481354','','','','','',934,0,0),(8,'ahmed','','','','','','','2022-09-26','','78994555','','','','','',938,0,0),(9,'China company','Ahmed','','','','','','2022-11-13','','9878`637','','','','','',952,0,0);

--
-- Table structure for table `erp_demotask_status`
--

CREATE TABLE `erp_demotask_status` (
  `id` int(11) NOT NULL AUTO_INCREMENT,
  `title` varchar(100) COLLATE utf8_unicode_ci NOT NULL,
  `key_name` varchar(100) COLLATE utf8_unicode_ci NOT NULL,
  `color` varchar(7) COLLATE utf8_unicode_ci NOT NULL,
  `sort` int(11) NOT NULL,
  `deleted` tinyint(1) NOT NULL DEFAULT '0',
  PRIMARY KEY (`id`)
) ENGINE=InnoDB AUTO_INCREMENT=6 DEFAULT CHARSET=utf8 COLLATE=utf8_unicode_ci;

--
-- Dumping data for table `erp_demotask_status`
--

INSERT INTO `erp_demotask_status` VALUES (1,'To Do','to_do','#d43480',1,0),(2,'In progress','in_progress','#1672B9',2,0),(3,'Done','done','#83c340',3,0),(4,'holding','','#aab7b7',4,0),(5,'تم التحويل','','#dbadff',0,0);

--
-- Table structure for table `erp_demotasks`
--

CREATE TABLE `erp_demotasks` (
  `id` int(11) NOT NULL AUTO_INCREMENT,
  `title` text COLLATE utf8_unicode_ci NOT NULL,
  `description` mediumtext COLLATE utf8_unicode_ci,
  `project_id` int(11) NOT NULL DEFAULT '0',
  `milestone_id` int(11) NOT NULL DEFAULT '0',
  `assigned_to` int(11) NOT NULL,
  `deadline` date DEFAULT NULL,
  `labels` text COLLATE utf8_unicode_ci,
  `points` tinyint(4) NOT NULL DEFAULT '1',
  `status` enum('to_do','in_progress','done') COLLATE utf8_unicode_ci NOT NULL DEFAULT 'to_do',
  `status_id` int(11) NOT NULL,
  `start_date` date DEFAULT NULL,
  `collaborators` text COLLATE utf8_unicode_ci NOT NULL,
  `sort` int(11) NOT NULL DEFAULT '0',
  `recurring` tinyint(1) NOT NULL DEFAULT '0',
  `repeat_every` int(11) NOT NULL DEFAULT '0',
  `repeat_type` enum('days','weeks','months','years') COLLATE utf8_unicode_ci DEFAULT NULL,
  `no_of_cycles` int(11) NOT NULL DEFAULT '0',
  `recurring_task_id` int(11) NOT NULL DEFAULT '0',
  `no_of_cycles_completed` int(11) NOT NULL DEFAULT '0',
  `created_date` date NOT NULL,
  `next_recurring_date` date DEFAULT NULL,
  `reminder_date` date NOT NULL,
  `ticket_id` int(11) NOT NULL,
  `deleted` tinyint(11) NOT NULL DEFAULT '0',
  PRIMARY KEY (`id`)
) ENGINE=InnoDB AUTO_INCREMENT=29 DEFAULT CHARSET=utf8 COLLATE=utf8_unicode_ci;

--
-- Dumping data for table `erp_demotasks`
--

INSERT INTO `erp_demotasks` VALUES (1,'design','',1,0,37,'2022-07-31','',1,'to_do',1,'2022-07-24','',0,0,0,'',0,0,0,'2022-07-24',NULL,'0000-00-00',0,0),(2,'شش','ششش',1,0,37,'2022-07-28','ش',2,'to_do',2,'2022-07-27','',0,0,0,'',0,0,0,'2022-07-27',NULL,'0000-00-00',0,0),(3,'survey','',1,0,37,'2022-07-30','',4,'to_do',3,'2022-07-27','',0,0,0,'',0,0,0,'2022-07-27',NULL,'0000-00-00',0,0),(4,'Site visit','ghfzghgh',4,1,1,'2022-08-05','',1,'to_do',3,'2022-08-04','38',10000000,0,0,'',0,0,0,'2022-08-04',NULL,'0000-00-00',0,0),(5,'MAKE graphic design','DHJKJFHFGDHF',5,0,39,'2022-08-11','',1,'to_do',4,'2022-08-07','',10000000,0,0,'',0,0,0,'2022-08-07',NULL,'0000-00-00',0,0),(6,'maintance ','light',6,0,1,NULL,'',1,'to_do',1,NULL,'',-492,0,0,'',0,0,0,'2022-08-07',NULL,'0000-00-00',0,0),(7,'maintance ','signboard',6,0,1,NULL,'',1,'to_do',3,NULL,'',10000000,0,0,'',0,0,0,'2022-08-07',NULL,'0000-00-00',0,0),(8,'Maintance','',6,0,1,NULL,'',1,'to_do',3,NULL,'',0,0,0,'',0,0,0,'2022-08-07',NULL,'0000-00-00',0,0),(9,'Site visit','jdbJDDM,D',11,0,41,'2022-08-13','',1,'to_do',3,'2022-08-08','1',10000000,0,0,'',0,0,0,'2022-08-08',NULL,'0000-00-00',0,0),(10,'content','test',16,0,38,'2022-08-21','',1,'to_do',3,'2022-08-14','',10000000,0,0,'',0,0,0,'2022-08-14',NULL,'0000-00-00',0,0),(11,'Register all the business cards. ','You have to write all the business cards. ',13,0,1,NULL,'',5,'to_do',1,'2022-08-21','',0,0,0,'',0,0,0,'2022-08-21',NULL,'0000-00-00',0,0),(12,'Site visit','',17,0,43,'2022-08-30','',1,'to_do',1,'2022-08-23','38',10000000,0,0,'',0,0,0,'2022-08-23',NULL,'0000-00-00',0,0),(13,'Construction of MH','excavation ',21,0,1,'2022-09-05','Construction',1,'to_do',3,'2022-09-01','',10,0,0,'',0,0,0,'2022-09-01',NULL,'0000-00-00',0,0),(14,'VISIT SIDE','FGF',22,0,43,'2022-09-07','',1,'to_do',3,'2022-09-07','38',0,0,0,'',0,0,0,'2022-09-07',NULL,'0000-00-00',0,0),(15,'purchase steel ','need to purchase steel and plan for exuviation ',24,0,0,'2022-10-25','',1,'to_do',1,'2022-10-23','',0,0,0,'',0,0,0,'2022-10-22',NULL,'0000-00-00',0,0),(16,'purchase blocks ','sold and hall blocks',24,0,1,'2022-10-29','',1,'to_do',3,'2022-10-23','',0,0,0,'',0,0,0,'2022-10-22',NULL,'0000-00-00',0,0),(17,'Visit site','jkdnkjcn',26,0,43,'2022-10-27','',1,'to_do',4,'2022-10-27','',10000000,0,0,'',0,0,0,'2022-10-27',NULL,'0000-00-00',0,0),(18,'Prototype','test',28,0,53,'2022-11-17','',1,'to_do',3,'2022-11-13','53',10000000,0,0,'',0,0,0,'2022-11-13',NULL,'0000-00-00',0,0),(19,'uvd','--',28,0,1,NULL,'',3,'to_do',1,NULL,'',0,0,0,'',0,0,0,'2022-11-23',NULL,'0000-00-00',0,0),(20,'mashermint','it should tack mashrint by zaheer',30,0,1,NULL,'',5,'to_do',1,NULL,'1',0,0,0,'',0,0,0,'2022-12-21',NULL,'0000-00-00',0,0),(21,'paint','paint 3 doors',17,0,1,'2023-01-30','',3,'to_do',4,'2023-01-28','',10000000,0,0,'',0,0,0,'2023-01-29',NULL,'0000-00-00',0,0),(22,'design','',31,0,0,NULL,'',1,'to_do',3,NULL,'',0,0,0,'',0,0,0,'2023-01-29',NULL,'0000-00-00',0,1),(23,'purchase','purchase material',31,0,0,'2023-01-31','',2,'to_do',1,'2023-01-29','',0,0,0,'',0,0,0,'2023-01-29',NULL,'0000-00-00',0,1),(24,'manufacture','',31,0,1,'2023-02-03','',3,'to_do',1,'2023-01-31','',0,0,0,'',0,0,0,'2023-01-29',NULL,'0000-00-00',0,1),(25,'paint','',31,0,0,'2023-02-04','',4,'to_do',1,'2023-02-03','',0,0,0,'',0,0,0,'2023-01-29',NULL,'0000-00-00',0,1),(26,'site vist','',33,3,56,'2023-02-06','',1,'to_do',2,'2023-01-29','56',10000000,0,0,'',0,0,0,'2023-01-29',NULL,'0000-00-00',0,0),(27,'SITE VISIT','TEST',34,0,56,'2023-02-01','',1,'to_do',2,'2023-01-31','1',10000000,0,0,'',0,0,0,'2023-01-31',NULL,'0000-00-00',0,0),(28,'Meet client','tset',29,0,60,'2023-04-14','',1,'to_do',3,'2023-04-13','',10000000,0,0,'',0,0,0,'2023-04-13',NULL,'0000-00-00',0,0);

--
-- Table structure for table `erp_demotaxes`
--

CREATE TABLE `erp_demotaxes` (
  `id` int(11) NOT NULL AUTO_INCREMENT,
  `title` tinytext CHARACTER SET utf8 COLLATE utf8_unicode_ci NOT NULL,
  `percentage` double NOT NULL,
  `deleted` tinyint(1) NOT NULL DEFAULT '0',
  PRIMARY KEY (`id`)
) ENGINE=InnoDB AUTO_INCREMENT=2 DEFAULT CHARSET=latin1;

--
-- Dumping data for table `erp_demotaxes`
--

INSERT INTO `erp_demotaxes` VALUES (1,'VAT (5%)',5,0);

--
-- Table structure for table `erp_demoteam`
--

CREATE TABLE `erp_demoteam` (
  `id` int(11) NOT NULL AUTO_INCREMENT,
  `title` text COLLATE utf8_unicode_ci NOT NULL,
  `members` mediumtext COLLATE utf8_unicode_ci NOT NULL,
  `deleted` int(1) NOT NULL DEFAULT '0',
  PRIMARY KEY (`id`)
) ENGINE=InnoDB AUTO_INCREMENT=3 DEFAULT CHARSET=utf8 COLLATE=utf8_unicode_ci;

--
-- Dumping data for table `erp_demoteam`
--

INSERT INTO `erp_demoteam` VALUES (1,'Sales Team A','37,39,41,42',0),(2,'Team B','42,40,43',0);

--
-- Table structure for table `erp_demoteam_member_job_info`
--

CREATE TABLE `erp_demoteam_member_job_info` (
  `id` int(11) NOT NULL AUTO_INCREMENT,
  `user_id` int(11) NOT NULL,
  `date_of_hire` date DEFAULT NULL,
  `deleted` int(1) NOT NULL DEFAULT '0',
  `salary` double NOT NULL DEFAULT '0',
  `salary_term` varchar(20) COLLATE utf8_unicode_ci DEFAULT NULL,
  `working_hours` int(11) DEFAULT NULL,
  `yearly_leaves` int(11) DEFAULT NULL,
  `housing` float DEFAULT '0',
  `transportation` float DEFAULT '0',
  `telephone` float DEFAULT '0',
  `utility` float DEFAULT '0',
  `national` tinyint(4) DEFAULT '0',
  `pasi` tinyint(4) DEFAULT '1',
  `bank_title` text COLLATE utf8_unicode_ci,
  `account_title` text COLLATE utf8_unicode_ci,
  `account_no` text COLLATE utf8_unicode_ci,
  PRIMARY KEY (`id`),
  KEY `user_id` (`user_id`)
) ENGINE=InnoDB AUTO_INCREMENT=27 DEFAULT CHARSET=utf8 COLLATE=utf8_unicode_ci;

--
-- Dumping data for table `erp_demoteam_member_job_info`
--

INSERT INTO `erp_demoteam_member_job_info` VALUES (5,37,'2022-03-07',0,1000,NULL,8,30,0,0,0,0,0,1,NULL,NULL,NULL),(6,38,'2022-07-26',0,1000,NULL,8,30,0,0,0,0,0,1,'bank_muscat','',''),(7,39,'2022-07-31',0,500,NULL,8,30,20,10,10,5,0,1,'bank_muscat','',''),(8,40,'2022-05-24',0,1000,NULL,8,30,0,0,0,0,0,1,NULL,NULL,NULL),(9,41,'2022-08-01',0,1000,NULL,8,30,0,0,0,0,0,1,NULL,NULL,NULL),(10,42,'2022-08-14',0,350,NULL,120,30,0,0,0,0,0,1,NULL,NULL,NULL),(11,43,'2022-08-01',0,300,NULL,8,30,0,0,0,0,0,1,NULL,NULL,NULL),(12,44,'2022-07-31',0,1000,NULL,8,30,0,0,0,0,0,1,NULL,NULL,NULL),(13,47,'2022-10-10',0,22222,NULL,11111,20,0,0,0,0,0,1,NULL,NULL,NULL),(14,49,'0000-00-00',0,5000,NULL,0,0,0,0,0,0,0,1,NULL,NULL,NULL),(15,50,'0000-00-00',0,0,NULL,0,0,0,0,0,0,0,1,NULL,NULL,NULL),(16,51,'0000-00-00',0,0,NULL,0,0,0,0,0,0,0,1,NULL,NULL,NULL),(17,52,'0000-00-00',0,0,NULL,0,0,0,0,0,0,0,1,NULL,NULL,NULL),(18,53,'2022-04-25',0,500,NULL,8,30,100,10,10,0,0,1,'bank_muscat','',''),(19,54,'0000-00-00',0,0,NULL,0,0,0,0,0,0,0,1,NULL,NULL,NULL),(20,55,'0000-00-00',0,0,NULL,0,0,0,0,0,0,0,1,NULL,NULL,NULL),(21,56,'2023-02-04',0,250,NULL,10,30,0,0,0,0,0,1,NULL,NULL,NULL),(22,57,'0000-00-00',0,0,NULL,5,0,0,0,0,0,0,1,NULL,NULL,NULL),(23,58,'0000-00-00',0,0,NULL,0,0,0,0,0,0,0,1,NULL,NULL,NULL),(24,59,'2023-01-31',0,20000,NULL,8,30,0,0,0,0,0,1,NULL,NULL,NULL),(25,60,'0000-00-00',0,500,NULL,0,0,0,0,0,0,0,1,NULL,NULL,NULL),(26,61,'0000-00-00',0,0,NULL,0,0,0,0,0,0,0,1,NULL,NULL,NULL);

--
-- Table structure for table `erp_demoticket_comments`
--

CREATE TABLE `erp_demoticket_comments` (
  `id` int(11) NOT NULL AUTO_INCREMENT,
  `created_by` int(11) NOT NULL,
  `created_at` datetime NOT NULL,
  `description` mediumtext COLLATE utf8_unicode_ci NOT NULL,
  `ticket_id` int(11) NOT NULL,
  `files` longtext COLLATE utf8_unicode_ci,
  `deleted` tinyint(1) NOT NULL DEFAULT '0',
  PRIMARY KEY (`id`)
) ENGINE=InnoDB DEFAULT CHARSET=utf8 COLLATE=utf8_unicode_ci;

--
-- Dumping data for table `erp_demoticket_comments`
--


--
-- Table structure for table `erp_demoticket_types`
--

CREATE TABLE `erp_demoticket_types` (
  `id` int(11) NOT NULL AUTO_INCREMENT,
  `title` text COLLATE utf8_unicode_ci NOT NULL,
  `deleted` tinyint(1) NOT NULL DEFAULT '0',
  PRIMARY KEY (`id`)
) ENGINE=InnoDB AUTO_INCREMENT=4 DEFAULT CHARSET=utf8 COLLATE=utf8_unicode_ci;

--
-- Dumping data for table `erp_demoticket_types`
--

INSERT INTO `erp_demoticket_types` VALUES (1,'General Support',0),(2,'One way',0),(3,'Two way',0);

--
-- Table structure for table `erp_demotickets`
--

CREATE TABLE `erp_demotickets` (
  `id` int(11) NOT NULL AUTO_INCREMENT,
  `client_id` int(11) NOT NULL,
  `project_id` int(11) NOT NULL DEFAULT '0',
  `ticket_type_id` int(11) NOT NULL,
  `title` text COLLATE utf8_unicode_ci NOT NULL,
  `created_by` int(11) NOT NULL,
  `created_at` datetime NOT NULL,
  `status` enum('new','client_replied','open','closed') COLLATE utf8_unicode_ci NOT NULL DEFAULT 'new',
  `last_activity_at` datetime DEFAULT NULL,
  `assigned_to` int(11) NOT NULL DEFAULT '0',
  `creator_name` varchar(100) COLLATE utf8_unicode_ci NOT NULL,
  `creator_email` varchar(255) COLLATE utf8_unicode_ci NOT NULL,
  `labels` text COLLATE utf8_unicode_ci,
  `task_id` int(11) NOT NULL,
  `closed_at` datetime NOT NULL,
  `deleted` tinyint(1) NOT NULL DEFAULT '0',
  PRIMARY KEY (`id`)
) ENGINE=InnoDB DEFAULT CHARSET=utf8 COLLATE=utf8_unicode_ci;

--
-- Dumping data for table `erp_demotickets`
--


--
-- Table structure for table `erp_demoto_do`
--

CREATE TABLE `erp_demoto_do` (
  `id` int(11) NOT NULL AUTO_INCREMENT,
  `created_by` int(11) NOT NULL,
  `created_at` datetime NOT NULL,
  `title` text COLLATE utf8_unicode_ci NOT NULL,
  `description` mediumtext COLLATE utf8_unicode_ci,
  `labels` text COLLATE utf8_unicode_ci,
  `status` enum('to_do','done') COLLATE utf8_unicode_ci NOT NULL DEFAULT 'to_do',
  `start_date` date DEFAULT NULL,
  `deleted` tinyint(1) NOT NULL DEFAULT '0',
  PRIMARY KEY (`id`)
) ENGINE=InnoDB AUTO_INCREMENT=16 DEFAULT CHARSET=utf8 COLLATE=utf8_unicode_ci;

--
-- Dumping data for table `erp_demoto_do`
--

INSERT INTO `erp_demoto_do` VALUES (1,1,'2022-07-26 06:56:23','afdghhgad','','','done',NULL,0),(2,1,'2022-07-26 06:56:25','gadghfgdh','','','done',NULL,0),(3,1,'2022-08-02 09:06:28','hgchagcvhdGC','','','done',NULL,0),(4,1,'2022-08-14 12:40:21','call leads','','','done',NULL,0),(5,1,'2022-08-14 12:40:25','design','','','done',NULL,0),(6,1,'2022-08-22 17:06:53','زياره المواقع','','','done',NULL,0),(7,1,'2022-09-22 14:56:00','92219977','','','done',NULL,0),(8,1,'2022-10-19 16:24:35','ask payment on sunday','','','to_do',NULL,1),(9,1,'2022-10-19 16:25:03','ask for Ture land ','','','to_do',NULL,1),(10,1,'2022-10-19 16:27:59','plan for Nov','','','done','2022-10-31',0),(11,1,'2022-10-27 09:44:34','vist','','','done',NULL,0),(12,1,'2022-11-13 10:14:13','meeting','','','done',NULL,0),(13,1,'2022-11-13 10:14:16','demo','','','done',NULL,0),(14,1,'2022-11-27 09:56:10','Documentaion','','','done',NULL,0),(15,1,'2023-01-31 07:06:47','vist','','','done',NULL,0);

--
-- Table structure for table `erp_demotransactions`
--

CREATE TABLE `erp_demotransactions` (
  `id` int(11) NOT NULL AUTO_INCREMENT,
  `date` date NOT NULL,
  `type` text NOT NULL,
  `is_manual` tinyint(1) NOT NULL DEFAULT '0',
  `reference` text,
  `bank_cash` int(11) DEFAULT '0',
  `deleted` tinyint(1) NOT NULL DEFAULT '0',
  PRIMARY KEY (`id`)
) ENGINE=InnoDB AUTO_INCREMENT=445 DEFAULT CHARSET=utf8;

--
-- Dumping data for table `erp_demotransactions`
--

INSERT INTO `erp_demotransactions` VALUES (1,'2022-07-21','Invoice: INVOICE #1',0,NULL,0,0),(2,'2022-07-22','Invoice Payment Received: INVOICE #1',0,NULL,0,0),(3,'2022-07-25','Invoice Payment Received: INVOICE #3',0,NULL,0,0),(4,'2022-07-27','Invoice Payment Received: INVOICE #3',0,NULL,0,0),(5,'2022-07-24','Automatic General Expense: Cash on hand',0,NULL,0,1),(6,'2022-07-24','Purchase Order: PURCHASE ORDER #2',0,NULL,0,0),(7,'2022-07-24','Invoice: INVOICE #4',0,NULL,0,0),(8,'2022-07-24','Automatic General Expense: Cash on hand',0,NULL,0,0),(9,'2022-07-26','Invoice: INVOICE #5',0,NULL,0,0),(10,'2022-07-26','Invoice: INVOICE #6',0,NULL,0,0),(11,'2022-07-26','Invoice: INVOICE #7',0,NULL,0,0),(12,'2022-07-27','Invoice Payment Received: INVOICE #7',0,NULL,0,0),(13,'2022-07-29','Invoice Payment Received: INVOICE #7',0,NULL,0,0),(14,'2022-07-26','Invoice Inventory: INVOICE #7',0,NULL,0,0),(15,'2022-07-26','Automatic General Expense: Cash on hand',0,NULL,0,0),(16,'2022-07-27','Invoice Payment Received: INVOICE #6',0,NULL,0,0),(17,'2022-07-27','Invoice Payment Received: INVOICE #6',0,NULL,0,0),(18,'2022-07-28','Invoice: Tax 11',0,NULL,0,0),(19,'2022-07-28','Invoice: Tax 12',0,NULL,0,0),(20,'2022-08-02','Purchase Order: PURCHASE ORDER #5',0,NULL,0,0),(21,'2022-08-03','Automatic Purchase Payment: PURCHASE ORDER #5',0,NULL,0,0),(22,'2022-08-02','Automatic Purchase Payment: PURCHASE ORDER #5',0,NULL,0,0),(23,'2022-08-03','Invoice Payment Received: Tax 13',0,NULL,0,1),(24,'2022-08-02','Invoice Inventory: Tax 13',0,NULL,0,0),(25,'2022-08-05','Invoice Payment Received: Tax 15',0,NULL,0,1),(26,'2022-08-04','Automatic General Expense: Cash on hand',0,NULL,0,0),(27,'2022-08-10','Invoice Payment Received: Tax 15',0,NULL,0,0),(28,'2022-08-04','Admin Admin Automatic Salaries Booking: July-2022',0,NULL,0,0),(29,'2022-08-04','Ali elsheikh Automatic Salaries Booking: July-2022',0,NULL,0,0),(30,'2022-08-04','Ali Ali Automatic Salaries Booking: July-2022',0,NULL,0,0),(31,'2022-08-04','MOHAMMED SAID Automatic Salaries Booking: July-2022',0,NULL,0,0),(32,'2022-08-04','Rayaa NUMANI Automatic Salaries Booking: July-2022',0,NULL,0,0),(33,'2022-08-08','Invoice Payment Received: Tax 16',0,NULL,0,0),(34,'2022-08-16','Invoice Payment Received: Tax 16',0,NULL,0,0),(35,'2022-08-02','Invoice: Tax 14',0,NULL,0,0),(36,'2022-07-28','Invoice: Tax 10',0,NULL,0,0),(37,'2022-07-27','Invoice: Tax 8',0,NULL,0,0),(38,'2022-08-08','Invoice Payment Received: Tax 17',0,NULL,0,0),(39,'2022-08-15','Invoice Payment Received: Tax 17',0,NULL,0,0),(40,'2022-08-08','Automatic General Expense: Cash on hand',0,NULL,0,0),(41,'2022-08-08','Invoice: Tax 18',0,NULL,0,0),(42,'2022-08-08','ADVANCE SALARY FOR Salima ali',0,NULL,0,0),(43,'2022-08-15','Sale Return: SALE RETURN #2',0,NULL,0,0),(44,'2022-08-15','Sale Return Refund: SALE RETURN #2',0,NULL,0,0),(45,'2022-08-15','Sale Return Refund: SALE RETURN #2',0,NULL,0,0),(46,'2022-08-15','Sale Return Refund: SALE RETURN #2',0,NULL,0,0),(47,'2022-07-25','Sale Return: SALE RETURN #1',0,NULL,0,0),(48,'2022-08-11','ADVANCE SALARY FOR Marwan Emad',0,NULL,0,0),(49,'2022-08-13','Purchase Order: PURCHASE ORDER #7',0,NULL,0,0),(50,'2022-08-14','Invoice Payment Received: Tax invoice20',0,NULL,0,0),(51,'2022-08-15','Invoice Payment Received: Tax invoice20',0,NULL,0,0),(52,'2022-08-14','Automatic General Expense: Cash on hand',0,NULL,0,0),(53,'2022-08-14','Automatic General Expense: Cash on hand',0,NULL,0,0),(54,'2022-08-17','Invoice Payment Received: Tax invoice22',0,NULL,0,0),(55,'2022-08-18','Invoice Payment Received: Tax invoice22',0,NULL,0,1),(56,'2022-08-17','Automatic General Expense: Cash on hand',0,NULL,0,1),(57,'2022-08-18','receipt_voucher',1,'CASH',0,0),(58,'2022-08-18','journal_entry',1,'',0,0),(59,'2022-08-18','Purchase Order: PURCHASE ORDER #8',0,NULL,0,0),(60,'2022-08-18','payment_voucher',1,'',0,0),(61,'2022-08-18','Purchase Order: PURCHASE ORDER #9',0,NULL,0,0),(62,'2022-08-02','Automatic General Expense: المبلغ في اليد',0,NULL,0,0),(63,'2022-08-03','Invoice Payment Received: AMI/2022/13',0,NULL,0,0),(64,'2022-08-21','Purchase Order: PURCHASE ORDER #10',0,NULL,0,0),(65,'2022-08-23','Automatic General Expense: Cash on hand',0,NULL,0,0),(66,'2022-08-24','Invoice Payment Received: AMI/2022/103',0,NULL,0,0),(67,'2022-08-23','Invoice: AMI/2022/104',0,NULL,0,0),(68,'2022-08-25','Invoice Payment Received: AMI/2022/106',0,NULL,0,0),(69,'2022-08-25','Invoice Payment Received: AMI/2022/105',0,NULL,0,0),(70,'2022-08-24','Invoice: AMI/2022/107',0,NULL,0,0),(71,'2022-08-25','Invoice Payment Received: AMI/2022/107',0,NULL,0,0),(72,'2022-08-24','Invoice: AMI/2022/108',0,NULL,0,0),(73,'2022-08-24','Invoice Payment Received: AMI/2022/108',0,NULL,0,0),(74,'2022-08-25','Invoice: AMI/2022/109',0,NULL,0,0),(75,'2022-08-28','Invoice: AMI/2022/110',0,NULL,0,0),(76,'2022-08-30','journal_entry',1,'',0,0),(77,'2022-08-07','Automatic General Expense: Cash on hand',0,NULL,0,0),(78,'2022-08-31','Invoice: AMI/2022/115',0,NULL,0,0),(79,'2022-09-01','Invoice Payment Received: AMI/2022/115',0,NULL,0,0),(80,'2022-09-02','Invoice Payment Received: AMI/2022/115',0,NULL,0,0),(81,'2022-09-03','Invoice Payment Received: AMI/2022/115',0,NULL,0,0),(82,'2022-08-31','Invoice: AMI/2022/114',0,NULL,0,0),(83,'2022-09-02','Invoice Payment Received: AMI/2022/114',0,NULL,0,1),(84,'2022-09-03','Invoice Payment Received: AMI/2022/114',0,NULL,0,0),(85,'2022-09-01','Admin Admin Automatic Salaries Booking: October-2022',0,NULL,0,0),(86,'2022-09-01','Ali elsheikh Automatic Salaries Booking: October-2022',0,NULL,0,0),(87,'2022-09-01','Ali Ali Automatic Salaries Booking: October-2022',0,NULL,0,0),(88,'2022-09-01','Ali Ali Automatic Salaries Booking: October-2022',0,NULL,0,0),(89,'2022-09-01','Doaa abduljabar Automatic Salaries Booking: October-2022',0,NULL,0,0),(90,'2022-09-01','Marwan Emad Automatic Salaries Booking: October-2022',0,NULL,0,0),(91,'2022-09-01','MOHAMMED SAID Automatic Salaries Booking: October-2022',0,NULL,0,0),(92,'2022-09-01','Rayaa NUMANI Automatic Salaries Booking: October-2022',0,NULL,0,0),(93,'2022-09-01','Salima ali Automatic Salaries Booking: October-2022',0,NULL,0,0),(94,'2022-09-01','Admin Admin Automatic Salaries process: October-2022',0,NULL,0,0),(95,'2022-09-01','Ali elsheikh Automatic Salaries process: October-2022',0,NULL,0,0),(96,'2022-09-01','Ali Ali Automatic Salaries process: October-2022',0,NULL,0,0),(97,'2022-09-01','Ali Ali Automatic Salaries process: October-2022',0,NULL,0,0),(98,'2022-09-01','Doaa abduljabar Automatic Salaries process: October-2022',0,NULL,0,0),(99,'2022-09-01','Marwan Emad Automatic Salaries process: October-2022',0,NULL,0,0),(100,'2022-09-01','MOHAMMED SAID Automatic Salaries process: October-2022',0,NULL,0,0),(101,'2022-09-01','Rayaa NUMANI Automatic Salaries process: October-2022',0,NULL,0,0),(102,'2022-09-01','Salima ali Automatic Salaries process: October-2022',0,NULL,0,0),(103,'2022-09-06','Invoice: AMI/2022/120',0,NULL,0,0),(104,'2022-09-20','Invoice Payment Received: AMI/2022/120',0,NULL,0,0),(105,'2022-09-14','Invoice Payment Received: AMI/2022/121',0,NULL,0,0),(106,'2022-09-15','Invoice Payment Received: AMI/2022/121',0,NULL,0,0),(107,'2022-09-07','Invoice Inventory: AMI/2022/121',0,NULL,0,0),(108,'2022-09-07','Automatic General Expense: Cash on hand',0,NULL,0,0),(109,'2022-09-07','Purchase Order: PURCHASE ORDER #12',0,NULL,0,0),(110,'2022-09-04','Purchase Order: PURCHASE ORDER #11',0,NULL,0,0),(111,'2022-09-08','Automatic Purchase Payment: PURCHASE ORDER #11',0,NULL,0,1),(112,'2022-09-07','Purchase Order: PURCHASE ORDER #13',0,NULL,0,0),(113,'2022-09-07','Automatic Purchase Payment: PURCHASE ORDER #13',0,NULL,0,0),(114,'2022-09-08','Invoice: AMI/2022/122',0,NULL,0,0),(115,'2022-09-09','Invoice Payment Received: AMI/2022/122',0,NULL,0,0),(116,'2022-09-10','Invoice Payment Received: AMI/2022/122',0,NULL,0,0),(117,'2022-09-08','Invoice Inventory: AMI/2022/122',0,NULL,0,0),(118,'2022-09-08','Admin Admin Automatic Salaries Booking: September-2022',0,NULL,0,0),(119,'2022-09-08','Ali elsheikh Automatic Salaries Booking: September-2022',0,NULL,0,0),(120,'2022-09-08','Ali Ali Automatic Salaries Booking: September-2022',0,NULL,0,0),(121,'2022-09-08','Marwan Emad Automatic Salaries Booking: September-2022',0,NULL,0,0),(122,'2022-09-08','MOHAMMED SAID Automatic Salaries Booking: September-2022',0,NULL,0,0),(123,'2022-09-08','Rayaa NUMANI Automatic Salaries Booking: September-2022',0,NULL,0,0),(124,'2022-09-08','Salima ali Automatic Salaries Booking: September-2022',0,NULL,0,0),(125,'2022-09-08','Admin Admin Automatic Salaries process: September-2022',0,NULL,0,0),(126,'2022-09-08','Ali elsheikh Automatic Salaries process: September-2022',0,NULL,0,0),(127,'2022-09-08','Ali Ali Automatic Salaries process: September-2022',0,NULL,0,0),(128,'2022-09-08','Marwan Emad Automatic Salaries process: September-2022',0,NULL,0,0),(129,'2022-09-08','MOHAMMED SAID Automatic Salaries process: September-2022',0,NULL,0,0),(130,'2022-09-08','Rayaa NUMANI Automatic Salaries process: September-2022',0,NULL,0,0),(131,'2022-09-08','Salima ali Automatic Salaries process: September-2022',0,NULL,0,0),(132,'2022-09-22','Purchase Order: PURCHASE ORDER #14',0,NULL,0,0),(133,'2022-09-22','Purchase Order: PURCHASE ORDER #15',0,NULL,0,0),(134,'2022-09-22','Invoice: AMI/2022/126',0,NULL,0,0),(135,'2022-09-22','Invoice Payment Received: AMI/2022/126',0,NULL,0,0),(136,'2022-09-02','Invoice Payment Received: AMI/2022/114',0,NULL,0,0),(137,'2022-09-22','Invoice Payment Received: AMI/2022/126',0,NULL,0,0),(138,'2022-09-24','Purchase Order:  أمر شراء #16',0,NULL,0,0),(139,'2022-09-24','Invoice Payment Received: AMI/2022/130',0,NULL,0,0),(140,'2022-09-24','Invoice: AMI/2022/130',0,NULL,0,0),(141,'2022-09-24','Automatic General Expense: Cash on hand',0,NULL,0,1),(142,'2022-09-24','Invoice Payment Received: AMI/2022/131',0,NULL,0,0),(143,'2022-09-24','Invoice: AMI/2022/131',0,NULL,0,0),(144,'2022-09-30','Invoice Payment Received: AMI/2022/132',0,NULL,0,0),(145,'2022-09-24','Invoice: AMI/2022/132',0,NULL,0,0),(146,'2022-09-24','Purchase Order: PURCHASE ORDER #17',0,NULL,0,0),(147,'2022-09-24','Automatic Purchase Payment: PURCHASE ORDER #17',0,NULL,0,0),(148,'2022-09-24','Purchase Order: PURCHASE ORDER #18',0,NULL,0,0),(149,'2022-09-24','Automatic Purchase Payment: PURCHASE ORDER #18',0,NULL,0,0),(150,'2022-09-24','Invoice: AMI/2022/134',0,NULL,0,0),(151,'2022-09-24','Invoice Inventory: AMI/2022/134',0,NULL,0,0),(152,'2022-09-22','Automatic General Expense: Cash on hand',0,NULL,0,0),(153,'2022-09-24','Automatic General Expense: Cash on hand',0,NULL,0,1),(154,'2022-09-24','Automatic General Expense: Cash on hand',0,NULL,0,1),(155,'2022-09-24','Automatic General Expense: Cash on hand',0,NULL,0,1),(156,'2022-09-24','Invoice: AMI/2022/136',0,NULL,0,0),(157,'2022-09-24','Automatic General Expense: Cash on hand',0,NULL,0,0),(158,'2022-09-30','Invoice Payment Received: AMI/2022/138',0,NULL,0,1),(159,'2022-10-05','Invoice Payment Received: AMI/2022/138',0,NULL,0,1),(160,'2022-09-30','Invoice Payment Received: AMI/2022/138',0,NULL,0,0),(161,'2022-09-24','Invoice: AMI/2022/138',0,NULL,0,0),(162,'2022-10-05','Invoice Payment Received: AMI/2022/138',0,NULL,0,0),(163,'2022-09-24','Invoice Inventory: AMI/2022/138',0,NULL,0,0),(164,'2022-09-24','Purchase Order: PURCHASE ORDER #19',0,NULL,0,0),(165,'2022-09-30','Invoice Payment Received: AMI/2022/136',0,NULL,0,0),(166,'2022-09-25','Invoice Payment Received: AMI/2022/139',0,NULL,0,0),(167,'2022-09-25','Automatic General Expense: Bank',0,NULL,0,1),(168,'2022-09-27','Invoice Payment Received: AMI/2022/142',0,NULL,0,0),(169,'2022-09-28','Invoice Payment Received: AMI/2022/142',0,NULL,0,0),(170,'2022-09-27','Invoice Payment Received: AMI/2022/143',0,NULL,0,0),(171,'2022-09-27','Invoice Payment Received: AMI/2022/143',0,NULL,0,0),(172,'2022-09-26','Automatic General Expense: Bank',0,NULL,0,0),(173,'2022-09-26','Purchase Order: PURCHASE ORDER #21',0,NULL,0,0),(174,'2022-09-27','Automatic Purchase Payment: PURCHASE ORDER #21',0,NULL,0,0),(175,'2022-10-04','Invoice: AMI/2022/147',0,NULL,0,0),(176,'2022-10-04','Invoice: AMI/2022/148',0,NULL,0,0),(177,'2022-10-04','Purchase Order: PURCHASE ORDER #22',0,NULL,0,0),(178,'2022-10-11','Invoice Payment Received: AMI/2022/154',0,NULL,0,0),(179,'2022-10-11','Automatic General Expense: Bank',0,NULL,0,0),(180,'2022-10-11','Invoice Payment Received: AMI/2022/155',0,NULL,0,0),(181,'2022-10-12','Automatic General Expense: Bank',0,NULL,0,0),(182,'2022-10-11','Automatic General Expense: Cash on hand',0,NULL,0,0),(183,'2022-10-11','Invoice Payment Received: AMI/2022/155',0,NULL,0,0),(184,'2022-10-11','Automatic General Expense: Cash on hand',0,NULL,0,0),(185,'2022-10-11','Admin Admin Automatic Salaries Booking: September-2022',0,NULL,0,0),(186,'2022-10-11','Ali elsheikh Automatic Salaries Booking: September-2022',0,NULL,0,0),(187,'2022-10-11','Ali Ali Automatic Salaries Booking: September-2022',0,NULL,0,0),(188,'2022-10-11','Doaa abduljabar Automatic Salaries Booking: September-2022',0,NULL,0,0),(189,'2022-10-11','Marwan Emad Automatic Salaries Booking: September-2022',0,NULL,0,0),(190,'2022-10-11','MOHAMMED SAID Automatic Salaries Booking: September-2022',0,NULL,0,0),(191,'2022-10-11','Rayaa NUMANI Automatic Salaries Booking: September-2022',0,NULL,0,0),(192,'2022-10-11','Salima ali Automatic Salaries Booking: September-2022',0,NULL,0,0),(193,'2022-10-11','Admin Admin Automatic Salaries process: September-2022',0,NULL,0,0),(194,'2022-10-11','Ali elsheikh Automatic Salaries process: September-2022',0,NULL,0,0),(195,'2022-10-11','Ali Ali Automatic Salaries process: September-2022',0,NULL,0,0),(196,'2022-10-11','Doaa abduljabar Automatic Salaries process: September-2022',0,NULL,0,0),(197,'2022-10-11','Marwan Emad Automatic Salaries process: September-2022',0,NULL,0,0),(198,'2022-10-11','MOHAMMED SAID Automatic Salaries process: September-2022',0,NULL,0,0),(199,'2022-10-11','Rayaa NUMANI Automatic Salaries process: September-2022',0,NULL,0,0),(200,'2022-10-11','Salima ali Automatic Salaries process: September-2022',0,NULL,0,0),(201,'2022-10-16','Invoice: AMI/2022/156',0,NULL,0,0),(202,'2022-10-18','Automatic General Expense: المبلغ في اليد',0,NULL,0,1),(203,'2022-10-18','Invoice Payment Received: AMI/2022/157',0,NULL,0,0),(204,'2022-10-18','Invoice: AMI/2022/157',0,NULL,0,0),(205,'2022-10-18','Sale Return: SALE RETURN #4',0,NULL,0,0),(206,'2022-10-19','Automatic General Expense: Cash on hand',0,NULL,0,0),(207,'2022-10-22','Invoice Payment Received: AMI/2022/159',0,NULL,0,0),(208,'2022-10-22','journal_entry',1,'',0,0),(209,'2022-10-22','Invoice: AMI/2022/161',0,NULL,0,0),(210,'2022-10-22','Invoice Payment Received: AMI/2022/161',0,NULL,0,0),(211,'2022-10-22','Automatic General Expense: Cheque',0,NULL,0,0),(212,'2022-10-22','Cheque Release: Expense',0,NULL,0,0),(213,'2022-10-23','Invoice: AMI/2022/162',0,NULL,0,0),(214,'2022-10-24','Invoice Payment Received: AMI/2022/162',0,NULL,0,0),(215,'2022-10-23','Automatic General Expense: Cash on hand',0,NULL,0,0),(216,'2022-10-25','journal_entry',1,'',0,0),(217,'2022-10-25','ADVANCE SALARY FOR Salima ali',0,NULL,0,0),(218,'2022-10-26','Purchase Order: PURCHASE ORDER #24',0,NULL,0,0),(219,'2022-10-28','Invoice Payment Received: AMI/2022/163',0,NULL,0,0),(220,'2022-10-14','Automatic General Expense: Cash on hand',0,NULL,0,0),(221,'2022-10-28','Invoice Payment Received: AMI/2022/164',0,NULL,0,0),(222,'2022-10-27','Invoice Inventory: AMI/2022/164',0,NULL,0,0),(223,'2022-10-27','Automatic General Expense: Bank',0,NULL,0,0),(224,'2022-10-27','Rayaa NUMANI Automatic Salaries Booking: November-2022',0,NULL,0,0),(225,'2022-10-27','Ali elsheikh Automatic Salaries Booking: November-2022',0,NULL,0,0),(226,'2022-10-27','Ali Ali Automatic Salaries Booking: November-2022',0,NULL,0,0),(227,'2022-10-27','MOHAMMED SAID Automatic Salaries Booking: November-2022',0,NULL,0,0),(228,'2022-10-27','Salima ali Automatic Salaries Booking: November-2022',0,NULL,0,0),(229,'2022-10-27','Marwan Emad Automatic Salaries Booking: November-2022',0,NULL,0,0),(230,'2022-10-27','Doaa abduljabar Automatic Salaries Booking: November-2022',0,NULL,0,0),(231,'2022-10-27','Ali Ali Automatic Salaries Booking: November-2022',0,NULL,0,0),(232,'2022-10-27','mohamed ali Automatic Salaries Booking: November-2022',0,NULL,0,0),(233,'2022-10-27','Admin Admin Automatic Salaries Booking: November-2022',0,NULL,0,0),(234,'2022-10-27','Rayaa NUMANI Automatic Salaries process: November-2022',0,NULL,0,0),(235,'2022-10-27','Ali elsheikh Automatic Salaries process: November-2022',0,NULL,0,0),(236,'2022-10-27','Ali Ali Automatic Salaries process: November-2022',0,NULL,0,0),(237,'2022-10-27','MOHAMMED SAID Automatic Salaries process: November-2022',0,NULL,0,0),(238,'2022-10-27','Salima ali Automatic Salaries process: November-2022',0,NULL,0,0),(239,'2022-10-27','Marwan Emad Automatic Salaries process: November-2022',0,NULL,0,0),(240,'2022-10-27','Doaa abduljabar Automatic Salaries process: November-2022',0,NULL,0,0),(241,'2022-10-27','Ali Ali Automatic Salaries process: November-2022',0,NULL,0,0),(242,'2022-10-27','mohamed ali Automatic Salaries process: November-2022',0,NULL,0,0),(243,'2022-10-27','Admin Admin Automatic Salaries process: November-2022',0,NULL,0,0),(244,'2022-10-28','Invoice Payment Received: AMI/2022/165',0,NULL,0,0),(245,'2022-10-28','Invoice Payment Received: AMI/2022/165',0,NULL,0,0),(246,'2022-10-27','Automatic General Expense: Bank',0,NULL,0,0),(247,'2022-10-27','Admin Admin Automatic Salaries Booking: December-2022',0,NULL,0,0),(248,'2022-10-27','Ali elsheikh Automatic Salaries Booking: December-2022',0,NULL,0,0),(249,'2022-10-27','Ali Ali Automatic Salaries Booking: December-2022',0,NULL,0,0),(250,'2022-10-27','Ali Ali Automatic Salaries Booking: December-2022',0,NULL,0,0),(251,'2022-10-27','Doaa abduljabar Automatic Salaries Booking: December-2022',0,NULL,0,0),(252,'2022-10-27','Marwan Emad Automatic Salaries Booking: December-2022',0,NULL,0,0),(253,'2022-10-27','mohamed ali Automatic Salaries Booking: December-2022',0,NULL,0,0),(254,'2022-10-27','MOHAMMED SAID Automatic Salaries Booking: December-2022',0,NULL,0,0),(255,'2022-10-27','Rayaa NUMANI Automatic Salaries Booking: December-2022',0,NULL,0,0),(256,'2022-10-27','salim ali Automatic Salaries Booking: December-2022',0,NULL,0,0),(257,'2022-10-27','Salima ali Automatic Salaries Booking: December-2022',0,NULL,0,0),(258,'2022-10-27','Admin Admin Automatic Salaries process: December-2022',0,NULL,0,0),(259,'2022-10-27','Ali elsheikh Automatic Salaries process: December-2022',0,NULL,0,0),(260,'2022-10-27','Ali Ali Automatic Salaries process: December-2022',0,NULL,0,0),(261,'2022-10-27','Ali Ali Automatic Salaries process: December-2022',0,NULL,0,0),(262,'2022-10-27','Doaa abduljabar Automatic Salaries process: December-2022',0,NULL,0,0),(263,'2022-10-27','Marwan Emad Automatic Salaries process: December-2022',0,NULL,0,0),(264,'2022-10-27','mohamed ali Automatic Salaries process: December-2022',0,NULL,0,0),(265,'2022-10-27','MOHAMMED SAID Automatic Salaries process: December-2022',0,NULL,0,0),(266,'2022-10-27','Rayaa NUMANI Automatic Salaries process: December-2022',0,NULL,0,0),(267,'2022-10-27','salim ali Automatic Salaries process: December-2022',0,NULL,0,0),(268,'2022-10-27','Salima ali Automatic Salaries process: December-2022',0,NULL,0,0),(269,'2022-10-27','Purchase Order: PURCHASE ORDER #25',0,NULL,0,0),(270,'2022-11-01','Purchase Order: PURCHASE ORDER #26',0,NULL,0,0),(271,'2022-11-08','Automatic Purchase Payment: PURCHASE ORDER #26',0,NULL,0,0),(272,'2022-11-01','Invoice Payment Received: AMI/2022/166',0,NULL,0,0),(273,'2022-11-09','Invoice Payment Received: AMI/2022/167',0,NULL,0,0),(274,'2022-11-10','Invoice Payment Received: AMI/2022/167',0,NULL,0,0),(275,'2022-11-03','Automatic General Expense: Cash on hand',0,NULL,0,0),(276,'2022-11-03','Purchase Order: PURCHASE ORDER #27',0,NULL,0,0),(277,'2022-11-04','Automatic Purchase Payment: PURCHASE ORDER #27',0,NULL,0,0),(278,'2022-11-03','journal_entry',1,'',0,0),(279,'2022-11-03','Admin Admin Automatic Salaries Booking: October-2022',0,NULL,0,0),(280,'2022-11-03','Ali elsheikh Automatic Salaries Booking: October-2022',0,NULL,0,0),(281,'2022-11-03','Ali Ali Automatic Salaries Booking: October-2022',0,NULL,0,0),(282,'2022-11-03','Ali Ali Automatic Salaries Booking: October-2022',0,NULL,0,0),(283,'2022-11-03','Doaa abduljabar Automatic Salaries Booking: October-2022',0,NULL,0,0),(284,'2022-11-03','Marwan Emad Automatic Salaries Booking: October-2022',0,NULL,0,0),(285,'2022-11-03','MOHAMMED SAID Automatic Salaries Booking: October-2022',0,NULL,0,0),(286,'2022-11-03','Rayaa NUMANI Automatic Salaries Booking: October-2022',0,NULL,0,0),(287,'2022-11-03','Salima ali Automatic Salaries Booking: October-2022',0,NULL,0,0),(288,'2022-11-03','Admin Admin Automatic Salaries Booking: November-2022',0,NULL,0,0),(289,'2022-11-03','Ali elsheikh Automatic Salaries Booking: November-2022',0,NULL,0,0),(290,'2022-11-03','Ali Ali Automatic Salaries Booking: November-2022',0,NULL,0,0),(291,'2022-11-03','Ali Ali Automatic Salaries Booking: November-2022',0,NULL,0,0),(292,'2022-11-03','Doaa abduljabar Automatic Salaries Booking: November-2022',0,NULL,0,0),(293,'2022-11-03','Marwan Emad Automatic Salaries Booking: November-2022',0,NULL,0,0),(294,'2022-11-03','mohamed ali Automatic Salaries Booking: November-2022',0,NULL,0,0),(295,'2022-11-03','MOHAMMED SAID Automatic Salaries Booking: November-2022',0,NULL,0,0),(296,'2022-11-03','Rayaa NUMANI Automatic Salaries Booking: November-2022',0,NULL,0,0),(297,'2022-11-03','Salima ali Automatic Salaries Booking: November-2022',0,NULL,0,0),(298,'2022-11-03','Admin Admin Automatic Salaries process: November-2022',0,NULL,0,0),(299,'2022-11-03','Ali elsheikh Automatic Salaries process: November-2022',0,NULL,0,0),(300,'2022-11-03','Ali Ali Automatic Salaries process: November-2022',0,NULL,0,0),(301,'2022-11-03','Ali Ali Automatic Salaries process: November-2022',0,NULL,0,0),(302,'2022-11-03','Doaa abduljabar Automatic Salaries process: November-2022',0,NULL,0,0),(303,'2022-11-03','Marwan Emad Automatic Salaries process: November-2022',0,NULL,0,0),(304,'2022-11-03','mohamed ali Automatic Salaries process: November-2022',0,NULL,0,0),(305,'2022-11-03','MOHAMMED SAID Automatic Salaries process: November-2022',0,NULL,0,0),(306,'2022-11-03','Rayaa NUMANI Automatic Salaries process: November-2022',0,NULL,0,0),(307,'2022-11-03','Salima ali Automatic Salaries process: November-2022',0,NULL,0,0),(308,'2022-11-10','Automatic Purchase Payment: PURCHASE ORDER #6',0,NULL,0,0),(309,'2022-11-10','Invoice: AMI/2022/169',0,NULL,0,0),(310,'2022-11-11','Bank Money Transfer',1,NULL,0,0),(311,'2022-10-22','Cheque Release: Expense',0,NULL,0,0),(312,'2022-11-11','Invoice: AMI/2022/170',0,NULL,0,0),(313,'2022-11-12','Invoice: AMI/2022/171',0,NULL,0,0),(314,'2022-11-13','Purchase Order: PURCHASE ORDER #28',0,NULL,0,0),(315,'2022-11-14','Automatic Purchase Payment: PURCHASE ORDER #28',0,NULL,0,0),(316,'2022-11-14','Automatic Purchase Payment: PURCHASE ORDER #28',0,NULL,0,0),(317,'2022-11-14','Invoice Payment Received: AMI/2022/172',0,NULL,0,0),(318,'2022-11-13','Invoice Inventory: AMI/2022/172',0,NULL,0,0),(319,'2022-11-13','Automatic General Expense: Bank',0,NULL,0,0),(320,'2022-11-14','Invoice Payment Received: AMI/2022/171',0,NULL,0,0),(321,'2022-11-11','Invoice Payment Received: AMI/2022/169',0,NULL,0,0),(322,'2022-11-14','Invoice: AMI/2022/175',0,NULL,0,0),(323,'2022-11-15','Purchase Order: PURCHASE ORDER #29',0,NULL,0,0),(324,'2022-11-15','Invoice: AMI/2022/177',0,NULL,0,0),(325,'2022-11-15','Invoice Payment Received: AMI/2022/178',0,NULL,0,0),(326,'2022-11-17','Invoice Payment Received: AMI/2022/178',0,NULL,0,0),(327,'2022-11-15','Automatic General Expense: Bank',0,NULL,0,0),(328,'2022-11-15','ADVANCE SALARY FOR Doaa Elsheikh',0,NULL,0,0),(329,'2022-11-15','Admin Admin Automatic Salaries Booking: December-2022',0,NULL,0,0),(330,'2022-11-15','Doaa Elsheikh Automatic Salaries Booking: December-2022',0,NULL,0,0),(331,'2022-11-15','Laila Ali Automatic Salaries Booking: December-2022',0,NULL,0,0),(332,'2022-11-15','Salma Ali Automatic Salaries Booking: December-2022',0,NULL,0,0),(333,'2022-11-15','Admin Admin Automatic Salaries process: December-2022',0,NULL,0,0),(334,'2022-11-15','Doaa Elsheikh Automatic Salaries process: December-2022',0,NULL,0,0),(335,'2022-11-15','Laila Ali Automatic Salaries process: December-2022',0,NULL,0,0),(336,'2022-11-15','Salma Ali Automatic Salaries process: December-2022',0,NULL,0,0),(337,'2022-11-16','Invoice: Taadq/1001',0,NULL,0,0),(338,'2022-11-16','Invoice: Taadq/1002',0,NULL,0,0),(339,'2022-11-16','Invoice: Taadq/1003',0,NULL,0,0),(340,'2022-11-17','Invoice: Taadq/1004',0,NULL,0,0),(341,'2022-11-17','Invoice: Taadq/1005',0,NULL,0,0),(342,'2022-11-19','Invoice: Taadq/1006',0,NULL,0,0),(343,'2022-11-19','Invoice: Taadq/1007',0,NULL,0,0),(344,'2022-11-19','Invoice: Taadq/1008',0,NULL,0,0),(345,'2022-11-20','ADVANCE SALARY FOR ahmed Mohammed',0,NULL,0,0),(346,'2022-11-20','Admin Admin Automatic Salaries Booking: November-2022',0,NULL,0,0),(347,'2022-11-20','ahmed Mohammed Automatic Salaries Booking: November-2022',0,NULL,0,0),(348,'2022-11-20','Doaa Elsheikh Automatic Salaries Booking: November-2022',0,NULL,0,0),(349,'2022-11-20','Laila Ali Automatic Salaries Booking: November-2022',0,NULL,0,0),(350,'2022-11-20','Salma Ali Automatic Salaries Booking: November-2022',0,NULL,0,0),(351,'2022-11-20','Admin Admin Automatic Salaries process: November-2022',0,NULL,0,0),(352,'2022-11-20','ahmed Mohammed Automatic Salaries process: November-2022',0,NULL,0,0),(353,'2022-11-20','Doaa Elsheikh Automatic Salaries process: November-2022',0,NULL,0,0),(354,'2022-11-20','Laila Ali Automatic Salaries process: November-2022',0,NULL,0,0),(355,'2022-11-20','Salma Ali Automatic Salaries process: November-2022',0,NULL,0,0),(356,'2022-11-22','Invoice: Taadq/1011',0,NULL,0,0),(357,'2022-11-23','Invoice Payment Received: Taadq/1011',0,NULL,0,0),(358,'2022-11-22','Invoice: Taadq/1012',0,NULL,0,0),(359,'2022-11-28','Invoice Payment Received: Taadq/1014',0,NULL,0,0),(360,'2022-11-27','Invoice Payment Received: Taadq/1014',0,NULL,0,0),(361,'2022-11-27','Admin Admin Automatic Salaries Booking: November-2022',0,NULL,0,0),(362,'2022-11-27','ahmed Mohammed Automatic Salaries Booking: November-2022',0,NULL,0,0),(363,'2022-11-27','Ali Elsheikh Automatic Salaries Booking: November-2022',0,NULL,0,0),(364,'2022-11-27','Doaa Elsheikh Automatic Salaries Booking: November-2022',0,NULL,0,0),(365,'2022-11-27','Laila Ali Automatic Salaries Booking: November-2022',0,NULL,0,0),(366,'2022-11-27','Salma Ali Automatic Salaries Booking: November-2022',0,NULL,0,0),(367,'2022-11-27','Admin Admin Automatic Salaries process: November-2022',0,NULL,0,0),(368,'2022-11-27','ahmed Mohammed Automatic Salaries process: November-2022',0,NULL,0,0),(369,'2022-11-27','Ali Elsheikh Automatic Salaries process: November-2022',0,NULL,0,0),(370,'2022-11-27','Doaa Elsheikh Automatic Salaries process: November-2022',0,NULL,0,0),(371,'2022-11-27','Laila Ali Automatic Salaries process: November-2022',0,NULL,0,0),(372,'2022-11-27','Salma Ali Automatic Salaries process: November-2022',0,NULL,0,0),(373,'2022-11-29','Invoice Payment Received: Taadq/1016',0,NULL,0,0),(374,'2022-12-02','Invoice Payment Received: Taadq/1016',0,NULL,0,0),(375,'2022-11-27','Invoice: Taadq/1015',0,NULL,0,0),(376,'2022-12-11','Invoice Payment Received: Taadq/1015',0,NULL,0,0),(377,'2022-12-26','Invoice Payment Received: Taadq/1015',0,NULL,0,0),(378,'2022-12-21','Invoice: Taadq/1017',0,NULL,0,0),(379,'2022-11-14','Invoice: Taadq/173',0,NULL,0,0),(380,'2023-01-29','journal_entry',1,'123',0,0),(381,'2023-01-29','Purchase Order: PURCHASE ORDER #30',0,NULL,0,0),(382,'2023-01-29','Purchase Order: PURCHASE ORDER #31',0,NULL,0,0),(383,'2023-01-31','Invoice Payment Received: Taadq/1024',0,NULL,0,0),(384,'2023-01-29','Invoice Inventory: Taadq/1024',0,NULL,0,0),(385,'2023-01-30','Invoice Payment Received: Taadq/1024',0,NULL,0,0),(386,'2023-01-29','Automatic General Expense: Cash on hand',0,NULL,0,0),(387,'2023-01-31','Invoice Payment Received: Taadq/1025',0,NULL,0,0),(388,'2023-02-02','Invoice Payment Received: Taadq/1025',0,NULL,0,0),(389,'2023-01-30','Automatic General Expense: Bank',0,NULL,0,0),(390,'2023-02-01','Invoice Payment Received: Taadq/1027',0,NULL,0,0),(391,'2023-02-01','Invoice Payment Received: Taadq/1027',0,NULL,0,0),(392,'2023-01-31','Automatic General Expense: Cash on hand',0,NULL,0,0),(393,'2023-01-31','Purchase Order: PURCHASE ORDER #32',0,NULL,0,0),(394,'2023-02-06','Automatic General Expense: Cash on hand',0,NULL,0,0),(395,'2023-02-02','Purchase Order: PURCHASE ORDER #33',0,NULL,0,0),(396,'2023-02-07','Automatic Purchase Payment: PURCHASE ORDER #33',0,NULL,0,0),(397,'2023-02-10','Invoice: Taadq/1031',0,NULL,0,0),(398,'2023-02-16','Purchase Order: PURCHASE ORDER #34',0,NULL,0,0),(399,'2023-02-17','Automatic Purchase Payment: PURCHASE ORDER #34',0,NULL,0,0),(400,'2023-04-13','Admin Admin Automatic Salaries Booking: April-2023',0,NULL,0,0),(401,'2023-04-13','ahmed Mohammed Automatic Salaries Booking: April-2023',0,NULL,0,0),(402,'2023-04-13','Ali Elsheikh Automatic Salaries Booking: April-2023',0,NULL,0,0),(403,'2023-04-13','Azhar Ali Automatic Salaries Booking: April-2023',0,NULL,0,0),(404,'2023-04-13','Doaa Elsheikh Automatic Salaries Booking: April-2023',0,NULL,0,0),(405,'2023-04-13','Laila Ali Automatic Salaries Booking: April-2023',0,NULL,0,0),(406,'2023-04-13','Saif ali Automatic Salaries Booking: April-2023',0,NULL,0,0),(407,'2023-04-13','Salma Ali Automatic Salaries Booking: April-2023',0,NULL,0,0),(408,'2023-04-13','Admin Admin Automatic Salaries process: April-2023',0,NULL,0,0),(409,'2023-04-13','ahmed Mohammed Automatic Salaries process: April-2023',0,NULL,0,0),(410,'2023-04-13','Ali Elsheikh Automatic Salaries process: April-2023',0,NULL,0,0),(411,'2023-04-13','Azhar Ali Automatic Salaries process: April-2023',0,NULL,0,0),(412,'2023-04-13','Doaa Elsheikh Automatic Salaries process: April-2023',0,NULL,0,0),(413,'2023-04-13','Laila Ali Automatic Salaries process: April-2023',0,NULL,0,0),(414,'2023-04-13','Saif ali Automatic Salaries process: April-2023',0,NULL,0,0),(415,'2023-04-13','Salma Ali Automatic Salaries process: April-2023',0,NULL,0,0),(416,'2023-04-14','Invoice Payment Received: Taadq/1033',0,NULL,0,0),(417,'2023-04-16','Invoice Payment Received: Taadq/1033',0,NULL,0,0),(418,'2023-01-05','Invoice: Taadq/1036',0,NULL,0,0),(419,'2023-04-19','Invoice Payment Received: Taadq/1037',0,NULL,0,0),(420,'2023-04-19','Invoice Payment Received: Taadq/1037',0,NULL,0,0),(421,'2023-04-18','Invoice Inventory: Taadq/1037',0,NULL,0,0),(422,'2023-04-18','Purchase Order: PURCHASE ORDER #35',0,NULL,0,0),(423,'2023-04-19','Automatic Purchase Payment: PURCHASE ORDER #35',0,NULL,0,0),(424,'2023-05-31','Invoice: Taadq/1038',0,NULL,0,0),(425,'2023-06-08','Invoice: Taadq/1039',0,NULL,0,0),(426,'2023-06-08','Invoice: Taadq/1040',0,NULL,0,0),(427,'2023-06-08','Invoice: Taadq/1041',0,NULL,0,0),(428,'2023-06-18','Invoice: Taadq/1042',0,NULL,0,0),(429,'2023-07-02','Invoice: Taadq/1044',0,NULL,0,0),(430,'2023-07-02','Invoice: Taadq/1045',0,NULL,0,0),(431,'2023-07-03','Invoice: Taadq/1046',0,NULL,0,0),(432,'2023-07-10','Invoice: Taadq/1047',0,NULL,0,0),(433,'2023-07-14','ADVANCE SALARY FOR Laila Ali',0,NULL,0,0),(434,'2023-07-14','ADVANCE SALARY FOR Ali Elsheikh',0,NULL,0,0),(435,'2023-07-14','Purchase Order:  أمر شراء #36',0,NULL,0,0),(436,'2023-07-20','Invoice: Taadq/1048',0,NULL,0,0),(437,'2023-08-02','Invoice: Taadq/1049',0,NULL,0,0),(438,'2023-08-03','Invoice: Taadq/1050',0,NULL,0,0),(439,'2023-08-03','Invoice: Taadq/1051',0,NULL,0,0),(440,'2023-08-04','Invoice: Taadq/1052',0,NULL,0,0),(441,'2023-08-22','Invoice: Taadq/1054',0,NULL,0,0),(442,'2023-09-01','Invoice: Taadq/1055',0,NULL,0,0),(443,'2023-09-01','Invoice: Taadq/1056',0,NULL,0,0),(444,'2023-09-05','Invoice: Taadq/1057',0,NULL,0,0);

--
